[INFO] fetching crate proc-macro2-diagnostics 0.9.1...
[INFO] testing proc-macro2-diagnostics-0.9.1 against 1.54.0 for beta-1.55-1
[INFO] extracting crate proc-macro2-diagnostics 0.9.1 into /workspace/builds/worker-12/source
[INFO] validating manifest of crates.io crate proc-macro2-diagnostics 0.9.1 on toolchain 1.54.0
[INFO] running `Command { std: "/workspace/cargo-home/bin/cargo" "+1.54.0" "metadata" "--manifest-path" "Cargo.toml" "--no-deps", kill_on_drop: false }`
[INFO] started tweaking crates.io crate proc-macro2-diagnostics 0.9.1
[INFO] finished tweaking crates.io crate proc-macro2-diagnostics 0.9.1
[INFO] tweaked toml for crates.io crate proc-macro2-diagnostics 0.9.1 written to /workspace/builds/worker-12/source/Cargo.toml
[INFO] running `Command { std: "/workspace/cargo-home/bin/cargo" "+1.54.0" "generate-lockfile" "--manifest-path" "Cargo.toml" "-Zno-index-update", kill_on_drop: false }`
[INFO] running `Command { std: "/workspace/cargo-home/bin/cargo" "+1.54.0" "fetch" "--manifest-path" "Cargo.toml", kill_on_drop: false }`
[INFO] running `Command { std: "docker" "create" "-v" "/var/lib/crater-agent-workspace/builds/worker-12/target:/opt/rustwide/target:rw,Z" "-v" "/var/lib/crater-agent-workspace/builds/worker-12/source:/opt/rustwide/workdir:ro,Z" "-v" "/var/lib/crater-agent-workspace/cargo-home:/opt/rustwide/cargo-home:ro,Z" "-v" "/var/lib/crater-agent-workspace/rustup-home:/opt/rustwide/rustup-home:ro,Z" "-e" "SOURCE_DIR=/opt/rustwide/workdir" "-e" "CARGO_TARGET_DIR=/opt/rustwide/target" "-e" "CARGO_HOME=/opt/rustwide/cargo-home" "-e" "RUSTUP_HOME=/opt/rustwide/rustup-home" "-w" "/opt/rustwide/workdir" "-m" "1610612736" "--user" "0:0" "--network" "none" "ghcr.io/rust-lang/crates-build-env/linux@sha256:34b6a614d2c27851fe6cbf88fbd1137609cefab8b10d0615aaeb6fd47975d74e" "/opt/rustwide/cargo-home/bin/cargo" "+1.54.0" "metadata" "--no-deps" "--format-version=1", kill_on_drop: false }`
[INFO] [stdout] e4a1b184b8466a339be1f1d9220c43c686d07838e1f2ff2986a9b63ad818b193
[INFO] [stderr] WARNING: Your kernel does not support swap limit capabilities or the cgroup is not mounted. Memory limited without swap.
[INFO] running `Command { std: "docker" "start" "-a" "e4a1b184b8466a339be1f1d9220c43c686d07838e1f2ff2986a9b63ad818b193", kill_on_drop: false }`
[INFO] running `Command { std: "docker" "inspect" "e4a1b184b8466a339be1f1d9220c43c686d07838e1f2ff2986a9b63ad818b193", kill_on_drop: false }`
[INFO] running `Command { std: "docker" "rm" "-f" "e4a1b184b8466a339be1f1d9220c43c686d07838e1f2ff2986a9b63ad818b193", kill_on_drop: false }`
[INFO] [stdout] e4a1b184b8466a339be1f1d9220c43c686d07838e1f2ff2986a9b63ad818b193
[INFO] running `Command { std: "docker" "create" "-v" "/var/lib/crater-agent-workspace/builds/worker-12/target:/opt/rustwide/target:rw,Z" "-v" "/var/lib/crater-agent-workspace/builds/worker-12/source:/opt/rustwide/workdir:ro,Z" "-v" "/var/lib/crater-agent-workspace/cargo-home:/opt/rustwide/cargo-home:ro,Z" "-v" "/var/lib/crater-agent-workspace/rustup-home:/opt/rustwide/rustup-home:ro,Z" "-e" "SOURCE_DIR=/opt/rustwide/workdir" "-e" "CARGO_TARGET_DIR=/opt/rustwide/target" "-e" "CARGO_INCREMENTAL=0" "-e" "RUST_BACKTRACE=full" "-e" "RUSTFLAGS=--cap-lints=warn" "-e" "CARGO_HOME=/opt/rustwide/cargo-home" "-e" "RUSTUP_HOME=/opt/rustwide/rustup-home" "-w" "/opt/rustwide/workdir" "-m" "1610612736" "--user" "0:0" "--network" "none" "ghcr.io/rust-lang/crates-build-env/linux@sha256:34b6a614d2c27851fe6cbf88fbd1137609cefab8b10d0615aaeb6fd47975d74e" "/opt/rustwide/cargo-home/bin/cargo" "+1.54.0" "build" "--frozen" "--message-format=json", kill_on_drop: false }`
[INFO] [stdout] 11574ff7d2b689ff531357787f706dcb93a9b6979c28d17fb95994ca3f0110be
[INFO] [stderr] WARNING: Your kernel does not support swap limit capabilities or the cgroup is not mounted. Memory limited without swap.
[INFO] running `Command { std: "docker" "start" "-a" "11574ff7d2b689ff531357787f706dcb93a9b6979c28d17fb95994ca3f0110be", kill_on_drop: false }`
[INFO] [stderr]    Compiling proc-macro2-diagnostics v0.9.1 (/opt/rustwide/workdir)
[INFO] [stderr]     Finished dev [unoptimized + debuginfo] target(s) in 1.73s
[INFO] running `Command { std: "docker" "inspect" "11574ff7d2b689ff531357787f706dcb93a9b6979c28d17fb95994ca3f0110be", kill_on_drop: false }`
[INFO] running `Command { std: "docker" "rm" "-f" "11574ff7d2b689ff531357787f706dcb93a9b6979c28d17fb95994ca3f0110be", kill_on_drop: false }`
[INFO] [stdout] 11574ff7d2b689ff531357787f706dcb93a9b6979c28d17fb95994ca3f0110be
[INFO] running `Command { std: "docker" "create" "-v" "/var/lib/crater-agent-workspace/builds/worker-12/target:/opt/rustwide/target:rw,Z" "-v" "/var/lib/crater-agent-workspace/builds/worker-12/source:/opt/rustwide/workdir:ro,Z" "-v" "/var/lib/crater-agent-workspace/cargo-home:/opt/rustwide/cargo-home:ro,Z" "-v" "/var/lib/crater-agent-workspace/rustup-home:/opt/rustwide/rustup-home:ro,Z" "-e" "SOURCE_DIR=/opt/rustwide/workdir" "-e" "CARGO_TARGET_DIR=/opt/rustwide/target" "-e" "CARGO_INCREMENTAL=0" "-e" "RUST_BACKTRACE=full" "-e" "RUSTFLAGS=--cap-lints=warn" "-e" "CARGO_HOME=/opt/rustwide/cargo-home" "-e" "RUSTUP_HOME=/opt/rustwide/rustup-home" "-w" "/opt/rustwide/workdir" "-m" "1610612736" "--user" "0:0" "--network" "none" "ghcr.io/rust-lang/crates-build-env/linux@sha256:34b6a614d2c27851fe6cbf88fbd1137609cefab8b10d0615aaeb6fd47975d74e" "/opt/rustwide/cargo-home/bin/cargo" "+1.54.0" "test" "--frozen" "--no-run" "--message-format=json", kill_on_drop: false }`
[INFO] [stdout] c2af0064916639f0b9bec3e0888942c81b47f77e29426537c9323deb6cc4ded8
[INFO] [stderr] WARNING: Your kernel does not support swap limit capabilities or the cgroup is not mounted. Memory limited without swap.
[INFO] running `Command { std: "docker" "start" "-a" "c2af0064916639f0b9bec3e0888942c81b47f77e29426537c9323deb6cc4ded8", kill_on_drop: false }`
[INFO] [stderr]     Blocking waiting for file lock on package cache
[INFO] [stderr]    Compiling trybuild v1.0.43
[INFO] [stderr]    Compiling proc-macro2-diagnostics v0.9.1 (/opt/rustwide/workdir)
[INFO] [stderr]     Finished test [unoptimized + debuginfo] target(s) in 6.95s
[INFO] running `Command { std: "docker" "inspect" "c2af0064916639f0b9bec3e0888942c81b47f77e29426537c9323deb6cc4ded8", kill_on_drop: false }`
[INFO] running `Command { std: "docker" "rm" "-f" "c2af0064916639f0b9bec3e0888942c81b47f77e29426537c9323deb6cc4ded8", kill_on_drop: false }`
[INFO] [stdout] c2af0064916639f0b9bec3e0888942c81b47f77e29426537c9323deb6cc4ded8
[INFO] running `Command { std: "docker" "create" "-v" "/var/lib/crater-agent-workspace/builds/worker-12/target:/opt/rustwide/target:rw,Z" "-v" "/var/lib/crater-agent-workspace/builds/worker-12/source:/opt/rustwide/workdir:ro,Z" "-v" "/var/lib/crater-agent-workspace/cargo-home:/opt/rustwide/cargo-home:ro,Z" "-v" "/var/lib/crater-agent-workspace/rustup-home:/opt/rustwide/rustup-home:ro,Z" "-e" "SOURCE_DIR=/opt/rustwide/workdir" "-e" "CARGO_TARGET_DIR=/opt/rustwide/target" "-e" "CARGO_INCREMENTAL=0" "-e" "RUST_BACKTRACE=full" "-e" "RUSTFLAGS=--cap-lints=warn" "-e" "CARGO_HOME=/opt/rustwide/cargo-home" "-e" "RUSTUP_HOME=/opt/rustwide/rustup-home" "-w" "/opt/rustwide/workdir" "-m" "1610612736" "--user" "0:0" "--network" "none" "ghcr.io/rust-lang/crates-build-env/linux@sha256:34b6a614d2c27851fe6cbf88fbd1137609cefab8b10d0615aaeb6fd47975d74e" "/opt/rustwide/cargo-home/bin/cargo" "+1.54.0" "test" "--frozen", kill_on_drop: false }`
[INFO] [stdout] 5ad7c32286c8e9b6aef4d081830e1f046da1234b24946ae0d140811c49a04f2d
[INFO] [stderr] WARNING: Your kernel does not support swap limit capabilities or the cgroup is not mounted. Memory limited without swap.
[INFO] running `Command { std: "docker" "start" "-a" "5ad7c32286c8e9b6aef4d081830e1f046da1234b24946ae0d140811c49a04f2d", kill_on_drop: false }`
[INFO] [stderr]     Finished test [unoptimized + debuginfo] target(s) in 0.03s
[INFO] [stderr]      Running unittests (/opt/rustwide/target/debug/deps/proc_macro2_diagnostics-f2923d0804565212)
[INFO] [stdout] 
[INFO] [stdout] running 0 tests
[INFO] [stdout] 
[INFO] [stdout] test result: ok. 0 passed; 0 failed; 0 ignored; 0 measured; 0 filtered out; finished in 0.00s
[INFO] [stdout] 
[INFO] [stderr]      Running tests/main.rs (/opt/rustwide/target/debug/deps/main-bb6da1dce7109656)
[INFO] [stdout] 
[INFO] [stdout] running 1 test
[INFO] [stderr]    Compiling proc-macro2 v1.0.28
[INFO] [stderr]     Checking unicode-xid v0.2.2
[INFO] [stderr]    Compiling version_check v0.9.3
[INFO] [stderr]    Compiling syn v1.0.74
[INFO] [stderr]     Checking yansi v0.5.0
[INFO] [stderr]    Compiling proc-macro2-diagnostics v0.9.1 (/opt/rustwide/workdir)
[INFO] [stderr]     Checking quote v1.0.9
[INFO] [stderr]     Checking proc-macro2-diagnostics-tests v0.0.0 (/opt/rustwide/target/tests/proc-macro2-diagnostics)
[INFO] [stderr]     Finished dev [unoptimized + debuginfo] target(s) in 5.61s
[INFO] [stderr] 
[INFO] [stderr] 
[INFO] [stderr] test tests/stable/errors.rs ... mismatch
[INFO] [stderr] 
[INFO] [stderr] EXPECTED:
[INFO] [stderr] ┈┈┈┈┈┈┈┈┈┈┈┈┈┈┈┈┈┈┈┈┈┈┈┈┈┈┈┈┈┈┈┈┈┈┈┈┈┈┈┈┈┈┈┈┈┈┈┈┈┈┈┈┈┈┈┈┈┈┈┈
[INFO] [stderr] error: just an item error
[INFO] [stderr]   --- note: see an item
[INFO] [stderr]  --> $DIR/errors.rs:5:16
[INFO] [stderr]   |
[INFO] [stderr] 5 |         error: just an item error,
[INFO] [stderr]   |                ^^^^
[INFO] [stderr] 
[INFO] [stderr] error: [help] I can help with that
[INFO] [stderr]  --> $DIR/errors.rs:7:15
[INFO] [stderr]   |
[INFO] [stderr] 7 |         help: I can help with that,
[INFO] [stderr]   |               ^
[INFO] [stderr] 
[INFO] [stderr] error: just an expression error item context
[INFO] [stderr]   --- note: see an exp
[INFO] [stderr]   --- warning: kind of weird
[INFO] [stderr]   --> $DIR/errors.rs:11:16
[INFO] [stderr]    |
[INFO] [stderr] 11 |         error: just an expression error item context,
[INFO] [stderr]    |                ^^^^
[INFO] [stderr] 
[INFO] [stderr] error: [help] I can help with that
[INFO] [stderr]   --> $DIR/errors.rs:14:15
[INFO] [stderr]    |
[INFO] [stderr] 14 |         help: I can help with that,
[INFO] [stderr]    |               ^
[INFO] [stderr] 
[INFO] [stderr] error: just an expression error expr content
[INFO] [stderr]   --- warning: oh no
[INFO] [stderr]   --> $DIR/errors.rs:18:16
[INFO] [stderr]    |
[INFO] [stderr] 18 |         error: just an expression error expr content,
[INFO] [stderr]    |                ^^^^
[INFO] [stderr] 
[INFO] [stderr] error: this is an item error message
[INFO] [stderr]   --> $DIR/errors.rs:24:12
[INFO] [stderr]    |
[INFO] [stderr] 24 |     error: this is an item error message,
[INFO] [stderr]    |            ^^^^
[INFO] [stderr] 
[INFO] [stderr] error: this is an error message
[INFO] [stderr]   --- note: but it has a note
[INFO] [stderr]   --> $DIR/errors.rs:28:12
[INFO] [stderr]    |
[INFO] [stderr] 28 |     error: this is an error message,
[INFO] [stderr]    |            ^^^^
[INFO] [stderr] 
[INFO] [stderr] error: hello
[INFO] [stderr]   --> $DIR/errors.rs:33:12
[INFO] [stderr]    |
[INFO] [stderr] 33 |     error: hello,
[INFO] [stderr]    |            ^^^^^
[INFO] [stderr] 
[INFO] [stderr] error: [warning] just wanted to warn you
[INFO] [stderr]   --> $DIR/errors.rs:34:14
[INFO] [stderr]    |
[INFO] [stderr] 34 |     warning: just wanted to warn you,
[INFO] [stderr]    |              ^^^^
[INFO] [stderr] 
[INFO] [stderr] error: [note] just jotting things down
[INFO] [stderr]   --- help: please help on that note
[INFO] [stderr]   --- note: notes on notes
[INFO] [stderr]   --> $DIR/errors.rs:35:11
[INFO] [stderr]    |
[INFO] [stderr] 35 |     note: just jotting things down,
[INFO] [stderr]    |           ^^^^
[INFO] [stderr] 
[INFO] [stderr] error: [warning] hello not found
[INFO] [stderr]   --- note: just a note to say hi
[INFO] [stderr]   --- help: its a good idea to say hello
[INFO] [stderr]   --> $DIR/errors.rs:41:14
[INFO] [stderr]    |
[INFO] [stderr] 41 |     warning: hello not found,
[INFO] [stderr]    |              ^^^^^
[INFO] [stderr] 
[INFO] [stderr] error: unknown diagnostic kind
[INFO] [stderr]   --- help: expected one of: 'error', 'warning', 'note', 'help'
[INFO] [stderr]   --- note: or their _ versions
[INFO] [stderr]   --> $DIR/errors.rs:47:5
[INFO] [stderr]    |
[INFO] [stderr] 47 |     hello: hello,
[INFO] [stderr]    |     ^^^^^
[INFO] [stderr] 
[INFO] [stderr] error: [help] this is standalone help
[INFO] [stderr]   --- note: but we add things to it
[INFO] [stderr]   --- help: like more help
[INFO] [stderr]   --> $DIR/errors.rs:51:11
[INFO] [stderr]    |
[INFO] [stderr] 51 |     help: this is standalone help,
[INFO] [stderr]    |           ^^^^
[INFO] [stderr] ┈┈┈┈┈┈┈┈┈┈┈┈┈┈┈┈┈┈┈┈┈┈┈┈┈┈┈┈┈┈┈┈┈┈┈┈┈┈┈┈┈┈┈┈┈┈┈┈┈┈┈┈┈┈┈┈┈┈┈┈
[INFO] [stderr] 
[INFO] [stderr] ACTUAL OUTPUT:
[INFO] [stderr] ┈┈┈┈┈┈┈┈┈┈┈┈┈┈┈┈┈┈┈┈┈┈┈┈┈┈┈┈┈┈┈┈┈┈┈┈┈┈┈┈┈┈┈┈┈┈┈┈┈┈┈┈┈┈┈┈┈┈┈┈
[INFO] [stderr] error[E0432]: unresolved import `diagnostic_example`
[INFO] [stderr]  --> $DIR/errors.rs:1:5
[INFO] [stderr]   |
[INFO] [stderr] 1 | use diagnostic_example::{diagnostic_item, diagnostic_expr};
[INFO] [stderr]   |     ^^^^^^^^^^^^^^^^^^ use of undeclared crate or module `diagnostic_example`
[INFO] [stderr] 
[INFO] [stderr] error: cannot determine resolution for the macro `diagnostic_item`
[INFO] [stderr]   --> $DIR/errors.rs:50:1
[INFO] [stderr]    |
[INFO] [stderr] 50 | diagnostic_item! {
[INFO] [stderr]    | ^^^^^^^^^^^^^^^
[INFO] [stderr]    |
[INFO] [stderr]    = note: import resolution is stuck, try simplifying macro imports
[INFO] [stderr] 
[INFO] [stderr] error: cannot determine resolution for the macro `diagnostic_item`
[INFO] [stderr]   --> $DIR/errors.rs:46:1
[INFO] [stderr]    |
[INFO] [stderr] 46 | diagnostic_item! {
[INFO] [stderr]    | ^^^^^^^^^^^^^^^
[INFO] [stderr]    |
[INFO] [stderr]    = note: import resolution is stuck, try simplifying macro imports
[INFO] [stderr] 
[INFO] [stderr] error: cannot determine resolution for the macro `diagnostic_item`
[INFO] [stderr]   --> $DIR/errors.rs:40:1
[INFO] [stderr]    |
[INFO] [stderr] 40 | diagnostic_item! {
[INFO] [stderr]    | ^^^^^^^^^^^^^^^
[INFO] [stderr]    |
[INFO] [stderr]    = note: import resolution is stuck, try simplifying macro imports
[INFO] [stderr] 
[INFO] [stderr] error: cannot determine resolution for the macro `diagnostic_item`
[INFO] [stderr]   --> $DIR/errors.rs:32:1
[INFO] [stderr]    |
[INFO] [stderr] 32 | diagnostic_item! {
[INFO] [stderr]    | ^^^^^^^^^^^^^^^
[INFO] [stderr]    |
[INFO] [stderr]    = note: import resolution is stuck, try simplifying macro imports
[INFO] [stderr] 
[INFO] [stderr] error: cannot determine resolution for the macro `diagnostic_item`
[INFO] [stderr]   --> $DIR/errors.rs:27:1
[INFO] [stderr]    |
[INFO] [stderr] 27 | diagnostic_item! {
[INFO] [stderr]    | ^^^^^^^^^^^^^^^
[INFO] [stderr]    |
[INFO] [stderr]    = note: import resolution is stuck, try simplifying macro imports
[INFO] [stderr] 
[INFO] [stderr] error: cannot determine resolution for the macro `diagnostic_item`
[INFO] [stderr]   --> $DIR/errors.rs:23:1
[INFO] [stderr]    |
[INFO] [stderr] 23 | diagnostic_item! {
[INFO] [stderr]    | ^^^^^^^^^^^^^^^
[INFO] [stderr]    |
[INFO] [stderr]    = note: import resolution is stuck, try simplifying macro imports
[INFO] [stderr] 
[INFO] [stderr] error: cannot determine resolution for the macro `diagnostic_expr`
[INFO] [stderr]   --> $DIR/errors.rs:17:13
[INFO] [stderr]    |
[INFO] [stderr] 17 |     let x = diagnostic_expr! {
[INFO] [stderr]    |             ^^^^^^^^^^^^^^^
[INFO] [stderr]    |
[INFO] [stderr]    = note: import resolution is stuck, try simplifying macro imports
[INFO] [stderr] 
[INFO] [stderr] error: cannot determine resolution for the macro `diagnostic_expr`
[INFO] [stderr]   --> $DIR/errors.rs:10:5
[INFO] [stderr]    |
[INFO] [stderr] 10 |     diagnostic_expr! {
[INFO] [stderr]    |     ^^^^^^^^^^^^^^^
[INFO] [stderr]    |
[INFO] [stderr]    = note: import resolution is stuck, try simplifying macro imports
[INFO] [stderr] 
[INFO] [stderr] error: cannot determine resolution for the macro `diagnostic_item`
[INFO] [stderr]  --> $DIR/errors.rs:4:5
[INFO] [stderr]   |
[INFO] [stderr] 4 |     diagnostic_item! {
[INFO] [stderr]   |     ^^^^^^^^^^^^^^^
[INFO] [stderr]   |
[INFO] [stderr]   = note: import resolution is stuck, try simplifying macro imports
[INFO] [stderr] ┈┈┈┈┈┈┈┈┈┈┈┈┈┈┈┈┈┈┈┈┈┈┈┈┈┈┈┈┈┈┈┈┈┈┈┈┈┈┈┈┈┈┈┈┈┈┈┈┈┈┈┈┈┈┈┈┈┈┈┈
[INFO] [stderr] note: If the actual output is the correct output you can bless it by rerunning
[INFO] [stderr]       your test with the environment variable TRYBUILD=overwrite
[INFO] [stderr] 
[INFO] [stderr] 
[INFO] [stderr] 
[INFO] [stdout] test main ... FAILED
[INFO] [stderr] error: test failed, to rerun pass '--test main'
[INFO] [stdout] 
[INFO] [stdout] failures:
[INFO] [stdout] 
[INFO] [stdout] ---- main stdout ----
[INFO] [stdout] thread 'main' panicked at '1 of 1 tests failed', /opt/rustwide/cargo-home/registry/src/github.com-1ecc6299db9ec823/trybuild-1.0.43/src/run.rs:73:13
[INFO] [stdout] stack backtrace:
[INFO] [stdout]    0:     0x55fa14fa1400 - std::backtrace_rs::backtrace::libunwind::trace::h34055254b57d8e79
[INFO] [stdout]                                at /rustc/a178d0322ce20e33eac124758e837cbd80a6f633/library/std/src/../../backtrace/src/backtrace/libunwind.rs:90:5
[INFO] [stdout]    1:     0x55fa14fa1400 - std::backtrace_rs::backtrace::trace_unsynchronized::h8f1e3fbd9afff6ec
[INFO] [stdout]                                at /rustc/a178d0322ce20e33eac124758e837cbd80a6f633/library/std/src/../../backtrace/src/backtrace/mod.rs:66:5
[INFO] [stdout]    2:     0x55fa14fa1400 - std::sys_common::backtrace::_print_fmt::h3a99a796b770c360
[INFO] [stdout]                                at /rustc/a178d0322ce20e33eac124758e837cbd80a6f633/library/std/src/sys_common/backtrace.rs:67:5
[INFO] [stdout]    3:     0x55fa14fa1400 - <std::sys_common::backtrace::_print::DisplayBacktrace as core::fmt::Display>::fmt::h32d1f94a80615d18
[INFO] [stdout]                                at /rustc/a178d0322ce20e33eac124758e837cbd80a6f633/library/std/src/sys_common/backtrace.rs:46:22
[INFO] [stdout]    4:     0x55fa14fc693c - core::fmt::write::h306731c068f7162c
[INFO] [stdout]                                at /rustc/a178d0322ce20e33eac124758e837cbd80a6f633/library/core/src/fmt/mod.rs:1110:17
[INFO] [stdout]    5:     0x55fa14f9d825 - std::io::Write::write_fmt::h87f19b0a2cd190bc
[INFO] [stdout]                                at /rustc/a178d0322ce20e33eac124758e837cbd80a6f633/library/std/src/io/mod.rs:1588:15
[INFO] [stdout]    6:     0x55fa14fa371b - std::sys_common::backtrace::_print::h5abaa2601a852287
[INFO] [stdout]                                at /rustc/a178d0322ce20e33eac124758e837cbd80a6f633/library/std/src/sys_common/backtrace.rs:49:5
[INFO] [stdout]    7:     0x55fa14fa371b - std::sys_common::backtrace::print::h8d81445442bb638f
[INFO] [stdout]                                at /rustc/a178d0322ce20e33eac124758e837cbd80a6f633/library/std/src/sys_common/backtrace.rs:36:9
[INFO] [stdout]    8:     0x55fa14fa371b - std::panicking::default_hook::{{closure}}::hcfe804496a9fa747
[INFO] [stdout]                                at /rustc/a178d0322ce20e33eac124758e837cbd80a6f633/library/std/src/panicking.rs:208:50
[INFO] [stdout]    9:     0x55fa14fa322c - std::panicking::default_hook::hbea8e3ccf2ba8901
[INFO] [stdout]                                at /rustc/a178d0322ce20e33eac124758e837cbd80a6f633/library/std/src/panicking.rs:222:9
[INFO] [stdout]   10:     0x55fa14fa3de4 - std::panicking::rust_panic_with_hook::h7ee9e1a2d0f8975a
[INFO] [stdout]                                at /rustc/a178d0322ce20e33eac124758e837cbd80a6f633/library/std/src/panicking.rs:622:17
[INFO] [stdout]   11:     0x55fa14fa38c7 - std::panicking::begin_panic_handler::{{closure}}::h8ab3b4491718b2c7
[INFO] [stdout]                                at /rustc/a178d0322ce20e33eac124758e837cbd80a6f633/library/std/src/panicking.rs:519:13
[INFO] [stdout]   12:     0x55fa14fa18fc - std::sys_common::backtrace::__rust_end_short_backtrace::hd489062ffa586a9f
[INFO] [stdout]                                at /rustc/a178d0322ce20e33eac124758e837cbd80a6f633/library/std/src/sys_common/backtrace.rs:141:18
[INFO] [stdout]   13:     0x55fa14fa3829 - rust_begin_unwind
[INFO] [stdout]                                at /rustc/a178d0322ce20e33eac124758e837cbd80a6f633/library/std/src/panicking.rs:515:5
[INFO] [stdout]   14:     0x55fa14d45f9b - std::panicking::begin_panic_fmt::h5479575e112541f8
[INFO] [stdout]                                at /rustc/a178d0322ce20e33eac124758e837cbd80a6f633/library/std/src/panicking.rs:457:5
[INFO] [stdout]   15:     0x55fa14d7bb32 - trybuild::run::<impl trybuild::Runner>::run::h6e72c1030dbd49d5
[INFO] [stdout]                                at /opt/rustwide/cargo-home/registry/src/github.com-1ecc6299db9ec823/trybuild-1.0.43/src/run.rs:73:13
[INFO] [stdout]   16:     0x55fa14d807a2 - <trybuild::TestCases as core::ops::drop::Drop>::drop::h6bbf84492cb52f3f
[INFO] [stdout]                                at /opt/rustwide/cargo-home/registry/src/github.com-1ecc6299db9ec823/trybuild-1.0.43/src/lib.rs:306:13
[INFO] [stdout]   17:     0x55fa14d47df7 - core::ptr::drop_in_place<trybuild::TestCases>::h3bbabe7aef1a4438
[INFO] [stdout]                                at /rustc/a178d0322ce20e33eac124758e837cbd80a6f633/library/core/src/ptr/mod.rs:192:1
[INFO] [stdout]   18:     0x55fa14d48041 - main::main::haeb5acc5f2bb6b97
[INFO] [stdout]                                at /opt/rustwide/workdir/tests/main.rs:10:1
[INFO] [stdout]   19:     0x55fa14d47ffa - main::main::{{closure}}::hd9ac5730928cd2ac
[INFO] [stdout]                                at /opt/rustwide/workdir/tests/main.rs:2:1
[INFO] [stdout]   20:     0x55fa14d47d8e - core::ops::function::FnOnce::call_once::hc7e647efddd11a4d
[INFO] [stdout]                                at /rustc/a178d0322ce20e33eac124758e837cbd80a6f633/library/core/src/ops/function.rs:227:5
[INFO] [stdout]   21:     0x55fa14f76983 - core::ops::function::FnOnce::call_once::h152e7e439ff59e19
[INFO] [stdout]                                at /rustc/a178d0322ce20e33eac124758e837cbd80a6f633/library/core/src/ops/function.rs:227:5
[INFO] [stdout]   22:     0x55fa14f76983 - test::__rust_begin_short_backtrace::h0908f3b1fdbb72ab
[INFO] [stdout]                                at /rustc/a178d0322ce20e33eac124758e837cbd80a6f633/library/test/src/lib.rs:577:5
[INFO] [stdout]   23:     0x55fa14f75440 - <alloc::boxed::Box<F,A> as core::ops::function::FnOnce<Args>>::call_once::hf6d2a51e5587546c
[INFO] [stdout]                                at /rustc/a178d0322ce20e33eac124758e837cbd80a6f633/library/alloc/src/boxed.rs:1575:9
[INFO] [stdout]   24:     0x55fa14f75440 - <std::panic::AssertUnwindSafe<F> as core::ops::function::FnOnce<()>>::call_once::h8af660f3a89ef593
[INFO] [stdout]                                at /rustc/a178d0322ce20e33eac124758e837cbd80a6f633/library/std/src/panic.rs:347:9
[INFO] [stdout]   25:     0x55fa14f75440 - std::panicking::try::do_call::hd36aef60f84b6d36
[INFO] [stdout]                                at /rustc/a178d0322ce20e33eac124758e837cbd80a6f633/library/std/src/panicking.rs:401:40
[INFO] [stdout]   26:     0x55fa14f75440 - std::panicking::try::h9932b4480e69817c
[INFO] [stdout]                                at /rustc/a178d0322ce20e33eac124758e837cbd80a6f633/library/std/src/panicking.rs:365:19
[INFO] [stdout]   27:     0x55fa14f75440 - std::panic::catch_unwind::h6aa177099cfff5f8
[INFO] [stdout]                                at /rustc/a178d0322ce20e33eac124758e837cbd80a6f633/library/std/src/panic.rs:434:14
[INFO] [stdout]   28:     0x55fa14f75440 - test::run_test_in_process::h5884d6f2d99e20c3
[INFO] [stdout]                                at /rustc/a178d0322ce20e33eac124758e837cbd80a6f633/library/test/src/lib.rs:600:18
[INFO] [stdout]   29:     0x55fa14f75440 - test::run_test::run_test_inner::{{closure}}::h6fdc58c6d5f5b6e3
[INFO] [stdout]                                at /rustc/a178d0322ce20e33eac124758e837cbd80a6f633/library/test/src/lib.rs:492:39
[INFO] [stdout]   30:     0x55fa14f4eaf2 - test::run_test::run_test_inner::{{closure}}::h408365d67a78ade8
[INFO] [stdout]                                at /rustc/a178d0322ce20e33eac124758e837cbd80a6f633/library/test/src/lib.rs:519:37
[INFO] [stdout]   31:     0x55fa14f4eaf2 - std::sys_common::backtrace::__rust_begin_short_backtrace::hb560b77c4f701523
[INFO] [stdout]                                at /rustc/a178d0322ce20e33eac124758e837cbd80a6f633/library/std/src/sys_common/backtrace.rs:125:18
[INFO] [stdout]   32:     0x55fa14f526a8 - std::thread::Builder::spawn_unchecked::{{closure}}::{{closure}}::hf2e7831dad93c597
[INFO] [stdout]                                at /rustc/a178d0322ce20e33eac124758e837cbd80a6f633/library/std/src/thread/mod.rs:481:17
[INFO] [stdout]   33:     0x55fa14f526a8 - <std::panic::AssertUnwindSafe<F> as core::ops::function::FnOnce<()>>::call_once::hd2e08783d8be4d02
[INFO] [stdout]                                at /rustc/a178d0322ce20e33eac124758e837cbd80a6f633/library/std/src/panic.rs:347:9
[INFO] [stdout]   34:     0x55fa14f526a8 - std::panicking::try::do_call::h062597b7acfd6b82
[INFO] [stdout]                                at /rustc/a178d0322ce20e33eac124758e837cbd80a6f633/library/std/src/panicking.rs:401:40
[INFO] [stdout]   35:     0x55fa14f526a8 - std::panicking::try::h0d7b79db04c14552
[INFO] [stdout]                                at /rustc/a178d0322ce20e33eac124758e837cbd80a6f633/library/std/src/panicking.rs:365:19
[INFO] [stdout]   36:     0x55fa14f526a8 - std::panic::catch_unwind::hb01a0b5e7c8cd43b
[INFO] [stdout]                                at /rustc/a178d0322ce20e33eac124758e837cbd80a6f633/library/std/src/panic.rs:434:14
[INFO] [stdout]   37:     0x55fa14f526a8 - std::thread::Builder::spawn_unchecked::{{closure}}::h5bde48cc887e0d1e
[INFO] [stdout]                                at /rustc/a178d0322ce20e33eac124758e837cbd80a6f633/library/std/src/thread/mod.rs:480:30
[INFO] [stdout]   38:     0x55fa14f526a8 - core::ops::function::FnOnce::call_once{{vtable.shim}}::h745ea30807a29e55
[INFO] [stdout]                                at /rustc/a178d0322ce20e33eac124758e837cbd80a6f633/library/core/src/ops/function.rs:227:5
[INFO] [stdout]   39:     0x55fa14fa9da7 - <alloc::boxed::Box<F,A> as core::ops::function::FnOnce<Args>>::call_once::h7ece6cfefaff1005
[INFO] [stdout]                                at /rustc/a178d0322ce20e33eac124758e837cbd80a6f633/library/alloc/src/boxed.rs:1575:9
[INFO] [stdout]   40:     0x55fa14fa9da7 - <alloc::boxed::Box<F,A> as core::ops::function::FnOnce<Args>>::call_once::hb8b48e55c21f193e
[INFO] [stdout]                                at /rustc/a178d0322ce20e33eac124758e837cbd80a6f633/library/alloc/src/boxed.rs:1575:9
[INFO] [stdout]   41:     0x55fa14fa9da7 - std::sys::unix::thread::Thread::new::thread_start::h8c7c4450dba62914
[INFO] [stdout]                                at /rustc/a178d0322ce20e33eac124758e837cbd80a6f633/library/std/src/sys/unix/thread.rs:71:17
[INFO] [stdout]   42:     0x7fbc00c16609 - start_thread
[INFO] [stdout]   43:     0x7fbc009e8293 - clone
[INFO] [stdout]   44:                0x0 - <unknown>
[INFO] [stdout] 
[INFO] [stdout] 
[INFO] [stdout] failures:
[INFO] [stdout]     main
[INFO] [stdout] 
[INFO] [stdout] test result: FAILED. 0 passed; 1 failed; 0 ignored; 0 measured; 0 filtered out; finished in 6.22s
[INFO] [stdout] 
[INFO] running `Command { std: "docker" "inspect" "5ad7c32286c8e9b6aef4d081830e1f046da1234b24946ae0d140811c49a04f2d", kill_on_drop: false }`
[INFO] running `Command { std: "docker" "rm" "-f" "5ad7c32286c8e9b6aef4d081830e1f046da1234b24946ae0d140811c49a04f2d", kill_on_drop: false }`
[INFO] [stdout] 5ad7c32286c8e9b6aef4d081830e1f046da1234b24946ae0d140811c49a04f2d
