[INFO] fetching crate pro_lang_ir 3.0.0-rc2...
[INFO] testing pro_lang_ir-3.0.0-rc2 against 1.54.0 for beta-1.55-1
[INFO] extracting crate pro_lang_ir 3.0.0-rc2 into /workspace/builds/worker-1/source
[INFO] validating manifest of crates.io crate pro_lang_ir 3.0.0-rc2 on toolchain 1.54.0
[INFO] running `Command { std: "/workspace/cargo-home/bin/cargo" "+1.54.0" "metadata" "--manifest-path" "Cargo.toml" "--no-deps", kill_on_drop: false }`
[INFO] started tweaking crates.io crate pro_lang_ir 3.0.0-rc2
[INFO] finished tweaking crates.io crate pro_lang_ir 3.0.0-rc2
[INFO] tweaked toml for crates.io crate pro_lang_ir 3.0.0-rc2 written to /workspace/builds/worker-1/source/Cargo.toml
[INFO] running `Command { std: "/workspace/cargo-home/bin/cargo" "+1.54.0" "generate-lockfile" "--manifest-path" "Cargo.toml" "-Zno-index-update", kill_on_drop: false }`
[INFO] running `Command { std: "/workspace/cargo-home/bin/cargo" "+1.54.0" "fetch" "--manifest-path" "Cargo.toml", kill_on_drop: false }`
[INFO] running `Command { std: "docker" "create" "-v" "/var/lib/crater-agent-workspace/builds/worker-1/target:/opt/rustwide/target:rw,Z" "-v" "/var/lib/crater-agent-workspace/builds/worker-1/source:/opt/rustwide/workdir:ro,Z" "-v" "/var/lib/crater-agent-workspace/cargo-home:/opt/rustwide/cargo-home:ro,Z" "-v" "/var/lib/crater-agent-workspace/rustup-home:/opt/rustwide/rustup-home:ro,Z" "-e" "SOURCE_DIR=/opt/rustwide/workdir" "-e" "CARGO_TARGET_DIR=/opt/rustwide/target" "-e" "CARGO_HOME=/opt/rustwide/cargo-home" "-e" "RUSTUP_HOME=/opt/rustwide/rustup-home" "-w" "/opt/rustwide/workdir" "-m" "1610612736" "--user" "0:0" "--network" "none" "ghcr.io/rust-lang/crates-build-env/linux@sha256:34b6a614d2c27851fe6cbf88fbd1137609cefab8b10d0615aaeb6fd47975d74e" "/opt/rustwide/cargo-home/bin/cargo" "+1.54.0" "metadata" "--no-deps" "--format-version=1", kill_on_drop: false }`
[INFO] [stderr] WARNING: Your kernel does not support swap limit capabilities or the cgroup is not mounted. Memory limited without swap.
[INFO] [stdout] 3187bf3226dbb48bdeb1746b3e6136436c6f774caf4b8697c2873e85a0c3a2c4
[INFO] running `Command { std: "docker" "start" "-a" "3187bf3226dbb48bdeb1746b3e6136436c6f774caf4b8697c2873e85a0c3a2c4", kill_on_drop: false }`
[INFO] running `Command { std: "docker" "inspect" "3187bf3226dbb48bdeb1746b3e6136436c6f774caf4b8697c2873e85a0c3a2c4", kill_on_drop: false }`
[INFO] running `Command { std: "docker" "rm" "-f" "3187bf3226dbb48bdeb1746b3e6136436c6f774caf4b8697c2873e85a0c3a2c4", kill_on_drop: false }`
[INFO] [stdout] 3187bf3226dbb48bdeb1746b3e6136436c6f774caf4b8697c2873e85a0c3a2c4
[INFO] running `Command { std: "docker" "create" "-v" "/var/lib/crater-agent-workspace/builds/worker-1/target:/opt/rustwide/target:rw,Z" "-v" "/var/lib/crater-agent-workspace/builds/worker-1/source:/opt/rustwide/workdir:ro,Z" "-v" "/var/lib/crater-agent-workspace/cargo-home:/opt/rustwide/cargo-home:ro,Z" "-v" "/var/lib/crater-agent-workspace/rustup-home:/opt/rustwide/rustup-home:ro,Z" "-e" "SOURCE_DIR=/opt/rustwide/workdir" "-e" "CARGO_TARGET_DIR=/opt/rustwide/target" "-e" "CARGO_INCREMENTAL=0" "-e" "RUST_BACKTRACE=full" "-e" "RUSTFLAGS=--cap-lints=warn" "-e" "CARGO_HOME=/opt/rustwide/cargo-home" "-e" "RUSTUP_HOME=/opt/rustwide/rustup-home" "-w" "/opt/rustwide/workdir" "-m" "1610612736" "--user" "0:0" "--network" "none" "ghcr.io/rust-lang/crates-build-env/linux@sha256:34b6a614d2c27851fe6cbf88fbd1137609cefab8b10d0615aaeb6fd47975d74e" "/opt/rustwide/cargo-home/bin/cargo" "+1.54.0" "build" "--frozen" "--message-format=json", kill_on_drop: false }`
[INFO] [stderr] WARNING: Your kernel does not support swap limit capabilities or the cgroup is not mounted. Memory limited without swap.
[INFO] [stdout] 3ff4bde5be43542904700463fd721b632276ed139c884c9e5b5c114496618c23
[INFO] running `Command { std: "docker" "start" "-a" "3ff4bde5be43542904700463fd721b632276ed139c884c9e5b5c114496618c23", kill_on_drop: false }`
[INFO] [stderr]    Compiling syn v1.0.74
[INFO] [stderr]    Compiling subtle v2.4.1
[INFO] [stderr]    Compiling either v1.6.1
[INFO] [stderr]    Compiling generic-array v0.14.4
[INFO] [stderr]    Compiling itertools v0.10.1
[INFO] [stderr]    Compiling crypto-mac v0.8.0
[INFO] [stderr]    Compiling digest v0.9.0
[INFO] [stderr]    Compiling blake2 v0.9.1
[INFO] [stderr]    Compiling pro_lang_ir v3.0.0-rc2 (/opt/rustwide/workdir)
[INFO] [stderr]     Finished dev [unoptimized + debuginfo] target(s) in 28.78s
[INFO] running `Command { std: "docker" "inspect" "3ff4bde5be43542904700463fd721b632276ed139c884c9e5b5c114496618c23", kill_on_drop: false }`
[INFO] running `Command { std: "docker" "rm" "-f" "3ff4bde5be43542904700463fd721b632276ed139c884c9e5b5c114496618c23", kill_on_drop: false }`
[INFO] [stdout] 3ff4bde5be43542904700463fd721b632276ed139c884c9e5b5c114496618c23
[INFO] running `Command { std: "docker" "create" "-v" "/var/lib/crater-agent-workspace/builds/worker-1/target:/opt/rustwide/target:rw,Z" "-v" "/var/lib/crater-agent-workspace/builds/worker-1/source:/opt/rustwide/workdir:ro,Z" "-v" "/var/lib/crater-agent-workspace/cargo-home:/opt/rustwide/cargo-home:ro,Z" "-v" "/var/lib/crater-agent-workspace/rustup-home:/opt/rustwide/rustup-home:ro,Z" "-e" "SOURCE_DIR=/opt/rustwide/workdir" "-e" "CARGO_TARGET_DIR=/opt/rustwide/target" "-e" "CARGO_INCREMENTAL=0" "-e" "RUST_BACKTRACE=full" "-e" "RUSTFLAGS=--cap-lints=warn" "-e" "CARGO_HOME=/opt/rustwide/cargo-home" "-e" "RUSTUP_HOME=/opt/rustwide/rustup-home" "-w" "/opt/rustwide/workdir" "-m" "1610612736" "--user" "0:0" "--network" "none" "ghcr.io/rust-lang/crates-build-env/linux@sha256:34b6a614d2c27851fe6cbf88fbd1137609cefab8b10d0615aaeb6fd47975d74e" "/opt/rustwide/cargo-home/bin/cargo" "+1.54.0" "test" "--frozen" "--no-run" "--message-format=json", kill_on_drop: false }`
[INFO] [stdout] 4bdf6a9fe87a01597d3bccfe83b997291b276bd413c821410ff48ab65f53bc2b
[INFO] [stderr] WARNING: Your kernel does not support swap limit capabilities or the cgroup is not mounted. Memory limited without swap.
[INFO] running `Command { std: "docker" "start" "-a" "4bdf6a9fe87a01597d3bccfe83b997291b276bd413c821410ff48ab65f53bc2b", kill_on_drop: false }`
[INFO] [stderr]    Compiling pro_lang_ir v3.0.0-rc2 (/opt/rustwide/workdir)
[INFO] [stderr]     Finished test [unoptimized + debuginfo] target(s) in 12.99s
[INFO] running `Command { std: "docker" "inspect" "4bdf6a9fe87a01597d3bccfe83b997291b276bd413c821410ff48ab65f53bc2b", kill_on_drop: false }`
[INFO] running `Command { std: "docker" "rm" "-f" "4bdf6a9fe87a01597d3bccfe83b997291b276bd413c821410ff48ab65f53bc2b", kill_on_drop: false }`
[INFO] [stdout] 4bdf6a9fe87a01597d3bccfe83b997291b276bd413c821410ff48ab65f53bc2b
[INFO] running `Command { std: "docker" "create" "-v" "/var/lib/crater-agent-workspace/builds/worker-1/target:/opt/rustwide/target:rw,Z" "-v" "/var/lib/crater-agent-workspace/builds/worker-1/source:/opt/rustwide/workdir:ro,Z" "-v" "/var/lib/crater-agent-workspace/cargo-home:/opt/rustwide/cargo-home:ro,Z" "-v" "/var/lib/crater-agent-workspace/rustup-home:/opt/rustwide/rustup-home:ro,Z" "-e" "SOURCE_DIR=/opt/rustwide/workdir" "-e" "CARGO_TARGET_DIR=/opt/rustwide/target" "-e" "CARGO_INCREMENTAL=0" "-e" "RUST_BACKTRACE=full" "-e" "RUSTFLAGS=--cap-lints=warn" "-e" "CARGO_HOME=/opt/rustwide/cargo-home" "-e" "RUSTUP_HOME=/opt/rustwide/rustup-home" "-w" "/opt/rustwide/workdir" "-m" "1610612736" "--user" "0:0" "--network" "none" "ghcr.io/rust-lang/crates-build-env/linux@sha256:34b6a614d2c27851fe6cbf88fbd1137609cefab8b10d0615aaeb6fd47975d74e" "/opt/rustwide/cargo-home/bin/cargo" "+1.54.0" "test" "--frozen", kill_on_drop: false }`
[INFO] [stdout] be519d50dadcca50bed6a970dc24598cf8fb63f248db2650f376734a30d39b6a
[INFO] [stderr] WARNING: Your kernel does not support swap limit capabilities or the cgroup is not mounted. Memory limited without swap.
[INFO] running `Command { std: "docker" "start" "-a" "be519d50dadcca50bed6a970dc24598cf8fb63f248db2650f376734a30d39b6a", kill_on_drop: false }`
[INFO] [stderr]     Finished test [unoptimized + debuginfo] target(s) in 0.04s
[INFO] [stderr]      Running unittests (/opt/rustwide/target/debug/deps/pro_lang_ir-7b0ef34ceaf7729e)
[INFO] [stdout] 
[INFO] [stdout] running 166 tests
[INFO] [stdout] test ast::attr_args::tests::root_path_value_works ... ok
[INFO] [stdout] test ast::attr_args::tests::trailing_comma_works ... ok
[INFO] [stdout] test ir::attrs::tests::compound_mixed_works ... ok
[INFO] [stdout] test ir::attrs::tests::compound_simple_works ... ok
[INFO] [stdout] test ast::attr_args::tests::relative_path_value_works ... ok
[INFO] [stdout] test ast::attr_args::tests::ident_value_works ... ok
[INFO] [stdout] test ast::attr_args::tests::many_mixed_works ... ok
[INFO] [stdout] test ast::attr_args::tests::literal_str_value_works ... ok
[INFO] [stdout] test ast::attr_args::tests::empty_works ... ok
[INFO] [stdout] test ast::attr_args::tests::literal_bool_value_works ... ok
[INFO] [stdout] test ir::attrs::tests::namespace_works ... ok
[INFO] [stdout] test ir::attrs::tests::impl_works ... ok
[INFO] [stdout] test ir::attrs::tests::namespace_invalid_type ... ok
[INFO] [stdout] test ir::attrs::tests::extension_too_big_integer ... ok
[INFO] [stdout] test ir::attrs::tests::namespace_missing_parameter ... ok
[INFO] [stdout] test ir::attrs::tests::handle_status_works ... ok
[INFO] [stdout] test ir::attrs::tests::empty_pro_attribute_fails ... ok
[INFO] [stdout] test ir::attrs::tests::extension_works ... ok
[INFO] [stdout] test ir::attrs::tests::contains_pro_attributes_works ... ok
[INFO] [stdout] test ir::attrs::tests::returns_result_works ... ok
[INFO] [stdout] test ir::attrs::tests::extension_missing_parameter ... ok
[INFO] [stdout] test ir::attrs::tests::extension_negative_integer ... ok
[INFO] [stdout] test ir::attrs::tests::parition_duplicates_fails ... ok
[INFO] [stdout] test ir::attrs::tests::handle_status_missing_parameter ... ok
[INFO] [stdout] test ir::attrs::tests::extension_invalid_value_type ... ok
[INFO] [stdout] test ir::attrs::tests::duplicate_flags_fails ... ok
[INFO] [stdout] test ir::attrs::tests::non_pro_attribute_works ... ok
[INFO] [stdout] test ir::attrs::tests::parition_attributes_works ... ok
[INFO] [stdout] test ir::chain_extension::tests::chain_extension_containing_const_methods_is_denied ... ok
[INFO] [stdout] test ir::attrs::tests::handle_status_invalid_parameter_type ... ok
[INFO] [stdout] test ir::chain_extension::tests::chain_extension_containing_generic_methods_is_denied ... ok
[INFO] [stdout] test ir::attrs::tests::selector_invalid_type ... ok
[INFO] [stdout] test ir::chain_extension::tests::auto_chain_extension_is_denied ... ok
[INFO] [stdout] test ir::chain_extension::tests::chain_extension_containing_async_methods_is_denied ... ok
[INFO] [stdout] test ir::chain_extension::tests::chain_extension_containing_non_flagged_method_is_denied ... ok
[INFO] [stdout] test ir::chain_extension::tests::chain_extension_containing_unsafe_methods_is_denied ... ok
[INFO] [stdout] test ir::attrs::tests::returns_result_missing_parameter ... ok
[INFO] [stdout] test ir::attrs::tests::returns_result_invalid_parameter_type ... ok
[INFO] [stdout] test ir::chain_extension::tests::chain_extension_containing_const_item_is_denied ... ok
[INFO] [stdout] test ir::attrs::tests::first_pro_attribute_works ... ok
[INFO] [stdout] test ir::chain_extension::tests::chain_extension_containing_default_implemented_methods_is_denied ... ok
[INFO] [stdout] test ir::chain_extension::tests::chain_extension_containing_method_with_invalid_marker ... ok
[INFO] [stdout] test ir::attrs::tests::storage_works ... ok
[INFO] [stdout] test ir::chain_extension::tests::chain_extension_containing_macro_is_denied ... ok
[INFO] [stdout] test ir::chain_extension::tests::chain_extension_containing_method_with_unsupported_pro_attribute_is_denied ... ok
[INFO] [stdout] test ir::chain_extension::tests::chain_extension_containing_invalid_associated_type_is_denied ... ok
[INFO] [stdout] test ir::config::tests::as_dependency_works ... ok
[INFO] [stdout] test ir::config::tests::duplicate_args_fails ... ok
[INFO] [stdout] test ir::config::tests::empty_config_works ... ok
[INFO] [stdout] test ir::chain_extension::tests::chain_extension_with_supertraits_is_denied ... ok
[INFO] [stdout] test ir::config::tests::as_dependency_invalid_value_fails ... ok
[INFO] [stdout] test ir::chain_extension::tests::chain_extension_containing_variadic_methods_is_denied ... ok
[INFO] [stdout] test ir::chain_extension::tests::generic_chain_extension_is_denied ... ok
[INFO] [stdout] test ir::config::tests::env_invalid_value_fails ... ok
[INFO] [stdout] test ir::config::tests::env_works ... ok
[INFO] [stdout] test ir::item::event::tests::conflicting_field_attributes_fails ... ok
[INFO] [stdout] test ir::item::event::tests::conflicting_struct_attributes_fails ... ok
[INFO] [stdout] test ir::item::event::tests::duplicate_field_attributes_fails ... ok
[INFO] [stdout] test ir::item::event::tests::duplicate_struct_attributes_fails ... ok
[INFO] [stdout] test ir::config::tests::storage_alloc_invalid_value_fails ... ok
[INFO] [stdout] test ir::chain_extension::tests::non_pub_chain_extension_is_denied ... ok
[INFO] [stdout] test ir::config::tests::storage_alloc_works ... ok
[INFO] [stdout] test ir::chain_extension::tests::unsafe_chain_extension_is_denied ... ok
[INFO] [stdout] test ir::item::event::tests::anonymous_event_works ... ok
[INFO] [stdout] test ir::chain_extension::tests::chain_extension_containing_methods_using_explicit_abi_is_denied ... ok
[INFO] [stdout] test ir::config::tests::unknown_arg_fails ... ok
[INFO] [stdout] test ir::item::storage::tests::conflicting_attributes_fails ... ok
[INFO] [stdout] test ir::chain_extension::tests::chain_extension_with_overlapping_extension_ids ... ok
[INFO] [stdout] test ir::item::storage::tests::duplicate_attributes_fails ... ok
[INFO] [stdout] test ir::item::storage::tests::missing_storage_attribute_fails ... ok
[INFO] [stdout] test ir::chain_extension::tests::chain_extension_with_invalid_error_code ... ok
[INFO] [stdout] test ir::item::storage::tests::non_pub_storage_struct ... ok
[INFO] [stdout] test ir::item::storage::tests::generic_storage_fails ... ok
[INFO] [stdout] test ir::item::event::tests::event_fields_iter_works ... ok
[INFO] [stdout] test ir::item::event::tests::invalid_field_attributes_fails ... ok
[INFO] [stdout] test ir::item::event::tests::non_pub_event_struct ... ok
[INFO] [stdout] test ir::item::event::tests::missing_storage_attribute_fails ... ok
[INFO] [stdout] test ir::item::event::tests::wrong_first_struct_attribute_fails ... ok
[INFO] [stdout] test ir::item::event::tests::simple_try_from_works ... ok
[INFO] [stdout] test ir::item::event::tests::generic_event_fails ... ok
[INFO] [stdout] test ir::item::storage::tests::simple_try_from_works ... ok
[INFO] [stdout] test ir::item::storage::tests::wrong_first_attribute_fails ... ok
[INFO] [stdout] test ir::chain_extension::tests::chain_extension_is_ok ... ok
[INFO] [stdout] test ir::item::tests::simple_event_works ... ok
[INFO] [stdout] test ir::item_impl::constructor::tests::try_from_const_fails ... ok
[INFO] [stdout] test ir::chain_extension::tests::chain_extension_containing_method_with_self_receiver_is_denied ... ok
[INFO] [stdout] test ir::chain_extension::tests::chain_extension_with_params_is_ok ... ok
[INFO] [stdout] test ir::item_impl::constructor::tests::try_from_explicit_abi_fails ... ok
[INFO] [stdout] test ir::item_impl::constructor::tests::conflicting_attributes_fails ... ok
[INFO] [stdout] test ir::item_impl::constructor::tests::inputs_works ... ok
[INFO] [stdout] test ir::item::tests::simple_rust_item_works ... ok
[INFO] [stdout] test ir::item_impl::constructor::tests::try_from_generics_fails ... ok
[INFO] [stdout] test ir::item_impl::constructor::tests::try_from_async_fails ... ok
[INFO] [stdout] test ir::item::tests::simple_storage_works ... ok
[INFO] [stdout] test ir::attrs::tests::selector_non_hexcode ... ok
[INFO] [stdout] test ir::attrs::tests::selector_too_long ... ok
[INFO] [stdout] test ir::attrs::tests::selector_works ... ok
[INFO] [stdout] test ir::item_impl::message::tests::try_from_async_fails ... ok
[INFO] [stdout] test ir::item_impl::message::tests::output_works ... ok
[INFO] [stdout] test ir::item_impl::constructor::tests::try_from_works ... ok
[INFO] [stdout] test ir::item_impl::constructor::tests::try_from_invalid_return_fails ... ok
[INFO] [stdout] test ir::item_impl::message::tests::try_from_generics_fails ... ok
[INFO] [stdout] test ir::item_impl::constructor::tests::try_from_unsafe_fails ... ok
[INFO] [stdout] test ir::item_impl::constructor::tests::try_from_invalid_self_receiver_fails ... ok
[INFO] [stdout] test ir::item_impl::message::tests::try_from_explicit_abi_fails ... ok
[INFO] [stdout] test ir::item_impl::message::tests::receiver_works ... ok
[INFO] [stdout] test ir::item_impl::constructor::tests::try_from_missing_return_fails ... ok
[INFO] [stdout] test ir::item_impl::message::tests::conflicting_attributes_fails ... ok
[INFO] [stdout] test ir::item_impl::message::tests::try_from_unsafe_fails ... ok
[INFO] [stdout] test ir::item_impl::message::tests::visibility_works ... ok
[INFO] [stdout] test ir::item_impl::message::tests::inputs_works ... ok
[INFO] [stdout] test ir::item_impl::tests::is_pro_impl_block_eval_false_works ... ok
[INFO] [stdout] test ir::item_impl::message::tests::try_from_visibility_fails ... ok
[INFO] [stdout] test ir::item_impl::message::tests::try_from_variadic_fails ... ok
[INFO] [stdout] test ir::item_impl::tests::is_pro_impl_block_eval_true_works ... ok
[INFO] [stdout] test ir::item_impl::message::tests::try_from_const_fails ... ok
[INFO] [stdout] test ir::item_impl::constructor::tests::try_from_visibility_fails ... ok
[INFO] [stdout] test ir::item_impl::tests::namespace_works ... ok
[INFO] [stdout] test ir::item_impl::callable::tests::compose_selector_works ... ok
[INFO] [stdout] test ir::item_impl::tests::try_from_works ... ok
[INFO] [stdout] test ir::item_impl::constructor::tests::visibility_works ... ok
[INFO] [stdout] test ir::item_impl::constructor::tests::try_from_variadic_fails ... ok
[INFO] [stdout] test ir::item_mod::tests::conflicting_attributes_fails ... ok
[INFO] [stdout] test ir::item_mod::tests::missing_message_fails ... ok
[INFO] [stdout] test ir::item_impl::tests::is_pro_impl_block_fails ... ok
[INFO] [stdout] test ir::item_impl::message::tests::try_from_works ... ok
[INFO] [stdout] test ir::item_mod::tests::missing_storage_struct_fails ... ok
[INFO] [stdout] test ir::item_mod::tests::missing_constructor_fails ... ok
[INFO] [stdout] test ir::item_impl::tests::visibility_fails ... ok
[INFO] [stdout] test ir::item_mod::tests::invalid_out_of_line_module_fails ... ok
[INFO] [stdout] test ir::trait_def::tests::generic_trait_def_is_denied ... ok
[INFO] [stdout] test ir::item_mod::tests::overlapping_trait_impls_fails ... ok
[INFO] [stdout] test ir::trait_def::tests::auto_trait_def_is_denied ... ok
[INFO] [stdout] test ir::trait_def::tests::iter_messages_works ... ok
[INFO] [stdout] test ir::trait_def::tests::non_pub_trait_def_is_denied ... ok
[INFO] [stdout] test ir::trait_def::tests::trait_def_containing_const_item_is_denied ... ok
[INFO] [stdout] test ir::item_mod::tests::namespaced_overlapping_trait_impls_works ... ok
[INFO] [stdout] test ir::trait_def::tests::trait_def_containing_const_methods_is_denied ... ok
[INFO] [stdout] test ir::trait_def::tests::trait_def_containing_invalid_message_is_denied ... ok
[INFO] [stdout] test ir::trait_def::tests::trait_def_containing_default_implemented_methods_is_denied ... ok
[INFO] [stdout] test ir::trait_def::tests::trait_def_containing_invalid_constructor_is_denied ... ok
[INFO] [stdout] test ir::trait_def::tests::trait_def_containing_async_methods_is_denied ... ok
[INFO] [stdout] test ir::item_impl::message::tests::try_from_receiver_fails ... ok
[INFO] [stdout] test ir::trait_def::tests::trait_def_containing_associated_type_is_denied ... ok
[INFO] [stdout] test ir::trait_def::tests::trait_def_containing_method_with_unsupported_pro_attribute_is_denied ... ok
[INFO] [stdout] test ir::trait_def::tests::trait_def_containing_message_with_invalid_pro_attributes_is_denied ... ok
[INFO] [stdout] test ir::trait_def::tests::trait_def_containing_constructor_with_invalid_pro_attributes_is_denied ... ok
[INFO] [stdout] test ir::trait_def::tests::trait_def_containing_macro_is_denied ... ok
[INFO] [stdout] test ir::trait_def::tests::trait_def_containing_non_flagged_method_is_denied ... ok
[INFO] [stdout] test ir::trait_def::tests::trait_def_with_supertraits_is_denied ... ok
[INFO] [stdout] test ir::item_impl::message::tests::is_payable_works ... ok
[INFO] [stdout] test ir::trait_def::tests::unsafe_trait_def_is_denied ... ok
[INFO] [stdout] test ir::trait_def::tests::trait_def_containing_unsafe_methods_is_denied ... ok
[INFO] [stdout] test ir::trait_def::tests::trait_def_containing_variadic_methods_is_denied ... ok
[INFO] [stdout] test ir::trait_def::tests::trait_def_containing_generic_methods_is_denied ... ok
[INFO] [stdout] test ir::item_mod::tests::item_mod_try_from_works ... ok
[INFO] [stdout] test ir::item_mod::tests::multiple_storage_struct_fails ... ok
[INFO] [stdout] test ir::trait_def::tests::iter_constructors_works ... ok
[INFO] [stdout] test ir::trait_def::tests::verify_hash_works_without_messages ... ok
[INFO] [stdout] test ir::trait_def::tests::trait_def_is_ok ... ok
[INFO] [stdout] test ir::trait_def::tests::trait_def_containing_methods_using_explicit_abi_is_denied ... ok
[INFO] [stdout] test ir::trait_def::tests::verify_hash_works ... ok
[INFO] [stdout] test ir::item_mod::tests::allow_overlap_between_messages_and_constructors ... ok
[INFO] [stdout] test ir::trait_def::tests::verify_hash_works_without_constructors ... ok
[INFO] [stdout] test ir::item_mod::tests::overlapping_messages_fails ... ok
[INFO] [stdout] test ir::item_mod::tests::overlapping_constructors_fails ... ok
[INFO] [stdout] 
[INFO] [stdout] test result: ok. 166 passed; 0 failed; 0 ignored; 0 measured; 0 filtered out; finished in 0.56s
[INFO] [stdout] 
[INFO] [stderr]    Doc-tests pro_lang_ir
[INFO] [stdout] 
[INFO] [stdout] running 12 tests
[INFO] [stdout] test src/ir/item_mod.rs - ir::item_mod::ItemMod (line 81) ... ok
[INFO] [stdout] test src/ir/item/event.rs - ir::item::event::Event (line 31) ... FAILED
[INFO] [stdout] test src/ir/item_impl/mod.rs - ir::item_impl::ItemImpl::is_pro_impl_block (line 126) ... FAILED
[INFO] [stdout] test src/ir/item_impl/message.rs - ir::item_impl::message::Message (line 82) ... ok
[INFO] [stdout] test src/ir/item/storage.rs - ir::item::storage::Storage (line 34) ... ok
[INFO] [stdout] test src/ir/item_mod.rs - ir::item_mod::ItemMod (line 41) ... ok
[INFO] [stdout] test src/ir/item_impl/constructor.rs - ir::item_impl::constructor::Constructor (line 36) ... ok
[INFO] [stdout] test src/ir/item_impl/mod.rs - ir::item_impl::ItemImpl::is_pro_impl_block (line 142) ... ok
[INFO] [stdout] test src/ir/item_impl/constructor.rs - ir::item_impl::constructor::Constructor (line 51) ... ok
[INFO] [stdout] test src/ir/item_mod.rs - ir::item_mod::ItemMod::impls (line 390) ... ok
[INFO] [stdout] test src/ir/item_mod.rs - ir::item_mod::ItemMod::impls (line 361) ... ok
[INFO] [stdout] test src/ir/item_impl/message.rs - ir::item_impl::message::Message (line 67) ... ok
[INFO] [stdout] 
[INFO] [stdout] failures:
[INFO] [stdout] 
[INFO] [stdout] ---- src/ir/item/event.rs - ir::item::event::Event (line 31) stdout ----
[INFO] [stdout] error: linking with `cc` failed: exit status: 1
[INFO] [stdout]   |
[INFO] [stdout]   = note: "cc" "-m64" "/tmp/rustdoctestNPDo5P/rust_out.rust_out.7rcbfp3g-cgu.0.rcgu.o" "/tmp/rustdoctestNPDo5P/rust_out.33dyzt1ekirinwy8.rcgu.o" "-Wl,--as-needed" "-L" "/opt/rustwide/target/debug/deps" "-L" "/opt/rustwide/target/debug/deps" "-L" "/opt/rustwide/rustup-home/toolchains/1.54.0-x86_64-unknown-linux-gnu/lib/rustlib/x86_64-unknown-linux-gnu/lib" "-Wl,-Bstatic" "/opt/rustwide/target/debug/deps/libpro_lang_ir-355303e07894b010.rlib" "/opt/rustwide/target/debug/deps/libblake2-0554ec2675f4487f.rlib" "/opt/rustwide/target/debug/deps/libopaque_debug-45a15423c8ac1fee.rlib" "/opt/rustwide/target/debug/deps/libcrypto_mac-bcb6fafa6c51d122.rlib" "/opt/rustwide/target/debug/deps/libsubtle-29b12b4dfb112710.rlib" "/opt/rustwide/target/debug/deps/libdigest-cee9498d46fe27c0.rlib" "/opt/rustwide/target/debug/deps/libgeneric_array-7ec1671be0b15994.rlib" "/opt/rustwide/target/debug/deps/libtypenum-9959a671b08afc70.rlib" "/opt/rustwide/target/debug/deps/libitertools-6713fb0d80b9a68e.rlib" "/opt/rustwide/target/debug/deps/libeither-8dba98ac745df861.rlib" "/opt/rustwide/target/debug/deps/libregex-61169e0bd48871d5.rlib" "/opt/rustwide/target/debug/deps/libaho_corasick-daea6be397b1cb2b.rlib" "/opt/rustwide/target/debug/deps/libmemchr-1f0d97dc9aa3dd56.rlib" "/opt/rustwide/target/debug/deps/libregex_syntax-b672c9191f2c7225.rlib" "/opt/rustwide/target/debug/deps/libsyn-8503bb878641932c.rlib" "/opt/rustwide/target/debug/deps/libquote-8388bbcd500a3679.rlib" "/opt/rustwide/target/debug/deps/libproc_macro2-4ad853a01b52ac03.rlib" "/opt/rustwide/target/debug/deps/libunicode_xid-521ae656dc054791.rlib" "/opt/rustwide/rustup-home/toolchains/1.54.0-x86_64-unknown-linux-gnu/lib/rustlib/x86_64-unknown-linux-gnu/lib/libproc_macro-48a8f96062ed4274.rlib" "-Wl,--start-group" "/opt/rustwide/rustup-home/toolchains/1.54.0-x86_64-unknown-linux-gnu/lib/rustlib/x86_64-unknown-linux-gnu/lib/libstd-2420485b9e5ef5e1.rlib" "/opt/rustwide/rustup-home/toolchains/1.54.0-x86_64-unknown-linux-gnu/lib/rustlib/x86_64-unknown-linux-gnu/lib/libpanic_unwind-785e3cb61c4b1960.rlib" "/opt/rustwide/rustup-home/toolchains/1.54.0-x86_64-unknown-linux-gnu/lib/rustlib/x86_64-unknown-linux-gnu/lib/libminiz_oxide-087191a88bdaa22d.rlib" "/opt/rustwide/rustup-home/toolchains/1.54.0-x86_64-unknown-linux-gnu/lib/rustlib/x86_64-unknown-linux-gnu/lib/libadler-9981842c02975178.rlib" "/opt/rustwide/rustup-home/toolchains/1.54.0-x86_64-unknown-linux-gnu/lib/rustlib/x86_64-unknown-linux-gnu/lib/libobject-6fb405869b015fde.rlib" "/opt/rustwide/rustup-home/toolchains/1.54.0-x86_64-unknown-linux-gnu/lib/rustlib/x86_64-unknown-linux-gnu/lib/libaddr2line-d05c5c3c56004b7b.rlib" "/opt/rustwide/rustup-home/toolchains/1.54.0-x86_64-unknown-linux-gnu/lib/rustlib/x86_64-unknown-linux-gnu/lib/libgimli-42d74d2097528b38.rlib" "/opt/rustwide/rustup-home/toolchains/1.54.0-x86_64-unknown-linux-gnu/lib/rustlib/x86_64-unknown-linux-gnu/lib/libstd_detect-fb36534c113d2209.rlib" "/opt/rustwide/rustup-home/toolchains/1.54.0-x86_64-unknown-linux-gnu/lib/rustlib/x86_64-unknown-linux-gnu/lib/librustc_demangle-b56b9042c12b6535.rlib" "/opt/rustwide/rustup-home/toolchains/1.54.0-x86_64-unknown-linux-gnu/lib/rustlib/x86_64-unknown-linux-gnu/lib/libhashbrown-491902d6cb3e76df.rlib" "/opt/rustwide/rustup-home/toolchains/1.54.0-x86_64-unknown-linux-gnu/lib/rustlib/x86_64-unknown-linux-gnu/lib/librustc_std_workspace_alloc-61834e0981b8c367.rlib" "/opt/rustwide/rustup-home/toolchains/1.54.0-x86_64-unknown-linux-gnu/lib/rustlib/x86_64-unknown-linux-gnu/lib/libunwind-f78aa99d613a55bc.rlib" "/opt/rustwide/rustup-home/toolchains/1.54.0-x86_64-unknown-linux-gnu/lib/rustlib/x86_64-unknown-linux-gnu/lib/libcfg_if-53ee54cd7fed2c57.rlib" "/opt/rustwide/rustup-home/toolchains/1.54.0-x86_64-unknown-linux-gnu/lib/rustlib/x86_64-unknown-linux-gnu/lib/liblibc-544ecdbd6cda3c58.rlib" "/opt/rustwide/rustup-home/toolchains/1.54.0-x86_64-unknown-linux-gnu/lib/rustlib/x86_64-unknown-linux-gnu/lib/liballoc-379cc252b6943a79.rlib" "/opt/rustwide/rustup-home/toolchains/1.54.0-x86_64-unknown-linux-gnu/lib/rustlib/x86_64-unknown-linux-gnu/lib/librustc_std_workspace_core-8063eea38dcc5e62.rlib" "/opt/rustwide/rustup-home/toolchains/1.54.0-x86_64-unknown-linux-gnu/lib/rustlib/x86_64-unknown-linux-gnu/lib/libcore-5b228734afae15ee.rlib" "-Wl,--end-group" "/opt/rustwide/rustup-home/toolchains/1.54.0-x86_64-unknown-linux-gnu/lib/rustlib/x86_64-unknown-linux-gnu/lib/libcompiler_builtins-d6c7a399d95d173f.rlib" "-Wl,-Bdynamic" "-lgcc_s" "-lutil" "-lrt" "-lpthread" "-lm" "-ldl" "-lc" "-Wl,--eh-frame-hdr" "-Wl,-znoexecstack" "-L" "/opt/rustwide/rustup-home/toolchains/1.54.0-x86_64-unknown-linux-gnu/lib/rustlib/x86_64-unknown-linux-gnu/lib" "-o" "/tmp/rustdoctestNPDo5P/rust_out" "-Wl,--gc-sections" "-pie" "-Wl,-zrelro" "-Wl,-znow" "-nodefaultlibs"
[INFO] [stdout]   = note: collect2: fatal error: ld terminated with signal 9 [Killed]
[INFO] [stdout]           compilation terminated.
[INFO] [stdout]           
[INFO] [stdout] 
[INFO] [stdout] error: aborting due to previous error
[INFO] [stdout] 
[INFO] [stdout] Couldn't compile the test.
[INFO] [stdout] ---- src/ir/item_impl/mod.rs - ir::item_impl::ItemImpl::is_pro_impl_block (line 126) stdout ----
[INFO] [stdout] error: linking with `cc` failed: exit status: 1
[INFO] [stdout]   |
[INFO] [stdout]   = note: "cc" "-m64" "/tmp/rustdoctestOctRO1/rust_out.rust_out.7rcbfp3g-cgu.0.rcgu.o" "/tmp/rustdoctestOctRO1/rust_out.33dyzt1ekirinwy8.rcgu.o" "-Wl,--as-needed" "-L" "/opt/rustwide/target/debug/deps" "-L" "/opt/rustwide/target/debug/deps" "-L" "/opt/rustwide/rustup-home/toolchains/1.54.0-x86_64-unknown-linux-gnu/lib/rustlib/x86_64-unknown-linux-gnu/lib" "-Wl,-Bstatic" "/opt/rustwide/target/debug/deps/libpro_lang_ir-355303e07894b010.rlib" "/opt/rustwide/target/debug/deps/libblake2-0554ec2675f4487f.rlib" "/opt/rustwide/target/debug/deps/libopaque_debug-45a15423c8ac1fee.rlib" "/opt/rustwide/target/debug/deps/libcrypto_mac-bcb6fafa6c51d122.rlib" "/opt/rustwide/target/debug/deps/libsubtle-29b12b4dfb112710.rlib" "/opt/rustwide/target/debug/deps/libdigest-cee9498d46fe27c0.rlib" "/opt/rustwide/target/debug/deps/libgeneric_array-7ec1671be0b15994.rlib" "/opt/rustwide/target/debug/deps/libtypenum-9959a671b08afc70.rlib" "/opt/rustwide/target/debug/deps/libitertools-6713fb0d80b9a68e.rlib" "/opt/rustwide/target/debug/deps/libeither-8dba98ac745df861.rlib" "/opt/rustwide/target/debug/deps/libregex-61169e0bd48871d5.rlib" "/opt/rustwide/target/debug/deps/libaho_corasick-daea6be397b1cb2b.rlib" "/opt/rustwide/target/debug/deps/libmemchr-1f0d97dc9aa3dd56.rlib" "/opt/rustwide/target/debug/deps/libregex_syntax-b672c9191f2c7225.rlib" "/opt/rustwide/target/debug/deps/libsyn-8503bb878641932c.rlib" "/opt/rustwide/target/debug/deps/libquote-8388bbcd500a3679.rlib" "/opt/rustwide/target/debug/deps/libproc_macro2-4ad853a01b52ac03.rlib" "/opt/rustwide/target/debug/deps/libunicode_xid-521ae656dc054791.rlib" "/opt/rustwide/rustup-home/toolchains/1.54.0-x86_64-unknown-linux-gnu/lib/rustlib/x86_64-unknown-linux-gnu/lib/libproc_macro-48a8f96062ed4274.rlib" "-Wl,--start-group" "/opt/rustwide/rustup-home/toolchains/1.54.0-x86_64-unknown-linux-gnu/lib/rustlib/x86_64-unknown-linux-gnu/lib/libstd-2420485b9e5ef5e1.rlib" "/opt/rustwide/rustup-home/toolchains/1.54.0-x86_64-unknown-linux-gnu/lib/rustlib/x86_64-unknown-linux-gnu/lib/libpanic_unwind-785e3cb61c4b1960.rlib" "/opt/rustwide/rustup-home/toolchains/1.54.0-x86_64-unknown-linux-gnu/lib/rustlib/x86_64-unknown-linux-gnu/lib/libminiz_oxide-087191a88bdaa22d.rlib" "/opt/rustwide/rustup-home/toolchains/1.54.0-x86_64-unknown-linux-gnu/lib/rustlib/x86_64-unknown-linux-gnu/lib/libadler-9981842c02975178.rlib" "/opt/rustwide/rustup-home/toolchains/1.54.0-x86_64-unknown-linux-gnu/lib/rustlib/x86_64-unknown-linux-gnu/lib/libobject-6fb405869b015fde.rlib" "/opt/rustwide/rustup-home/toolchains/1.54.0-x86_64-unknown-linux-gnu/lib/rustlib/x86_64-unknown-linux-gnu/lib/libaddr2line-d05c5c3c56004b7b.rlib" "/opt/rustwide/rustup-home/toolchains/1.54.0-x86_64-unknown-linux-gnu/lib/rustlib/x86_64-unknown-linux-gnu/lib/libgimli-42d74d2097528b38.rlib" "/opt/rustwide/rustup-home/toolchains/1.54.0-x86_64-unknown-linux-gnu/lib/rustlib/x86_64-unknown-linux-gnu/lib/libstd_detect-fb36534c113d2209.rlib" "/opt/rustwide/rustup-home/toolchains/1.54.0-x86_64-unknown-linux-gnu/lib/rustlib/x86_64-unknown-linux-gnu/lib/librustc_demangle-b56b9042c12b6535.rlib" "/opt/rustwide/rustup-home/toolchains/1.54.0-x86_64-unknown-linux-gnu/lib/rustlib/x86_64-unknown-linux-gnu/lib/libhashbrown-491902d6cb3e76df.rlib" "/opt/rustwide/rustup-home/toolchains/1.54.0-x86_64-unknown-linux-gnu/lib/rustlib/x86_64-unknown-linux-gnu/lib/librustc_std_workspace_alloc-61834e0981b8c367.rlib" "/opt/rustwide/rustup-home/toolchains/1.54.0-x86_64-unknown-linux-gnu/lib/rustlib/x86_64-unknown-linux-gnu/lib/libunwind-f78aa99d613a55bc.rlib" "/opt/rustwide/rustup-home/toolchains/1.54.0-x86_64-unknown-linux-gnu/lib/rustlib/x86_64-unknown-linux-gnu/lib/libcfg_if-53ee54cd7fed2c57.rlib" "/opt/rustwide/rustup-home/toolchains/1.54.0-x86_64-unknown-linux-gnu/lib/rustlib/x86_64-unknown-linux-gnu/lib/liblibc-544ecdbd6cda3c58.rlib" "/opt/rustwide/rustup-home/toolchains/1.54.0-x86_64-unknown-linux-gnu/lib/rustlib/x86_64-unknown-linux-gnu/lib/liballoc-379cc252b6943a79.rlib" "/opt/rustwide/rustup-home/toolchains/1.54.0-x86_64-unknown-linux-gnu/lib/rustlib/x86_64-unknown-linux-gnu/lib/librustc_std_workspace_core-8063eea38dcc5e62.rlib" "/opt/rustwide/rustup-home/toolchains/1.54.0-x86_64-unknown-linux-gnu/lib/rustlib/x86_64-unknown-linux-gnu/lib/libcore-5b228734afae15ee.rlib" "-Wl,--end-group" "/opt/rustwide/rustup-home/toolchains/1.54.0-x86_64-unknown-linux-gnu/lib/rustlib/x86_64-unknown-linux-gnu/lib/libcompiler_builtins-d6c7a399d95d173f.rlib" "-Wl,-Bdynamic" "-lgcc_s" "-lutil" "-lrt" "-lpthread" "-lm" "-ldl" "-lc" "-Wl,--eh-frame-hdr" "-Wl,-znoexecstack" "-L" "/opt/rustwide/rustup-home/toolchains/1.54.0-x86_64-unknown-linux-gnu/lib/rustlib/x86_64-unknown-linux-gnu/lib" "-o" "/tmp/rustdoctestOctRO1/rust_out" "-Wl,--gc-sections" "-pie" "-Wl,-zrelro" "-Wl,-znow" "-nodefaultlibs"
[INFO] [stdout]   = note: collect2: fatal error: ld terminated with signal 9 [Killed]
[INFO] [stdout]           compilation terminated.
[INFO] [stdout]           
[INFO] [stdout] 
[INFO] [stdout] error: aborting due to previous error
[INFO] [stdout] 
[INFO] [stdout] Couldn't compile the test.
[INFO] [stdout] 
[INFO] [stdout] failures:
[INFO] [stdout]     src/ir/item/event.rs - ir::item::event::Event (line 31)
[INFO] [stdout]     src/ir/item_impl/mod.rs - ir::item_impl::ItemImpl::is_pro_impl_block (line 126)
[INFO] [stdout] 
[INFO] [stdout] test result: FAILED. 10 passed; 2 failed; 0 ignored; 0 measured; 0 filtered out; finished in 17.20s
[INFO] [stdout] 
[INFO] [stderr] error: test failed, to rerun pass '--doc'
[INFO] running `Command { std: "docker" "inspect" "be519d50dadcca50bed6a970dc24598cf8fb63f248db2650f376734a30d39b6a", kill_on_drop: false }`
[INFO] running `Command { std: "docker" "rm" "-f" "be519d50dadcca50bed6a970dc24598cf8fb63f248db2650f376734a30d39b6a", kill_on_drop: false }`
[INFO] [stdout] be519d50dadcca50bed6a970dc24598cf8fb63f248db2650f376734a30d39b6a
