[INFO] fetching crate pretty-sure 0.1.1...
[INFO] testing pretty-sure-0.1.1 against beta-2021-08-01 for beta-1.55-1
[INFO] extracting crate pretty-sure 0.1.1 into /workspace/builds/worker-6/source
[INFO] validating manifest of crates.io crate pretty-sure 0.1.1 on toolchain beta-2021-08-01
[INFO] running `Command { std: "/workspace/cargo-home/bin/cargo" "+beta-2021-08-01" "metadata" "--manifest-path" "Cargo.toml" "--no-deps", kill_on_drop: false }`
[INFO] started tweaking crates.io crate pretty-sure 0.1.1
[INFO] finished tweaking crates.io crate pretty-sure 0.1.1
[INFO] tweaked toml for crates.io crate pretty-sure 0.1.1 written to /workspace/builds/worker-6/source/Cargo.toml
[INFO] running `Command { std: "/workspace/cargo-home/bin/cargo" "+beta-2021-08-01" "generate-lockfile" "--manifest-path" "Cargo.toml" "-Zno-index-update", kill_on_drop: false }`
[INFO] running `Command { std: "/workspace/cargo-home/bin/cargo" "+beta-2021-08-01" "fetch" "--manifest-path" "Cargo.toml", kill_on_drop: false }`
[INFO] running `Command { std: "docker" "create" "-v" "/var/lib/crater-agent-workspace/builds/worker-6/target:/opt/rustwide/target:rw,Z" "-v" "/var/lib/crater-agent-workspace/builds/worker-6/source:/opt/rustwide/workdir:ro,Z" "-v" "/var/lib/crater-agent-workspace/cargo-home:/opt/rustwide/cargo-home:ro,Z" "-v" "/var/lib/crater-agent-workspace/rustup-home:/opt/rustwide/rustup-home:ro,Z" "-e" "SOURCE_DIR=/opt/rustwide/workdir" "-e" "CARGO_TARGET_DIR=/opt/rustwide/target" "-e" "CARGO_HOME=/opt/rustwide/cargo-home" "-e" "RUSTUP_HOME=/opt/rustwide/rustup-home" "-w" "/opt/rustwide/workdir" "-m" "1610612736" "--user" "0:0" "--network" "none" "ghcr.io/rust-lang/crates-build-env/linux@sha256:34b6a614d2c27851fe6cbf88fbd1137609cefab8b10d0615aaeb6fd47975d74e" "/opt/rustwide/cargo-home/bin/cargo" "+beta-2021-08-01" "metadata" "--no-deps" "--format-version=1", kill_on_drop: false }`
[INFO] [stdout] fbf982c1e38e0f505bada3f81a7a309fea25772a029e08a9c0840db325c6444d
[INFO] [stderr] WARNING: Your kernel does not support swap limit capabilities or the cgroup is not mounted. Memory limited without swap.
[INFO] running `Command { std: "docker" "start" "-a" "fbf982c1e38e0f505bada3f81a7a309fea25772a029e08a9c0840db325c6444d", kill_on_drop: false }`
[INFO] running `Command { std: "docker" "inspect" "fbf982c1e38e0f505bada3f81a7a309fea25772a029e08a9c0840db325c6444d", kill_on_drop: false }`
[INFO] running `Command { std: "docker" "rm" "-f" "fbf982c1e38e0f505bada3f81a7a309fea25772a029e08a9c0840db325c6444d", kill_on_drop: false }`
[INFO] [stdout] fbf982c1e38e0f505bada3f81a7a309fea25772a029e08a9c0840db325c6444d
[INFO] running `Command { std: "docker" "create" "-v" "/var/lib/crater-agent-workspace/builds/worker-6/target:/opt/rustwide/target:rw,Z" "-v" "/var/lib/crater-agent-workspace/builds/worker-6/source:/opt/rustwide/workdir:ro,Z" "-v" "/var/lib/crater-agent-workspace/cargo-home:/opt/rustwide/cargo-home:ro,Z" "-v" "/var/lib/crater-agent-workspace/rustup-home:/opt/rustwide/rustup-home:ro,Z" "-e" "SOURCE_DIR=/opt/rustwide/workdir" "-e" "CARGO_TARGET_DIR=/opt/rustwide/target" "-e" "CARGO_INCREMENTAL=0" "-e" "RUST_BACKTRACE=full" "-e" "RUSTFLAGS=--cap-lints=warn" "-e" "CARGO_HOME=/opt/rustwide/cargo-home" "-e" "RUSTUP_HOME=/opt/rustwide/rustup-home" "-w" "/opt/rustwide/workdir" "-m" "1610612736" "--user" "0:0" "--network" "none" "ghcr.io/rust-lang/crates-build-env/linux@sha256:34b6a614d2c27851fe6cbf88fbd1137609cefab8b10d0615aaeb6fd47975d74e" "/opt/rustwide/cargo-home/bin/cargo" "+beta-2021-08-01" "build" "--frozen" "--message-format=json", kill_on_drop: false }`
[INFO] [stderr] WARNING: Your kernel does not support swap limit capabilities or the cgroup is not mounted. Memory limited without swap.
[INFO] [stdout] b8f16ebfe1d9a01f23977afac45aa87f1589fdca13b48e9d35d67049c9feb661
[INFO] running `Command { std: "docker" "start" "-a" "b8f16ebfe1d9a01f23977afac45aa87f1589fdca13b48e9d35d67049c9feb661", kill_on_drop: false }`
[INFO] [stderr]     Blocking waiting for file lock on package cache
[INFO] [stderr]    Compiling pretty-sure v0.1.1 (/opt/rustwide/workdir)
[INFO] [stderr]     Finished dev [unoptimized + debuginfo] target(s) in 1.12s
[INFO] running `Command { std: "docker" "inspect" "b8f16ebfe1d9a01f23977afac45aa87f1589fdca13b48e9d35d67049c9feb661", kill_on_drop: false }`
[INFO] running `Command { std: "docker" "rm" "-f" "b8f16ebfe1d9a01f23977afac45aa87f1589fdca13b48e9d35d67049c9feb661", kill_on_drop: false }`
[INFO] [stdout] b8f16ebfe1d9a01f23977afac45aa87f1589fdca13b48e9d35d67049c9feb661
[INFO] running `Command { std: "docker" "create" "-v" "/var/lib/crater-agent-workspace/builds/worker-6/target:/opt/rustwide/target:rw,Z" "-v" "/var/lib/crater-agent-workspace/builds/worker-6/source:/opt/rustwide/workdir:ro,Z" "-v" "/var/lib/crater-agent-workspace/cargo-home:/opt/rustwide/cargo-home:ro,Z" "-v" "/var/lib/crater-agent-workspace/rustup-home:/opt/rustwide/rustup-home:ro,Z" "-e" "SOURCE_DIR=/opt/rustwide/workdir" "-e" "CARGO_TARGET_DIR=/opt/rustwide/target" "-e" "CARGO_INCREMENTAL=0" "-e" "RUST_BACKTRACE=full" "-e" "RUSTFLAGS=--cap-lints=warn" "-e" "CARGO_HOME=/opt/rustwide/cargo-home" "-e" "RUSTUP_HOME=/opt/rustwide/rustup-home" "-w" "/opt/rustwide/workdir" "-m" "1610612736" "--user" "0:0" "--network" "none" "ghcr.io/rust-lang/crates-build-env/linux@sha256:34b6a614d2c27851fe6cbf88fbd1137609cefab8b10d0615aaeb6fd47975d74e" "/opt/rustwide/cargo-home/bin/cargo" "+beta-2021-08-01" "test" "--frozen" "--no-run" "--message-format=json", kill_on_drop: false }`
[INFO] [stdout] 3f8264d5f001e7a820c8201048c905a2f0131c1621ec1c1e2052acb76611aa41
[INFO] [stderr] WARNING: Your kernel does not support swap limit capabilities or the cgroup is not mounted. Memory limited without swap.
[INFO] running `Command { std: "docker" "start" "-a" "3f8264d5f001e7a820c8201048c905a2f0131c1621ec1c1e2052acb76611aa41", kill_on_drop: false }`
[INFO] [stderr]    Compiling pretty-sure v0.1.1 (/opt/rustwide/workdir)
[INFO] [stderr]     Finished test [unoptimized + debuginfo] target(s) in 0.57s
[INFO] running `Command { std: "docker" "inspect" "3f8264d5f001e7a820c8201048c905a2f0131c1621ec1c1e2052acb76611aa41", kill_on_drop: false }`
[INFO] running `Command { std: "docker" "rm" "-f" "3f8264d5f001e7a820c8201048c905a2f0131c1621ec1c1e2052acb76611aa41", kill_on_drop: false }`
[INFO] [stdout] 3f8264d5f001e7a820c8201048c905a2f0131c1621ec1c1e2052acb76611aa41
[INFO] running `Command { std: "docker" "create" "-v" "/var/lib/crater-agent-workspace/builds/worker-6/target:/opt/rustwide/target:rw,Z" "-v" "/var/lib/crater-agent-workspace/builds/worker-6/source:/opt/rustwide/workdir:ro,Z" "-v" "/var/lib/crater-agent-workspace/cargo-home:/opt/rustwide/cargo-home:ro,Z" "-v" "/var/lib/crater-agent-workspace/rustup-home:/opt/rustwide/rustup-home:ro,Z" "-e" "SOURCE_DIR=/opt/rustwide/workdir" "-e" "CARGO_TARGET_DIR=/opt/rustwide/target" "-e" "CARGO_INCREMENTAL=0" "-e" "RUST_BACKTRACE=full" "-e" "RUSTFLAGS=--cap-lints=warn" "-e" "CARGO_HOME=/opt/rustwide/cargo-home" "-e" "RUSTUP_HOME=/opt/rustwide/rustup-home" "-w" "/opt/rustwide/workdir" "-m" "1610612736" "--user" "0:0" "--network" "none" "ghcr.io/rust-lang/crates-build-env/linux@sha256:34b6a614d2c27851fe6cbf88fbd1137609cefab8b10d0615aaeb6fd47975d74e" "/opt/rustwide/cargo-home/bin/cargo" "+beta-2021-08-01" "test" "--frozen", kill_on_drop: false }`
[INFO] [stdout] 4a3a7db0073d108ef7fc27678f4f67bd5e9f0fc33d411b7fd322e70e0d8376c3
[INFO] [stderr] WARNING: Your kernel does not support swap limit capabilities or the cgroup is not mounted. Memory limited without swap.
[INFO] running `Command { std: "docker" "start" "-a" "4a3a7db0073d108ef7fc27678f4f67bd5e9f0fc33d411b7fd322e70e0d8376c3", kill_on_drop: false }`
[INFO] [stdout] 
[INFO] [stderr]     Finished test [unoptimized + debuginfo] target(s) in 0.01s
[INFO] [stdout] running 0 tests
[INFO] [stderr]      Running unittests (/opt/rustwide/target/debug/deps/pretty_sure-8ea0f44b78c2bc32)
[INFO] [stdout] 
[INFO] [stderr]    Doc-tests pretty-sure
[INFO] [stdout] test result: ok. 0 passed; 0 failed; 0 ignored; 0 measured; 0 filtered out; finished in 0.00s
[INFO] [stdout] 
[INFO] [stdout] 
[INFO] [stdout] running 4 tests
[INFO] [stdout] test src/lib.rs - sure (line 37) ... FAILED
[INFO] [stdout] test src/lib.rs - sure (line 19) ... FAILED
[INFO] [stdout] test src/lib.rs - sure (line 9) ... FAILED
[INFO] [stdout] test src/lib.rs - sure (line 28) ... FAILED
[INFO] [stdout] 
[INFO] [stdout] failures:
[INFO] [stdout] 
[INFO] [stdout] ---- src/lib.rs - sure (line 37) stdout ----
[INFO] [stdout] error: cannot find macro `sure` in this scope
[INFO] [stdout]  --> src/lib.rs:41:1
[INFO] [stdout]   |
[INFO] [stdout] 6 | sure!(let [a,b] = vec[..]);
[INFO] [stdout]   | ^^^^
[INFO] [stdout]   |
[INFO] [stdout]   = note: consider importing this macro:
[INFO] [stdout]           pretty_sure::sure
[INFO] [stdout] 
[INFO] [stdout] error: cannot find macro `sure` in this scope
[INFO] [stdout]  --> src/lib.rs:40:13
[INFO] [stdout]   |
[INFO] [stdout] 5 | let [a,b] = sure!(vec[..], [a,b]);
[INFO] [stdout]   |             ^^^^
[INFO] [stdout]   |
[INFO] [stdout]   = note: consider importing this macro:
[INFO] [stdout]           pretty_sure::sure
[INFO] [stdout] 
[INFO] [stdout] error: cannot find macro `sure` in this scope
[INFO] [stdout]  --> src/lib.rs:39:13
[INFO] [stdout]   |
[INFO] [stdout] 4 | let [a,b] = sure!(vec[..], [a,b] => [a,b]);
[INFO] [stdout]   |             ^^^^
[INFO] [stdout]   |
[INFO] [stdout]   = note: consider importing this macro:
[INFO] [stdout]           pretty_sure::sure
[INFO] [stdout] 
[INFO] [stdout] error: aborting due to 3 previous errors
[INFO] [stdout] 
[INFO] [stdout] Couldn't compile the test.
[INFO] [stdout] ---- src/lib.rs - sure (line 19) stdout ----
[INFO] [stdout] error: expected one of `.`, `;`, `?`, `}`, or an operator, found keyword `match`
[INFO] [stdout]  --> src/lib.rs:22:1
[INFO] [stdout]   |
[INFO] [stdout] 3 | sure!(val, Enum::Variant{field, name: Enum::Variant2(num)} => (field, num); return Err("oops"))
[INFO] [stdout]   |                                                                                                - expected one of `.`, `;`, `?`, `}`, or an operator
[INFO] [stdout] 4 | // expands to
[INFO] [stdout] 5 | match val {
[INFO] [stdout]   | ^^^^^ unexpected token
[INFO] [stdout] 
[INFO] [stdout] error: aborting due to previous error
[INFO] [stdout] 
[INFO] [stdout] Couldn't compile the test.
[INFO] [stdout] ---- src/lib.rs - sure (line 9) stdout ----
[INFO] [stdout] error: cannot find macro `sure` in this scope
[INFO] [stdout]  --> src/lib.rs:10:1
[INFO] [stdout]   |
[INFO] [stdout] 3 | sure!(val, pattern => result; otherwise);
[INFO] [stdout]   | ^^^^
[INFO] [stdout]   |
[INFO] [stdout]   = note: consider importing this macro:
[INFO] [stdout]           pretty_sure::sure
[INFO] [stdout] 
[INFO] [stdout] error[E0425]: cannot find value `val` in this scope
[INFO] [stdout]  --> src/lib.rs:12:7
[INFO] [stdout]   |
[INFO] [stdout] 5 | match val {
[INFO] [stdout]   |       ^^^ not found in this scope
[INFO] [stdout] 
[INFO] [stdout] error[E0425]: cannot find value `result` in this scope
[INFO] [stdout]  --> src/lib.rs:13:16
[INFO] [stdout]   |
[INFO] [stdout] 6 |     pattern => result,
[INFO] [stdout]   |                ^^^^^^ not found in this scope
[INFO] [stdout] 
[INFO] [stdout] error[E0425]: cannot find value `otherwise` in this scope
[INFO] [stdout]  --> src/lib.rs:14:10
[INFO] [stdout]   |
[INFO] [stdout] 7 |     _ => otherwise
[INFO] [stdout]   |          ^^^^^^^^^ not found in this scope
[INFO] [stdout] 
[INFO] [stdout] error: aborting due to 4 previous errors
[INFO] [stdout] 
[INFO] [stdout] For more information about this error, try `rustc --explain E0425`.
[INFO] [stdout] Couldn't compile the test.
[INFO] [stdout] ---- src/lib.rs - sure (line 28) stdout ----
[INFO] [stdout] error: cannot find macro `sure` in this scope
[INFO] [stdout]  --> src/lib.rs:30:1
[INFO] [stdout]   |
[INFO] [stdout] 4 | sure!(v, Enum::Var1(n) => n);
[INFO] [stdout]   | ^^^^
[INFO] [stdout]   |
[INFO] [stdout]   = note: consider importing this macro:
[INFO] [stdout]           pretty_sure::sure
[INFO] [stdout] 
[INFO] [stdout] error[E0433]: failed to resolve: use of undeclared type `Enum`
[INFO] [stdout]  --> src/lib.rs:29:9
[INFO] [stdout]   |
[INFO] [stdout] 3 | let v = Enum::Var2;
[INFO] [stdout]   |         ^^^^ use of undeclared type `Enum`
[INFO] [stdout] 
[INFO] [stdout] error: aborting due to 2 previous errors
[INFO] [stdout] 
[INFO] [stdout] For more information about this error, try `rustc --explain E0433`.
[INFO] [stdout] Couldn't compile the test.
[INFO] [stdout] 
[INFO] [stdout] failures:
[INFO] [stdout]     src/lib.rs - sure (line 19)
[INFO] [stdout]     src/lib.rs - sure (line 28)
[INFO] [stdout]     src/lib.rs - sure (line 37)
[INFO] [stdout]     src/lib.rs - sure (line 9)
[INFO] [stdout] 
[INFO] [stdout] test result: FAILED. 0 passed; 4 failed; 0 ignored; 0 measured; 0 filtered out; finished in 0.32s
[INFO] [stdout] 
[INFO] [stderr] error: test failed, to rerun pass '--doc'
[INFO] running `Command { std: "docker" "inspect" "4a3a7db0073d108ef7fc27678f4f67bd5e9f0fc33d411b7fd322e70e0d8376c3", kill_on_drop: false }`
[INFO] running `Command { std: "docker" "rm" "-f" "4a3a7db0073d108ef7fc27678f4f67bd5e9f0fc33d411b7fd322e70e0d8376c3", kill_on_drop: false }`
[INFO] [stdout] 4a3a7db0073d108ef7fc27678f4f67bd5e9f0fc33d411b7fd322e70e0d8376c3
