[INFO] fetching crate prcn_lib 0.3.1...
[INFO] testing prcn_lib-0.3.1 against 1.54.0 for beta-1.55-1
[INFO] extracting crate prcn_lib 0.3.1 into /workspace/builds/worker-4/source
[INFO] validating manifest of crates.io crate prcn_lib 0.3.1 on toolchain 1.54.0
[INFO] running `Command { std: "/workspace/cargo-home/bin/cargo" "+1.54.0" "metadata" "--manifest-path" "Cargo.toml" "--no-deps", kill_on_drop: false }`
[INFO] started tweaking crates.io crate prcn_lib 0.3.1
[INFO] finished tweaking crates.io crate prcn_lib 0.3.1
[INFO] tweaked toml for crates.io crate prcn_lib 0.3.1 written to /workspace/builds/worker-4/source/Cargo.toml
[INFO] crate crates.io crate prcn_lib 0.3.1 already has a lockfile, it will not be regenerated
[INFO] running `Command { std: "/workspace/cargo-home/bin/cargo" "+1.54.0" "fetch" "--manifest-path" "Cargo.toml", kill_on_drop: false }`
[INFO] [stderr]     Blocking waiting for file lock on package cache
[INFO] running `Command { std: "docker" "create" "-v" "/var/lib/crater-agent-workspace/builds/worker-4/target:/opt/rustwide/target:rw,Z" "-v" "/var/lib/crater-agent-workspace/builds/worker-4/source:/opt/rustwide/workdir:ro,Z" "-v" "/var/lib/crater-agent-workspace/cargo-home:/opt/rustwide/cargo-home:ro,Z" "-v" "/var/lib/crater-agent-workspace/rustup-home:/opt/rustwide/rustup-home:ro,Z" "-e" "SOURCE_DIR=/opt/rustwide/workdir" "-e" "CARGO_TARGET_DIR=/opt/rustwide/target" "-e" "CARGO_HOME=/opt/rustwide/cargo-home" "-e" "RUSTUP_HOME=/opt/rustwide/rustup-home" "-w" "/opt/rustwide/workdir" "-m" "1610612736" "--user" "0:0" "--network" "none" "ghcr.io/rust-lang/crates-build-env/linux@sha256:34b6a614d2c27851fe6cbf88fbd1137609cefab8b10d0615aaeb6fd47975d74e" "/opt/rustwide/cargo-home/bin/cargo" "+1.54.0" "metadata" "--no-deps" "--format-version=1", kill_on_drop: false }`
[INFO] [stderr] WARNING: Your kernel does not support swap limit capabilities or the cgroup is not mounted. Memory limited without swap.
[INFO] [stdout] 948f03a9e51e6805fcfc0f33e47efb6498280a4352cf422386d1436888966fcd
[INFO] running `Command { std: "docker" "start" "-a" "948f03a9e51e6805fcfc0f33e47efb6498280a4352cf422386d1436888966fcd", kill_on_drop: false }`
[INFO] running `Command { std: "docker" "inspect" "948f03a9e51e6805fcfc0f33e47efb6498280a4352cf422386d1436888966fcd", kill_on_drop: false }`
[INFO] running `Command { std: "docker" "rm" "-f" "948f03a9e51e6805fcfc0f33e47efb6498280a4352cf422386d1436888966fcd", kill_on_drop: false }`
[INFO] [stdout] 948f03a9e51e6805fcfc0f33e47efb6498280a4352cf422386d1436888966fcd
[INFO] running `Command { std: "docker" "create" "-v" "/var/lib/crater-agent-workspace/builds/worker-4/target:/opt/rustwide/target:rw,Z" "-v" "/var/lib/crater-agent-workspace/builds/worker-4/source:/opt/rustwide/workdir:ro,Z" "-v" "/var/lib/crater-agent-workspace/cargo-home:/opt/rustwide/cargo-home:ro,Z" "-v" "/var/lib/crater-agent-workspace/rustup-home:/opt/rustwide/rustup-home:ro,Z" "-e" "SOURCE_DIR=/opt/rustwide/workdir" "-e" "CARGO_TARGET_DIR=/opt/rustwide/target" "-e" "CARGO_INCREMENTAL=0" "-e" "RUST_BACKTRACE=full" "-e" "RUSTFLAGS=--cap-lints=warn" "-e" "CARGO_HOME=/opt/rustwide/cargo-home" "-e" "RUSTUP_HOME=/opt/rustwide/rustup-home" "-w" "/opt/rustwide/workdir" "-m" "1610612736" "--user" "0:0" "--network" "none" "ghcr.io/rust-lang/crates-build-env/linux@sha256:34b6a614d2c27851fe6cbf88fbd1137609cefab8b10d0615aaeb6fd47975d74e" "/opt/rustwide/cargo-home/bin/cargo" "+1.54.0" "build" "--frozen" "--message-format=json", kill_on_drop: false }`
[INFO] [stderr] WARNING: Your kernel does not support swap limit capabilities or the cgroup is not mounted. Memory limited without swap.
[INFO] [stdout] 7c4dd91a3cc92a5f6070eb5ee3483a7cd2d287be5049af85712fcec9f32dd2f6
[INFO] running `Command { std: "docker" "start" "-a" "7c4dd91a3cc92a5f6070eb5ee3483a7cd2d287be5049af85712fcec9f32dd2f6", kill_on_drop: false }`
[INFO] [stderr]    Compiling libm v0.2.1
[INFO] [stderr]    Compiling libc v0.2.67
[INFO] [stderr]    Compiling proc-macro2 v1.0.10
[INFO] [stderr]    Compiling syn v1.0.17
[INFO] [stderr]    Compiling rawpointer v0.2.1
[INFO] [stderr]    Compiling version_check v0.9.1
[INFO] [stderr]    Compiling either v1.5.3
[INFO] [stderr]    Compiling ndarray v0.13.0
[INFO] [stderr]    Compiling regex-syntax v0.6.17
[INFO] [stderr]    Compiling fixedbitset v0.2.0
[INFO] [stderr]    Compiling ascii v1.0.0
[INFO] [stderr]    Compiling maplit v1.0.2
[INFO] [stderr]    Compiling cargo-snippet v0.6.3
[INFO] [stderr]    Compiling rustc-hash v1.1.0
[INFO] [stderr]    Compiling smallvec v1.2.0
[INFO] [stderr]    Compiling permutohedron v0.2.4
[INFO] [stderr]    Compiling text_io v0.1.8
[INFO] [stderr]    Compiling superslice v1.0.0
[INFO] [stderr]    Compiling whiteread v0.5.0
[INFO] [stderr]    Compiling bitset-fixed v0.1.0
[INFO] [stderr]    Compiling num-traits v0.2.11
[INFO] [stderr]    Compiling num-integer v0.1.42
[INFO] [stderr]    Compiling num-complex v0.2.4
[INFO] [stderr]    Compiling num-bigint v0.2.6
[INFO] [stderr]    Compiling num-rational v0.2.4
[INFO] [stderr]    Compiling indexmap v1.3.2
[INFO] [stderr]    Compiling num-iter v0.1.40
[INFO] [stderr]    Compiling matrixmultiply v0.2.3
[INFO] [stderr]    Compiling itertools v0.8.2
[INFO] [stderr]    Compiling itertools v0.9.0
[INFO] [stderr]    Compiling bitmaps v2.1.0
[INFO] [stderr]    Compiling generic-array v0.13.2
[INFO] [stderr]    Compiling aho-corasick v0.7.10
[INFO] [stderr]    Compiling im-rc v14.3.0
[INFO] [stderr]    Compiling proconio-derive v0.1.6
[INFO] [stderr]    Compiling quote v1.0.3
[INFO] [stderr]    Compiling getrandom v0.1.14
[INFO] [stderr]    Compiling approx v0.3.2
[INFO] [stderr]    Compiling ordered-float v1.0.2
[INFO] [stderr]    Compiling itertools-num v0.1.3
[INFO] [stderr]    Compiling rand_core v0.5.1
[INFO] [stderr]    Compiling petgraph v0.5.0
[INFO] [stderr]    Compiling rand_pcg v0.2.1
[INFO] [stderr]    Compiling rand_chacha v0.2.2
[INFO] [stderr]    Compiling rand_xoshiro v0.4.0
[INFO] [stderr]    Compiling rand_hc v0.2.0
[INFO] [stderr]    Compiling sized-chunks v0.5.3
[INFO] [stderr]    Compiling rand v0.7.3
[INFO] [stderr]    Compiling regex v1.3.6
[INFO] [stderr]    Compiling alga v0.9.3
[INFO] [stderr]    Compiling proconio v0.3.6
[INFO] [stderr]    Compiling num v0.2.1
[INFO] [stderr]    Compiling rand_distr v0.2.2
[INFO] [stderr]    Compiling nalgebra v0.20.0
[INFO] [stderr]    Compiling num-derive v0.3.0
[INFO] [stderr]    Compiling prcn_lib v0.3.1 (/opt/rustwide/workdir)
[INFO] [stderr]     Finished dev [unoptimized + debuginfo] target(s) in 1m 14s
[INFO] running `Command { std: "docker" "inspect" "7c4dd91a3cc92a5f6070eb5ee3483a7cd2d287be5049af85712fcec9f32dd2f6", kill_on_drop: false }`
[INFO] running `Command { std: "docker" "rm" "-f" "7c4dd91a3cc92a5f6070eb5ee3483a7cd2d287be5049af85712fcec9f32dd2f6", kill_on_drop: false }`
[INFO] [stdout] 7c4dd91a3cc92a5f6070eb5ee3483a7cd2d287be5049af85712fcec9f32dd2f6
[INFO] running `Command { std: "docker" "create" "-v" "/var/lib/crater-agent-workspace/builds/worker-4/target:/opt/rustwide/target:rw,Z" "-v" "/var/lib/crater-agent-workspace/builds/worker-4/source:/opt/rustwide/workdir:ro,Z" "-v" "/var/lib/crater-agent-workspace/cargo-home:/opt/rustwide/cargo-home:ro,Z" "-v" "/var/lib/crater-agent-workspace/rustup-home:/opt/rustwide/rustup-home:ro,Z" "-e" "SOURCE_DIR=/opt/rustwide/workdir" "-e" "CARGO_TARGET_DIR=/opt/rustwide/target" "-e" "CARGO_INCREMENTAL=0" "-e" "RUST_BACKTRACE=full" "-e" "RUSTFLAGS=--cap-lints=warn" "-e" "CARGO_HOME=/opt/rustwide/cargo-home" "-e" "RUSTUP_HOME=/opt/rustwide/rustup-home" "-w" "/opt/rustwide/workdir" "-m" "1610612736" "--user" "0:0" "--network" "none" "ghcr.io/rust-lang/crates-build-env/linux@sha256:34b6a614d2c27851fe6cbf88fbd1137609cefab8b10d0615aaeb6fd47975d74e" "/opt/rustwide/cargo-home/bin/cargo" "+1.54.0" "test" "--frozen" "--no-run" "--message-format=json", kill_on_drop: false }`
[INFO] [stdout] 1b3a19ae6f94a4d7a6e5fa568988740a9b2d501085af9fd50f18f51f8fb85cad
[INFO] [stderr] WARNING: Your kernel does not support swap limit capabilities or the cgroup is not mounted. Memory limited without swap.
[INFO] running `Command { std: "docker" "start" "-a" "1b3a19ae6f94a4d7a6e5fa568988740a9b2d501085af9fd50f18f51f8fb85cad", kill_on_drop: false }`
[INFO] [stderr]    Compiling prcn_lib v0.3.1 (/opt/rustwide/workdir)
[INFO] [stderr]     Finished test [unoptimized + debuginfo] target(s) in 3.33s
[INFO] running `Command { std: "docker" "inspect" "1b3a19ae6f94a4d7a6e5fa568988740a9b2d501085af9fd50f18f51f8fb85cad", kill_on_drop: false }`
[INFO] running `Command { std: "docker" "rm" "-f" "1b3a19ae6f94a4d7a6e5fa568988740a9b2d501085af9fd50f18f51f8fb85cad", kill_on_drop: false }`
[INFO] [stdout] 1b3a19ae6f94a4d7a6e5fa568988740a9b2d501085af9fd50f18f51f8fb85cad
[INFO] running `Command { std: "docker" "create" "-v" "/var/lib/crater-agent-workspace/builds/worker-4/target:/opt/rustwide/target:rw,Z" "-v" "/var/lib/crater-agent-workspace/builds/worker-4/source:/opt/rustwide/workdir:ro,Z" "-v" "/var/lib/crater-agent-workspace/cargo-home:/opt/rustwide/cargo-home:ro,Z" "-v" "/var/lib/crater-agent-workspace/rustup-home:/opt/rustwide/rustup-home:ro,Z" "-e" "SOURCE_DIR=/opt/rustwide/workdir" "-e" "CARGO_TARGET_DIR=/opt/rustwide/target" "-e" "CARGO_INCREMENTAL=0" "-e" "RUST_BACKTRACE=full" "-e" "RUSTFLAGS=--cap-lints=warn" "-e" "CARGO_HOME=/opt/rustwide/cargo-home" "-e" "RUSTUP_HOME=/opt/rustwide/rustup-home" "-w" "/opt/rustwide/workdir" "-m" "1610612736" "--user" "0:0" "--network" "none" "ghcr.io/rust-lang/crates-build-env/linux@sha256:34b6a614d2c27851fe6cbf88fbd1137609cefab8b10d0615aaeb6fd47975d74e" "/opt/rustwide/cargo-home/bin/cargo" "+1.54.0" "test" "--frozen", kill_on_drop: false }`
[INFO] [stdout] 699d8e646d31050199ab28e63ebd86fbbc2739fef259ece3b5f8ccc94d9061e7
[INFO] [stderr] WARNING: Your kernel does not support swap limit capabilities or the cgroup is not mounted. Memory limited without swap.
[INFO] running `Command { std: "docker" "start" "-a" "699d8e646d31050199ab28e63ebd86fbbc2739fef259ece3b5f8ccc94d9061e7", kill_on_drop: false }`
[INFO] [stderr]     Finished test [unoptimized + debuginfo] target(s) in 0.12s
[INFO] [stderr]      Running unittests (/opt/rustwide/target/debug/deps/prcn_lib-0d37b11bf0d29ee4)
[INFO] [stdout] 
[INFO] [stdout] running 19 tests
[INFO] [stdout] test accumulate::acum_test ... ok
[INFO] [stdout] test accumulate::sum_test ... ok
[INFO] [stdout] test binary_search::lower_bound_test ... ok
[INFO] [stdout] test binary_search::upper_bound_test ... ok
[INFO] [stdout] test bitset::bs_iter ... ok
[INFO] [stdout] test math::sum_test ... ok
[INFO] [stdout] test math::vec_test ... ok
[INFO] [stdout] test prime::fact_test ... ok
[INFO] [stdout] test binary_search::binary_search_test ... ok
[INFO] [stdout] test math::test_scale ... ok
[INFO] [stdout] test math::test_n_base_scale ... ok
[INFO] [stdout] test modint::fac_test ... ok
[INFO] [stdout] test shuffle::test_shuffle ... ok
[INFO] [stdout] test unique_count::count_test ... ok
[INFO] [stdout] test prime::sieve_test ... ok
[INFO] [stdout] test modint::add ... ok
[INFO] [stdout] test modint::mul ... ok
[INFO] [stdout] test modint::div ... ok
[INFO] [stderr]    Doc-tests prcn_lib
[INFO] [stdout] test modint::sub ... ok
[INFO] [stdout] 
[INFO] [stdout] test result: ok. 19 passed; 0 failed; 0 ignored; 0 measured; 0 filtered out; finished in 0.14s
[INFO] [stdout] 
[INFO] [stdout] 
[INFO] [stdout] running 1 test
[INFO] [stdout] test src/prime.rs - prime::Prime::factorization (line 49) ... FAILED
[INFO] [stdout] 
[INFO] [stdout] failures:
[INFO] [stdout] 
[INFO] [stdout] ---- src/prime.rs - prime::Prime::factorization (line 49) stdout ----
[INFO] [stdout] error[E0433]: failed to resolve: use of undeclared type `Prime`
[INFO] [stdout]  --> src/prime.rs:50:13
[INFO] [stdout]   |
[INFO] [stdout] 3 | let table = Prime::init(10);
[INFO] [stdout]   |             ^^^^^ not found in this scope
[INFO] [stdout]   |
[INFO] [stdout] help: consider importing this struct
[INFO] [stdout]   |
[INFO] [stdout] 2 | use prcn_lib::prime::Prime;
[INFO] [stdout]   |
[INFO] [stdout] 
[INFO] [stdout] error: aborting due to previous error
[INFO] [stdout] 
[INFO] [stdout] For more information about this error, try `rustc --explain E0433`.
[INFO] [stdout] Couldn't compile the test.
[INFO] [stdout] 
[INFO] [stdout] failures:
[INFO] [stdout]     src/prime.rs - prime::Prime::factorization (line 49)
[INFO] [stdout] 
[INFO] [stdout] test result: FAILED. 0 passed; 1 failed; 0 ignored; 0 measured; 0 filtered out; finished in 0.26s
[INFO] [stdout] 
[INFO] [stderr] error: test failed, to rerun pass '--doc'
[INFO] running `Command { std: "docker" "inspect" "699d8e646d31050199ab28e63ebd86fbbc2739fef259ece3b5f8ccc94d9061e7", kill_on_drop: false }`
[INFO] running `Command { std: "docker" "rm" "-f" "699d8e646d31050199ab28e63ebd86fbbc2739fef259ece3b5f8ccc94d9061e7", kill_on_drop: false }`
[INFO] [stdout] 699d8e646d31050199ab28e63ebd86fbbc2739fef259ece3b5f8ccc94d9061e7
