[INFO] fetching crate power-of-two-impl 0.1.0...
[INFO] testing power-of-two-impl-0.1.0 against 1.54.0 for beta-1.55-1
[INFO] extracting crate power-of-two-impl 0.1.0 into /workspace/builds/worker-1/source
[INFO] validating manifest of crates.io crate power-of-two-impl 0.1.0 on toolchain 1.54.0
[INFO] running `Command { std: "/workspace/cargo-home/bin/cargo" "+1.54.0" "metadata" "--manifest-path" "Cargo.toml" "--no-deps", kill_on_drop: false }`
[INFO] started tweaking crates.io crate power-of-two-impl 0.1.0
[INFO] finished tweaking crates.io crate power-of-two-impl 0.1.0
[INFO] tweaked toml for crates.io crate power-of-two-impl 0.1.0 written to /workspace/builds/worker-1/source/Cargo.toml
[INFO] running `Command { std: "/workspace/cargo-home/bin/cargo" "+1.54.0" "generate-lockfile" "--manifest-path" "Cargo.toml" "-Zno-index-update", kill_on_drop: false }`
[INFO] running `Command { std: "/workspace/cargo-home/bin/cargo" "+1.54.0" "fetch" "--manifest-path" "Cargo.toml", kill_on_drop: false }`
[INFO] [stderr]     Blocking waiting for file lock on package cache
[INFO] running `Command { std: "docker" "create" "-v" "/var/lib/crater-agent-workspace/builds/worker-1/target:/opt/rustwide/target:rw,Z" "-v" "/var/lib/crater-agent-workspace/builds/worker-1/source:/opt/rustwide/workdir:ro,Z" "-v" "/var/lib/crater-agent-workspace/cargo-home:/opt/rustwide/cargo-home:ro,Z" "-v" "/var/lib/crater-agent-workspace/rustup-home:/opt/rustwide/rustup-home:ro,Z" "-e" "SOURCE_DIR=/opt/rustwide/workdir" "-e" "CARGO_TARGET_DIR=/opt/rustwide/target" "-e" "CARGO_HOME=/opt/rustwide/cargo-home" "-e" "RUSTUP_HOME=/opt/rustwide/rustup-home" "-w" "/opt/rustwide/workdir" "-m" "1610612736" "--user" "0:0" "--network" "none" "ghcr.io/rust-lang/crates-build-env/linux@sha256:34b6a614d2c27851fe6cbf88fbd1137609cefab8b10d0615aaeb6fd47975d74e" "/opt/rustwide/cargo-home/bin/cargo" "+1.54.0" "metadata" "--no-deps" "--format-version=1", kill_on_drop: false }`
[INFO] [stdout] b7973f0a67b8df4c31b0a80fa23e052fa499d2212d5e9d566296fdf32713935c
[INFO] [stderr] WARNING: Your kernel does not support swap limit capabilities or the cgroup is not mounted. Memory limited without swap.
[INFO] running `Command { std: "docker" "start" "-a" "b7973f0a67b8df4c31b0a80fa23e052fa499d2212d5e9d566296fdf32713935c", kill_on_drop: false }`
[INFO] running `Command { std: "docker" "inspect" "b7973f0a67b8df4c31b0a80fa23e052fa499d2212d5e9d566296fdf32713935c", kill_on_drop: false }`
[INFO] running `Command { std: "docker" "rm" "-f" "b7973f0a67b8df4c31b0a80fa23e052fa499d2212d5e9d566296fdf32713935c", kill_on_drop: false }`
[INFO] [stdout] b7973f0a67b8df4c31b0a80fa23e052fa499d2212d5e9d566296fdf32713935c
[INFO] running `Command { std: "docker" "create" "-v" "/var/lib/crater-agent-workspace/builds/worker-1/target:/opt/rustwide/target:rw,Z" "-v" "/var/lib/crater-agent-workspace/builds/worker-1/source:/opt/rustwide/workdir:ro,Z" "-v" "/var/lib/crater-agent-workspace/cargo-home:/opt/rustwide/cargo-home:ro,Z" "-v" "/var/lib/crater-agent-workspace/rustup-home:/opt/rustwide/rustup-home:ro,Z" "-e" "SOURCE_DIR=/opt/rustwide/workdir" "-e" "CARGO_TARGET_DIR=/opt/rustwide/target" "-e" "CARGO_INCREMENTAL=0" "-e" "RUST_BACKTRACE=full" "-e" "RUSTFLAGS=--cap-lints=warn" "-e" "CARGO_HOME=/opt/rustwide/cargo-home" "-e" "RUSTUP_HOME=/opt/rustwide/rustup-home" "-w" "/opt/rustwide/workdir" "-m" "1610612736" "--user" "0:0" "--network" "none" "ghcr.io/rust-lang/crates-build-env/linux@sha256:34b6a614d2c27851fe6cbf88fbd1137609cefab8b10d0615aaeb6fd47975d74e" "/opt/rustwide/cargo-home/bin/cargo" "+1.54.0" "build" "--frozen" "--message-format=json", kill_on_drop: false }`
[INFO] [stderr] WARNING: Your kernel does not support swap limit capabilities or the cgroup is not mounted. Memory limited without swap.
[INFO] [stdout] 9ba6d59c9ac921fedc7241eb7a5858053927dae4f37c5b8db561034b9a28783a
[INFO] running `Command { std: "docker" "start" "-a" "9ba6d59c9ac921fedc7241eb7a5858053927dae4f37c5b8db561034b9a28783a", kill_on_drop: false }`
[INFO] [stderr]     Blocking waiting for file lock on package cache
[INFO] [stderr]    Compiling power-of-two-impl v0.1.0 (/opt/rustwide/workdir)
[INFO] [stderr]     Finished dev [unoptimized + debuginfo] target(s) in 3.04s
[INFO] running `Command { std: "docker" "inspect" "9ba6d59c9ac921fedc7241eb7a5858053927dae4f37c5b8db561034b9a28783a", kill_on_drop: false }`
[INFO] running `Command { std: "docker" "rm" "-f" "9ba6d59c9ac921fedc7241eb7a5858053927dae4f37c5b8db561034b9a28783a", kill_on_drop: false }`
[INFO] [stdout] 9ba6d59c9ac921fedc7241eb7a5858053927dae4f37c5b8db561034b9a28783a
[INFO] running `Command { std: "docker" "create" "-v" "/var/lib/crater-agent-workspace/builds/worker-1/target:/opt/rustwide/target:rw,Z" "-v" "/var/lib/crater-agent-workspace/builds/worker-1/source:/opt/rustwide/workdir:ro,Z" "-v" "/var/lib/crater-agent-workspace/cargo-home:/opt/rustwide/cargo-home:ro,Z" "-v" "/var/lib/crater-agent-workspace/rustup-home:/opt/rustwide/rustup-home:ro,Z" "-e" "SOURCE_DIR=/opt/rustwide/workdir" "-e" "CARGO_TARGET_DIR=/opt/rustwide/target" "-e" "CARGO_INCREMENTAL=0" "-e" "RUST_BACKTRACE=full" "-e" "RUSTFLAGS=--cap-lints=warn" "-e" "CARGO_HOME=/opt/rustwide/cargo-home" "-e" "RUSTUP_HOME=/opt/rustwide/rustup-home" "-w" "/opt/rustwide/workdir" "-m" "1610612736" "--user" "0:0" "--network" "none" "ghcr.io/rust-lang/crates-build-env/linux@sha256:34b6a614d2c27851fe6cbf88fbd1137609cefab8b10d0615aaeb6fd47975d74e" "/opt/rustwide/cargo-home/bin/cargo" "+1.54.0" "test" "--frozen" "--no-run" "--message-format=json", kill_on_drop: false }`
[INFO] [stdout] b126564aadacc93e8f9a45a1ade35faa73305dcece808e6d34ad31b9aeac3fd0
[INFO] [stderr] WARNING: Your kernel does not support swap limit capabilities or the cgroup is not mounted. Memory limited without swap.
[INFO] running `Command { std: "docker" "start" "-a" "b126564aadacc93e8f9a45a1ade35faa73305dcece808e6d34ad31b9aeac3fd0", kill_on_drop: false }`
[INFO] [stderr]    Compiling power-of-two-impl v0.1.0 (/opt/rustwide/workdir)
[INFO] [stderr]     Finished test [unoptimized + debuginfo] target(s) in 0.81s
[INFO] running `Command { std: "docker" "inspect" "b126564aadacc93e8f9a45a1ade35faa73305dcece808e6d34ad31b9aeac3fd0", kill_on_drop: false }`
[INFO] running `Command { std: "docker" "rm" "-f" "b126564aadacc93e8f9a45a1ade35faa73305dcece808e6d34ad31b9aeac3fd0", kill_on_drop: false }`
[INFO] [stdout] b126564aadacc93e8f9a45a1ade35faa73305dcece808e6d34ad31b9aeac3fd0
[INFO] running `Command { std: "docker" "create" "-v" "/var/lib/crater-agent-workspace/builds/worker-1/target:/opt/rustwide/target:rw,Z" "-v" "/var/lib/crater-agent-workspace/builds/worker-1/source:/opt/rustwide/workdir:ro,Z" "-v" "/var/lib/crater-agent-workspace/cargo-home:/opt/rustwide/cargo-home:ro,Z" "-v" "/var/lib/crater-agent-workspace/rustup-home:/opt/rustwide/rustup-home:ro,Z" "-e" "SOURCE_DIR=/opt/rustwide/workdir" "-e" "CARGO_TARGET_DIR=/opt/rustwide/target" "-e" "CARGO_INCREMENTAL=0" "-e" "RUST_BACKTRACE=full" "-e" "RUSTFLAGS=--cap-lints=warn" "-e" "CARGO_HOME=/opt/rustwide/cargo-home" "-e" "RUSTUP_HOME=/opt/rustwide/rustup-home" "-w" "/opt/rustwide/workdir" "-m" "1610612736" "--user" "0:0" "--network" "none" "ghcr.io/rust-lang/crates-build-env/linux@sha256:34b6a614d2c27851fe6cbf88fbd1137609cefab8b10d0615aaeb6fd47975d74e" "/opt/rustwide/cargo-home/bin/cargo" "+1.54.0" "test" "--frozen", kill_on_drop: false }`
[INFO] [stderr] WARNING: Your kernel does not support swap limit capabilities or the cgroup is not mounted. Memory limited without swap.
[INFO] [stdout] f864e147d8239b43f83e15fdb1ac9a3a3fc178fd92219104eb428de8d22c7e8e
[INFO] running `Command { std: "docker" "start" "-a" "f864e147d8239b43f83e15fdb1ac9a3a3fc178fd92219104eb428de8d22c7e8e", kill_on_drop: false }`
[INFO] [stderr]     Finished test [unoptimized + debuginfo] target(s) in 0.02s
[INFO] [stderr]      Running unittests (/opt/rustwide/target/debug/deps/power_of_two_impl-7b484f03fd3918fc)
[INFO] [stdout] 
[INFO] [stdout] running 0 tests
[INFO] [stdout] 
[INFO] [stdout] test result: ok. 0 passed; 0 failed; 0 ignored; 0 measured; 0 filtered out; finished in 0.00s
[INFO] [stdout] 
[INFO] [stderr]    Doc-tests power-of-two-impl
[INFO] [stdout] 
[INFO] [stdout] running 2 tests
[INFO] [stdout] test src/lib.rs - _proc_macro_hack_power_of_two (line 35) - compile ... FAILED
[INFO] [stdout] test src/lib.rs - proc_macro_hack_power_of_two (line 35) - compile ... FAILED
[INFO] [stdout] 
[INFO] [stdout] failures:
[INFO] [stdout] 
[INFO] [stdout] ---- src/lib.rs - _proc_macro_hack_power_of_two (line 35) stdout ----
[INFO] [stdout] error: cannot find macro `power_of_two` in this scope
[INFO] [stdout]  --> src/lib.rs:36:21
[INFO] [stdout]   |
[INFO] [stdout] 3 | const POW2: usize = power_of_two!(2);
[INFO] [stdout]   |                     ^^^^^^^^^^^^
[INFO] [stdout] 
[INFO] [stdout] error: cannot find macro `power_of_two` in this scope
[INFO] [stdout]  --> src/lib.rs:37:21
[INFO] [stdout]   |
[INFO] [stdout] 4 | const POW3: isize = power_of_two!(2, isize);
[INFO] [stdout]   |                     ^^^^^^^^^^^^
[INFO] [stdout] 
[INFO] [stdout] error: aborting due to 2 previous errors
[INFO] [stdout] 
[INFO] [stdout] Couldn't compile the test.
[INFO] [stdout] ---- src/lib.rs - proc_macro_hack_power_of_two (line 35) stdout ----
[INFO] [stdout] error: cannot find macro `power_of_two` in this scope
[INFO] [stdout]  --> src/lib.rs:36:21
[INFO] [stdout]   |
[INFO] [stdout] 3 | const POW2: usize = power_of_two!(2);
[INFO] [stdout]   |                     ^^^^^^^^^^^^
[INFO] [stdout] 
[INFO] [stdout] error: cannot find macro `power_of_two` in this scope
[INFO] [stdout]  --> src/lib.rs:37:21
[INFO] [stdout]   |
[INFO] [stdout] 4 | const POW3: isize = power_of_two!(2, isize);
[INFO] [stdout]   |                     ^^^^^^^^^^^^
[INFO] [stdout] 
[INFO] [stdout] error: aborting due to 2 previous errors
[INFO] [stdout] 
[INFO] [stdout] Couldn't compile the test.
[INFO] [stdout] 
[INFO] [stdout] failures:
[INFO] [stdout]     src/lib.rs - _proc_macro_hack_power_of_two (line 35)
[INFO] [stdout]     src/lib.rs - proc_macro_hack_power_of_two (line 35)
[INFO] [stdout] 
[INFO] [stdout] test result: FAILED. 0 passed; 2 failed; 0 ignored; 0 measured; 0 filtered out; finished in 0.23s
[INFO] [stdout] 
[INFO] [stderr] error: test failed, to rerun pass '--doc'
[INFO] running `Command { std: "docker" "inspect" "f864e147d8239b43f83e15fdb1ac9a3a3fc178fd92219104eb428de8d22c7e8e", kill_on_drop: false }`
[INFO] running `Command { std: "docker" "rm" "-f" "f864e147d8239b43f83e15fdb1ac9a3a3fc178fd92219104eb428de8d22c7e8e", kill_on_drop: false }`
[INFO] [stdout] f864e147d8239b43f83e15fdb1ac9a3a3fc178fd92219104eb428de8d22c7e8e
