[INFO] fetching crate postman-pop3 0.2.0...
[INFO] testing postman-pop3-0.2.0 against beta-2021-08-01 for beta-1.55-1
[INFO] extracting crate postman-pop3 0.2.0 into /workspace/builds/worker-10/source
[INFO] validating manifest of crates.io crate postman-pop3 0.2.0 on toolchain beta-2021-08-01
[INFO] running `Command { std: "/workspace/cargo-home/bin/cargo" "+beta-2021-08-01" "metadata" "--manifest-path" "Cargo.toml" "--no-deps", kill_on_drop: false }`
[INFO] started tweaking crates.io crate postman-pop3 0.2.0
[INFO] finished tweaking crates.io crate postman-pop3 0.2.0
[INFO] tweaked toml for crates.io crate postman-pop3 0.2.0 written to /workspace/builds/worker-10/source/Cargo.toml
[INFO] running `Command { std: "/workspace/cargo-home/bin/cargo" "+beta-2021-08-01" "generate-lockfile" "--manifest-path" "Cargo.toml" "-Zno-index-update", kill_on_drop: false }`
[INFO] running `Command { std: "/workspace/cargo-home/bin/cargo" "+beta-2021-08-01" "fetch" "--manifest-path" "Cargo.toml", kill_on_drop: false }`
[INFO] running `Command { std: "docker" "create" "-v" "/var/lib/crater-agent-workspace/builds/worker-10/target:/opt/rustwide/target:rw,Z" "-v" "/var/lib/crater-agent-workspace/builds/worker-10/source:/opt/rustwide/workdir:ro,Z" "-v" "/var/lib/crater-agent-workspace/cargo-home:/opt/rustwide/cargo-home:ro,Z" "-v" "/var/lib/crater-agent-workspace/rustup-home:/opt/rustwide/rustup-home:ro,Z" "-e" "SOURCE_DIR=/opt/rustwide/workdir" "-e" "CARGO_TARGET_DIR=/opt/rustwide/target" "-e" "CARGO_HOME=/opt/rustwide/cargo-home" "-e" "RUSTUP_HOME=/opt/rustwide/rustup-home" "-w" "/opt/rustwide/workdir" "-m" "1610612736" "--user" "0:0" "--network" "none" "ghcr.io/rust-lang/crates-build-env/linux@sha256:34b6a614d2c27851fe6cbf88fbd1137609cefab8b10d0615aaeb6fd47975d74e" "/opt/rustwide/cargo-home/bin/cargo" "+beta-2021-08-01" "metadata" "--no-deps" "--format-version=1", kill_on_drop: false }`
[INFO] [stderr] WARNING: Your kernel does not support swap limit capabilities or the cgroup is not mounted. Memory limited without swap.
[INFO] [stdout] e287e1c9b224e09435ba1f93e2ebe52f9e8a6808591cb258c71e258089deff64
[INFO] running `Command { std: "docker" "start" "-a" "e287e1c9b224e09435ba1f93e2ebe52f9e8a6808591cb258c71e258089deff64", kill_on_drop: false }`
[INFO] running `Command { std: "docker" "inspect" "e287e1c9b224e09435ba1f93e2ebe52f9e8a6808591cb258c71e258089deff64", kill_on_drop: false }`
[INFO] running `Command { std: "docker" "rm" "-f" "e287e1c9b224e09435ba1f93e2ebe52f9e8a6808591cb258c71e258089deff64", kill_on_drop: false }`
[INFO] [stdout] e287e1c9b224e09435ba1f93e2ebe52f9e8a6808591cb258c71e258089deff64
[INFO] running `Command { std: "docker" "create" "-v" "/var/lib/crater-agent-workspace/builds/worker-10/target:/opt/rustwide/target:rw,Z" "-v" "/var/lib/crater-agent-workspace/builds/worker-10/source:/opt/rustwide/workdir:ro,Z" "-v" "/var/lib/crater-agent-workspace/cargo-home:/opt/rustwide/cargo-home:ro,Z" "-v" "/var/lib/crater-agent-workspace/rustup-home:/opt/rustwide/rustup-home:ro,Z" "-e" "SOURCE_DIR=/opt/rustwide/workdir" "-e" "CARGO_TARGET_DIR=/opt/rustwide/target" "-e" "CARGO_INCREMENTAL=0" "-e" "RUST_BACKTRACE=full" "-e" "RUSTFLAGS=--cap-lints=warn" "-e" "CARGO_HOME=/opt/rustwide/cargo-home" "-e" "RUSTUP_HOME=/opt/rustwide/rustup-home" "-w" "/opt/rustwide/workdir" "-m" "1610612736" "--user" "0:0" "--network" "none" "ghcr.io/rust-lang/crates-build-env/linux@sha256:34b6a614d2c27851fe6cbf88fbd1137609cefab8b10d0615aaeb6fd47975d74e" "/opt/rustwide/cargo-home/bin/cargo" "+beta-2021-08-01" "build" "--frozen" "--message-format=json", kill_on_drop: false }`
[INFO] [stderr] WARNING: Your kernel does not support swap limit capabilities or the cgroup is not mounted. Memory limited without swap.
[INFO] [stdout] bb9e77881e61b66dbd2b22e72364a290d564dd768c5973cafefd249c8fe1a996
[INFO] running `Command { std: "docker" "start" "-a" "bb9e77881e61b66dbd2b22e72364a290d564dd768c5973cafefd249c8fe1a996", kill_on_drop: false }`
[INFO] [stderr]    Compiling crossbeam-epoch v0.9.5
[INFO] [stderr]    Compiling humantime v2.1.0
[INFO] [stderr]    Compiling fxhash v0.2.1
[INFO] [stderr]    Compiling fs2 v0.4.3
[INFO] [stderr]    Compiling regex v1.5.4
[INFO] [stderr]    Compiling sled v0.34.6
[INFO] [stderr]    Compiling env_logger v0.8.4
[INFO] [stderr]    Compiling postman-pop3 v0.2.0 (/opt/rustwide/workdir)
[INFO] [stderr]     Finished dev [unoptimized + debuginfo] target(s) in 28.59s
[INFO] running `Command { std: "docker" "inspect" "bb9e77881e61b66dbd2b22e72364a290d564dd768c5973cafefd249c8fe1a996", kill_on_drop: false }`
[INFO] running `Command { std: "docker" "rm" "-f" "bb9e77881e61b66dbd2b22e72364a290d564dd768c5973cafefd249c8fe1a996", kill_on_drop: false }`
[INFO] [stdout] bb9e77881e61b66dbd2b22e72364a290d564dd768c5973cafefd249c8fe1a996
[INFO] running `Command { std: "docker" "create" "-v" "/var/lib/crater-agent-workspace/builds/worker-10/target:/opt/rustwide/target:rw,Z" "-v" "/var/lib/crater-agent-workspace/builds/worker-10/source:/opt/rustwide/workdir:ro,Z" "-v" "/var/lib/crater-agent-workspace/cargo-home:/opt/rustwide/cargo-home:ro,Z" "-v" "/var/lib/crater-agent-workspace/rustup-home:/opt/rustwide/rustup-home:ro,Z" "-e" "SOURCE_DIR=/opt/rustwide/workdir" "-e" "CARGO_TARGET_DIR=/opt/rustwide/target" "-e" "CARGO_INCREMENTAL=0" "-e" "RUST_BACKTRACE=full" "-e" "RUSTFLAGS=--cap-lints=warn" "-e" "CARGO_HOME=/opt/rustwide/cargo-home" "-e" "RUSTUP_HOME=/opt/rustwide/rustup-home" "-w" "/opt/rustwide/workdir" "-m" "1610612736" "--user" "0:0" "--network" "none" "ghcr.io/rust-lang/crates-build-env/linux@sha256:34b6a614d2c27851fe6cbf88fbd1137609cefab8b10d0615aaeb6fd47975d74e" "/opt/rustwide/cargo-home/bin/cargo" "+beta-2021-08-01" "test" "--frozen" "--no-run" "--message-format=json", kill_on_drop: false }`
[INFO] [stdout] 17d0b6718c37217a7349df861e247fa3dd26a291d104f7a26845aebaf8cf3010
[INFO] [stderr] WARNING: Your kernel does not support swap limit capabilities or the cgroup is not mounted. Memory limited without swap.
[INFO] running `Command { std: "docker" "start" "-a" "17d0b6718c37217a7349df861e247fa3dd26a291d104f7a26845aebaf8cf3010", kill_on_drop: false }`
[INFO] [stderr]    Compiling postman-pop3 v0.2.0 (/opt/rustwide/workdir)
[INFO] [stderr]     Finished test [unoptimized + debuginfo] target(s) in 2.25s
[INFO] running `Command { std: "docker" "inspect" "17d0b6718c37217a7349df861e247fa3dd26a291d104f7a26845aebaf8cf3010", kill_on_drop: false }`
[INFO] running `Command { std: "docker" "rm" "-f" "17d0b6718c37217a7349df861e247fa3dd26a291d104f7a26845aebaf8cf3010", kill_on_drop: false }`
[INFO] [stdout] 17d0b6718c37217a7349df861e247fa3dd26a291d104f7a26845aebaf8cf3010
[INFO] running `Command { std: "docker" "create" "-v" "/var/lib/crater-agent-workspace/builds/worker-10/target:/opt/rustwide/target:rw,Z" "-v" "/var/lib/crater-agent-workspace/builds/worker-10/source:/opt/rustwide/workdir:ro,Z" "-v" "/var/lib/crater-agent-workspace/cargo-home:/opt/rustwide/cargo-home:ro,Z" "-v" "/var/lib/crater-agent-workspace/rustup-home:/opt/rustwide/rustup-home:ro,Z" "-e" "SOURCE_DIR=/opt/rustwide/workdir" "-e" "CARGO_TARGET_DIR=/opt/rustwide/target" "-e" "CARGO_INCREMENTAL=0" "-e" "RUST_BACKTRACE=full" "-e" "RUSTFLAGS=--cap-lints=warn" "-e" "CARGO_HOME=/opt/rustwide/cargo-home" "-e" "RUSTUP_HOME=/opt/rustwide/rustup-home" "-w" "/opt/rustwide/workdir" "-m" "1610612736" "--user" "0:0" "--network" "none" "ghcr.io/rust-lang/crates-build-env/linux@sha256:34b6a614d2c27851fe6cbf88fbd1137609cefab8b10d0615aaeb6fd47975d74e" "/opt/rustwide/cargo-home/bin/cargo" "+beta-2021-08-01" "test" "--frozen", kill_on_drop: false }`
[INFO] [stdout] 8d3c21762da99ce5951f53a4511a4d596467a4832fef2f823a0c0a352d5e6b35
[INFO] [stderr] WARNING: Your kernel does not support swap limit capabilities or the cgroup is not mounted. Memory limited without swap.
[INFO] running `Command { std: "docker" "start" "-a" "8d3c21762da99ce5951f53a4511a4d596467a4832fef2f823a0c0a352d5e6b35", kill_on_drop: false }`
[INFO] [stderr]     Finished test [unoptimized + debuginfo] target(s) in 0.08s
[INFO] [stderr]      Running unittests (/opt/rustwide/target/debug/deps/postman_pop3-5108e5a17233f268)
[INFO] [stdout] 
[INFO] [stderr]    Doc-tests postman-pop3
[INFO] [stdout] running 0 tests
[INFO] [stdout] 
[INFO] [stdout] test result: ok. 0 passed; 0 failed; 0 ignored; 0 measured; 0 filtered out; finished in 0.00s
[INFO] [stdout] 
[INFO] [stdout] 
[INFO] [stdout] running 3 tests
[INFO] [stdout] test src/proto.rs - proto::Command::APOP (line 97) ... FAILED
[INFO] [stdout] test src/proto.rs - proto::Command::STAT (line 531) ... FAILED
[INFO] [stdout] test src/proto.rs - proto::Command::APOP (line 102) ... FAILED
[INFO] [stdout] 
[INFO] [stdout] failures:
[INFO] [stdout] 
[INFO] [stdout] ---- src/proto.rs - proto::Command::APOP (line 97) stdout ----
[INFO] [stdout] error: expected type, found `1896.697170952`
[INFO] [stdout]  --> src/proto.rs:98:2
[INFO] [stdout]   |
[INFO] [stdout] 3 | <1896.697170952@dbc.mtview.ca.us>tanstaaf
[INFO] [stdout]   |  ^^^^^^^^^^^^^^ expected type
[INFO] [stdout] 
[INFO] [stdout] error: aborting due to previous error
[INFO] [stdout] 
[INFO] [stdout] Couldn't compile the test.
[INFO] [stdout] ---- src/proto.rs - proto::Command::STAT (line 531) stdout ----
[INFO] [stdout] error: expected one of `!`, `(`, `.`, `::`, `;`, `<`, `?`, or `}`, found `memo`
[INFO] [stdout]  --> src/proto.rs:532:12
[INFO] [stdout]   |
[INFO] [stdout] 3 | NOTE: This memo STRONGLY discourages implementations
[INFO] [stdout]   |     -      ^^^^ expected one of 8 possible tokens
[INFO] [stdout]   |     |
[INFO] [stdout]   |     tried to parse a type due to this
[INFO] [stdout] 
[INFO] [stdout] error: aborting due to previous error
[INFO] [stdout] 
[INFO] [stdout] Couldn't compile the test.
[INFO] [stdout] ---- src/proto.rs - proto::Command::APOP (line 102) stdout ----
[INFO] [stdout] error[E0425]: cannot find value `c4c9334bac560ecc979e58001b3e22fb` in this scope
[INFO] [stdout]  --> src/proto.rs:103:1
[INFO] [stdout]   |
[INFO] [stdout] 3 | c4c9334bac560ecc979e58001b3e22fb
[INFO] [stdout]   | ^^^^^^^^^^^^^^^^^^^^^^^^^^^^^^^^ not found in this scope
[INFO] [stdout] 
[INFO] [stdout] error: aborting due to previous error
[INFO] [stdout] 
[INFO] [stdout] For more information about this error, try `rustc --explain E0425`.
[INFO] [stdout] Couldn't compile the test.
[INFO] [stdout] 
[INFO] [stdout] failures:
[INFO] [stdout]     src/proto.rs - proto::Command::APOP (line 102)
[INFO] [stdout]     src/proto.rs - proto::Command::APOP (line 97)
[INFO] [stdout]     src/proto.rs - proto::Command::STAT (line 531)
[INFO] [stdout] 
[INFO] [stdout] test result: FAILED. 0 passed; 3 failed; 0 ignored; 0 measured; 0 filtered out; finished in 0.33s
[INFO] [stdout] 
[INFO] [stderr] error: test failed, to rerun pass '--doc'
[INFO] running `Command { std: "docker" "inspect" "8d3c21762da99ce5951f53a4511a4d596467a4832fef2f823a0c0a352d5e6b35", kill_on_drop: false }`
[INFO] running `Command { std: "docker" "rm" "-f" "8d3c21762da99ce5951f53a4511a4d596467a4832fef2f823a0c0a352d5e6b35", kill_on_drop: false }`
[INFO] [stdout] 8d3c21762da99ce5951f53a4511a4d596467a4832fef2f823a0c0a352d5e6b35
