[INFO] fetching crate polylabel-mini 0.1.0...
[INFO] testing polylabel-mini-0.1.0 against beta-2021-08-01 for beta-1.55-1
[INFO] extracting crate polylabel-mini 0.1.0 into /workspace/builds/worker-3/source
[INFO] validating manifest of crates.io crate polylabel-mini 0.1.0 on toolchain beta-2021-08-01
[INFO] running `Command { std: "/workspace/cargo-home/bin/cargo" "+beta-2021-08-01" "metadata" "--manifest-path" "Cargo.toml" "--no-deps", kill_on_drop: false }`
[INFO] started tweaking crates.io crate polylabel-mini 0.1.0
[INFO] finished tweaking crates.io crate polylabel-mini 0.1.0
[INFO] tweaked toml for crates.io crate polylabel-mini 0.1.0 written to /workspace/builds/worker-3/source/Cargo.toml
[INFO] running `Command { std: "/workspace/cargo-home/bin/cargo" "+beta-2021-08-01" "generate-lockfile" "--manifest-path" "Cargo.toml" "-Zno-index-update", kill_on_drop: false }`
[INFO] running `Command { std: "/workspace/cargo-home/bin/cargo" "+beta-2021-08-01" "fetch" "--manifest-path" "Cargo.toml", kill_on_drop: false }`
[INFO] running `Command { std: "docker" "create" "-v" "/var/lib/crater-agent-workspace/builds/worker-3/target:/opt/rustwide/target:rw,Z" "-v" "/var/lib/crater-agent-workspace/builds/worker-3/source:/opt/rustwide/workdir:ro,Z" "-v" "/var/lib/crater-agent-workspace/cargo-home:/opt/rustwide/cargo-home:ro,Z" "-v" "/var/lib/crater-agent-workspace/rustup-home:/opt/rustwide/rustup-home:ro,Z" "-e" "SOURCE_DIR=/opt/rustwide/workdir" "-e" "CARGO_TARGET_DIR=/opt/rustwide/target" "-e" "CARGO_HOME=/opt/rustwide/cargo-home" "-e" "RUSTUP_HOME=/opt/rustwide/rustup-home" "-w" "/opt/rustwide/workdir" "-m" "1610612736" "--user" "0:0" "--network" "none" "ghcr.io/rust-lang/crates-build-env/linux@sha256:34b6a614d2c27851fe6cbf88fbd1137609cefab8b10d0615aaeb6fd47975d74e" "/opt/rustwide/cargo-home/bin/cargo" "+beta-2021-08-01" "metadata" "--no-deps" "--format-version=1", kill_on_drop: false }`
[INFO] [stderr] WARNING: Your kernel does not support swap limit capabilities or the cgroup is not mounted. Memory limited without swap.
[INFO] [stdout] 8ddd573f0941bfe18a237ea2804876fd1706f89a7517d660e0670f20ef6814a0
[INFO] running `Command { std: "docker" "start" "-a" "8ddd573f0941bfe18a237ea2804876fd1706f89a7517d660e0670f20ef6814a0", kill_on_drop: false }`
[INFO] running `Command { std: "docker" "inspect" "8ddd573f0941bfe18a237ea2804876fd1706f89a7517d660e0670f20ef6814a0", kill_on_drop: false }`
[INFO] running `Command { std: "docker" "rm" "-f" "8ddd573f0941bfe18a237ea2804876fd1706f89a7517d660e0670f20ef6814a0", kill_on_drop: false }`
[INFO] [stdout] 8ddd573f0941bfe18a237ea2804876fd1706f89a7517d660e0670f20ef6814a0
[INFO] running `Command { std: "docker" "create" "-v" "/var/lib/crater-agent-workspace/builds/worker-3/target:/opt/rustwide/target:rw,Z" "-v" "/var/lib/crater-agent-workspace/builds/worker-3/source:/opt/rustwide/workdir:ro,Z" "-v" "/var/lib/crater-agent-workspace/cargo-home:/opt/rustwide/cargo-home:ro,Z" "-v" "/var/lib/crater-agent-workspace/rustup-home:/opt/rustwide/rustup-home:ro,Z" "-e" "SOURCE_DIR=/opt/rustwide/workdir" "-e" "CARGO_TARGET_DIR=/opt/rustwide/target" "-e" "CARGO_INCREMENTAL=0" "-e" "RUST_BACKTRACE=full" "-e" "RUSTFLAGS=--cap-lints=warn" "-e" "CARGO_HOME=/opt/rustwide/cargo-home" "-e" "RUSTUP_HOME=/opt/rustwide/rustup-home" "-w" "/opt/rustwide/workdir" "-m" "1610612736" "--user" "0:0" "--network" "none" "ghcr.io/rust-lang/crates-build-env/linux@sha256:34b6a614d2c27851fe6cbf88fbd1137609cefab8b10d0615aaeb6fd47975d74e" "/opt/rustwide/cargo-home/bin/cargo" "+beta-2021-08-01" "build" "--frozen" "--message-format=json", kill_on_drop: false }`
[INFO] [stdout] e3029254a2085846eeb8e11ceb948c24516f120d7d9bea91b9b3485bd3588f9b
[INFO] [stderr] WARNING: Your kernel does not support swap limit capabilities or the cgroup is not mounted. Memory limited without swap.
[INFO] running `Command { std: "docker" "start" "-a" "e3029254a2085846eeb8e11ceb948c24516f120d7d9bea91b9b3485bd3588f9b", kill_on_drop: false }`
[INFO] [stderr]    Compiling polylabel-mini v0.1.0 (/opt/rustwide/workdir)
[INFO] [stdout] warning: variable does not need to be mutable
[INFO] [stdout]    --> src/lib.rs:418:13
[INFO] [stdout]     |
[INFO] [stdout] 418 |         let mut new_dist = signed_distance(combo.0, combo.1, polygon);
[INFO] [stdout]     |             ----^^^^^^^^
[INFO] [stdout]     |             |
[INFO] [stdout]     |             help: remove this `mut`
[INFO] [stdout]     |
[INFO] [stdout]     = note: `#[warn(unused_mut)]` on by default
[INFO] [stdout] 
[INFO] [stdout] 
[INFO] [stdout] warning: 1 warning emitted
[INFO] [stdout] 
[INFO] [stdout] 
[INFO] [stderr]     Finished dev [unoptimized + debuginfo] target(s) in 1.31s
[INFO] running `Command { std: "docker" "inspect" "e3029254a2085846eeb8e11ceb948c24516f120d7d9bea91b9b3485bd3588f9b", kill_on_drop: false }`
[INFO] running `Command { std: "docker" "rm" "-f" "e3029254a2085846eeb8e11ceb948c24516f120d7d9bea91b9b3485bd3588f9b", kill_on_drop: false }`
[INFO] [stdout] e3029254a2085846eeb8e11ceb948c24516f120d7d9bea91b9b3485bd3588f9b
[INFO] running `Command { std: "docker" "create" "-v" "/var/lib/crater-agent-workspace/builds/worker-3/target:/opt/rustwide/target:rw,Z" "-v" "/var/lib/crater-agent-workspace/builds/worker-3/source:/opt/rustwide/workdir:ro,Z" "-v" "/var/lib/crater-agent-workspace/cargo-home:/opt/rustwide/cargo-home:ro,Z" "-v" "/var/lib/crater-agent-workspace/rustup-home:/opt/rustwide/rustup-home:ro,Z" "-e" "SOURCE_DIR=/opt/rustwide/workdir" "-e" "CARGO_TARGET_DIR=/opt/rustwide/target" "-e" "CARGO_INCREMENTAL=0" "-e" "RUST_BACKTRACE=full" "-e" "RUSTFLAGS=--cap-lints=warn" "-e" "CARGO_HOME=/opt/rustwide/cargo-home" "-e" "RUSTUP_HOME=/opt/rustwide/rustup-home" "-w" "/opt/rustwide/workdir" "-m" "1610612736" "--user" "0:0" "--network" "none" "ghcr.io/rust-lang/crates-build-env/linux@sha256:34b6a614d2c27851fe6cbf88fbd1137609cefab8b10d0615aaeb6fd47975d74e" "/opt/rustwide/cargo-home/bin/cargo" "+beta-2021-08-01" "test" "--frozen" "--no-run" "--message-format=json", kill_on_drop: false }`
[INFO] [stderr] WARNING: Your kernel does not support swap limit capabilities or the cgroup is not mounted. Memory limited without swap.
[INFO] [stdout] 75c314cba9733ac65ad7c1d01ad62b3aee6c840b2d224c9ad6639ac90185bd77
[INFO] running `Command { std: "docker" "start" "-a" "75c314cba9733ac65ad7c1d01ad62b3aee6c840b2d224c9ad6639ac90185bd77", kill_on_drop: false }`
[INFO] [stdout] warning: variable does not need to be mutable
[INFO] [stdout]    --> src/lib.rs:418:13
[INFO] [stdout]     |
[INFO] [stdout] 418 |         let mut new_dist = signed_distance(combo.0, combo.1, polygon);
[INFO] [stdout]     |             ----^^^^^^^^
[INFO] [stdout]     |             |
[INFO] [stdout]     |             help: remove this `mut`
[INFO] [stdout]     |
[INFO] [stdout]     = note: `#[warn(unused_mut)]` on by default
[INFO] [stdout] 
[INFO] [stdout] 
[INFO] [stderr]    Compiling polylabel-mini v0.1.0 (/opt/rustwide/workdir)
[INFO] [stdout] warning: 1 warning emitted
[INFO] [stdout] 
[INFO] [stdout] 
[INFO] [stdout] warning: variable does not need to be mutable
[INFO] [stdout]    --> src/lib.rs:418:13
[INFO] [stdout]     |
[INFO] [stdout] 418 |         let mut new_dist = signed_distance(combo.0, combo.1, polygon);
[INFO] [stdout]     |             ----^^^^^^^^
[INFO] [stdout]     |             |
[INFO] [stdout]     |             help: remove this `mut`
[INFO] [stdout]     |
[INFO] [stdout]     = note: `#[warn(unused_mut)]` on by default
[INFO] [stdout] 
[INFO] [stdout] 
[INFO] [stderr]     Finished test [unoptimized + debuginfo] target(s) in 0.94s
[INFO] [stdout] warning: 1 warning emitted
[INFO] [stdout] 
[INFO] [stdout] 
[INFO] running `Command { std: "docker" "inspect" "75c314cba9733ac65ad7c1d01ad62b3aee6c840b2d224c9ad6639ac90185bd77", kill_on_drop: false }`
[INFO] running `Command { std: "docker" "rm" "-f" "75c314cba9733ac65ad7c1d01ad62b3aee6c840b2d224c9ad6639ac90185bd77", kill_on_drop: false }`
[INFO] [stdout] 75c314cba9733ac65ad7c1d01ad62b3aee6c840b2d224c9ad6639ac90185bd77
[INFO] running `Command { std: "docker" "create" "-v" "/var/lib/crater-agent-workspace/builds/worker-3/target:/opt/rustwide/target:rw,Z" "-v" "/var/lib/crater-agent-workspace/builds/worker-3/source:/opt/rustwide/workdir:ro,Z" "-v" "/var/lib/crater-agent-workspace/cargo-home:/opt/rustwide/cargo-home:ro,Z" "-v" "/var/lib/crater-agent-workspace/rustup-home:/opt/rustwide/rustup-home:ro,Z" "-e" "SOURCE_DIR=/opt/rustwide/workdir" "-e" "CARGO_TARGET_DIR=/opt/rustwide/target" "-e" "CARGO_INCREMENTAL=0" "-e" "RUST_BACKTRACE=full" "-e" "RUSTFLAGS=--cap-lints=warn" "-e" "CARGO_HOME=/opt/rustwide/cargo-home" "-e" "RUSTUP_HOME=/opt/rustwide/rustup-home" "-w" "/opt/rustwide/workdir" "-m" "1610612736" "--user" "0:0" "--network" "none" "ghcr.io/rust-lang/crates-build-env/linux@sha256:34b6a614d2c27851fe6cbf88fbd1137609cefab8b10d0615aaeb6fd47975d74e" "/opt/rustwide/cargo-home/bin/cargo" "+beta-2021-08-01" "test" "--frozen", kill_on_drop: false }`
[INFO] [stdout] 323ed1f16d79f148ac2175d3d12328f0ca3598776411466c5195525adb67f7c0
[INFO] [stderr] WARNING: Your kernel does not support swap limit capabilities or the cgroup is not mounted. Memory limited without swap.
[INFO] running `Command { std: "docker" "start" "-a" "323ed1f16d79f148ac2175d3d12328f0ca3598776411466c5195525adb67f7c0", kill_on_drop: false }`
[INFO] [stdout] 
[INFO] [stderr] warning: variable does not need to be mutable
[INFO] [stdout] running 0 tests
[INFO] [stderr]    --> src/lib.rs:418:13
[INFO] [stdout] 
[INFO] [stderr]     |
[INFO] [stdout] test result: ok. 0 passed; 0 failed; 0 ignored; 0 measured; 0 filtered out; finished in 0.00s
[INFO] [stderr] 418 |         let mut new_dist = signed_distance(combo.0, combo.1, polygon);
[INFO] [stdout] 
[INFO] [stderr]     |             ----^^^^^^^^
[INFO] [stderr]     |             |
[INFO] [stderr]     |             help: remove this `mut`
[INFO] [stderr]     |
[INFO] [stderr]     = note: `#[warn(unused_mut)]` on by default
[INFO] [stderr] 
[INFO] [stderr] warning: `polylabel-mini` (lib) generated 1 warning
[INFO] [stderr] warning: `polylabel-mini` (lib test) generated 1 warning (1 duplicate)
[INFO] [stderr]     Finished test [unoptimized + debuginfo] target(s) in 0.01s
[INFO] [stderr]      Running unittests (/opt/rustwide/target/debug/deps/polylabel_mini-736faf15fde36d79)
[INFO] [stderr]    Doc-tests polylabel-mini
[INFO] [stdout] 
[INFO] [stdout] running 1 test
[INFO] [stdout] test src/lib.rs - polylabel (line 435) ... FAILED
[INFO] [stdout] 
[INFO] [stdout] failures:
[INFO] [stdout] 
[INFO] [stdout] ---- src/lib.rs - polylabel (line 435) stdout ----
[INFO] [stdout] error[E0463]: can't find crate for `geo`
[INFO] [stdout]  --> src/lib.rs:437:1
[INFO] [stdout]   |
[INFO] [stdout] 4 | extern crate geo;
[INFO] [stdout]   | ^^^^^^^^^^^^^^^^^ can't find crate
[INFO] [stdout] 
[INFO] [stdout] error: aborting due to previous error
[INFO] [stdout] 
[INFO] [stdout] For more information about this error, try `rustc --explain E0463`.
[INFO] [stdout] Couldn't compile the test.
[INFO] [stdout] 
[INFO] [stdout] failures:
[INFO] [stdout]     src/lib.rs - polylabel (line 435)
[INFO] [stdout] 
[INFO] [stdout] test result: FAILED. 0 passed; 1 failed; 0 ignored; 0 measured; 0 filtered out; finished in 0.13s
[INFO] [stdout] 
[INFO] [stderr] error: test failed, to rerun pass '--doc'
[INFO] running `Command { std: "docker" "inspect" "323ed1f16d79f148ac2175d3d12328f0ca3598776411466c5195525adb67f7c0", kill_on_drop: false }`
[INFO] running `Command { std: "docker" "rm" "-f" "323ed1f16d79f148ac2175d3d12328f0ca3598776411466c5195525adb67f7c0", kill_on_drop: false }`
[INFO] [stdout] 323ed1f16d79f148ac2175d3d12328f0ca3598776411466c5195525adb67f7c0
