[INFO] fetching crate polona-dl 0.1.2...
[INFO] testing polona-dl-0.1.2 against 1.54.0 for beta-1.55-1
[INFO] extracting crate polona-dl 0.1.2 into /workspace/builds/worker-0/source
[INFO] validating manifest of crates.io crate polona-dl 0.1.2 on toolchain 1.54.0
[INFO] running `Command { std: "/workspace/cargo-home/bin/cargo" "+1.54.0" "metadata" "--manifest-path" "Cargo.toml" "--no-deps", kill_on_drop: false }`
[INFO] started tweaking crates.io crate polona-dl 0.1.2
[INFO] finished tweaking crates.io crate polona-dl 0.1.2
[INFO] tweaked toml for crates.io crate polona-dl 0.1.2 written to /workspace/builds/worker-0/source/Cargo.toml
[INFO] crate crates.io crate polona-dl 0.1.2 already has a lockfile, it will not be regenerated
[INFO] running `Command { std: "/workspace/cargo-home/bin/cargo" "+1.54.0" "fetch" "--manifest-path" "Cargo.toml", kill_on_drop: false }`
[INFO] running `Command { std: "docker" "create" "-v" "/var/lib/crater-agent-workspace/builds/worker-0/target:/opt/rustwide/target:rw,Z" "-v" "/var/lib/crater-agent-workspace/builds/worker-0/source:/opt/rustwide/workdir:ro,Z" "-v" "/var/lib/crater-agent-workspace/cargo-home:/opt/rustwide/cargo-home:ro,Z" "-v" "/var/lib/crater-agent-workspace/rustup-home:/opt/rustwide/rustup-home:ro,Z" "-e" "SOURCE_DIR=/opt/rustwide/workdir" "-e" "CARGO_TARGET_DIR=/opt/rustwide/target" "-e" "CARGO_HOME=/opt/rustwide/cargo-home" "-e" "RUSTUP_HOME=/opt/rustwide/rustup-home" "-w" "/opt/rustwide/workdir" "-m" "1610612736" "--user" "0:0" "--network" "none" "ghcr.io/rust-lang/crates-build-env/linux@sha256:34b6a614d2c27851fe6cbf88fbd1137609cefab8b10d0615aaeb6fd47975d74e" "/opt/rustwide/cargo-home/bin/cargo" "+1.54.0" "metadata" "--no-deps" "--format-version=1", kill_on_drop: false }`
[INFO] [stdout] cf498c79f8912c1208df7cbe03248325d73cfb3e216c93e61d4d98adb6095f48
[INFO] [stderr] WARNING: Your kernel does not support swap limit capabilities or the cgroup is not mounted. Memory limited without swap.
[INFO] running `Command { std: "docker" "start" "-a" "cf498c79f8912c1208df7cbe03248325d73cfb3e216c93e61d4d98adb6095f48", kill_on_drop: false }`
[INFO] running `Command { std: "docker" "inspect" "cf498c79f8912c1208df7cbe03248325d73cfb3e216c93e61d4d98adb6095f48", kill_on_drop: false }`
[INFO] running `Command { std: "docker" "rm" "-f" "cf498c79f8912c1208df7cbe03248325d73cfb3e216c93e61d4d98adb6095f48", kill_on_drop: false }`
[INFO] [stdout] cf498c79f8912c1208df7cbe03248325d73cfb3e216c93e61d4d98adb6095f48
[INFO] running `Command { std: "docker" "create" "-v" "/var/lib/crater-agent-workspace/builds/worker-0/target:/opt/rustwide/target:rw,Z" "-v" "/var/lib/crater-agent-workspace/builds/worker-0/source:/opt/rustwide/workdir:ro,Z" "-v" "/var/lib/crater-agent-workspace/cargo-home:/opt/rustwide/cargo-home:ro,Z" "-v" "/var/lib/crater-agent-workspace/rustup-home:/opt/rustwide/rustup-home:ro,Z" "-e" "SOURCE_DIR=/opt/rustwide/workdir" "-e" "CARGO_TARGET_DIR=/opt/rustwide/target" "-e" "CARGO_INCREMENTAL=0" "-e" "RUST_BACKTRACE=full" "-e" "RUSTFLAGS=--cap-lints=warn" "-e" "CARGO_HOME=/opt/rustwide/cargo-home" "-e" "RUSTUP_HOME=/opt/rustwide/rustup-home" "-w" "/opt/rustwide/workdir" "-m" "1610612736" "--user" "0:0" "--network" "none" "ghcr.io/rust-lang/crates-build-env/linux@sha256:34b6a614d2c27851fe6cbf88fbd1137609cefab8b10d0615aaeb6fd47975d74e" "/opt/rustwide/cargo-home/bin/cargo" "+1.54.0" "build" "--frozen" "--message-format=json", kill_on_drop: false }`
[INFO] [stderr] WARNING: Your kernel does not support swap limit capabilities or the cgroup is not mounted. Memory limited without swap.
[INFO] [stdout] f58a2c85e6408a3257a9b68a351e0fbee4792196452064dd803d81035023f6ea
[INFO] running `Command { std: "docker" "start" "-a" "f58a2c85e6408a3257a9b68a351e0fbee4792196452064dd803d81035023f6ea", kill_on_drop: false }`
[INFO] [stderr]    Compiling proc-macro2 v1.0.7
[INFO] [stderr]    Compiling log v0.4.8
[INFO] [stderr]    Compiling memchr v2.3.0
[INFO] [stderr]    Compiling syn v1.0.13
[INFO] [stderr]    Compiling itoa v0.4.4
[INFO] [stderr]    Compiling futures-sink-preview v0.3.0-alpha.19
[INFO] [stderr]    Compiling futures-core-preview v0.3.0-alpha.19
[INFO] [stderr]    Compiling futures-io-preview v0.3.0-alpha.19
[INFO] [stderr]    Compiling regex-syntax v0.6.13
[INFO] [stderr]    Compiling futures-core v0.3.1
[INFO] [stderr]    Compiling proc-macro-nested v0.1.3
[INFO] [stderr]    Compiling futures-sink v0.3.1
[INFO] [stderr]    Compiling curl v0.4.25
[INFO] [stderr]    Compiling isahc v0.7.6
[INFO] [stderr]    Compiling futures-io v0.3.1
[INFO] [stderr]    Compiling futures-task v0.3.1
[INFO] [stderr]    Compiling bytes v0.5.3
[INFO] [stderr]    Compiling pin-project-lite v0.1.2
[INFO] [stderr]    Compiling dtoa v0.4.4
[INFO] [stderr]    Compiling strsim v0.9.3
[INFO] [stderr]    Compiling numtoa v0.2.3
[INFO] [stderr]    Compiling crossbeam-utils v0.6.6
[INFO] [stderr]    Compiling libz-sys v1.0.25
[INFO] [stderr]    Compiling openssl-sys v0.9.53
[INFO] [stderr]    Compiling libnghttp2-sys v0.1.2
[INFO] [stderr]    Compiling curl-sys v0.4.25
[INFO] [stderr]    Compiling tokio-sync v0.1.7
[INFO] [stderr]    Compiling indexmap v1.3.1
[INFO] [stderr]    Compiling futures-channel v0.3.1
[INFO] [stderr]    Compiling futures-channel-preview v0.3.0-alpha.19
[INFO] [stderr]    Compiling num_cpus v1.11.1
[INFO] [stderr]    Compiling termios v0.3.1
[INFO] [stderr]    Compiling clicolors-control v1.0.1
[INFO] [stderr]    Compiling socket2 v0.3.11
[INFO] [stderr]    Compiling base64 v0.10.1
[INFO] [stderr]    Compiling rand_chacha v0.1.1
[INFO] [stderr]    Compiling bytes v0.4.12
[INFO] [stderr]    Compiling cookie v0.11.1
[INFO] [stderr]    Compiling tokio-executor v0.1.9
[INFO] [stderr]    Compiling crossbeam-queue v0.1.2
[INFO] [stderr]    Compiling crossbeam-channel v0.3.9
[INFO] [stderr]    Compiling futures-cpupool v0.1.8
[INFO] [stderr]    Compiling sluice v0.4.2
[INFO] [stderr]    Compiling backtrace v0.3.42
[INFO] [stderr]    Compiling block-buffer v0.7.3
[INFO] [stderr]    Compiling number_prefix v0.2.8
[INFO] [stderr]    Compiling mio v0.6.21
[INFO] [stderr]    Compiling want v0.2.0
[INFO] [stderr]    Compiling rand v0.6.5
[INFO] [stderr]    Compiling aho-corasick v0.7.6
[INFO] [stderr]    Compiling tokio-timer v0.2.12
[INFO] [stderr]    Compiling tokio-current-thread v0.1.6
[INFO] [stderr]    Compiling tokio-io v0.1.12
[INFO] [stderr]    Compiling http v0.1.21
[INFO] [stderr]    Compiling string v0.2.1
[INFO] [stderr]    Compiling tokio-buf v0.1.1
[INFO] [stderr]    Compiling sha-1 v0.8.2
[INFO] [stderr]    Compiling quote v1.0.2
[INFO] [stderr]    Compiling tokio-threadpool v0.1.17
[INFO] [stderr]    Compiling futures-util-preview v0.3.0-alpha.19
[INFO] [stderr]    Compiling tokio-reactor v0.1.11
[INFO] [stderr]    Compiling mio-uds v0.6.7
[INFO] [stderr]    Compiling backoff v0.1.5
[INFO] [stderr]    Compiling tokio-tcp v0.1.3
[INFO] [stderr]    Compiling tokio v0.1.22
[INFO] [stderr]    Compiling regex v1.3.3
[INFO] [stderr]    Compiling http-body v0.1.0
[INFO] [stderr]    Compiling headers-core v0.1.1
[INFO] [stderr]    Compiling h2 v0.1.26
[INFO] [stderr]    Compiling futures-executor-preview v0.3.0-alpha.19
[INFO] [stderr]    Compiling headers v0.2.3
[INFO] [stderr]    Compiling console v0.7.7
[INFO] [stderr]    Compiling console v0.9.1
[INFO] [stderr]    Compiling futures-preview v0.3.0-alpha.19
[INFO] [stderr]    Compiling indicatif v0.11.0
[INFO] [stderr]    Compiling better-panic v0.1.2
[INFO] [stderr]    Compiling hyper v0.12.35
[INFO] [stderr]    Compiling serde_derive v1.0.104
[INFO] [stderr]    Compiling proc-macro-hack v0.5.11
[INFO] [stderr]    Compiling tokio-macros v0.2.3
[INFO] [stderr]    Compiling tokio v0.2.9
[INFO] [stderr]    Compiling futures-macro v0.3.1
[INFO] [stderr]    Compiling futures-util v0.3.1
[INFO] [stderr]    Compiling backoff-futures v0.2.0
[INFO] [stderr]    Compiling futures-executor v0.3.1
[INFO] [stderr]    Compiling futures v0.3.1
[INFO] [stderr]    Compiling serde v1.0.104
[INFO] [stderr]    Compiling url v2.1.1
[INFO] [stderr]    Compiling serde_bytes v0.11.3
[INFO] [stderr]    Compiling serde_json v1.0.44
[INFO] [stderr]    Compiling docopt v1.1.0
[INFO] [stderr]    Compiling hyper_serde v0.11.1
[INFO] [stderr]    Compiling serde_urlencoded v0.6.1
[INFO] [stderr]    Compiling surf v1.0.3
[INFO] [stderr]    Compiling polona-dl v0.1.2 (/opt/rustwide/workdir)
[INFO] [stderr]     Finished dev [unoptimized + debuginfo] target(s) in 2m 18s
[INFO] running `Command { std: "docker" "inspect" "f58a2c85e6408a3257a9b68a351e0fbee4792196452064dd803d81035023f6ea", kill_on_drop: false }`
[INFO] running `Command { std: "docker" "rm" "-f" "f58a2c85e6408a3257a9b68a351e0fbee4792196452064dd803d81035023f6ea", kill_on_drop: false }`
[INFO] [stdout] f58a2c85e6408a3257a9b68a351e0fbee4792196452064dd803d81035023f6ea
[INFO] running `Command { std: "docker" "create" "-v" "/var/lib/crater-agent-workspace/builds/worker-0/target:/opt/rustwide/target:rw,Z" "-v" "/var/lib/crater-agent-workspace/builds/worker-0/source:/opt/rustwide/workdir:ro,Z" "-v" "/var/lib/crater-agent-workspace/cargo-home:/opt/rustwide/cargo-home:ro,Z" "-v" "/var/lib/crater-agent-workspace/rustup-home:/opt/rustwide/rustup-home:ro,Z" "-e" "SOURCE_DIR=/opt/rustwide/workdir" "-e" "CARGO_TARGET_DIR=/opt/rustwide/target" "-e" "CARGO_INCREMENTAL=0" "-e" "RUST_BACKTRACE=full" "-e" "RUSTFLAGS=--cap-lints=warn" "-e" "CARGO_HOME=/opt/rustwide/cargo-home" "-e" "RUSTUP_HOME=/opt/rustwide/rustup-home" "-w" "/opt/rustwide/workdir" "-m" "1610612736" "--user" "0:0" "--network" "none" "ghcr.io/rust-lang/crates-build-env/linux@sha256:34b6a614d2c27851fe6cbf88fbd1137609cefab8b10d0615aaeb6fd47975d74e" "/opt/rustwide/cargo-home/bin/cargo" "+1.54.0" "test" "--frozen" "--no-run" "--message-format=json", kill_on_drop: false }`
[INFO] [stderr] WARNING: Your kernel does not support swap limit capabilities or the cgroup is not mounted. Memory limited without swap.
[INFO] [stdout] 428278936e04e5b1a08fb5b35a8dc4d5c1f1fbf6f1c3d635653f4ec54cf483f9
[INFO] running `Command { std: "docker" "start" "-a" "428278936e04e5b1a08fb5b35a8dc4d5c1f1fbf6f1c3d635653f4ec54cf483f9", kill_on_drop: false }`
[INFO] [stderr]    Compiling ucd-trie v0.1.2
[INFO] [stderr]    Compiling num-derive v0.2.5
[INFO] [stderr]    Compiling lzw v0.10.0
[INFO] [stderr]    Compiling color_quant v1.0.1
[INFO] [stderr]    Compiling ci_info v0.3.1
[INFO] [stderr]    Compiling scoped_threadpool v0.1.9
[INFO] [stderr]    Compiling num-integer v0.1.42
[INFO] [stderr]    Compiling num-iter v0.1.40
[INFO] [stderr]    Compiling num-rational v0.2.3
[INFO] [stderr]    Compiling inflate v0.4.5
[INFO] [stderr]    Compiling deflate v0.7.20
[INFO] [stderr]    Compiling rstest v0.3.0
[INFO] [stderr]    Compiling synstructure v0.12.3
[INFO] [stderr]    Compiling ron v0.4.2
[INFO] [stderr]    Compiling serde_yaml v0.8.11
[INFO] [stderr]    Compiling uuid v0.7.4
[INFO] [stderr]    Compiling rayon-core v1.7.0
[INFO] [stderr]    Compiling pest v2.1.2
[INFO] [stderr]    Compiling gif v0.10.3
[INFO] [stderr]    Compiling png v0.15.3
[INFO] [stderr]    Compiling rayon v1.3.0
[INFO] [stderr]    Compiling chrono v0.4.10
[INFO] [stderr]    Compiling pest_meta v2.1.2
[INFO] [stderr]    Compiling failure_derive v0.1.6
[INFO] [stderr]    Compiling pest_generator v2.1.1
[INFO] [stderr]    Compiling jpeg-decoder v0.1.18
[INFO] [stderr]    Compiling failure v0.1.6
[INFO] [stderr]    Compiling tiff v0.3.1
[INFO] [stderr]    Compiling image v0.22.4
[INFO] [stderr]    Compiling pest_derive v2.1.0
[INFO] [stderr]    Compiling insta v0.10.1
[INFO] [stderr]    Compiling polona-dl v0.1.2 (/opt/rustwide/workdir)
[INFO] [stderr]     Finished test [unoptimized + debuginfo] target(s) in 1m 09s
[INFO] running `Command { std: "docker" "inspect" "428278936e04e5b1a08fb5b35a8dc4d5c1f1fbf6f1c3d635653f4ec54cf483f9", kill_on_drop: false }`
[INFO] running `Command { std: "docker" "rm" "-f" "428278936e04e5b1a08fb5b35a8dc4d5c1f1fbf6f1c3d635653f4ec54cf483f9", kill_on_drop: false }`
[INFO] [stdout] 428278936e04e5b1a08fb5b35a8dc4d5c1f1fbf6f1c3d635653f4ec54cf483f9
[INFO] running `Command { std: "docker" "create" "-v" "/var/lib/crater-agent-workspace/builds/worker-0/target:/opt/rustwide/target:rw,Z" "-v" "/var/lib/crater-agent-workspace/builds/worker-0/source:/opt/rustwide/workdir:ro,Z" "-v" "/var/lib/crater-agent-workspace/cargo-home:/opt/rustwide/cargo-home:ro,Z" "-v" "/var/lib/crater-agent-workspace/rustup-home:/opt/rustwide/rustup-home:ro,Z" "-e" "SOURCE_DIR=/opt/rustwide/workdir" "-e" "CARGO_TARGET_DIR=/opt/rustwide/target" "-e" "CARGO_INCREMENTAL=0" "-e" "RUST_BACKTRACE=full" "-e" "RUSTFLAGS=--cap-lints=warn" "-e" "CARGO_HOME=/opt/rustwide/cargo-home" "-e" "RUSTUP_HOME=/opt/rustwide/rustup-home" "-w" "/opt/rustwide/workdir" "-m" "1610612736" "--user" "0:0" "--network" "none" "ghcr.io/rust-lang/crates-build-env/linux@sha256:34b6a614d2c27851fe6cbf88fbd1137609cefab8b10d0615aaeb6fd47975d74e" "/opt/rustwide/cargo-home/bin/cargo" "+1.54.0" "test" "--frozen", kill_on_drop: false }`
[INFO] [stdout] 48d7dc5a64a6198fa4f30a03b1e5920dab044c4f5dce7455ca6214d6feecdb6f
[INFO] [stderr] WARNING: Your kernel does not support swap limit capabilities or the cgroup is not mounted. Memory limited without swap.
[INFO] running `Command { std: "docker" "start" "-a" "48d7dc5a64a6198fa4f30a03b1e5920dab044c4f5dce7455ca6214d6feecdb6f", kill_on_drop: false }`
[INFO] [stderr]     Finished test [unoptimized + debuginfo] target(s) in 0.30s
[INFO] [stderr]      Running unittests (/opt/rustwide/target/debug/deps/polona_dl-08fca9a5d16da4f4)
[INFO] [stdout] 
[INFO] [stdout] running 0 tests
[INFO] [stdout] 
[INFO] [stdout] test result: ok. 0 passed; 0 failed; 0 ignored; 0 measured; 0 filtered out; finished in 0.00s
[INFO] [stdout] 
[INFO] [stderr]      Running unittests (/opt/rustwide/target/debug/deps/polona_dl-4a9eb6cf20523b6a)
[INFO] [stdout] 
[INFO] [stdout] running 0 tests
[INFO] [stdout] 
[INFO] [stdout] test result: ok. 0 passed; 0 failed; 0 ignored; 0 measured; 0 filtered out; finished in 0.00s
[INFO] [stdout] 
[INFO] [stderr]      Running tests/integration.rs (/opt/rustwide/target/debug/deps/integration-af28187f41cea166)
[INFO] [stdout] 
[INFO] [stdout] running 4 tests
[INFO] [stderr] Backtrace (most recent call first):
[INFO] [stderr] Backtrace (most recent call first):
[INFO] [stderr] Backtrace (most recent call first):
[INFO] [stderr] Backtrace (most recent call first):
[INFO] [stderr]   File "rust:library/core/src/result.rs", line 997, in core::result::Result<T,E>::expect
[INFO] [stderr]   File "tests/integration.rs", line 29, in integration::test_list_pages
[INFO] [stderr]     let pages = result.expect("should have retrieved pages");
[INFO] [stderr]   File "rust:library/core/src/result.rs", line 997, in core::result::Result<T,E>::expect
[INFO] [stderr]   File "rust:library/core/src/result.rs", line 997, in core::result::Result<T,E>::expect
[INFO] [stderr]   File "tests/integration.rs", line 29, in integration::test_list_pages
[INFO] [stderr]   File "tests/integration.rs", line 29, in integration::test_list_pages
[INFO] [stderr]     let pages = result.expect("should have retrieved pages");
[INFO] [stderr]     let pages = result.expect("should have retrieved pages");
[INFO] [stderr]   File "tests/integration.rs", line 12, in integration::test_list_pages::case_1
[INFO] [stderr]     #[rstest_parametrize(no, url, range,
[INFO] [stderr]   File "tests/integration.rs", line 12, in integration::test_list_pages::case_3
[INFO] [stderr]   File "tests/integration.rs", line 12    #[rstest_parametrize(no, url, range,
[INFO] [stderr]   File ", in integration::test_list_pages::case_1::{{closure}}
[INFO] [stderr]     #[rstest_parametrize(no, url, range,
[INFO] [stderr] tests/integration.rs", line 12, in integration::test_list_pages::case_3::{{closure}}
[INFO] [stderr]     #[rstest_parametrize(no, url, range,
[INFO] [stderr]   File "rust:library/core/src/ops/function.rs", line 227, in core::ops::function::FnOnce::call_once
[INFO] [stderr]   File "rust:library/core/src/ops/function.rs", line 227, in core::ops::function::FnOnce::call_once
[INFO] [stderr]   File "rust:library/core/src/ops/function.rs", line 227, in core::ops::function::FnOnce::call_once
[INFO] [stderr]   File "rust:library/core/src/ops/function.rs", line 227, in core::ops::function::FnOnce::call_once
[INFO] [stderr]   File "library/test/src/lib.rs", line   File "library/test/src/lib.rs", line 577, in test::__rust_begin_short_backtrace
[INFO] [stderr] 577, in test::__rust_begin_short_backtrace
[INFO] [stderr]   File "rust:library/alloc/src/boxed.rs", line 1575, in <alloc::boxed::Box<F,A> as core::ops::function::FnOnce<Args>>::call_once
[INFO] [stderr]   File "rust:library/alloc/src/boxed.rs", line 1575, in <alloc::boxed::Box<F,A> as core::ops::function::FnOnce<Args>>::call_once
[INFO] [stderr]   File "rust:library/std/src/panic.rs  File "rust:library/std/src/panic.rs", line 347, in <std::panic::AssertUnwindSafe<F> as core::ops::function::FnOnce<()>>::call_once
[INFO] [stderr] ", line 347, in <std::panic::AssertUnwindSafe<F> as core::ops::function::FnOnce<()>>::call_once
[INFO] [stderr]   File "rust:library/std/src/panicking.rs", line 401, in std::panicking::try::do_call
[INFO] [stderr]   File "rust:library/std/src/panicking.rs", line 401, in std::panicking::try::do_call
[INFO] [stderr]   File "rust:library/std/src/panicking.rs", line 365, in std::panicking::try
[INFO] [stderr]   File "rust:library/std/src/panicking.rs", line 365, in std::panicking::try
[INFO] [stderr]   File "rust:library/std/src/panic.rs", line 434  File "rust:library/std/src/panic.rs", line 434, in std::panic::catch_unwind, in std::panic::catch_unwind
[INFO] [stderr] 
[INFO] [stderr]   File "library/test/src/lib.rs", line 600, in   File "library/test/src/lib.rs", line 600, in test::run_test_in_process
[INFO] [stderr] 
[INFO] [stderr] The application panicked (crashed).
[INFO] [stderr] test::run_test_in_process
[INFO] [stderr] 
[INFO] [stderr] The application panicked (crashed).
[INFO] [stderr]     should have retrieved pages: Http(CouldntResolveHost)
[INFO] [stderr] in tests/integration.rs, line 29
[INFO] [stderr] thread: test_list_pages::case_3
[INFO] [stderr] should have retrieved pages: Http(CouldntResolveHost)
[INFO] [stderr] in tests/integration.rs, line 29
[INFO] [stderr] thread: test_list_pages::case_1
[INFO] [stderr]   File "tests/integration.rs", line 12, in integration::test_list_pages::case_2
[INFO] [stderr]     #[rstest_parametrize(no, url, range,
[INFO] [stderr]   File "tests/integration.rs", line 12, in integration::test_list_pages::case_2::{{closure}}
[INFO] [stderr]     #[rstest_parametrize(no, url, range,
[INFO] [stderr]   File "rust:library/core/src/ops/function.rs", line 227, in core::ops::function::FnOnce::call_once
[INFO] [stderr]   File "rust:library/core/src/ops/function.rs", line 227, in core::ops::function::FnOnce::call_once
[INFO] [stderr]   File "library/test/src/lib.rs", line 577, in test::__rust_begin_short_backtrace
[INFO] [stderr]   File "rust:library/alloc/src/boxed.rs", line 1575, in <alloc::boxed::Box<F,A> as core::ops::function::FnOnce<Args>>::call_once
[INFO] [stderr]   File "rust:library/std/src/panic.rs", line 347, in <std::panic::AssertUnwindSafe<F> as core::ops::function::FnOnce<()>>::call_once
[INFO] [stderr]   File "rust:library/std/src/panicking.rs", line 401, in std::panicking::try::do_call
[INFO] [stderr]   File "rust:library/std/src/panicking.rs", line 365, in std::panicking::try
[INFO] [stderr]   File "rust:library/std/src/panic.rs", line 434, in std::panic::catch_unwind
[INFO] [stderr]   File "library/test/src/lib.rs", line 600, in test::run_test_in_process
[INFO] [stderr] 
[INFO] [stderr] The application panicked (crashed).
[INFO] [stderr]   should have retrieved pages: Http(CouldntResolveHost)
[INFO] [stderr] in tests/integration.rs, line 29
[INFO] [stderr] thread: test_list_pages::case_2
[INFO] [stdout] test test_list_pages::case_1 ... FAILED
[INFO] [stdout] test test_list_pages::case_3 ... FAILED
[INFO] [stdout] test test_list_pages::case_2 ... FAILED
[INFO] [stderr]   File "rust:library/core/src/result.rs", line 997, in core::result::Result<T,E>::expect
[INFO] [stderr]   File "tests/integration.rs", line 57, in integration::test_download_page_image
[INFO] [stderr]     result.expect("should have downloaded the image");
[INFO] [stderr]   File "tests/integration.rs", line 33, in integration::test_download_page_image::case_1
[INFO] [stderr]     #[rstest_parametrize(
[INFO] [stderr]   File "tests/integration.rs", line 33, in integration::test_download_page_image::case_1::{{closure}}
[INFO] [stderr]     #[rstest_parametrize(
[INFO] [stderr]   File "rust:library/core/src/ops/function.rs", line 227, in core::ops::function::FnOnce::call_once
[INFO] [stderr]   File "rust:library/core/src/ops/function.rs", line 227, in core::ops::function::FnOnce::call_once
[INFO] [stderr]   File "library/test/src/lib.rs", line 577, in test::__rust_begin_short_backtrace
[INFO] [stderr]   File "rust:library/alloc/src/boxed.rs", line 1575, in <alloc::boxed::Box<F,A> as core::ops::function::FnOnce<Args>>::call_once
[INFO] [stderr]   File "rust:library/std/src/panic.rs", line 347, in <std::panic::AssertUnwindSafe<F> as core::ops::function::FnOnce<()>>::call_once
[INFO] [stderr]   File "rust:library/std/src/panicking.rs", line 401, in std::panicking::try::do_call
[INFO] [stderr]   File "rust:library/std/src/panicking.rs", line 365, in std::panicking::try
[INFO] [stderr]   File "rust:library/std/src/panic.rs", line 434, in std::panic::catch_unwind
[INFO] [stderr]   File "library/test/src/lib.rs", line 600, in test::run_test_in_process
[INFO] [stderr] 
[INFO] [stderr] The application panicked (crashed).
[INFO] [stderr]   should have downloaded the image: Http(CouldntResolveHost)
[INFO] [stderr] in tests/integration.rs, line 57
[INFO] [stderr] thread: test_download_page_image::case_1
[INFO] [stdout] test test_download_page_image::case_1 ... FAILED
[INFO] [stdout] 
[INFO] [stdout] failures:
[INFO] [stdout] 
[INFO] [stdout] ---- test_list_pages::case_1 stdout ----
[INFO] [stdout] -------------- TEST START --------------
[INFO] [stdout] 
[INFO] [stdout] ---- test_list_pages::case_3 stdout ----
[INFO] [stdout] -------------- TEST START --------------
[INFO] [stdout] 
[INFO] [stdout] ---- test_list_pages::case_2 stdout ----
[INFO] [stdout] -------------- TEST START --------------
[INFO] [stdout] 
[INFO] [stdout] ---- test_download_page_image::case_1 stdout ----
[INFO] [stdout] -------------- TEST START --------------
[INFO] [stdout] 
[INFO] [stdout] 
[INFO] [stdout] failures:
[INFO] [stdout]     test_download_page_image::case_1
[INFO] [stdout]     test_list_pages::case_1
[INFO] [stdout]     test_list_pages::case_2
[INFO] [stdout]     test_list_pages::case_3
[INFO] [stdout] 
[INFO] [stdout] test result: FAILED. 0 passed; 4 failed; 0 ignored; 0 measured; 0 filtered out; finished in 0.64s
[INFO] [stdout] 
[INFO] [stderr] error: test failed, to rerun pass '--test integration'
[INFO] running `Command { std: "docker" "inspect" "48d7dc5a64a6198fa4f30a03b1e5920dab044c4f5dce7455ca6214d6feecdb6f", kill_on_drop: false }`
[INFO] running `Command { std: "docker" "rm" "-f" "48d7dc5a64a6198fa4f30a03b1e5920dab044c4f5dce7455ca6214d6feecdb6f", kill_on_drop: false }`
[INFO] [stdout] 48d7dc5a64a6198fa4f30a03b1e5920dab044c4f5dce7455ca6214d6feecdb6f
