[INFO] fetching crate poller 0.2.0...
[INFO] testing poller-0.2.0 against 1.54.0 for beta-1.55-1
[INFO] extracting crate poller 0.2.0 into /workspace/builds/worker-6/source
[INFO] validating manifest of crates.io crate poller 0.2.0 on toolchain 1.54.0
[INFO] running `Command { std: "/workspace/cargo-home/bin/cargo" "+1.54.0" "metadata" "--manifest-path" "Cargo.toml" "--no-deps", kill_on_drop: false }`
[INFO] started tweaking crates.io crate poller 0.2.0
[INFO] finished tweaking crates.io crate poller 0.2.0
[INFO] tweaked toml for crates.io crate poller 0.2.0 written to /workspace/builds/worker-6/source/Cargo.toml
[INFO] crate crates.io crate poller 0.2.0 already has a lockfile, it will not be regenerated
[INFO] running `Command { std: "/workspace/cargo-home/bin/cargo" "+1.54.0" "fetch" "--manifest-path" "Cargo.toml", kill_on_drop: false }`
[INFO] running `Command { std: "docker" "create" "-v" "/var/lib/crater-agent-workspace/builds/worker-6/target:/opt/rustwide/target:rw,Z" "-v" "/var/lib/crater-agent-workspace/builds/worker-6/source:/opt/rustwide/workdir:ro,Z" "-v" "/var/lib/crater-agent-workspace/cargo-home:/opt/rustwide/cargo-home:ro,Z" "-v" "/var/lib/crater-agent-workspace/rustup-home:/opt/rustwide/rustup-home:ro,Z" "-e" "SOURCE_DIR=/opt/rustwide/workdir" "-e" "CARGO_TARGET_DIR=/opt/rustwide/target" "-e" "CARGO_HOME=/opt/rustwide/cargo-home" "-e" "RUSTUP_HOME=/opt/rustwide/rustup-home" "-w" "/opt/rustwide/workdir" "-m" "1610612736" "--user" "0:0" "--network" "none" "ghcr.io/rust-lang/crates-build-env/linux@sha256:34b6a614d2c27851fe6cbf88fbd1137609cefab8b10d0615aaeb6fd47975d74e" "/opt/rustwide/cargo-home/bin/cargo" "+1.54.0" "metadata" "--no-deps" "--format-version=1", kill_on_drop: false }`
[INFO] [stdout] ff967b0764dc51560336bb28cbb9bfc3e607a6c6f7ec51b2559161fee88feeba
[INFO] [stderr] WARNING: Your kernel does not support swap limit capabilities or the cgroup is not mounted. Memory limited without swap.
[INFO] running `Command { std: "docker" "start" "-a" "ff967b0764dc51560336bb28cbb9bfc3e607a6c6f7ec51b2559161fee88feeba", kill_on_drop: false }`
[INFO] running `Command { std: "docker" "inspect" "ff967b0764dc51560336bb28cbb9bfc3e607a6c6f7ec51b2559161fee88feeba", kill_on_drop: false }`
[INFO] running `Command { std: "docker" "rm" "-f" "ff967b0764dc51560336bb28cbb9bfc3e607a6c6f7ec51b2559161fee88feeba", kill_on_drop: false }`
[INFO] [stdout] ff967b0764dc51560336bb28cbb9bfc3e607a6c6f7ec51b2559161fee88feeba
[INFO] running `Command { std: "docker" "create" "-v" "/var/lib/crater-agent-workspace/builds/worker-6/target:/opt/rustwide/target:rw,Z" "-v" "/var/lib/crater-agent-workspace/builds/worker-6/source:/opt/rustwide/workdir:ro,Z" "-v" "/var/lib/crater-agent-workspace/cargo-home:/opt/rustwide/cargo-home:ro,Z" "-v" "/var/lib/crater-agent-workspace/rustup-home:/opt/rustwide/rustup-home:ro,Z" "-e" "SOURCE_DIR=/opt/rustwide/workdir" "-e" "CARGO_TARGET_DIR=/opt/rustwide/target" "-e" "CARGO_INCREMENTAL=0" "-e" "RUST_BACKTRACE=full" "-e" "RUSTFLAGS=--cap-lints=warn" "-e" "CARGO_HOME=/opt/rustwide/cargo-home" "-e" "RUSTUP_HOME=/opt/rustwide/rustup-home" "-w" "/opt/rustwide/workdir" "-m" "1610612736" "--user" "0:0" "--network" "none" "ghcr.io/rust-lang/crates-build-env/linux@sha256:34b6a614d2c27851fe6cbf88fbd1137609cefab8b10d0615aaeb6fd47975d74e" "/opt/rustwide/cargo-home/bin/cargo" "+1.54.0" "build" "--frozen" "--message-format=json", kill_on_drop: false }`
[INFO] [stderr] WARNING: Your kernel does not support swap limit capabilities or the cgroup is not mounted. Memory limited without swap.
[INFO] [stdout] 4103c256cea72b874b10871973ae07c0199e83c1e52923f72f7b0e2934a4b22a
[INFO] running `Command { std: "docker" "start" "-a" "4103c256cea72b874b10871973ae07c0199e83c1e52923f72f7b0e2934a4b22a", kill_on_drop: false }`
[INFO] [stderr]    Compiling poller v0.2.0 (/opt/rustwide/workdir)
[INFO] [stderr]     Finished dev [unoptimized + debuginfo] target(s) in 1.04s
[INFO] running `Command { std: "docker" "inspect" "4103c256cea72b874b10871973ae07c0199e83c1e52923f72f7b0e2934a4b22a", kill_on_drop: false }`
[INFO] running `Command { std: "docker" "rm" "-f" "4103c256cea72b874b10871973ae07c0199e83c1e52923f72f7b0e2934a4b22a", kill_on_drop: false }`
[INFO] [stdout] 4103c256cea72b874b10871973ae07c0199e83c1e52923f72f7b0e2934a4b22a
[INFO] running `Command { std: "docker" "create" "-v" "/var/lib/crater-agent-workspace/builds/worker-6/target:/opt/rustwide/target:rw,Z" "-v" "/var/lib/crater-agent-workspace/builds/worker-6/source:/opt/rustwide/workdir:ro,Z" "-v" "/var/lib/crater-agent-workspace/cargo-home:/opt/rustwide/cargo-home:ro,Z" "-v" "/var/lib/crater-agent-workspace/rustup-home:/opt/rustwide/rustup-home:ro,Z" "-e" "SOURCE_DIR=/opt/rustwide/workdir" "-e" "CARGO_TARGET_DIR=/opt/rustwide/target" "-e" "CARGO_INCREMENTAL=0" "-e" "RUST_BACKTRACE=full" "-e" "RUSTFLAGS=--cap-lints=warn" "-e" "CARGO_HOME=/opt/rustwide/cargo-home" "-e" "RUSTUP_HOME=/opt/rustwide/rustup-home" "-w" "/opt/rustwide/workdir" "-m" "1610612736" "--user" "0:0" "--network" "none" "ghcr.io/rust-lang/crates-build-env/linux@sha256:34b6a614d2c27851fe6cbf88fbd1137609cefab8b10d0615aaeb6fd47975d74e" "/opt/rustwide/cargo-home/bin/cargo" "+1.54.0" "test" "--frozen" "--no-run" "--message-format=json", kill_on_drop: false }`
[INFO] [stdout] e6afb516bdf91a2bf869cefd14745fce0f364b3b49dc5b2572b12bf7e1ca0e90
[INFO] [stderr] WARNING: Your kernel does not support swap limit capabilities or the cgroup is not mounted. Memory limited without swap.
[INFO] running `Command { std: "docker" "start" "-a" "e6afb516bdf91a2bf869cefd14745fce0f364b3b49dc5b2572b12bf7e1ca0e90", kill_on_drop: false }`
[INFO] [stderr]    Compiling poller v0.2.0 (/opt/rustwide/workdir)
[INFO] [stderr]     Finished test [unoptimized + debuginfo] target(s) in 2.35s
[INFO] running `Command { std: "docker" "inspect" "e6afb516bdf91a2bf869cefd14745fce0f364b3b49dc5b2572b12bf7e1ca0e90", kill_on_drop: false }`
[INFO] running `Command { std: "docker" "rm" "-f" "e6afb516bdf91a2bf869cefd14745fce0f364b3b49dc5b2572b12bf7e1ca0e90", kill_on_drop: false }`
[INFO] [stdout] e6afb516bdf91a2bf869cefd14745fce0f364b3b49dc5b2572b12bf7e1ca0e90
[INFO] running `Command { std: "docker" "create" "-v" "/var/lib/crater-agent-workspace/builds/worker-6/target:/opt/rustwide/target:rw,Z" "-v" "/var/lib/crater-agent-workspace/builds/worker-6/source:/opt/rustwide/workdir:ro,Z" "-v" "/var/lib/crater-agent-workspace/cargo-home:/opt/rustwide/cargo-home:ro,Z" "-v" "/var/lib/crater-agent-workspace/rustup-home:/opt/rustwide/rustup-home:ro,Z" "-e" "SOURCE_DIR=/opt/rustwide/workdir" "-e" "CARGO_TARGET_DIR=/opt/rustwide/target" "-e" "CARGO_INCREMENTAL=0" "-e" "RUST_BACKTRACE=full" "-e" "RUSTFLAGS=--cap-lints=warn" "-e" "CARGO_HOME=/opt/rustwide/cargo-home" "-e" "RUSTUP_HOME=/opt/rustwide/rustup-home" "-w" "/opt/rustwide/workdir" "-m" "1610612736" "--user" "0:0" "--network" "none" "ghcr.io/rust-lang/crates-build-env/linux@sha256:34b6a614d2c27851fe6cbf88fbd1137609cefab8b10d0615aaeb6fd47975d74e" "/opt/rustwide/cargo-home/bin/cargo" "+1.54.0" "test" "--frozen", kill_on_drop: false }`
[INFO] [stdout] 6eff3539e0828029be08b272e3a136e95473b5d1eae550fbf5e22c93bd427bfb
[INFO] [stderr] WARNING: Your kernel does not support swap limit capabilities or the cgroup is not mounted. Memory limited without swap.
[INFO] running `Command { std: "docker" "start" "-a" "6eff3539e0828029be08b272e3a136e95473b5d1eae550fbf5e22c93bd427bfb", kill_on_drop: false }`
[INFO] [stderr]     Finished test [unoptimized + debuginfo] target(s) in 0.01s
[INFO] [stdout] 
[INFO] [stderr]      Running unittests (/opt/rustwide/target/debug/deps/poller-d3a40c2f5a289cbd)
[INFO] [stdout] running 1 test
[INFO] [stderr]    Doc-tests poller
[INFO] [stdout] test epoll::tests::test_poller ... ok
[INFO] [stdout] 
[INFO] [stdout] test result: ok. 1 passed; 0 failed; 0 ignored; 0 measured; 0 filtered out; finished in 0.01s
[INFO] [stdout] 
[INFO] [stdout] 
[INFO] [stdout] running 2 tests
[INFO] [stdout] test src/epoll.rs - epoll::Poller::pull_events (line 137) ... FAILED
[INFO] [stdout] test src/lib.rs - Events (line 24) ... FAILED
[INFO] [stdout] 
[INFO] [stdout] failures:
[INFO] [stdout] 
[INFO] [stdout] ---- src/epoll.rs - epoll::Poller::pull_events (line 137) stdout ----
[INFO] [stdout] error[E0599]: no method named `with_write` found for struct `Events` in the current scope
[INFO] [stdout]  --> src/epoll.rs:140:29
[INFO] [stdout]   |
[INFO] [stdout] 6 | poller.add(1, Events::new().with_write(), None).unwrap();
[INFO] [stdout]   |                             ^^^^^^^^^^ method not found in `Events`
[INFO] [stdout] 
[INFO] [stdout] error: aborting due to previous error
[INFO] [stdout] 
[INFO] [stdout] For more information about this error, try `rustc --explain E0599`.
[INFO] [stdout] Couldn't compile the test.
[INFO] [stdout] ---- src/lib.rs - Events (line 24) stdout ----
[INFO] [stdout] error[E0599]: no method named `with_read` found for struct `Events` in the current scope
[INFO] [stdout]  --> src/lib.rs:26:28
[INFO] [stdout]   |
[INFO] [stdout] 5 | let events = Events::new().with_read();
[INFO] [stdout]   |                            ^^^^^^^^^ method not found in `Events`
[INFO] [stdout] 
[INFO] [stdout] error: aborting due to previous error
[INFO] [stdout] 
[INFO] [stdout] For more information about this error, try `rustc --explain E0599`.
[INFO] [stdout] Couldn't compile the test.
[INFO] [stdout] 
[INFO] [stdout] failures:
[INFO] [stdout]     src/epoll.rs - epoll::Poller::pull_events (line 137)
[INFO] [stdout]     src/lib.rs - Events (line 24)
[INFO] [stdout] 
[INFO] [stdout] test result: FAILED. 0 passed; 2 failed; 0 ignored; 0 measured; 0 filtered out; finished in 0.44s
[INFO] [stdout] 
[INFO] [stderr] error: test failed, to rerun pass '--doc'
[INFO] running `Command { std: "docker" "inspect" "6eff3539e0828029be08b272e3a136e95473b5d1eae550fbf5e22c93bd427bfb", kill_on_drop: false }`
[INFO] running `Command { std: "docker" "rm" "-f" "6eff3539e0828029be08b272e3a136e95473b5d1eae550fbf5e22c93bd427bfb", kill_on_drop: false }`
[INFO] [stdout] 6eff3539e0828029be08b272e3a136e95473b5d1eae550fbf5e22c93bd427bfb
