[INFO] fetching crate pngcrush 0.1.1...
[INFO] testing pngcrush-0.1.1 against 1.54.0 for beta-1.55-1
[INFO] extracting crate pngcrush 0.1.1 into /workspace/builds/worker-5/source
[INFO] validating manifest of crates.io crate pngcrush 0.1.1 on toolchain 1.54.0
[INFO] running `Command { std: "/workspace/cargo-home/bin/cargo" "+1.54.0" "metadata" "--manifest-path" "Cargo.toml" "--no-deps", kill_on_drop: false }`
[INFO] started tweaking crates.io crate pngcrush 0.1.1
[INFO] removed 0 missing examples
[INFO] finished tweaking crates.io crate pngcrush 0.1.1
[INFO] tweaked toml for crates.io crate pngcrush 0.1.1 written to /workspace/builds/worker-5/source/Cargo.toml
[INFO] crate crates.io crate pngcrush 0.1.1 already has a lockfile, it will not be regenerated
[INFO] running `Command { std: "/workspace/cargo-home/bin/cargo" "+1.54.0" "fetch" "--manifest-path" "Cargo.toml", kill_on_drop: false }`
[INFO] running `Command { std: "docker" "create" "-v" "/var/lib/crater-agent-workspace/builds/worker-5/target:/opt/rustwide/target:rw,Z" "-v" "/var/lib/crater-agent-workspace/builds/worker-5/source:/opt/rustwide/workdir:ro,Z" "-v" "/var/lib/crater-agent-workspace/cargo-home:/opt/rustwide/cargo-home:ro,Z" "-v" "/var/lib/crater-agent-workspace/rustup-home:/opt/rustwide/rustup-home:ro,Z" "-e" "SOURCE_DIR=/opt/rustwide/workdir" "-e" "CARGO_TARGET_DIR=/opt/rustwide/target" "-e" "CARGO_HOME=/opt/rustwide/cargo-home" "-e" "RUSTUP_HOME=/opt/rustwide/rustup-home" "-w" "/opt/rustwide/workdir" "-m" "1610612736" "--user" "0:0" "--network" "none" "ghcr.io/rust-lang/crates-build-env/linux@sha256:34b6a614d2c27851fe6cbf88fbd1137609cefab8b10d0615aaeb6fd47975d74e" "/opt/rustwide/cargo-home/bin/cargo" "+1.54.0" "metadata" "--no-deps" "--format-version=1", kill_on_drop: false }`
[INFO] [stdout] 4bd82bfafa7675d5c9c9352168c51c2772f81ae8c1062c8815e2b06289b025b8
[INFO] [stderr] WARNING: Your kernel does not support swap limit capabilities or the cgroup is not mounted. Memory limited without swap.
[INFO] running `Command { std: "docker" "start" "-a" "4bd82bfafa7675d5c9c9352168c51c2772f81ae8c1062c8815e2b06289b025b8", kill_on_drop: false }`
[INFO] running `Command { std: "docker" "inspect" "4bd82bfafa7675d5c9c9352168c51c2772f81ae8c1062c8815e2b06289b025b8", kill_on_drop: false }`
[INFO] running `Command { std: "docker" "rm" "-f" "4bd82bfafa7675d5c9c9352168c51c2772f81ae8c1062c8815e2b06289b025b8", kill_on_drop: false }`
[INFO] [stdout] 4bd82bfafa7675d5c9c9352168c51c2772f81ae8c1062c8815e2b06289b025b8
[INFO] running `Command { std: "docker" "create" "-v" "/var/lib/crater-agent-workspace/builds/worker-5/target:/opt/rustwide/target:rw,Z" "-v" "/var/lib/crater-agent-workspace/builds/worker-5/source:/opt/rustwide/workdir:ro,Z" "-v" "/var/lib/crater-agent-workspace/cargo-home:/opt/rustwide/cargo-home:ro,Z" "-v" "/var/lib/crater-agent-workspace/rustup-home:/opt/rustwide/rustup-home:ro,Z" "-e" "SOURCE_DIR=/opt/rustwide/workdir" "-e" "CARGO_TARGET_DIR=/opt/rustwide/target" "-e" "CARGO_INCREMENTAL=0" "-e" "RUST_BACKTRACE=full" "-e" "RUSTFLAGS=--cap-lints=warn" "-e" "CARGO_HOME=/opt/rustwide/cargo-home" "-e" "RUSTUP_HOME=/opt/rustwide/rustup-home" "-w" "/opt/rustwide/workdir" "-m" "1610612736" "--user" "0:0" "--network" "none" "ghcr.io/rust-lang/crates-build-env/linux@sha256:34b6a614d2c27851fe6cbf88fbd1137609cefab8b10d0615aaeb6fd47975d74e" "/opt/rustwide/cargo-home/bin/cargo" "+1.54.0" "build" "--frozen" "--message-format=json", kill_on_drop: false }`
[INFO] [stdout] aaebb0e7a72e2bf5dbf96c01a6d0064d69650ab9b3887f45a6136d9677de4a62
[INFO] [stderr] WARNING: Your kernel does not support swap limit capabilities or the cgroup is not mounted. Memory limited without swap.
[INFO] running `Command { std: "docker" "start" "-a" "aaebb0e7a72e2bf5dbf96c01a6d0064d69650ab9b3887f45a6136d9677de4a62", kill_on_drop: false }`
[INFO] [stderr]    Compiling cfg-if v0.1.9
[INFO] [stderr]    Compiling autocfg v0.1.6
[INFO] [stderr]    Compiling futures v0.1.29
[INFO] [stderr]    Compiling cc v1.0.45
[INFO] [stderr]    Compiling smallvec v0.6.10
[INFO] [stderr]    Compiling log v0.4.8
[INFO] [stderr]    Compiling either v1.5.3
[INFO] [stderr]    Compiling proc-macro2 v1.0.3
[INFO] [stderr]    Compiling stable_deref_trait v1.1.1
[INFO] [stderr]    Compiling arrayvec v0.4.11
[INFO] [stderr]    Compiling syn v1.0.5
[INFO] [stderr]    Compiling nodrop v0.1.13
[INFO] [stderr]    Compiling scopeguard v1.0.0
[INFO] [stderr]    Compiling serde v1.0.101
[INFO] [stderr]    Compiling bitflags v1.1.0
[INFO] [stderr]    Compiling openssl v0.10.24
[INFO] [stderr]    Compiling ryu v1.0.0
[INFO] [stderr]    Compiling failure_derive v0.1.5
[INFO] [stderr]    Compiling crc32fast v1.2.0
[INFO] [stderr]    Compiling indexmap v1.2.0
[INFO] [stderr]    Compiling adler32 v1.0.4
[INFO] [stderr]    Compiling mime v0.3.14
[INFO] [stderr]    Compiling unicase v2.5.1
[INFO] [stderr]    Compiling error-chain v0.12.1
[INFO] [stderr]    Compiling owning_ref v0.4.0
[INFO] [stderr]    Compiling crossbeam-utils v0.6.6
[INFO] [stderr]    Compiling try_from v0.3.2
[INFO] [stderr]    Compiling unicode-normalization v0.1.8
[INFO] [stderr]    Compiling miniz_oxide v0.3.2
[INFO] [stderr]    Compiling encoding_rs v0.8.20
[INFO] [stderr]    Compiling iovec v0.1.2
[INFO] [stderr]    Compiling rand_os v0.1.3
[INFO] [stderr]    Compiling num_cpus v1.10.1
[INFO] [stderr]    Compiling net2 v0.2.33
[INFO] [stderr]    Compiling time v0.1.42
[INFO] [stderr]    Compiling parking_lot_core v0.4.0
[INFO] [stderr]    Compiling memoffset v0.5.1
[INFO] [stderr]    Compiling hyper v0.12.35
[INFO] [stderr]    Compiling base64 v0.10.1
[INFO] [stderr]    Compiling rand_chacha v0.1.1
[INFO] [stderr]    Compiling rand_pcg v0.1.2
[INFO] [stderr]    Compiling rand v0.6.5
[INFO] [stderr]    Compiling lock_api v0.1.5
[INFO] [stderr]    Compiling bytes v0.4.12
[INFO] [stderr]    Compiling mio v0.6.19
[INFO] [stderr]    Compiling crossbeam-queue v0.1.2
[INFO] [stderr]    Compiling tokio-executor v0.1.8
[INFO] [stderr]    Compiling tokio-sync v0.1.6
[INFO] [stderr]    Compiling futures-cpupool v0.1.8
[INFO] [stderr]    Compiling want v0.2.0
[INFO] [stderr]    Compiling synstructure v0.10.2
[INFO] [stderr]    Compiling idna v0.1.5
[INFO] [stderr]    Compiling idna v0.2.0
[INFO] [stderr]    Compiling tokio-current-thread v0.1.6
[INFO] [stderr]    Compiling tokio-timer v0.2.11
[INFO] [stderr]    Compiling quote v1.0.2
[INFO] [stderr]    Compiling tokio-io v0.1.12
[INFO] [stderr]    Compiling http v0.1.18
[INFO] [stderr]    Compiling tokio-buf v0.1.1
[INFO] [stderr]    Compiling string v0.2.1
[INFO] [stderr]    Compiling flate2 v1.0.11
[INFO] [stderr]    Compiling crossbeam-epoch v0.7.2
[INFO] [stderr]    Compiling openssl-sys v0.9.49
[INFO] [stderr]    Compiling backtrace-sys v0.1.31
[INFO] [stderr]    Compiling mime_guess v2.0.1
[INFO] [stderr]    Compiling url v2.1.0
[INFO] [stderr]    Compiling url v1.7.2
[INFO] [stderr]    Compiling crossbeam-deque v0.7.1
[INFO] [stderr]    Compiling cookie v0.12.0
[INFO] [stderr]    Compiling native-tls v0.2.3
[INFO] [stderr]    Compiling backtrace v0.3.37
[INFO] [stderr]    Compiling tokio-threadpool v0.1.15
[INFO] [stderr]    Compiling uuid v0.7.4
[INFO] [stderr]    Compiling publicsuffix v1.5.3
[INFO] [stderr]    Compiling parking_lot v0.7.1
[INFO] [stderr]    Compiling tokio-reactor v0.1.9
[INFO] [stderr]    Compiling failure v0.1.5
[INFO] [stderr]    Compiling h2 v0.1.26
[INFO] [stderr]    Compiling http-body v0.1.0
[INFO] [stderr]    Compiling tokio-tcp v0.1.3
[INFO] [stderr]    Compiling tokio v0.1.22
[INFO] [stderr]    Compiling serde_derive v1.0.101
[INFO] [stderr]    Compiling hyper-tls v0.3.2
[INFO] [stderr]    Compiling serde_json v1.0.40
[INFO] [stderr]    Compiling serde_urlencoded v0.5.5
[INFO] [stderr]    Compiling cookie_store v0.7.0
[INFO] [stderr]    Compiling reqwest v0.9.20
[INFO] [stderr]    Compiling pngcrush v0.1.1 (/opt/rustwide/workdir)
[INFO] [stderr]     Finished dev [unoptimized + debuginfo] target(s) in 2m 10s
[INFO] running `Command { std: "docker" "inspect" "aaebb0e7a72e2bf5dbf96c01a6d0064d69650ab9b3887f45a6136d9677de4a62", kill_on_drop: false }`
[INFO] running `Command { std: "docker" "rm" "-f" "aaebb0e7a72e2bf5dbf96c01a6d0064d69650ab9b3887f45a6136d9677de4a62", kill_on_drop: false }`
[INFO] [stdout] aaebb0e7a72e2bf5dbf96c01a6d0064d69650ab9b3887f45a6136d9677de4a62
[INFO] running `Command { std: "docker" "create" "-v" "/var/lib/crater-agent-workspace/builds/worker-5/target:/opt/rustwide/target:rw,Z" "-v" "/var/lib/crater-agent-workspace/builds/worker-5/source:/opt/rustwide/workdir:ro,Z" "-v" "/var/lib/crater-agent-workspace/cargo-home:/opt/rustwide/cargo-home:ro,Z" "-v" "/var/lib/crater-agent-workspace/rustup-home:/opt/rustwide/rustup-home:ro,Z" "-e" "SOURCE_DIR=/opt/rustwide/workdir" "-e" "CARGO_TARGET_DIR=/opt/rustwide/target" "-e" "CARGO_INCREMENTAL=0" "-e" "RUST_BACKTRACE=full" "-e" "RUSTFLAGS=--cap-lints=warn" "-e" "CARGO_HOME=/opt/rustwide/cargo-home" "-e" "RUSTUP_HOME=/opt/rustwide/rustup-home" "-w" "/opt/rustwide/workdir" "-m" "1610612736" "--user" "0:0" "--network" "none" "ghcr.io/rust-lang/crates-build-env/linux@sha256:34b6a614d2c27851fe6cbf88fbd1137609cefab8b10d0615aaeb6fd47975d74e" "/opt/rustwide/cargo-home/bin/cargo" "+1.54.0" "test" "--frozen" "--no-run" "--message-format=json", kill_on_drop: false }`
[INFO] [stderr] WARNING: Your kernel does not support swap limit capabilities or the cgroup is not mounted. Memory limited without swap.
[INFO] [stdout] bc432f8d91c84427f12fc0c2d0572072399d928012efced84a4c3a44159580d4
[INFO] running `Command { std: "docker" "start" "-a" "bc432f8d91c84427f12fc0c2d0572072399d928012efced84a4c3a44159580d4", kill_on_drop: false }`
[INFO] [stderr]    Compiling pngcrush v0.1.1 (/opt/rustwide/workdir)
[INFO] [stderr]     Finished test [unoptimized + debuginfo] target(s) in 7.49s
[INFO] running `Command { std: "docker" "inspect" "bc432f8d91c84427f12fc0c2d0572072399d928012efced84a4c3a44159580d4", kill_on_drop: false }`
[INFO] running `Command { std: "docker" "rm" "-f" "bc432f8d91c84427f12fc0c2d0572072399d928012efced84a4c3a44159580d4", kill_on_drop: false }`
[INFO] [stdout] bc432f8d91c84427f12fc0c2d0572072399d928012efced84a4c3a44159580d4
[INFO] running `Command { std: "docker" "create" "-v" "/var/lib/crater-agent-workspace/builds/worker-5/target:/opt/rustwide/target:rw,Z" "-v" "/var/lib/crater-agent-workspace/builds/worker-5/source:/opt/rustwide/workdir:ro,Z" "-v" "/var/lib/crater-agent-workspace/cargo-home:/opt/rustwide/cargo-home:ro,Z" "-v" "/var/lib/crater-agent-workspace/rustup-home:/opt/rustwide/rustup-home:ro,Z" "-e" "SOURCE_DIR=/opt/rustwide/workdir" "-e" "CARGO_TARGET_DIR=/opt/rustwide/target" "-e" "CARGO_INCREMENTAL=0" "-e" "RUST_BACKTRACE=full" "-e" "RUSTFLAGS=--cap-lints=warn" "-e" "CARGO_HOME=/opt/rustwide/cargo-home" "-e" "RUSTUP_HOME=/opt/rustwide/rustup-home" "-w" "/opt/rustwide/workdir" "-m" "1610612736" "--user" "0:0" "--network" "none" "ghcr.io/rust-lang/crates-build-env/linux@sha256:34b6a614d2c27851fe6cbf88fbd1137609cefab8b10d0615aaeb6fd47975d74e" "/opt/rustwide/cargo-home/bin/cargo" "+1.54.0" "test" "--frozen", kill_on_drop: false }`
[INFO] [stderr] WARNING: Your kernel does not support swap limit capabilities or the cgroup is not mounted. Memory limited without swap.
[INFO] [stdout] 3bf43daca7790c2fbfc725bad804a3b03ec8c629a1d0e6536c2d89c08ab3a768
[INFO] running `Command { std: "docker" "start" "-a" "3bf43daca7790c2fbfc725bad804a3b03ec8c629a1d0e6536c2d89c08ab3a768", kill_on_drop: false }`
[INFO] [stderr]     Finished test [unoptimized + debuginfo] target(s) in 0.14s
[INFO] [stdout] 
[INFO] [stderr]      Running unittests (/opt/rustwide/target/debug/deps/pngcrush-b0eda406c2599155)
[INFO] [stdout] running 0 tests
[INFO] [stdout] 
[INFO] [stdout] test result: ok. 0 passed; 0 failed; 0 ignored; 0 measured; 0 filtered out; finished in 0.00s
[INFO] [stdout] 
[INFO] [stderr]    Doc-tests pngcrush
[INFO] [stdout] 
[INFO] [stdout] running 1 test
[INFO] [stdout] test src/lib.rs - crush (line 18) ... FAILED
[INFO] [stdout] 
[INFO] [stdout] failures:
[INFO] [stdout] 
[INFO] [stdout] ---- src/lib.rs - crush (line 18) stdout ----
[INFO] [stdout] Test executable failed (exit code 101).
[INFO] [stdout] 
[INFO] [stdout] stderr:
[INFO] [stdout] thread 'main' panicked at 'called `Result::unwrap()` on an `Err` value: Error(Hyper(Error(ChannelClosed)), "https://pngcrush.com/crush")', src/lib.rs:5:54
[INFO] [stdout] stack backtrace:
[INFO] [stdout]    0:     0x55b412562b00 - std::backtrace_rs::backtrace::libunwind::trace::h34055254b57d8e79
[INFO] [stdout]                                at /rustc/a178d0322ce20e33eac124758e837cbd80a6f633/library/std/src/../../backtrace/src/backtrace/libunwind.rs:90:5
[INFO] [stdout]    1:     0x55b412562b00 - std::backtrace_rs::backtrace::trace_unsynchronized::h8f1e3fbd9afff6ec
[INFO] [stdout]                                at /rustc/a178d0322ce20e33eac124758e837cbd80a6f633/library/std/src/../../backtrace/src/backtrace/mod.rs:66:5
[INFO] [stdout]    2:     0x55b412562b00 - std::sys_common::backtrace::_print_fmt::h3a99a796b770c360
[INFO] [stdout]                                at /rustc/a178d0322ce20e33eac124758e837cbd80a6f633/library/std/src/sys_common/backtrace.rs:67:5
[INFO] [stdout]    3:     0x55b412562b00 - <std::sys_common::backtrace::_print::DisplayBacktrace as core::fmt::Display>::fmt::h32d1f94a80615d18
[INFO] [stdout]                                at /rustc/a178d0322ce20e33eac124758e837cbd80a6f633/library/std/src/sys_common/backtrace.rs:46:22
[INFO] [stdout]    4:     0x55b41257fd2c - core::fmt::write::h306731c068f7162c
[INFO] [stdout]                                at /rustc/a178d0322ce20e33eac124758e837cbd80a6f633/library/core/src/fmt/mod.rs:1110:17
[INFO] [stdout]    5:     0x55b41255d235 - std::io::Write::write_fmt::hd2fa90334eee2a21
[INFO] [stdout]                                at /rustc/a178d0322ce20e33eac124758e837cbd80a6f633/library/std/src/io/mod.rs:1588:15
[INFO] [stdout]    6:     0x55b412564b8b - std::sys_common::backtrace::_print::h5abaa2601a852287
[INFO] [stdout]                                at /rustc/a178d0322ce20e33eac124758e837cbd80a6f633/library/std/src/sys_common/backtrace.rs:49:5
[INFO] [stdout]    7:     0x55b412564b8b - std::sys_common::backtrace::print::h8d81445442bb638f
[INFO] [stdout]                                at /rustc/a178d0322ce20e33eac124758e837cbd80a6f633/library/std/src/sys_common/backtrace.rs:36:9
[INFO] [stdout]    8:     0x55b412564b8b - std::panicking::default_hook::{{closure}}::hcfe804496a9fa747
[INFO] [stdout]                                at /rustc/a178d0322ce20e33eac124758e837cbd80a6f633/library/std/src/panicking.rs:208:50
[INFO] [stdout]    9:     0x55b412564661 - std::panicking::default_hook::hbea8e3ccf2ba8901
[INFO] [stdout]                                at /rustc/a178d0322ce20e33eac124758e837cbd80a6f633/library/std/src/panicking.rs:225:9
[INFO] [stdout]   10:     0x55b412565254 - std::panicking::rust_panic_with_hook::h7ee9e1a2d0f8975a
[INFO] [stdout]                                at /rustc/a178d0322ce20e33eac124758e837cbd80a6f633/library/std/src/panicking.rs:622:17
[INFO] [stdout]   11:     0x55b412564d37 - std::panicking::begin_panic_handler::{{closure}}::h8ab3b4491718b2c7
[INFO] [stdout]                                at /rustc/a178d0322ce20e33eac124758e837cbd80a6f633/library/std/src/panicking.rs:519:13
[INFO] [stdout]   12:     0x55b412562ffc - std::sys_common::backtrace::__rust_end_short_backtrace::hd489062ffa586a9f
[INFO] [stdout]                                at /rustc/a178d0322ce20e33eac124758e837cbd80a6f633/library/std/src/sys_common/backtrace.rs:141:18
[INFO] [stdout]   13:     0x55b412564c99 - rust_begin_unwind
[INFO] [stdout]                                at /rustc/a178d0322ce20e33eac124758e837cbd80a6f633/library/std/src/panicking.rs:515:5
[INFO] [stdout]   14:     0x55b411eee791 - core::panicking::panic_fmt::hca6330e3e14086b4
[INFO] [stdout]                                at /rustc/a178d0322ce20e33eac124758e837cbd80a6f633/library/core/src/panicking.rs:92:14
[INFO] [stdout]   15:     0x55b411eee823 - core::result::unwrap_failed::h6160d2b4bfbb0e87
[INFO] [stdout]                                at /rustc/a178d0322ce20e33eac124758e837cbd80a6f633/library/core/src/result.rs:1355:5
[INFO] [stdout]   16:     0x55b411ef195f - core::result::Result<T,E>::unwrap::hc3c35327ac43e419
[INFO] [stdout]   17:     0x55b411ef5353 - rust_out::main::_doctest_main_src_lib_rs_18_0::ha835e21e23b37463
[INFO] [stdout]   18:     0x55b411ef5316 - rust_out::main::h2a38bb51b9580a7d
[INFO] [stdout]   19:     0x55b411ef0ac3 - core::ops::function::FnOnce::call_once::hb73b95e6982fd3f0
[INFO] [stdout]   20:     0x55b411eef299 - std::sys_common::backtrace::__rust_begin_short_backtrace::h8371d112165838d3
[INFO] [stdout]   21:     0x55b411ef0599 - std::rt::lang_start::{{closure}}::h783adf50233ec5ec
[INFO] [stdout]   22:     0x55b412565859 - core::ops::function::impls::<impl core::ops::function::FnOnce<A> for &F>::call_once::h2aabc384aab89b7b
[INFO] [stdout]                                at /rustc/a178d0322ce20e33eac124758e837cbd80a6f633/library/core/src/ops/function.rs:259:13
[INFO] [stdout]   23:     0x55b412565859 - std::panicking::try::do_call::hc5fcacb7a85fc7b1
[INFO] [stdout]                                at /rustc/a178d0322ce20e33eac124758e837cbd80a6f633/library/std/src/panicking.rs:401:40
[INFO] [stdout]   24:     0x55b412565859 - std::panicking::try::hb5d9603af3abbe3a
[INFO] [stdout]                                at /rustc/a178d0322ce20e33eac124758e837cbd80a6f633/library/std/src/panicking.rs:365:19
[INFO] [stdout]   25:     0x55b412565859 - std::panic::catch_unwind::h98fe6ac3925e64b4
[INFO] [stdout]                                at /rustc/a178d0322ce20e33eac124758e837cbd80a6f633/library/std/src/panic.rs:434:14
[INFO] [stdout]   26:     0x55b412565859 - std::rt::lang_start_internal::h22ac7383c516f93e
[INFO] [stdout]                                at /rustc/a178d0322ce20e33eac124758e837cbd80a6f633/library/std/src/rt.rs:34:21
[INFO] [stdout]   27:     0x55b411ef0581 - std::rt::lang_start::h11b9716471e37ff8
[INFO] [stdout]   28:     0x55b411ef54b3 - main
[INFO] [stdout]   29:     0x7f5bb47c70b3 - __libc_start_main
[INFO] [stdout]   30:     0x55b411eeef2e - _start
[INFO] [stdout]   31:                0x0 - <unknown>
[INFO] [stdout] 
[INFO] [stdout] 
[INFO] [stdout] 
[INFO] [stdout] failures:
[INFO] [stdout]     src/lib.rs - crush (line 18)
[INFO] [stdout] 
[INFO] [stdout] test result: FAILED. 0 passed; 1 failed; 0 ignored; 0 measured; 0 filtered out; finished in 6.30s
[INFO] [stdout] 
[INFO] [stderr] error: test failed, to rerun pass '--doc'
[INFO] running `Command { std: "docker" "inspect" "3bf43daca7790c2fbfc725bad804a3b03ec8c629a1d0e6536c2d89c08ab3a768", kill_on_drop: false }`
[INFO] running `Command { std: "docker" "rm" "-f" "3bf43daca7790c2fbfc725bad804a3b03ec8c629a1d0e6536c2d89c08ab3a768", kill_on_drop: false }`
[INFO] [stdout] 3bf43daca7790c2fbfc725bad804a3b03ec8c629a1d0e6536c2d89c08ab3a768
