[INFO] fetching crate play 0.5.3...
[INFO] testing play-0.5.3 against beta-2021-08-01 for beta-1.55-1
[INFO] extracting crate play 0.5.3 into /workspace/builds/worker-6/source
[INFO] validating manifest of crates.io crate play 0.5.3 on toolchain beta-2021-08-01
[INFO] running `Command { std: "/workspace/cargo-home/bin/cargo" "+beta-2021-08-01" "metadata" "--manifest-path" "Cargo.toml" "--no-deps", kill_on_drop: false }`
[INFO] started tweaking crates.io crate play 0.5.3
[INFO] finished tweaking crates.io crate play 0.5.3
[INFO] tweaked toml for crates.io crate play 0.5.3 written to /workspace/builds/worker-6/source/Cargo.toml
[INFO] running `Command { std: "/workspace/cargo-home/bin/cargo" "+beta-2021-08-01" "generate-lockfile" "--manifest-path" "Cargo.toml" "-Zno-index-update", kill_on_drop: false }`
[INFO] running `Command { std: "/workspace/cargo-home/bin/cargo" "+beta-2021-08-01" "fetch" "--manifest-path" "Cargo.toml", kill_on_drop: false }`
[INFO] [stderr]  Downloading crates ...
[INFO] [stderr]   Downloaded out123-sys v0.5.0
[INFO] [stderr]   Downloaded mpg123-sys v0.6.0
[INFO] running `Command { std: "docker" "create" "-v" "/var/lib/crater-agent-workspace/builds/worker-6/target:/opt/rustwide/target:rw,Z" "-v" "/var/lib/crater-agent-workspace/builds/worker-6/source:/opt/rustwide/workdir:ro,Z" "-v" "/var/lib/crater-agent-workspace/cargo-home:/opt/rustwide/cargo-home:ro,Z" "-v" "/var/lib/crater-agent-workspace/rustup-home:/opt/rustwide/rustup-home:ro,Z" "-e" "SOURCE_DIR=/opt/rustwide/workdir" "-e" "CARGO_TARGET_DIR=/opt/rustwide/target" "-e" "CARGO_HOME=/opt/rustwide/cargo-home" "-e" "RUSTUP_HOME=/opt/rustwide/rustup-home" "-w" "/opt/rustwide/workdir" "-m" "1610612736" "--user" "0:0" "--network" "none" "ghcr.io/rust-lang/crates-build-env/linux@sha256:34b6a614d2c27851fe6cbf88fbd1137609cefab8b10d0615aaeb6fd47975d74e" "/opt/rustwide/cargo-home/bin/cargo" "+beta-2021-08-01" "metadata" "--no-deps" "--format-version=1", kill_on_drop: false }`
[INFO] [stdout] da9bb64a68dfe52f39ec4657e74fdd8a1d0e30708e9735f332fc8923427abe80
[INFO] [stderr] WARNING: Your kernel does not support swap limit capabilities or the cgroup is not mounted. Memory limited without swap.
[INFO] running `Command { std: "docker" "start" "-a" "da9bb64a68dfe52f39ec4657e74fdd8a1d0e30708e9735f332fc8923427abe80", kill_on_drop: false }`
[INFO] running `Command { std: "docker" "inspect" "da9bb64a68dfe52f39ec4657e74fdd8a1d0e30708e9735f332fc8923427abe80", kill_on_drop: false }`
[INFO] running `Command { std: "docker" "rm" "-f" "da9bb64a68dfe52f39ec4657e74fdd8a1d0e30708e9735f332fc8923427abe80", kill_on_drop: false }`
[INFO] [stdout] da9bb64a68dfe52f39ec4657e74fdd8a1d0e30708e9735f332fc8923427abe80
[INFO] running `Command { std: "docker" "create" "-v" "/var/lib/crater-agent-workspace/builds/worker-6/target:/opt/rustwide/target:rw,Z" "-v" "/var/lib/crater-agent-workspace/builds/worker-6/source:/opt/rustwide/workdir:ro,Z" "-v" "/var/lib/crater-agent-workspace/cargo-home:/opt/rustwide/cargo-home:ro,Z" "-v" "/var/lib/crater-agent-workspace/rustup-home:/opt/rustwide/rustup-home:ro,Z" "-e" "SOURCE_DIR=/opt/rustwide/workdir" "-e" "CARGO_TARGET_DIR=/opt/rustwide/target" "-e" "CARGO_INCREMENTAL=0" "-e" "RUST_BACKTRACE=full" "-e" "RUSTFLAGS=--cap-lints=warn" "-e" "CARGO_HOME=/opt/rustwide/cargo-home" "-e" "RUSTUP_HOME=/opt/rustwide/rustup-home" "-w" "/opt/rustwide/workdir" "-m" "1610612736" "--user" "0:0" "--network" "none" "ghcr.io/rust-lang/crates-build-env/linux@sha256:34b6a614d2c27851fe6cbf88fbd1137609cefab8b10d0615aaeb6fd47975d74e" "/opt/rustwide/cargo-home/bin/cargo" "+beta-2021-08-01" "build" "--frozen" "--message-format=json", kill_on_drop: false }`
[INFO] [stderr] WARNING: Your kernel does not support swap limit capabilities or the cgroup is not mounted. Memory limited without swap.
[INFO] [stdout] 1f43524b803b046690b48b6b021919f9c9b1568bc775dd85f1af0033dd77eb5e
[INFO] running `Command { std: "docker" "start" "-a" "1f43524b803b046690b48b6b021919f9c9b1568bc775dd85f1af0033dd77eb5e", kill_on_drop: false }`
[INFO] [stderr]    Compiling mpg123-sys v0.6.0
[INFO] [stderr]    Compiling out123-sys v0.5.0
[INFO] [stderr]    Compiling play v0.5.3 (/opt/rustwide/workdir)
[INFO] [stdout] warning: type annotations needed
[INFO] [stdout]   --> src/lib.rs:45:28
[INFO] [stdout]    |
[INFO] [stdout] 45 |                 if !buffer.is_null() {
[INFO] [stdout]    |                            ^^^^^^^
[INFO] [stdout] ...
[INFO] [stdout] 66 |             cleanup_and_raise!("failed to instantiate mpg123");
[INFO] [stdout]    |             --------------------------------------------------- in this macro invocation
[INFO] [stdout]    |
[INFO] [stdout]    = note: `#[warn(tyvar_behind_raw_pointer)]` on by default
[INFO] [stdout]    = warning: this is accepted in the current edition (Rust 2015) but is a hard error in Rust 2018!
[INFO] [stdout]    = note: for more information, see issue #46906 <https://github.com/rust-lang/rust/issues/46906>
[INFO] [stdout]    = note: this warning originates in the macro `cleanup` (in Nightly builds, run with -Z macro-backtrace for more info)
[INFO] [stdout] 
[INFO] [stdout] 
[INFO] [stdout] warning: type annotations needed
[INFO] [stdout]   --> src/lib.rs:48:35
[INFO] [stdout]    |
[INFO] [stdout] 48 |                 if !out123_handle.is_null() {
[INFO] [stdout]    |                                   ^^^^^^^
[INFO] [stdout] ...
[INFO] [stdout] 66 |             cleanup_and_raise!("failed to instantiate mpg123");
[INFO] [stdout]    |             --------------------------------------------------- in this macro invocation
[INFO] [stdout]    |
[INFO] [stdout]    = warning: this is accepted in the current edition (Rust 2015) but is a hard error in Rust 2018!
[INFO] [stdout]    = note: for more information, see issue #46906 <https://github.com/rust-lang/rust/issues/46906>
[INFO] [stdout]    = note: this warning originates in the macro `cleanup` (in Nightly builds, run with -Z macro-backtrace for more info)
[INFO] [stdout] 
[INFO] [stdout] 
[INFO] [stdout] warning: type annotations needed
[INFO] [stdout]   --> src/lib.rs:45:28
[INFO] [stdout]    |
[INFO] [stdout] 45 |                 if !buffer.is_null() {
[INFO] [stdout]    |                            ^^^^^^^
[INFO] [stdout] ...
[INFO] [stdout] 70 |             cleanup_and_raise!("failed to open the input");
[INFO] [stdout]    |             ----------------------------------------------- in this macro invocation
[INFO] [stdout]    |
[INFO] [stdout]    = warning: this is accepted in the current edition (Rust 2015) but is a hard error in Rust 2018!
[INFO] [stdout]    = note: for more information, see issue #46906 <https://github.com/rust-lang/rust/issues/46906>
[INFO] [stdout]    = note: this warning originates in the macro `cleanup` (in Nightly builds, run with -Z macro-backtrace for more info)
[INFO] [stdout] 
[INFO] [stdout] 
[INFO] [stdout] warning: type annotations needed
[INFO] [stdout]   --> src/lib.rs:45:28
[INFO] [stdout]    |
[INFO] [stdout] 45 |                 if !buffer.is_null() {
[INFO] [stdout]    |                            ^^^^^^^
[INFO] [stdout] ...
[INFO] [stdout] 77 |             cleanup_and_raise!("failed to get the format");
[INFO] [stdout]    |             ----------------------------------------------- in this macro invocation
[INFO] [stdout]    |
[INFO] [stdout]    = warning: this is accepted in the current edition (Rust 2015) but is a hard error in Rust 2018!
[INFO] [stdout]    = note: for more information, see issue #46906 <https://github.com/rust-lang/rust/issues/46906>
[INFO] [stdout]    = note: this warning originates in the macro `cleanup` (in Nightly builds, run with -Z macro-backtrace for more info)
[INFO] [stdout] 
[INFO] [stdout] 
[INFO] [stdout] warning: type annotations needed
[INFO] [stdout]   --> src/lib.rs:45:28
[INFO] [stdout]    |
[INFO] [stdout] 45 |                 if !buffer.is_null() {
[INFO] [stdout]    |                            ^^^^^^^
[INFO] [stdout] ...
[INFO] [stdout] 81 |             cleanup_and_raise!("failed to instantiate out123");
[INFO] [stdout]    |             --------------------------------------------------- in this macro invocation
[INFO] [stdout]    |
[INFO] [stdout]    = warning: this is accepted in the current edition (Rust 2015) but is a hard error in Rust 2018!
[INFO] [stdout]    = note: for more information, see issue #46906 <https://github.com/rust-lang/rust/issues/46906>
[INFO] [stdout]    = note: this warning originates in the macro `cleanup` (in Nightly builds, run with -Z macro-backtrace for more info)
[INFO] [stdout] 
[INFO] [stdout] 
[INFO] [stdout] warning: type annotations needed
[INFO] [stdout]   --> src/lib.rs:45:28
[INFO] [stdout]    |
[INFO] [stdout] 45 |                 if !buffer.is_null() {
[INFO] [stdout]    |                            ^^^^^^^
[INFO] [stdout] ...
[INFO] [stdout] 85 |             cleanup_and_raise!("failed to open the output");
[INFO] [stdout]    |             ------------------------------------------------ in this macro invocation
[INFO] [stdout]    |
[INFO] [stdout]    = warning: this is accepted in the current edition (Rust 2015) but is a hard error in Rust 2018!
[INFO] [stdout]    = note: for more information, see issue #46906 <https://github.com/rust-lang/rust/issues/46906>
[INFO] [stdout]    = note: this warning originates in the macro `cleanup` (in Nightly builds, run with -Z macro-backtrace for more info)
[INFO] [stdout] 
[INFO] [stdout] 
[INFO] [stdout] warning: type annotations needed
[INFO] [stdout]   --> src/lib.rs:45:28
[INFO] [stdout]    |
[INFO] [stdout] 45 |                 if !buffer.is_null() {
[INFO] [stdout]    |                            ^^^^^^^
[INFO] [stdout] ...
[INFO] [stdout] 89 |             cleanup_and_raise!("failed to start the output");
[INFO] [stdout]    |             ------------------------------------------------- in this macro invocation
[INFO] [stdout]    |
[INFO] [stdout]    = warning: this is accepted in the current edition (Rust 2015) but is a hard error in Rust 2018!
[INFO] [stdout]    = note: for more information, see issue #46906 <https://github.com/rust-lang/rust/issues/46906>
[INFO] [stdout]    = note: this warning originates in the macro `cleanup` (in Nightly builds, run with -Z macro-backtrace for more info)
[INFO] [stdout] 
[INFO] [stdout] 
[INFO] [stdout] warning: 7 warnings emitted
[INFO] [stdout] 
[INFO] [stdout] 
[INFO] [stderr]     Finished dev [unoptimized + debuginfo] target(s) in 56.98s
[INFO] running `Command { std: "docker" "inspect" "1f43524b803b046690b48b6b021919f9c9b1568bc775dd85f1af0033dd77eb5e", kill_on_drop: false }`
[INFO] running `Command { std: "docker" "rm" "-f" "1f43524b803b046690b48b6b021919f9c9b1568bc775dd85f1af0033dd77eb5e", kill_on_drop: false }`
[INFO] [stdout] 1f43524b803b046690b48b6b021919f9c9b1568bc775dd85f1af0033dd77eb5e
[INFO] running `Command { std: "docker" "create" "-v" "/var/lib/crater-agent-workspace/builds/worker-6/target:/opt/rustwide/target:rw,Z" "-v" "/var/lib/crater-agent-workspace/builds/worker-6/source:/opt/rustwide/workdir:ro,Z" "-v" "/var/lib/crater-agent-workspace/cargo-home:/opt/rustwide/cargo-home:ro,Z" "-v" "/var/lib/crater-agent-workspace/rustup-home:/opt/rustwide/rustup-home:ro,Z" "-e" "SOURCE_DIR=/opt/rustwide/workdir" "-e" "CARGO_TARGET_DIR=/opt/rustwide/target" "-e" "CARGO_INCREMENTAL=0" "-e" "RUST_BACKTRACE=full" "-e" "RUSTFLAGS=--cap-lints=warn" "-e" "CARGO_HOME=/opt/rustwide/cargo-home" "-e" "RUSTUP_HOME=/opt/rustwide/rustup-home" "-w" "/opt/rustwide/workdir" "-m" "1610612736" "--user" "0:0" "--network" "none" "ghcr.io/rust-lang/crates-build-env/linux@sha256:34b6a614d2c27851fe6cbf88fbd1137609cefab8b10d0615aaeb6fd47975d74e" "/opt/rustwide/cargo-home/bin/cargo" "+beta-2021-08-01" "test" "--frozen" "--no-run" "--message-format=json", kill_on_drop: false }`
[INFO] [stdout] 10ec96919a66f559e2120a2c84e8566e34f254a3f6b76989ea3cc0c8626ac466
[INFO] [stderr] WARNING: Your kernel does not support swap limit capabilities or the cgroup is not mounted. Memory limited without swap.
[INFO] running `Command { std: "docker" "start" "-a" "10ec96919a66f559e2120a2c84e8566e34f254a3f6b76989ea3cc0c8626ac466", kill_on_drop: false }`
[INFO] [stdout] warning: type annotations needed
[INFO] [stdout]   --> src/lib.rs:45:28
[INFO] [stdout]    |
[INFO] [stdout] 45 |                 if !buffer.is_null() {
[INFO] [stdout]    |                            ^^^^^^^
[INFO] [stdout] ...
[INFO] [stdout] 66 |             cleanup_and_raise!("failed to instantiate mpg123");
[INFO] [stdout]    |             --------------------------------------------------- in this macro invocation
[INFO] [stdout]    |
[INFO] [stdout]    = note: `#[warn(tyvar_behind_raw_pointer)]` on by default
[INFO] [stdout]    = warning: this is accepted in the current edition (Rust 2015) but is a hard error in Rust 2018!
[INFO] [stdout]    = note: for more information, see issue #46906 <https://github.com/rust-lang/rust/issues/46906>
[INFO] [stdout]    = note: this warning originates in the macro `cleanup` (in Nightly builds, run with -Z macro-backtrace for more info)
[INFO] [stdout] 
[INFO] [stdout] 
[INFO] [stdout] warning: type annotations needed
[INFO] [stdout]   --> src/lib.rs:48:35
[INFO] [stdout]    |
[INFO] [stdout] 48 |                 if !out123_handle.is_null() {
[INFO] [stdout]    |                                   ^^^^^^^
[INFO] [stdout] ...
[INFO] [stdout] 66 |             cleanup_and_raise!("failed to instantiate mpg123");
[INFO] [stdout]    |             --------------------------------------------------- in this macro invocation
[INFO] [stdout]    |
[INFO] [stdout]    = warning: this is accepted in the current edition (Rust 2015) but is a hard error in Rust 2018!
[INFO] [stdout]    = note: for more information, see issue #46906 <https://github.com/rust-lang/rust/issues/46906>
[INFO] [stdout]    = note: this warning originates in the macro `cleanup` (in Nightly builds, run with -Z macro-backtrace for more info)
[INFO] [stdout] 
[INFO] [stdout] 
[INFO] [stdout] warning: type annotations needed
[INFO] [stdout]   --> src/lib.rs:45:28
[INFO] [stdout]    |
[INFO] [stdout] 45 |                 if !buffer.is_null() {
[INFO] [stdout]    |                            ^^^^^^^
[INFO] [stdout] ...
[INFO] [stdout] 70 |             cleanup_and_raise!("failed to open the input");
[INFO] [stdout]    |             ----------------------------------------------- in this macro invocation
[INFO] [stdout]    |
[INFO] [stdout]    = warning: this is accepted in the current edition (Rust 2015) but is a hard error in Rust 2018!
[INFO] [stdout]    = note: for more information, see issue #46906 <https://github.com/rust-lang/rust/issues/46906>
[INFO] [stdout]    = note: this warning originates in the macro `cleanup` (in Nightly builds, run with -Z macro-backtrace for more info)
[INFO] [stdout] 
[INFO] [stdout] 
[INFO] [stdout] warning: type annotations needed
[INFO] [stdout]   --> src/lib.rs:45:28
[INFO] [stdout]    |
[INFO] [stdout] 45 |                 if !buffer.is_null() {
[INFO] [stdout]    |                            ^^^^^^^
[INFO] [stdout] ...
[INFO] [stdout] 77 |             cleanup_and_raise!("failed to get the format");
[INFO] [stdout]    |             ----------------------------------------------- in this macro invocation
[INFO] [stdout]    |
[INFO] [stdout]    = warning: this is accepted in the current edition (Rust 2015) but is a hard error in Rust 2018!
[INFO] [stdout]    = note: for more information, see issue #46906 <https://github.com/rust-lang/rust/issues/46906>
[INFO] [stdout]    = note: this warning originates in the macro `cleanup` (in Nightly builds, run with -Z macro-backtrace for more info)
[INFO] [stdout] 
[INFO] [stdout] 
[INFO] [stdout] warning: type annotations needed
[INFO] [stdout]   --> src/lib.rs:45:28
[INFO] [stdout]    |
[INFO] [stdout] 45 |                 if !buffer.is_null() {
[INFO] [stdout]    |                            ^^^^^^^
[INFO] [stdout] ...
[INFO] [stdout] 81 |             cleanup_and_raise!("failed to instantiate out123");
[INFO] [stdout]    |             --------------------------------------------------- in this macro invocation
[INFO] [stdout]    |
[INFO] [stdout]    = warning: this is accepted in the current edition (Rust 2015) but is a hard error in Rust 2018!
[INFO] [stdout]    = note: for more information, see issue #46906 <https://github.com/rust-lang/rust/issues/46906>
[INFO] [stdout]    = note: this warning originates in the macro `cleanup` (in Nightly builds, run with -Z macro-backtrace for more info)
[INFO] [stdout] 
[INFO] [stdout] 
[INFO] [stdout] warning: type annotations needed
[INFO] [stdout]   --> src/lib.rs:45:28
[INFO] [stdout]    |
[INFO] [stdout] 45 |                 if !buffer.is_null() {
[INFO] [stdout]    |                            ^^^^^^^
[INFO] [stdout] ...
[INFO] [stdout] 85 |             cleanup_and_raise!("failed to open the output");
[INFO] [stdout]    |             ------------------------------------------------ in this macro invocation
[INFO] [stdout]    |
[INFO] [stdout]    = warning: this is accepted in the current edition (Rust 2015) but is a hard error in Rust 2018!
[INFO] [stdout]    = note: for more information, see issue #46906 <https://github.com/rust-lang/rust/issues/46906>
[INFO] [stdout]    = note: this warning originates in the macro `cleanup` (in Nightly builds, run with -Z macro-backtrace for more info)
[INFO] [stdout] 
[INFO] [stdout] 
[INFO] [stdout] warning: type annotations needed
[INFO] [stdout]   --> src/lib.rs:45:28
[INFO] [stdout]    |
[INFO] [stdout] 45 |                 if !buffer.is_null() {
[INFO] [stdout]    |                            ^^^^^^^
[INFO] [stdout] ...
[INFO] [stdout] 89 |             cleanup_and_raise!("failed to start the output");
[INFO] [stdout]    |             ------------------------------------------------- in this macro invocation
[INFO] [stdout]    |
[INFO] [stdout]    = warning: this is accepted in the current edition (Rust 2015) but is a hard error in Rust 2018!
[INFO] [stdout]    = note: for more information, see issue #46906 <https://github.com/rust-lang/rust/issues/46906>
[INFO] [stdout]    = note: this warning originates in the macro `cleanup` (in Nightly builds, run with -Z macro-backtrace for more info)
[INFO] [stdout] 
[INFO] [stdout] 
[INFO] [stdout] warning: 7 warnings emitted
[INFO] [stdout] 
[INFO] [stdout] 
[INFO] [stderr]    Compiling play v0.5.3 (/opt/rustwide/workdir)
[INFO] [stdout] warning: type annotations needed
[INFO] [stdout]   --> src/lib.rs:45:28
[INFO] [stdout]    |
[INFO] [stdout] 45 |                 if !buffer.is_null() {
[INFO] [stdout]    |                            ^^^^^^^
[INFO] [stdout] ...
[INFO] [stdout] 66 |             cleanup_and_raise!("failed to instantiate mpg123");
[INFO] [stdout]    |             --------------------------------------------------- in this macro invocation
[INFO] [stdout]    |
[INFO] [stdout]    = note: `#[warn(tyvar_behind_raw_pointer)]` on by default
[INFO] [stdout]    = warning: this is accepted in the current edition (Rust 2015) but is a hard error in Rust 2018!
[INFO] [stdout]    = note: for more information, see issue #46906 <https://github.com/rust-lang/rust/issues/46906>
[INFO] [stdout]    = note: this warning originates in the macro `cleanup` (in Nightly builds, run with -Z macro-backtrace for more info)
[INFO] [stdout] 
[INFO] [stdout] 
[INFO] [stdout] warning: type annotations needed
[INFO] [stdout]   --> src/lib.rs:48:35
[INFO] [stdout]    |
[INFO] [stdout] 48 |                 if !out123_handle.is_null() {
[INFO] [stdout]    |                                   ^^^^^^^
[INFO] [stdout] ...
[INFO] [stdout] 66 |             cleanup_and_raise!("failed to instantiate mpg123");
[INFO] [stdout]    |             --------------------------------------------------- in this macro invocation
[INFO] [stdout]    |
[INFO] [stdout]    = warning: this is accepted in the current edition (Rust 2015) but is a hard error in Rust 2018!
[INFO] [stdout]    = note: for more information, see issue #46906 <https://github.com/rust-lang/rust/issues/46906>
[INFO] [stdout]    = note: this warning originates in the macro `cleanup` (in Nightly builds, run with -Z macro-backtrace for more info)
[INFO] [stdout] 
[INFO] [stdout] 
[INFO] [stdout] warning: type annotations needed
[INFO] [stdout]   --> src/lib.rs:45:28
[INFO] [stdout]    |
[INFO] [stdout] 45 |                 if !buffer.is_null() {
[INFO] [stdout]    |                            ^^^^^^^
[INFO] [stdout] ...
[INFO] [stdout] 70 |             cleanup_and_raise!("failed to open the input");
[INFO] [stdout]    |             ----------------------------------------------- in this macro invocation
[INFO] [stdout]    |
[INFO] [stdout]    = warning: this is accepted in the current edition (Rust 2015) but is a hard error in Rust 2018!
[INFO] [stdout]    = note: for more information, see issue #46906 <https://github.com/rust-lang/rust/issues/46906>
[INFO] [stdout]    = note: this warning originates in the macro `cleanup` (in Nightly builds, run with -Z macro-backtrace for more info)
[INFO] [stdout] 
[INFO] [stdout] 
[INFO] [stdout] warning: type annotations needed
[INFO] [stdout]   --> src/lib.rs:45:28
[INFO] [stdout]    |
[INFO] [stdout] 45 |                 if !buffer.is_null() {
[INFO] [stdout]    |                            ^^^^^^^
[INFO] [stdout] ...
[INFO] [stdout] 77 |             cleanup_and_raise!("failed to get the format");
[INFO] [stdout]    |             ----------------------------------------------- in this macro invocation
[INFO] [stdout]    |
[INFO] [stdout]    = warning: this is accepted in the current edition (Rust 2015) but is a hard error in Rust 2018!
[INFO] [stdout]    = note: for more information, see issue #46906 <https://github.com/rust-lang/rust/issues/46906>
[INFO] [stdout]    = note: this warning originates in the macro `cleanup` (in Nightly builds, run with -Z macro-backtrace for more info)
[INFO] [stdout] 
[INFO] [stdout] 
[INFO] [stdout] warning: type annotations needed
[INFO] [stdout]   --> src/lib.rs:45:28
[INFO] [stdout]    |
[INFO] [stdout] 45 |                 if !buffer.is_null() {
[INFO] [stdout]    |                            ^^^^^^^
[INFO] [stdout] ...
[INFO] [stdout] 81 |             cleanup_and_raise!("failed to instantiate out123");
[INFO] [stdout]    |             --------------------------------------------------- in this macro invocation
[INFO] [stdout]    |
[INFO] [stdout]    = warning: this is accepted in the current edition (Rust 2015) but is a hard error in Rust 2018!
[INFO] [stdout]    = note: for more information, see issue #46906 <https://github.com/rust-lang/rust/issues/46906>
[INFO] [stdout]    = note: this warning originates in the macro `cleanup` (in Nightly builds, run with -Z macro-backtrace for more info)
[INFO] [stdout] 
[INFO] [stdout] 
[INFO] [stdout] warning: type annotations needed
[INFO] [stdout]   --> src/lib.rs:45:28
[INFO] [stdout]    |
[INFO] [stdout] 45 |                 if !buffer.is_null() {
[INFO] [stdout]    |                            ^^^^^^^
[INFO] [stdout] ...
[INFO] [stdout] 85 |             cleanup_and_raise!("failed to open the output");
[INFO] [stdout]    |             ------------------------------------------------ in this macro invocation
[INFO] [stdout]    |
[INFO] [stdout]    = warning: this is accepted in the current edition (Rust 2015) but is a hard error in Rust 2018!
[INFO] [stdout]    = note: for more information, see issue #46906 <https://github.com/rust-lang/rust/issues/46906>
[INFO] [stdout]    = note: this warning originates in the macro `cleanup` (in Nightly builds, run with -Z macro-backtrace for more info)
[INFO] [stdout] 
[INFO] [stdout] 
[INFO] [stdout] warning: type annotations needed
[INFO] [stdout]   --> src/lib.rs:45:28
[INFO] [stdout]    |
[INFO] [stdout] 45 |                 if !buffer.is_null() {
[INFO] [stdout]    |                            ^^^^^^^
[INFO] [stdout] ...
[INFO] [stdout] 89 |             cleanup_and_raise!("failed to start the output");
[INFO] [stdout]    |             ------------------------------------------------- in this macro invocation
[INFO] [stdout]    |
[INFO] [stdout]    = warning: this is accepted in the current edition (Rust 2015) but is a hard error in Rust 2018!
[INFO] [stdout]    = note: for more information, see issue #46906 <https://github.com/rust-lang/rust/issues/46906>
[INFO] [stdout]    = note: this warning originates in the macro `cleanup` (in Nightly builds, run with -Z macro-backtrace for more info)
[INFO] [stdout] 
[INFO] [stdout] 
[INFO] [stdout] warning: 7 warnings emitted
[INFO] [stdout] 
[INFO] [stdout] 
[INFO] [stderr]     Finished test [unoptimized + debuginfo] target(s) in 0.54s
[INFO] running `Command { std: "docker" "inspect" "10ec96919a66f559e2120a2c84e8566e34f254a3f6b76989ea3cc0c8626ac466", kill_on_drop: false }`
[INFO] running `Command { std: "docker" "rm" "-f" "10ec96919a66f559e2120a2c84e8566e34f254a3f6b76989ea3cc0c8626ac466", kill_on_drop: false }`
[INFO] [stdout] 10ec96919a66f559e2120a2c84e8566e34f254a3f6b76989ea3cc0c8626ac466
[INFO] running `Command { std: "docker" "create" "-v" "/var/lib/crater-agent-workspace/builds/worker-6/target:/opt/rustwide/target:rw,Z" "-v" "/var/lib/crater-agent-workspace/builds/worker-6/source:/opt/rustwide/workdir:ro,Z" "-v" "/var/lib/crater-agent-workspace/cargo-home:/opt/rustwide/cargo-home:ro,Z" "-v" "/var/lib/crater-agent-workspace/rustup-home:/opt/rustwide/rustup-home:ro,Z" "-e" "SOURCE_DIR=/opt/rustwide/workdir" "-e" "CARGO_TARGET_DIR=/opt/rustwide/target" "-e" "CARGO_INCREMENTAL=0" "-e" "RUST_BACKTRACE=full" "-e" "RUSTFLAGS=--cap-lints=warn" "-e" "CARGO_HOME=/opt/rustwide/cargo-home" "-e" "RUSTUP_HOME=/opt/rustwide/rustup-home" "-w" "/opt/rustwide/workdir" "-m" "1610612736" "--user" "0:0" "--network" "none" "ghcr.io/rust-lang/crates-build-env/linux@sha256:34b6a614d2c27851fe6cbf88fbd1137609cefab8b10d0615aaeb6fd47975d74e" "/opt/rustwide/cargo-home/bin/cargo" "+beta-2021-08-01" "test" "--frozen", kill_on_drop: false }`
[INFO] [stdout] 419f46caf604f0526383203e08efe45d5bc7d46b4d6a9b38e41dc3bb22ddec02
[INFO] [stderr] WARNING: Your kernel does not support swap limit capabilities or the cgroup is not mounted. Memory limited without swap.
[INFO] running `Command { std: "docker" "start" "-a" "419f46caf604f0526383203e08efe45d5bc7d46b4d6a9b38e41dc3bb22ddec02", kill_on_drop: false }`
[INFO] [stderr] warning: type annotations needed
[INFO] [stderr]   --> src/lib.rs:45:28
[INFO] [stderr]    |
[INFO] [stderr] 45 |                 if !buffer.is_null() {
[INFO] [stderr]    |                            ^^^^^^^
[INFO] [stderr] ...
[INFO] [stderr] 66 |             cleanup_and_raise!("failed to instantiate mpg123");
[INFO] [stderr]    |             --------------------------------------------------- in this macro invocation
[INFO] [stderr]    |
[INFO] [stderr]    = note: `#[warn(tyvar_behind_raw_pointer)]` on by default
[INFO] [stderr]    = warning: this is accepted in the current edition (Rust 2015) but is a hard error in Rust 2018!
[INFO] [stderr]    = note: for more information, see issue #46906 <https://github.com/rust-lang/rust/issues/46906>
[INFO] [stderr]    = note: this warning originates in the macro `cleanup` (in Nightly builds, run with -Z macro-backtrace for more info)
[INFO] [stderr] 
[INFO] [stderr] warning: type annotations needed
[INFO] [stderr]   --> src/lib.rs:48:35
[INFO] [stderr]    |
[INFO] [stderr] 48 |                 if !out123_handle.is_null() {
[INFO] [stderr]    |                                   ^^^^^^^
[INFO] [stderr] ...
[INFO] [stderr] 66 |             cleanup_and_raise!("failed to instantiate mpg123");
[INFO] [stderr]    |             --------------------------------------------------- in this macro invocation
[INFO] [stderr]    |
[INFO] [stderr]    = warning: this is accepted in the current edition (Rust 2015) but is a hard error in Rust 2018!
[INFO] [stderr]    = note: for more information, see issue #46906 <https://github.com/rust-lang/rust/issues/46906>
[INFO] [stderr]    = note: this warning originates in the macro `cleanup` (in Nightly builds, run with -Z macro-backtrace for more info)
[INFO] [stderr] 
[INFO] [stderr] warning: type annotations needed
[INFO] [stderr]   --> src/lib.rs:45:28
[INFO] [stderr]    |
[INFO] [stderr] 45 |                 if !buffer.is_null() {
[INFO] [stderr]    |                            ^^^^^^^
[INFO] [stderr] ...
[INFO] [stderr] 70 |             cleanup_and_raise!("failed to open the input");
[INFO] [stderr]    |             ----------------------------------------------- in this macro invocation
[INFO] [stderr]    |
[INFO] [stderr]    = warning: this is accepted in the current edition (Rust 2015) but is a hard error in Rust 2018!
[INFO] [stderr]    = note: for more information, see issue #46906 <https://github.com/rust-lang/rust/issues/46906>
[INFO] [stderr]    = note: this warning originates in the macro `cleanup` (in Nightly builds, run with -Z macro-backtrace for more info)
[INFO] [stderr] 
[INFO] [stderr] warning: type annotations needed
[INFO] [stderr]   --> src/lib.rs:45:28
[INFO] [stderr]    |
[INFO] [stderr] 45 |                 if !buffer.is_null() {
[INFO] [stderr]    |                            ^^^^^^^
[INFO] [stderr] ...
[INFO] [stderr] 77 |             cleanup_and_raise!("failed to get the format");
[INFO] [stderr]    |             ----------------------------------------------- in this macro invocation
[INFO] [stderr]    |
[INFO] [stderr]    = warning: this is accepted in the current edition (Rust 2015) but is a hard error in Rust 2018!
[INFO] [stderr]    = note: for more information, see issue #46906 <https://github.com/rust-lang/rust/issues/46906>
[INFO] [stderr]    = note: this warning originates in the macro `cleanup` (in Nightly builds, run with -Z macro-backtrace for more info)
[INFO] [stderr] 
[INFO] [stderr] warning: type annotations needed
[INFO] [stderr]   --> src/lib.rs:45:28
[INFO] [stderr]    |
[INFO] [stderr] 45 |                 if !buffer.is_null() {
[INFO] [stderr]    |                            ^^^^^^^
[INFO] [stderr] ...
[INFO] [stderr] 81 |             cleanup_and_raise!("failed to instantiate out123");
[INFO] [stderr]    |             --------------------------------------------------- in this macro invocation
[INFO] [stderr]    |
[INFO] [stderr]    = warning: this is accepted in the current edition (Rust 2015) but is a hard error in Rust 2018!
[INFO] [stderr]    = note: for more information, see issue #46906 <https://github.com/rust-lang/rust/issues/46906>
[INFO] [stderr]    = note: this warning originates in the macro `cleanup` (in Nightly builds, run with -Z macro-backtrace for more info)
[INFO] [stderr] 
[INFO] [stderr] warning: type annotations needed
[INFO] [stderr]   --> src/lib.rs:45:28
[INFO] [stderr]    |
[INFO] [stderr] 45 |                 if !buffer.is_null() {
[INFO] [stderr]    |                            ^^^^^^^
[INFO] [stderr] ...
[INFO] [stderr] 85 |             cleanup_and_raise!("failed to open the output");
[INFO] [stderr]    |             ------------------------------------------------ in this macro invocation
[INFO] [stderr]    |
[INFO] [stderr]    = warning: this is accepted in the current edition (Rust 2015) but is a hard error in Rust 2018!
[INFO] [stderr]    = note: for more information, see issue #46906 <https://github.com/rust-lang/rust/issues/46906>
[INFO] [stderr]    = note: this warning originates in the macro `cleanup` (in Nightly builds, run with -Z macro-backtrace for more info)
[INFO] [stderr] 
[INFO] [stderr] warning: type annotations needed
[INFO] [stderr]   --> src/lib.rs:45:28
[INFO] [stderr]    |
[INFO] [stderr] 45 |                 if !buffer.is_null() {
[INFO] [stderr]    |                            ^^^^^^^
[INFO] [stderr] ...
[INFO] [stderr] 89 |             cleanup_and_raise!("failed to start the output");
[INFO] [stderr]    |             ------------------------------------------------- in this macro invocation
[INFO] [stderr]    |
[INFO] [stderr]    = warning: this is accepted in the current edition (Rust 2015) but is a hard error in Rust 2018!
[INFO] [stderr]    = note: for more information, see issue #46906 <https://github.com/rust-lang/rust/issues/46906>
[INFO] [stderr]    = note: this warning originates in the macro `cleanup` (in Nightly builds, run with -Z macro-backtrace for more info)
[INFO] [stderr] 
[INFO] [stderr] warning: `play` (lib) generated 7 warnings
[INFO] [stderr] warning: `play` (lib test) generated 7 warnings (7 duplicates)
[INFO] [stderr]     Finished test [unoptimized + debuginfo] target(s) in 0.01s
[INFO] [stderr]      Running unittests (/opt/rustwide/target/debug/deps/play-e5ae3564faa32a70)
[INFO] [stdout] 
[INFO] [stderr]    Doc-tests play
[INFO] [stdout] running 0 tests
[INFO] [stdout] 
[INFO] [stdout] test result: ok. 0 passed; 0 failed; 0 ignored; 0 measured; 0 filtered out; finished in 0.00s
[INFO] [stdout] 
[INFO] [stdout] 
[INFO] [stdout] running 1 test
[INFO] [stdout] test src/lib.rs - (line 5) ... FAILED
[INFO] [stdout] 
[INFO] [stdout] failures:
[INFO] [stdout] 
[INFO] [stdout] ---- src/lib.rs - (line 5) stdout ----
[INFO] [stdout] Test executable failed (exit code 127).
[INFO] [stdout] 
[INFO] [stdout] stderr:
[INFO] [stdout] /tmp/rustdoctest928EZm/rust_out: error while loading shared libraries: libout123.so.0: cannot open shared object file: No such file or directory
[INFO] [stdout] 
[INFO] [stdout] 
[INFO] [stdout] 
[INFO] [stdout] failures:
[INFO] [stdout]     src/lib.rs - (line 5)
[INFO] [stdout] 
[INFO] [stdout] test result: FAILED. 0 passed; 1 failed; 0 ignored; 0 measured; 0 filtered out; finished in 0.59s
[INFO] [stdout] 
[INFO] [stderr] error: test failed, to rerun pass '--doc'
[INFO] running `Command { std: "docker" "inspect" "419f46caf604f0526383203e08efe45d5bc7d46b4d6a9b38e41dc3bb22ddec02", kill_on_drop: false }`
[INFO] running `Command { std: "docker" "rm" "-f" "419f46caf604f0526383203e08efe45d5bc7d46b4d6a9b38e41dc3bb22ddec02", kill_on_drop: false }`
[INFO] [stdout] 419f46caf604f0526383203e08efe45d5bc7d46b4d6a9b38e41dc3bb22ddec02
