[INFO] fetching crate plaster 0.2.5...
[INFO] testing plaster-0.2.5 against beta-2021-08-01 for beta-1.55-1
[INFO] extracting crate plaster 0.2.5 into /workspace/builds/worker-6/source
[INFO] validating manifest of crates.io crate plaster 0.2.5 on toolchain beta-2021-08-01
[INFO] running `Command { std: "/workspace/cargo-home/bin/cargo" "+beta-2021-08-01" "metadata" "--manifest-path" "Cargo.toml" "--no-deps", kill_on_drop: false }`
[INFO] removed /workspace/builds/worker-6/source/.cargo/config
[INFO] started tweaking crates.io crate plaster 0.2.5
[INFO] finished tweaking crates.io crate plaster 0.2.5
[INFO] tweaked toml for crates.io crate plaster 0.2.5 written to /workspace/builds/worker-6/source/Cargo.toml
[INFO] running `Command { std: "/workspace/cargo-home/bin/cargo" "+beta-2021-08-01" "generate-lockfile" "--manifest-path" "Cargo.toml" "-Zno-index-update", kill_on_drop: false }`
[INFO] running `Command { std: "/workspace/cargo-home/bin/cargo" "+beta-2021-08-01" "fetch" "--manifest-path" "Cargo.toml", kill_on_drop: false }`
[INFO] running `Command { std: "docker" "create" "-v" "/var/lib/crater-agent-workspace/builds/worker-6/target:/opt/rustwide/target:rw,Z" "-v" "/var/lib/crater-agent-workspace/builds/worker-6/source:/opt/rustwide/workdir:ro,Z" "-v" "/var/lib/crater-agent-workspace/cargo-home:/opt/rustwide/cargo-home:ro,Z" "-v" "/var/lib/crater-agent-workspace/rustup-home:/opt/rustwide/rustup-home:ro,Z" "-e" "SOURCE_DIR=/opt/rustwide/workdir" "-e" "CARGO_TARGET_DIR=/opt/rustwide/target" "-e" "CARGO_HOME=/opt/rustwide/cargo-home" "-e" "RUSTUP_HOME=/opt/rustwide/rustup-home" "-w" "/opt/rustwide/workdir" "-m" "1610612736" "--user" "0:0" "--network" "none" "ghcr.io/rust-lang/crates-build-env/linux@sha256:34b6a614d2c27851fe6cbf88fbd1137609cefab8b10d0615aaeb6fd47975d74e" "/opt/rustwide/cargo-home/bin/cargo" "+beta-2021-08-01" "metadata" "--no-deps" "--format-version=1", kill_on_drop: false }`
[INFO] [stderr] WARNING: Your kernel does not support swap limit capabilities or the cgroup is not mounted. Memory limited without swap.
[INFO] [stdout] 2dbd8ab06c39b188b162c9dbcee6ff8756a89edb6fcc6c8710e73e184c937f45
[INFO] running `Command { std: "docker" "start" "-a" "2dbd8ab06c39b188b162c9dbcee6ff8756a89edb6fcc6c8710e73e184c937f45", kill_on_drop: false }`
[INFO] running `Command { std: "docker" "inspect" "2dbd8ab06c39b188b162c9dbcee6ff8756a89edb6fcc6c8710e73e184c937f45", kill_on_drop: false }`
[INFO] running `Command { std: "docker" "rm" "-f" "2dbd8ab06c39b188b162c9dbcee6ff8756a89edb6fcc6c8710e73e184c937f45", kill_on_drop: false }`
[INFO] [stdout] 2dbd8ab06c39b188b162c9dbcee6ff8756a89edb6fcc6c8710e73e184c937f45
[INFO] running `Command { std: "docker" "create" "-v" "/var/lib/crater-agent-workspace/builds/worker-6/target:/opt/rustwide/target:rw,Z" "-v" "/var/lib/crater-agent-workspace/builds/worker-6/source:/opt/rustwide/workdir:ro,Z" "-v" "/var/lib/crater-agent-workspace/cargo-home:/opt/rustwide/cargo-home:ro,Z" "-v" "/var/lib/crater-agent-workspace/rustup-home:/opt/rustwide/rustup-home:ro,Z" "-e" "SOURCE_DIR=/opt/rustwide/workdir" "-e" "CARGO_TARGET_DIR=/opt/rustwide/target" "-e" "CARGO_INCREMENTAL=0" "-e" "RUST_BACKTRACE=full" "-e" "RUSTFLAGS=--cap-lints=warn" "-e" "CARGO_HOME=/opt/rustwide/cargo-home" "-e" "RUSTUP_HOME=/opt/rustwide/rustup-home" "-w" "/opt/rustwide/workdir" "-m" "1610612736" "--user" "0:0" "--network" "none" "ghcr.io/rust-lang/crates-build-env/linux@sha256:34b6a614d2c27851fe6cbf88fbd1137609cefab8b10d0615aaeb6fd47975d74e" "/opt/rustwide/cargo-home/bin/cargo" "+beta-2021-08-01" "build" "--frozen" "--message-format=json", kill_on_drop: false }`
[INFO] [stdout] 1b51c833c4b7821b3920e15785135fe1115a357186813a663f1cce007600c0d3
[INFO] [stderr] WARNING: Your kernel does not support swap limit capabilities or the cgroup is not mounted. Memory limited without swap.
[INFO] running `Command { std: "docker" "start" "-a" "1b51c833c4b7821b3920e15785135fe1115a357186813a663f1cce007600c0d3", kill_on_drop: false }`
[INFO] [stderr]    Compiling wasm-bindgen v0.2.75
[INFO] [stderr]    Compiling js-sys v0.3.52
[INFO] [stderr]    Compiling wasm-bindgen-futures v0.3.27
[INFO] [stderr]    Compiling web-sys v0.3.52
[INFO] [stderr]    Compiling plaster v0.2.5 (/opt/rustwide/workdir)
[INFO] [stdout] warning: use of deprecated associated function `std::sync::atomic::AtomicBool::compare_and_swap`: Use `compare_exchange` or `compare_exchange_weak` instead
[INFO] [stdout]   --> src/scheduler.rs:51:22
[INFO] [stdout]    |
[INFO] [stdout] 51 |         if self.lock.compare_and_swap(false, true, Ordering::Relaxed) == false {
[INFO] [stdout]    |                      ^^^^^^^^^^^^^^^^
[INFO] [stdout]    |
[INFO] [stdout]    = note: `#[warn(deprecated)]` on by default
[INFO] [stdout] 
[INFO] [stdout] 
[INFO] [stdout] warning: variable does not need to be mutable
[INFO] [stdout]   --> src/virtual_dom/vlist.rs:70:22
[INFO] [stdout]    |
[INFO] [stdout] 70 |                 Some(mut vnode) => {
[INFO] [stdout]    |                      ----^^^^^
[INFO] [stdout]    |                      |
[INFO] [stdout]    |                      help: remove this `mut`
[INFO] [stdout]    |
[INFO] [stdout]    = note: `#[warn(unused_mut)]` on by default
[INFO] [stdout] 
[INFO] [stdout] 
[INFO] [stdout] warning: unused `Promise` that must be used
[INFO] [stdout]    --> src/html.rs:149:9
[INFO] [stdout]     |
[INFO] [stdout] 149 |         future_to_promise(js_future);
[INFO] [stdout]     |         ^^^^^^^^^^^^^^^^^^^^^^^^^^^^^
[INFO] [stdout]     |
[INFO] [stdout]     = note: `#[warn(unused_must_use)]` on by default
[INFO] [stdout] 
[INFO] [stdout] 
[INFO] [stdout] warning: 3 warnings emitted
[INFO] [stdout] 
[INFO] [stdout] 
[INFO] [stderr]     Finished dev [unoptimized + debuginfo] target(s) in 14.71s
[INFO] running `Command { std: "docker" "inspect" "1b51c833c4b7821b3920e15785135fe1115a357186813a663f1cce007600c0d3", kill_on_drop: false }`
[INFO] running `Command { std: "docker" "rm" "-f" "1b51c833c4b7821b3920e15785135fe1115a357186813a663f1cce007600c0d3", kill_on_drop: false }`
[INFO] [stdout] 1b51c833c4b7821b3920e15785135fe1115a357186813a663f1cce007600c0d3
[INFO] running `Command { std: "docker" "create" "-v" "/var/lib/crater-agent-workspace/builds/worker-6/target:/opt/rustwide/target:rw,Z" "-v" "/var/lib/crater-agent-workspace/builds/worker-6/source:/opt/rustwide/workdir:ro,Z" "-v" "/var/lib/crater-agent-workspace/cargo-home:/opt/rustwide/cargo-home:ro,Z" "-v" "/var/lib/crater-agent-workspace/rustup-home:/opt/rustwide/rustup-home:ro,Z" "-e" "SOURCE_DIR=/opt/rustwide/workdir" "-e" "CARGO_TARGET_DIR=/opt/rustwide/target" "-e" "CARGO_INCREMENTAL=0" "-e" "RUST_BACKTRACE=full" "-e" "RUSTFLAGS=--cap-lints=warn" "-e" "CARGO_HOME=/opt/rustwide/cargo-home" "-e" "RUSTUP_HOME=/opt/rustwide/rustup-home" "-w" "/opt/rustwide/workdir" "-m" "1610612736" "--user" "0:0" "--network" "none" "ghcr.io/rust-lang/crates-build-env/linux@sha256:34b6a614d2c27851fe6cbf88fbd1137609cefab8b10d0615aaeb6fd47975d74e" "/opt/rustwide/cargo-home/bin/cargo" "+beta-2021-08-01" "test" "--frozen" "--no-run" "--message-format=json", kill_on_drop: false }`
[INFO] [stdout] d05f492946dd72bdbc646563999958262626f2e07e6e5033e394ef9918d27c91
[INFO] [stderr] WARNING: Your kernel does not support swap limit capabilities or the cgroup is not mounted. Memory limited without swap.
[INFO] running `Command { std: "docker" "start" "-a" "d05f492946dd72bdbc646563999958262626f2e07e6e5033e394ef9918d27c91", kill_on_drop: false }`
[INFO] [stderr]    Compiling console_error_panic_hook v0.1.6
[INFO] [stdout] warning: use of deprecated associated function `std::sync::atomic::AtomicBool::compare_and_swap`: Use `compare_exchange` or `compare_exchange_weak` instead
[INFO] [stdout]   --> src/scheduler.rs:51:22
[INFO] [stdout]    |
[INFO] [stdout] 51 |         if self.lock.compare_and_swap(false, true, Ordering::Relaxed) == false {
[INFO] [stdout]    |                      ^^^^^^^^^^^^^^^^
[INFO] [stdout]    |
[INFO] [stdout]    = note: `#[warn(deprecated)]` on by default
[INFO] [stdout] 
[INFO] [stdout] 
[INFO] [stdout] warning: variable does not need to be mutable
[INFO] [stdout]   --> src/virtual_dom/vlist.rs:70:22
[INFO] [stdout]    |
[INFO] [stdout] 70 |                 Some(mut vnode) => {
[INFO] [stdout]    |                      ----^^^^^
[INFO] [stdout]    |                      |
[INFO] [stdout]    |                      help: remove this `mut`
[INFO] [stdout]    |
[INFO] [stdout]    = note: `#[warn(unused_mut)]` on by default
[INFO] [stdout] 
[INFO] [stdout] 
[INFO] [stdout] warning: unused `Promise` that must be used
[INFO] [stdout]    --> src/html.rs:149:9
[INFO] [stdout]     |
[INFO] [stdout] 149 |         future_to_promise(js_future);
[INFO] [stdout]     |         ^^^^^^^^^^^^^^^^^^^^^^^^^^^^^
[INFO] [stdout]     |
[INFO] [stdout]     = note: `#[warn(unused_must_use)]` on by default
[INFO] [stdout] 
[INFO] [stdout] 
[INFO] [stdout] warning: 3 warnings emitted
[INFO] [stdout] 
[INFO] [stdout] 
[INFO] [stderr]    Compiling wasm-bindgen-test v0.2.50
[INFO] [stderr]    Compiling plaster v0.2.5 (/opt/rustwide/workdir)
[INFO] [stdout] warning: use of deprecated associated function `std::sync::atomic::AtomicBool::compare_and_swap`: Use `compare_exchange` or `compare_exchange_weak` instead
[INFO] [stdout]   --> src/scheduler.rs:51:22
[INFO] [stdout]    |
[INFO] [stdout] 51 |         if self.lock.compare_and_swap(false, true, Ordering::Relaxed) == false {
[INFO] [stdout]    |                      ^^^^^^^^^^^^^^^^
[INFO] [stdout]    |
[INFO] [stdout]    = note: `#[warn(deprecated)]` on by default
[INFO] [stdout] 
[INFO] [stdout] 
[INFO] [stdout] warning: variable does not need to be mutable
[INFO] [stdout]   --> src/virtual_dom/vlist.rs:70:22
[INFO] [stdout]    |
[INFO] [stdout] 70 |                 Some(mut vnode) => {
[INFO] [stdout]    |                      ----^^^^^
[INFO] [stdout]    |                      |
[INFO] [stdout]    |                      help: remove this `mut`
[INFO] [stdout]    |
[INFO] [stdout]    = note: `#[warn(unused_mut)]` on by default
[INFO] [stdout] 
[INFO] [stdout] 
[INFO] [stdout] warning: unused `Promise` that must be used
[INFO] [stdout]    --> src/html.rs:149:9
[INFO] [stdout]     |
[INFO] [stdout] 149 |         future_to_promise(js_future);
[INFO] [stdout]     |         ^^^^^^^^^^^^^^^^^^^^^^^^^^^^^
[INFO] [stdout]     |
[INFO] [stdout]     = note: `#[warn(unused_must_use)]` on by default
[INFO] [stdout] 
[INFO] [stdout] 
[INFO] [stdout] warning: 3 warnings emitted
[INFO] [stdout] 
[INFO] [stdout] 
[INFO] [stderr]     Finished test [unoptimized + debuginfo] target(s) in 2.56s
[INFO] running `Command { std: "docker" "inspect" "d05f492946dd72bdbc646563999958262626f2e07e6e5033e394ef9918d27c91", kill_on_drop: false }`
[INFO] running `Command { std: "docker" "rm" "-f" "d05f492946dd72bdbc646563999958262626f2e07e6e5033e394ef9918d27c91", kill_on_drop: false }`
[INFO] [stdout] d05f492946dd72bdbc646563999958262626f2e07e6e5033e394ef9918d27c91
[INFO] running `Command { std: "docker" "create" "-v" "/var/lib/crater-agent-workspace/builds/worker-6/target:/opt/rustwide/target:rw,Z" "-v" "/var/lib/crater-agent-workspace/builds/worker-6/source:/opt/rustwide/workdir:ro,Z" "-v" "/var/lib/crater-agent-workspace/cargo-home:/opt/rustwide/cargo-home:ro,Z" "-v" "/var/lib/crater-agent-workspace/rustup-home:/opt/rustwide/rustup-home:ro,Z" "-e" "SOURCE_DIR=/opt/rustwide/workdir" "-e" "CARGO_TARGET_DIR=/opt/rustwide/target" "-e" "CARGO_INCREMENTAL=0" "-e" "RUST_BACKTRACE=full" "-e" "RUSTFLAGS=--cap-lints=warn" "-e" "CARGO_HOME=/opt/rustwide/cargo-home" "-e" "RUSTUP_HOME=/opt/rustwide/rustup-home" "-w" "/opt/rustwide/workdir" "-m" "1610612736" "--user" "0:0" "--network" "none" "ghcr.io/rust-lang/crates-build-env/linux@sha256:34b6a614d2c27851fe6cbf88fbd1137609cefab8b10d0615aaeb6fd47975d74e" "/opt/rustwide/cargo-home/bin/cargo" "+beta-2021-08-01" "test" "--frozen", kill_on_drop: false }`
[INFO] [stdout] 3b6f1792361ad162694ce72720034cf0dff1e27f1b0be6ba91c781bfebd02ac4
[INFO] [stderr] WARNING: Your kernel does not support swap limit capabilities or the cgroup is not mounted. Memory limited without swap.
[INFO] running `Command { std: "docker" "start" "-a" "3b6f1792361ad162694ce72720034cf0dff1e27f1b0be6ba91c781bfebd02ac4", kill_on_drop: false }`
[INFO] [stderr] warning: use of deprecated associated function `std::sync::atomic::AtomicBool::compare_and_swap`: Use `compare_exchange` or `compare_exchange_weak` instead
[INFO] [stderr]   --> src/scheduler.rs:51:22
[INFO] [stderr]    |
[INFO] [stderr] 51 |         if self.lock.compare_and_swap(false, true, Ordering::Relaxed) == false {
[INFO] [stderr]    |                      ^^^^^^^^^^^^^^^^
[INFO] [stderr]    |
[INFO] [stderr]    = note: `#[warn(deprecated)]` on by default
[INFO] [stderr] 
[INFO] [stderr] warning: variable does not need to be mutable
[INFO] [stderr]   --> src/virtual_dom/vlist.rs:70:22
[INFO] [stderr]    |
[INFO] [stderr] 70 |                 Some(mut vnode) => {
[INFO] [stderr]    |                      ----^^^^^
[INFO] [stderr]    |                      |
[INFO] [stderr]    |                      help: remove this `mut`
[INFO] [stderr]    |
[INFO] [stderr]    = note: `#[warn(unused_mut)]` on by default
[INFO] [stderr] 
[INFO] [stderr] warning: unused `Promise` that must be used
[INFO] [stderr]    --> src/html.rs:149:9
[INFO] [stderr]     |
[INFO] [stderr] 149 |         future_to_promise(js_future);
[INFO] [stderr]     |         ^^^^^^^^^^^^^^^^^^^^^^^^^^^^^
[INFO] [stderr]     |
[INFO] [stderr]     = note: `#[warn(unused_must_use)]` on by default
[INFO] [stderr] 
[INFO] [stderr] warning: `plaster` (lib) generated 3 warnings
[INFO] [stderr] warning: `plaster` (lib test) generated 3 warnings (3 duplicates)
[INFO] [stderr]     Finished test [unoptimized + debuginfo] target(s) in 0.04s
[INFO] [stderr]      Running unittests (/opt/rustwide/target/debug/deps/plaster-f387956264037352)
[INFO] [stdout] 
[INFO] [stdout] running 0 tests
[INFO] [stdout] 
[INFO] [stdout] test result: ok. 0 passed; 0 failed; 0 ignored; 0 measured; 0 filtered out; finished in 0.00s
[INFO] [stdout] 
[INFO] [stderr]      Running tests/vcomp_test.rs (/opt/rustwide/target/debug/deps/vcomp_test-4e8344797d8ccc65)
[INFO] [stdout] 
[INFO] [stdout] running 0 tests
[INFO] [stdout] 
[INFO] [stdout] test result: ok. 0 passed; 0 failed; 0 ignored; 0 measured; 0 filtered out; finished in 0.00s
[INFO] [stdout] 
[INFO] [stderr]      Running tests/vlist_test.rs (/opt/rustwide/target/debug/deps/vlist_test-75fc2a736cef56bc)
[INFO] [stdout] 
[INFO] [stdout] running 0 tests
[INFO] [stdout] 
[INFO] [stdout] test result: ok. 0 passed; 0 failed; 0 ignored; 0 measured; 0 filtered out; finished in 0.00s
[INFO] [stdout] 
[INFO] [stderr]      Running tests/vtag_test.rs (/opt/rustwide/target/debug/deps/vtag_test-1869ed29b49b0c17)
[INFO] [stdout] 
[INFO] [stdout] running 10 tests
[INFO] [stdout] test classes_from_local_variables ... ok
[INFO] [stdout] test it_compares_attributes ... ok
[INFO] [stdout] test it_allows_aria_attributes ... ok
[INFO] [stdout] test it_compares_children ... ok
[INFO] [stdout] test it_compares_checked ... ok
[INFO] [stdout] test it_compares_kinds ... ok
[INFO] [stdout] test it_compares_classes ... ok
[INFO] [stdout] test it_compares_text ... ok
[INFO] [stdout] test supports_multiple_classes_string ... ok
[INFO] [stdout] test it_compares_values ... ok
[INFO] [stdout] 
[INFO] [stdout] test result: ok. 10 passed; 0 failed; 0 ignored; 0 measured; 0 filtered out; finished in 0.00s
[INFO] [stdout] 
[INFO] [stderr]      Running tests/vtext_test.rs (/opt/rustwide/target/debug/deps/vtext_test-03d1ebc6005d5bb3)
[INFO] [stdout] 
[INFO] [stdout] running 0 tests
[INFO] [stdout] 
[INFO] [stdout] test result: ok. 0 passed; 0 failed; 0 ignored; 0 measured; 0 filtered out; finished in 0.00s
[INFO] [stdout] 
[INFO] [stderr]    Doc-tests plaster
[INFO] [stdout] 
[INFO] [stdout] running 3 tests
[INFO] [stdout] test src/prelude.rs - prelude (line 5) ... FAILED
[INFO] [stdout] test src/lib.rs - (line 11) ... FAILED
[INFO] [stdout] test src/components/select.rs - components::select (line 5) ... FAILED
[INFO] [stdout] 
[INFO] [stdout] failures:
[INFO] [stdout] 
[INFO] [stdout] ---- src/prelude.rs - prelude (line 5) stdout ----
[INFO] [stdout] error[E0433]: failed to resolve: maybe a missing crate `yew`?
[INFO] [stdout]  --> src/prelude.rs:7:5
[INFO] [stdout]   |
[INFO] [stdout] 4 | use yew::prelude::*;
[INFO] [stdout]   |     ^^^ maybe a missing crate `yew`?
[INFO] [stdout] 
[INFO] [stdout] error: aborting due to previous error
[INFO] [stdout] 
[INFO] [stdout] For more information about this error, try `rustc --explain E0433`.
[INFO] [stdout] Couldn't compile the test.
[INFO] [stdout] ---- src/lib.rs - (line 11) stdout ----
[INFO] [stdout] error: cannot find attribute `wasm_bindgen` in this scope
[INFO] [stdout]   --> src/lib.rs:52:3
[INFO] [stdout]    |
[INFO] [stdout] 42 | #[wasm_bindgen(start)]
[INFO] [stdout]    |   ^^^^^^^^^^^^
[INFO] [stdout] 
[INFO] [stdout] error: aborting due to previous error
[INFO] [stdout] 
[INFO] [stdout] Couldn't compile the test.
[INFO] [stdout] ---- src/components/select.rs - components::select (line 5) stdout ----
[INFO] [stdout] error: cannot find macro `html` in this scope
[INFO] [stdout]   --> src/components/select.rs:13:5
[INFO] [stdout]    |
[INFO] [stdout] 10 |     html! {
[INFO] [stdout]    |     ^^^^
[INFO] [stdout] 
[INFO] [stdout] error[E0412]: cannot find type `Html` in this scope
[INFO] [stdout]  --> src/components/select.rs:11:14
[INFO] [stdout]   |
[INFO] [stdout] 8 | fn view() -> Html<Model> {
[INFO] [stdout]   |              ^^^^ not found in this scope
[INFO] [stdout] 
[INFO] [stdout] error[E0412]: cannot find type `Model` in this scope
[INFO] [stdout]  --> src/components/select.rs:11:19
[INFO] [stdout]   |
[INFO] [stdout] 8 | fn view() -> Html<Model> {
[INFO] [stdout]   |        -          ^^^^^ not found in this scope
[INFO] [stdout]   |        |
[INFO] [stdout]   |        help: you might be missing a type parameter: `<Model>`
[INFO] [stdout] 
[INFO] [stdout] error: aborting due to 3 previous errors
[INFO] [stdout] 
[INFO] [stdout] For more information about this error, try `rustc --explain E0412`.
[INFO] [stdout] Couldn't compile the test.
[INFO] [stdout] 
[INFO] [stdout] failures:
[INFO] [stdout]     src/components/select.rs - components::select (line 5)
[INFO] [stdout]     src/lib.rs - (line 11)
[INFO] [stdout]     src/prelude.rs - prelude (line 5)
[INFO] [stdout] 
[INFO] [stdout] test result: FAILED. 0 passed; 3 failed; 0 ignored; 0 measured; 0 filtered out; finished in 0.31s
[INFO] [stdout] 
[INFO] [stderr] error: test failed, to rerun pass '--doc'
[INFO] running `Command { std: "docker" "inspect" "3b6f1792361ad162694ce72720034cf0dff1e27f1b0be6ba91c781bfebd02ac4", kill_on_drop: false }`
[INFO] running `Command { std: "docker" "rm" "-f" "3b6f1792361ad162694ce72720034cf0dff1e27f1b0be6ba91c781bfebd02ac4", kill_on_drop: false }`
[INFO] [stdout] 3b6f1792361ad162694ce72720034cf0dff1e27f1b0be6ba91c781bfebd02ac4
