[INFO] fetching crate pjson_parser 0.1.0...
[INFO] testing pjson_parser-0.1.0 against 1.54.0 for beta-1.55-1
[INFO] extracting crate pjson_parser 0.1.0 into /workspace/builds/worker-0/source
[INFO] validating manifest of crates.io crate pjson_parser 0.1.0 on toolchain 1.54.0
[INFO] running `Command { std: "/workspace/cargo-home/bin/cargo" "+1.54.0" "metadata" "--manifest-path" "Cargo.toml" "--no-deps", kill_on_drop: false }`
[INFO] started tweaking crates.io crate pjson_parser 0.1.0
[INFO] finished tweaking crates.io crate pjson_parser 0.1.0
[INFO] tweaked toml for crates.io crate pjson_parser 0.1.0 written to /workspace/builds/worker-0/source/Cargo.toml
[INFO] running `Command { std: "/workspace/cargo-home/bin/cargo" "+1.54.0" "generate-lockfile" "--manifest-path" "Cargo.toml" "-Zno-index-update", kill_on_drop: false }`
[INFO] running `Command { std: "/workspace/cargo-home/bin/cargo" "+1.54.0" "fetch" "--manifest-path" "Cargo.toml", kill_on_drop: false }`
[INFO] running `Command { std: "docker" "create" "-v" "/var/lib/crater-agent-workspace/builds/worker-0/target:/opt/rustwide/target:rw,Z" "-v" "/var/lib/crater-agent-workspace/builds/worker-0/source:/opt/rustwide/workdir:ro,Z" "-v" "/var/lib/crater-agent-workspace/cargo-home:/opt/rustwide/cargo-home:ro,Z" "-v" "/var/lib/crater-agent-workspace/rustup-home:/opt/rustwide/rustup-home:ro,Z" "-e" "SOURCE_DIR=/opt/rustwide/workdir" "-e" "CARGO_TARGET_DIR=/opt/rustwide/target" "-e" "CARGO_HOME=/opt/rustwide/cargo-home" "-e" "RUSTUP_HOME=/opt/rustwide/rustup-home" "-w" "/opt/rustwide/workdir" "-m" "1610612736" "--user" "0:0" "--network" "none" "ghcr.io/rust-lang/crates-build-env/linux@sha256:34b6a614d2c27851fe6cbf88fbd1137609cefab8b10d0615aaeb6fd47975d74e" "/opt/rustwide/cargo-home/bin/cargo" "+1.54.0" "metadata" "--no-deps" "--format-version=1", kill_on_drop: false }`
[INFO] [stdout] 20972eac65112628fba8ce3cbac52bd31b0c28b4290e8625789c9637ed3641c8
[INFO] [stderr] WARNING: Your kernel does not support swap limit capabilities or the cgroup is not mounted. Memory limited without swap.
[INFO] running `Command { std: "docker" "start" "-a" "20972eac65112628fba8ce3cbac52bd31b0c28b4290e8625789c9637ed3641c8", kill_on_drop: false }`
[INFO] running `Command { std: "docker" "inspect" "20972eac65112628fba8ce3cbac52bd31b0c28b4290e8625789c9637ed3641c8", kill_on_drop: false }`
[INFO] running `Command { std: "docker" "rm" "-f" "20972eac65112628fba8ce3cbac52bd31b0c28b4290e8625789c9637ed3641c8", kill_on_drop: false }`
[INFO] [stdout] 20972eac65112628fba8ce3cbac52bd31b0c28b4290e8625789c9637ed3641c8
[INFO] running `Command { std: "docker" "create" "-v" "/var/lib/crater-agent-workspace/builds/worker-0/target:/opt/rustwide/target:rw,Z" "-v" "/var/lib/crater-agent-workspace/builds/worker-0/source:/opt/rustwide/workdir:ro,Z" "-v" "/var/lib/crater-agent-workspace/cargo-home:/opt/rustwide/cargo-home:ro,Z" "-v" "/var/lib/crater-agent-workspace/rustup-home:/opt/rustwide/rustup-home:ro,Z" "-e" "SOURCE_DIR=/opt/rustwide/workdir" "-e" "CARGO_TARGET_DIR=/opt/rustwide/target" "-e" "CARGO_INCREMENTAL=0" "-e" "RUST_BACKTRACE=full" "-e" "RUSTFLAGS=--cap-lints=warn" "-e" "CARGO_HOME=/opt/rustwide/cargo-home" "-e" "RUSTUP_HOME=/opt/rustwide/rustup-home" "-w" "/opt/rustwide/workdir" "-m" "1610612736" "--user" "0:0" "--network" "none" "ghcr.io/rust-lang/crates-build-env/linux@sha256:34b6a614d2c27851fe6cbf88fbd1137609cefab8b10d0615aaeb6fd47975d74e" "/opt/rustwide/cargo-home/bin/cargo" "+1.54.0" "build" "--frozen" "--message-format=json", kill_on_drop: false }`
[INFO] [stdout] 345b41d8eb50686892b836264794c75f2f1a4ff1fd563d6c8e4e31c5d9fc3c00
[INFO] [stderr] WARNING: Your kernel does not support swap limit capabilities or the cgroup is not mounted. Memory limited without swap.
[INFO] running `Command { std: "docker" "start" "-a" "345b41d8eb50686892b836264794c75f2f1a4ff1fd563d6c8e4e31c5d9fc3c00", kill_on_drop: false }`
[INFO] [stderr]    Compiling pjson_parser v0.1.0 (/opt/rustwide/workdir)
[INFO] [stderr]     Finished dev [unoptimized + debuginfo] target(s) in 1.01s
[INFO] running `Command { std: "docker" "inspect" "345b41d8eb50686892b836264794c75f2f1a4ff1fd563d6c8e4e31c5d9fc3c00", kill_on_drop: false }`
[INFO] running `Command { std: "docker" "rm" "-f" "345b41d8eb50686892b836264794c75f2f1a4ff1fd563d6c8e4e31c5d9fc3c00", kill_on_drop: false }`
[INFO] [stdout] 345b41d8eb50686892b836264794c75f2f1a4ff1fd563d6c8e4e31c5d9fc3c00
[INFO] running `Command { std: "docker" "create" "-v" "/var/lib/crater-agent-workspace/builds/worker-0/target:/opt/rustwide/target:rw,Z" "-v" "/var/lib/crater-agent-workspace/builds/worker-0/source:/opt/rustwide/workdir:ro,Z" "-v" "/var/lib/crater-agent-workspace/cargo-home:/opt/rustwide/cargo-home:ro,Z" "-v" "/var/lib/crater-agent-workspace/rustup-home:/opt/rustwide/rustup-home:ro,Z" "-e" "SOURCE_DIR=/opt/rustwide/workdir" "-e" "CARGO_TARGET_DIR=/opt/rustwide/target" "-e" "CARGO_INCREMENTAL=0" "-e" "RUST_BACKTRACE=full" "-e" "RUSTFLAGS=--cap-lints=warn" "-e" "CARGO_HOME=/opt/rustwide/cargo-home" "-e" "RUSTUP_HOME=/opt/rustwide/rustup-home" "-w" "/opt/rustwide/workdir" "-m" "1610612736" "--user" "0:0" "--network" "none" "ghcr.io/rust-lang/crates-build-env/linux@sha256:34b6a614d2c27851fe6cbf88fbd1137609cefab8b10d0615aaeb6fd47975d74e" "/opt/rustwide/cargo-home/bin/cargo" "+1.54.0" "test" "--frozen" "--no-run" "--message-format=json", kill_on_drop: false }`
[INFO] [stdout] a95638c5f7afb88234c5100bcc4f8bef304ceed4610333a7fb28f780262486b8
[INFO] [stderr] WARNING: Your kernel does not support swap limit capabilities or the cgroup is not mounted. Memory limited without swap.
[INFO] running `Command { std: "docker" "start" "-a" "a95638c5f7afb88234c5100bcc4f8bef304ceed4610333a7fb28f780262486b8", kill_on_drop: false }`
[INFO] [stderr]    Compiling pjson_parser v0.1.0 (/opt/rustwide/workdir)
[INFO] [stderr]     Finished test [unoptimized + debuginfo] target(s) in 0.83s
[INFO] running `Command { std: "docker" "inspect" "a95638c5f7afb88234c5100bcc4f8bef304ceed4610333a7fb28f780262486b8", kill_on_drop: false }`
[INFO] running `Command { std: "docker" "rm" "-f" "a95638c5f7afb88234c5100bcc4f8bef304ceed4610333a7fb28f780262486b8", kill_on_drop: false }`
[INFO] [stdout] a95638c5f7afb88234c5100bcc4f8bef304ceed4610333a7fb28f780262486b8
[INFO] running `Command { std: "docker" "create" "-v" "/var/lib/crater-agent-workspace/builds/worker-0/target:/opt/rustwide/target:rw,Z" "-v" "/var/lib/crater-agent-workspace/builds/worker-0/source:/opt/rustwide/workdir:ro,Z" "-v" "/var/lib/crater-agent-workspace/cargo-home:/opt/rustwide/cargo-home:ro,Z" "-v" "/var/lib/crater-agent-workspace/rustup-home:/opt/rustwide/rustup-home:ro,Z" "-e" "SOURCE_DIR=/opt/rustwide/workdir" "-e" "CARGO_TARGET_DIR=/opt/rustwide/target" "-e" "CARGO_INCREMENTAL=0" "-e" "RUST_BACKTRACE=full" "-e" "RUSTFLAGS=--cap-lints=warn" "-e" "CARGO_HOME=/opt/rustwide/cargo-home" "-e" "RUSTUP_HOME=/opt/rustwide/rustup-home" "-w" "/opt/rustwide/workdir" "-m" "1610612736" "--user" "0:0" "--network" "none" "ghcr.io/rust-lang/crates-build-env/linux@sha256:34b6a614d2c27851fe6cbf88fbd1137609cefab8b10d0615aaeb6fd47975d74e" "/opt/rustwide/cargo-home/bin/cargo" "+1.54.0" "test" "--frozen", kill_on_drop: false }`
[INFO] [stdout] bc4d9d826a5ae4e95fffbda757d0af8d53c8881293ce22c83c556a57d9d9067d
[INFO] [stderr] WARNING: Your kernel does not support swap limit capabilities or the cgroup is not mounted. Memory limited without swap.
[INFO] running `Command { std: "docker" "start" "-a" "bc4d9d826a5ae4e95fffbda757d0af8d53c8881293ce22c83c556a57d9d9067d", kill_on_drop: false }`
[INFO] [stdout] 
[INFO] [stderr]     Finished test [unoptimized + debuginfo] target(s) in 0.00s
[INFO] [stdout] running 15 tests
[INFO] [stderr]      Running unittests (/opt/rustwide/target/debug/deps/pjson_parser-4d9fc3c4acd7adbf)
[INFO] [stdout] test parser::tests::json_parser_parses_empty_array ... ok
[INFO] [stdout] test parser::tests::json_parser_parses_array_with_different_types ... ok
[INFO] [stdout] test parser::tests::json_parser_parses_empty_object ... ok
[INFO] [stdout] test parser::tests::json_parser_parses_empty_string ... ok
[INFO] [stdout] test parser::tests::json_parser_parses_floating_point_number ... ok
[INFO] [stdout] test parser::tests::json_parser_parses_number ... ok
[INFO] [stdout] test parser::tests::json_parser_parses_object_with_leading_and_trailing_spaces ... ok
[INFO] [stdout] test parser::tests::json_parser_parses_single_char_string ... ok
[INFO] [stdout] test parser::tests::json_parser_parses_string ... ok
[INFO] [stdout] test parser::tests::json_parser_parses_string_contain_quotes ... ok
[INFO] [stdout] test parser::tests::json_parser_parses_zero_number ... ok
[INFO] [stdout] test tests::test_parsing_works ... ok
[INFO] [stdout] test parser::tests::json_parser_parses_object_with_multiple_and_nested_pair ... ok
[INFO] [stdout] test parser::tests::json_parser_parses_object_with_single_pair ... ok
[INFO] [stdout] test tests::test_parsing_fails_for_incorrect_value ... ok
[INFO] [stdout] 
[INFO] [stdout] test result: ok. 15 passed; 0 failed; 0 ignored; 0 measured; 0 filtered out; finished in 0.01s
[INFO] [stdout] 
[INFO] [stderr]    Doc-tests pjson_parser
[INFO] [stdout] 
[INFO] [stdout] running 1 test
[INFO] [stdout] test src/lib.rs - parse_json (line 12) ... FAILED
[INFO] [stdout] 
[INFO] [stdout] failures:
[INFO] [stdout] 
[INFO] [stdout] ---- src/lib.rs - parse_json (line 12) stdout ----
[INFO] [stdout] error[E0433]: failed to resolve: use of undeclared type `Token`
[INFO] [stdout]  --> src/lib.rs:14:11
[INFO] [stdout]   |
[INFO] [stdout] 4 |    if let Token::Object(object) = result {
[INFO] [stdout]   |           ^^^^^ use of undeclared type `Token`
[INFO] [stdout] 
[INFO] [stdout] error[E0425]: cannot find function `parse_json` in this scope
[INFO] [stdout]  --> src/lib.rs:13:14
[INFO] [stdout]   |
[INFO] [stdout] 3 | let result = parse_json(r#"{"a": 1}"#).unwrap();
[INFO] [stdout]   |              ^^^^^^^^^^ not found in this scope
[INFO] [stdout]   |
[INFO] [stdout] help: consider importing this function
[INFO] [stdout]   |
[INFO] [stdout] 2 | use pjson_parser::parse_json;
[INFO] [stdout]   |
[INFO] [stdout] 
[INFO] [stdout] error: aborting due to 2 previous errors
[INFO] [stdout] 
[INFO] [stdout] Some errors have detailed explanations: E0425, E0433.
[INFO] [stdout] For more information about an error, try `rustc --explain E0425`.
[INFO] [stdout] Couldn't compile the test.
[INFO] [stdout] 
[INFO] [stdout] failures:
[INFO] [stdout]     src/lib.rs - parse_json (line 12)
[INFO] [stdout] 
[INFO] [stdout] test result: FAILED. 0 passed; 1 failed; 0 ignored; 0 measured; 0 filtered out; finished in 0.27s
[INFO] [stdout] 
[INFO] [stderr] error: test failed, to rerun pass '--doc'
[INFO] running `Command { std: "docker" "inspect" "bc4d9d826a5ae4e95fffbda757d0af8d53c8881293ce22c83c556a57d9d9067d", kill_on_drop: false }`
[INFO] running `Command { std: "docker" "rm" "-f" "bc4d9d826a5ae4e95fffbda757d0af8d53c8881293ce22c83c556a57d9d9067d", kill_on_drop: false }`
[INFO] [stdout] bc4d9d826a5ae4e95fffbda757d0af8d53c8881293ce22c83c556a57d9d9067d
