[INFO] fetching crate pin-project-internal 1.0.8...
[INFO] testing pin-project-internal-1.0.8 against 1.54.0 for beta-1.55-1
[INFO] extracting crate pin-project-internal 1.0.8 into /workspace/builds/worker-3/source
[INFO] validating manifest of crates.io crate pin-project-internal 1.0.8 on toolchain 1.54.0
[INFO] running `Command { std: "/workspace/cargo-home/bin/cargo" "+1.54.0" "metadata" "--manifest-path" "Cargo.toml" "--no-deps", kill_on_drop: false }`
[INFO] started tweaking crates.io crate pin-project-internal 1.0.8
[INFO] finished tweaking crates.io crate pin-project-internal 1.0.8
[INFO] tweaked toml for crates.io crate pin-project-internal 1.0.8 written to /workspace/builds/worker-3/source/Cargo.toml
[INFO] running `Command { std: "/workspace/cargo-home/bin/cargo" "+1.54.0" "generate-lockfile" "--manifest-path" "Cargo.toml" "-Zno-index-update", kill_on_drop: false }`
[INFO] running `Command { std: "/workspace/cargo-home/bin/cargo" "+1.54.0" "fetch" "--manifest-path" "Cargo.toml", kill_on_drop: false }`
[INFO] running `Command { std: "docker" "create" "-v" "/var/lib/crater-agent-workspace/builds/worker-3/target:/opt/rustwide/target:rw,Z" "-v" "/var/lib/crater-agent-workspace/builds/worker-3/source:/opt/rustwide/workdir:ro,Z" "-v" "/var/lib/crater-agent-workspace/cargo-home:/opt/rustwide/cargo-home:ro,Z" "-v" "/var/lib/crater-agent-workspace/rustup-home:/opt/rustwide/rustup-home:ro,Z" "-e" "SOURCE_DIR=/opt/rustwide/workdir" "-e" "CARGO_TARGET_DIR=/opt/rustwide/target" "-e" "CARGO_HOME=/opt/rustwide/cargo-home" "-e" "RUSTUP_HOME=/opt/rustwide/rustup-home" "-w" "/opt/rustwide/workdir" "-m" "1610612736" "--user" "0:0" "--network" "none" "ghcr.io/rust-lang/crates-build-env/linux@sha256:34b6a614d2c27851fe6cbf88fbd1137609cefab8b10d0615aaeb6fd47975d74e" "/opt/rustwide/cargo-home/bin/cargo" "+1.54.0" "metadata" "--no-deps" "--format-version=1", kill_on_drop: false }`
[INFO] [stdout] 4662631b21d01fcadee1bc0111bb00ba40ef3d644304888394ef8f7ee7b603ea
[INFO] [stderr] WARNING: Your kernel does not support swap limit capabilities or the cgroup is not mounted. Memory limited without swap.
[INFO] running `Command { std: "docker" "start" "-a" "4662631b21d01fcadee1bc0111bb00ba40ef3d644304888394ef8f7ee7b603ea", kill_on_drop: false }`
[INFO] running `Command { std: "docker" "inspect" "4662631b21d01fcadee1bc0111bb00ba40ef3d644304888394ef8f7ee7b603ea", kill_on_drop: false }`
[INFO] running `Command { std: "docker" "rm" "-f" "4662631b21d01fcadee1bc0111bb00ba40ef3d644304888394ef8f7ee7b603ea", kill_on_drop: false }`
[INFO] [stdout] 4662631b21d01fcadee1bc0111bb00ba40ef3d644304888394ef8f7ee7b603ea
[INFO] running `Command { std: "docker" "create" "-v" "/var/lib/crater-agent-workspace/builds/worker-3/target:/opt/rustwide/target:rw,Z" "-v" "/var/lib/crater-agent-workspace/builds/worker-3/source:/opt/rustwide/workdir:ro,Z" "-v" "/var/lib/crater-agent-workspace/cargo-home:/opt/rustwide/cargo-home:ro,Z" "-v" "/var/lib/crater-agent-workspace/rustup-home:/opt/rustwide/rustup-home:ro,Z" "-e" "SOURCE_DIR=/opt/rustwide/workdir" "-e" "CARGO_TARGET_DIR=/opt/rustwide/target" "-e" "CARGO_INCREMENTAL=0" "-e" "RUST_BACKTRACE=full" "-e" "RUSTFLAGS=--cap-lints=warn" "-e" "CARGO_HOME=/opt/rustwide/cargo-home" "-e" "RUSTUP_HOME=/opt/rustwide/rustup-home" "-w" "/opt/rustwide/workdir" "-m" "1610612736" "--user" "0:0" "--network" "none" "ghcr.io/rust-lang/crates-build-env/linux@sha256:34b6a614d2c27851fe6cbf88fbd1137609cefab8b10d0615aaeb6fd47975d74e" "/opt/rustwide/cargo-home/bin/cargo" "+1.54.0" "build" "--frozen" "--message-format=json", kill_on_drop: false }`
[INFO] [stdout] 1eeba3a73210d21e393d3e46e26ee26cadeab7275f27a95f80a097eccf29edae
[INFO] [stderr] WARNING: Your kernel does not support swap limit capabilities or the cgroup is not mounted. Memory limited without swap.
[INFO] running `Command { std: "docker" "start" "-a" "1eeba3a73210d21e393d3e46e26ee26cadeab7275f27a95f80a097eccf29edae", kill_on_drop: false }`
[INFO] [stderr]    Compiling pin-project-internal v1.0.8 (/opt/rustwide/workdir)
[INFO] [stderr]     Finished dev [unoptimized + debuginfo] target(s) in 3.65s
[INFO] running `Command { std: "docker" "inspect" "1eeba3a73210d21e393d3e46e26ee26cadeab7275f27a95f80a097eccf29edae", kill_on_drop: false }`
[INFO] running `Command { std: "docker" "rm" "-f" "1eeba3a73210d21e393d3e46e26ee26cadeab7275f27a95f80a097eccf29edae", kill_on_drop: false }`
[INFO] [stdout] 1eeba3a73210d21e393d3e46e26ee26cadeab7275f27a95f80a097eccf29edae
[INFO] running `Command { std: "docker" "create" "-v" "/var/lib/crater-agent-workspace/builds/worker-3/target:/opt/rustwide/target:rw,Z" "-v" "/var/lib/crater-agent-workspace/builds/worker-3/source:/opt/rustwide/workdir:ro,Z" "-v" "/var/lib/crater-agent-workspace/cargo-home:/opt/rustwide/cargo-home:ro,Z" "-v" "/var/lib/crater-agent-workspace/rustup-home:/opt/rustwide/rustup-home:ro,Z" "-e" "SOURCE_DIR=/opt/rustwide/workdir" "-e" "CARGO_TARGET_DIR=/opt/rustwide/target" "-e" "CARGO_INCREMENTAL=0" "-e" "RUST_BACKTRACE=full" "-e" "RUSTFLAGS=--cap-lints=warn" "-e" "CARGO_HOME=/opt/rustwide/cargo-home" "-e" "RUSTUP_HOME=/opt/rustwide/rustup-home" "-w" "/opt/rustwide/workdir" "-m" "1610612736" "--user" "0:0" "--network" "none" "ghcr.io/rust-lang/crates-build-env/linux@sha256:34b6a614d2c27851fe6cbf88fbd1137609cefab8b10d0615aaeb6fd47975d74e" "/opt/rustwide/cargo-home/bin/cargo" "+1.54.0" "test" "--frozen" "--no-run" "--message-format=json", kill_on_drop: false }`
[INFO] [stdout] 42bdc4eb50925f6c5a5d780975e0a683b2187e4b065aa2f31cc3e3f849877ace
[INFO] [stderr] WARNING: Your kernel does not support swap limit capabilities or the cgroup is not mounted. Memory limited without swap.
[INFO] running `Command { std: "docker" "start" "-a" "42bdc4eb50925f6c5a5d780975e0a683b2187e4b065aa2f31cc3e3f849877ace", kill_on_drop: false }`
[INFO] [stderr]    Compiling pin-project-internal v1.0.8 (/opt/rustwide/workdir)
[INFO] [stderr]     Finished test [unoptimized + debuginfo] target(s) in 0.87s
[INFO] running `Command { std: "docker" "inspect" "42bdc4eb50925f6c5a5d780975e0a683b2187e4b065aa2f31cc3e3f849877ace", kill_on_drop: false }`
[INFO] running `Command { std: "docker" "rm" "-f" "42bdc4eb50925f6c5a5d780975e0a683b2187e4b065aa2f31cc3e3f849877ace", kill_on_drop: false }`
[INFO] [stdout] 42bdc4eb50925f6c5a5d780975e0a683b2187e4b065aa2f31cc3e3f849877ace
[INFO] running `Command { std: "docker" "create" "-v" "/var/lib/crater-agent-workspace/builds/worker-3/target:/opt/rustwide/target:rw,Z" "-v" "/var/lib/crater-agent-workspace/builds/worker-3/source:/opt/rustwide/workdir:ro,Z" "-v" "/var/lib/crater-agent-workspace/cargo-home:/opt/rustwide/cargo-home:ro,Z" "-v" "/var/lib/crater-agent-workspace/rustup-home:/opt/rustwide/rustup-home:ro,Z" "-e" "SOURCE_DIR=/opt/rustwide/workdir" "-e" "CARGO_TARGET_DIR=/opt/rustwide/target" "-e" "CARGO_INCREMENTAL=0" "-e" "RUST_BACKTRACE=full" "-e" "RUSTFLAGS=--cap-lints=warn" "-e" "CARGO_HOME=/opt/rustwide/cargo-home" "-e" "RUSTUP_HOME=/opt/rustwide/rustup-home" "-w" "/opt/rustwide/workdir" "-m" "1610612736" "--user" "0:0" "--network" "none" "ghcr.io/rust-lang/crates-build-env/linux@sha256:34b6a614d2c27851fe6cbf88fbd1137609cefab8b10d0615aaeb6fd47975d74e" "/opt/rustwide/cargo-home/bin/cargo" "+1.54.0" "test" "--frozen", kill_on_drop: false }`
[INFO] [stdout] a6800693b9c54af6a66bfd7d2ce053cdcf76c44690a7649bc16f335f586c046b
[INFO] [stderr] WARNING: Your kernel does not support swap limit capabilities or the cgroup is not mounted. Memory limited without swap.
[INFO] running `Command { std: "docker" "start" "-a" "a6800693b9c54af6a66bfd7d2ce053cdcf76c44690a7649bc16f335f586c046b", kill_on_drop: false }`
[INFO] [stderr]     Finished test [unoptimized + debuginfo] target(s) in 0.01s
[INFO] [stderr]      Running unittests (/opt/rustwide/target/debug/deps/pin_project_internal-86650765bfaeb737)
[INFO] [stdout] 
[INFO] [stdout] running 0 tests
[INFO] [stdout] 
[INFO] [stdout] test result: ok. 0 passed; 0 failed; 0 ignored; 0 measured; 0 filtered out; finished in 0.00s
[INFO] [stdout] 
[INFO] [stderr]    Doc-tests pin-project-internal
[INFO] [stdout] 
[INFO] [stdout] running 19 tests
[INFO] [stdout] test src/lib.rs - pin_project (line 287) ... FAILED
[INFO] [stdout] test src/lib.rs - pin_project (line 453) ... FAILED
[INFO] [stdout] test src/lib.rs - pin_project (line 52) ... FAILED
[INFO] [stdout] test src/lib.rs - pin_project (line 427) ... FAILED
[INFO] [stdout] test src/lib.rs - pin_project (line 374) ... FAILED
[INFO] [stdout] test src/lib.rs - pin_project (line 299) ... FAILED
[INFO] [stdout] test src/lib.rs - pin_project (line 262) ... FAILED
[INFO] [stdout] test src/lib.rs - pin_project (line 409) ... ok
[INFO] [stdout] test src/lib.rs - pin_project (line 205) ... FAILED
[INFO] [stdout] test src/lib.rs - pin_project (line 358) ... ok
[INFO] [stdout] test src/lib.rs - pin_project (line 38) ... ok
[INFO] [stdout] test src/lib.rs - pin_project (line 185) ... FAILED
[INFO] [stdout] test src/lib.rs - pin_project (line 114) ... ok
[INFO] [stdout] test src/lib.rs - pin_project (line 319) ... FAILED
[INFO] [stdout] test src/lib.rs - pin_project (line 239) - compile fail ... ok
[INFO] [stdout] test src/lib.rs - pin_project (line 164) ... FAILED
[INFO] [stdout] test src/lib.rs - pinned_drop (line 517) ... FAILED
[INFO] [stdout] test src/lib.rs - pinned_drop (line 501) ... ok
[INFO] [stdout] test src/lib.rs - pinned_drop (line 553) ... ok
[INFO] [stdout] 
[INFO] [stdout] failures:
[INFO] [stdout] 
[INFO] [stdout] ---- src/lib.rs - pin_project (line 287) stdout ----
[INFO] [stdout] error[E0432]: unresolved import `pin_project`
[INFO] [stdout]  --> src/lib.rs:288:5
[INFO] [stdout]   |
[INFO] [stdout] 4 | use pin_project::pin_project;
[INFO] [stdout]   |     ^^^^^^^^^^^ use of undeclared crate or module `pin_project`
[INFO] [stdout] 
[INFO] [stdout] error: cannot determine resolution for the attribute macro `pin_project`
[INFO] [stdout]  --> src/lib.rs:290:3
[INFO] [stdout]   |
[INFO] [stdout] 6 | #[pin_project(!Unpin)]
[INFO] [stdout]   |   ^^^^^^^^^^^
[INFO] [stdout]   |
[INFO] [stdout]   = note: import resolution is stuck, try simplifying macro imports
[INFO] [stdout] 
[INFO] [stdout] error: aborting due to 2 previous errors
[INFO] [stdout] 
[INFO] [stdout] For more information about this error, try `rustc --explain E0432`.
[INFO] [stdout] Couldn't compile the test.
[INFO] [stdout] ---- src/lib.rs - pin_project (line 453) stdout ----
[INFO] [stdout] error[E0432]: unresolved import `pin_project`
[INFO] [stdout]  --> src/lib.rs:454:5
[INFO] [stdout]   |
[INFO] [stdout] 4 | use pin_project::pin_project;
[INFO] [stdout]   |     ^^^^^^^^^^^ use of undeclared crate or module `pin_project`
[INFO] [stdout] 
[INFO] [stdout] error: cannot determine resolution for the attribute macro `pin_project`
[INFO] [stdout]  --> src/lib.rs:456:3
[INFO] [stdout]   |
[INFO] [stdout] 6 | #[pin_project(project_replace = EnumProjOwn)]
[INFO] [stdout]   |   ^^^^^^^^^^^
[INFO] [stdout]   |
[INFO] [stdout]   = note: import resolution is stuck, try simplifying macro imports
[INFO] [stdout] 
[INFO] [stdout] error: cannot find attribute `pin` in this scope
[INFO] [stdout]  --> src/lib.rs:459:11
[INFO] [stdout]   |
[INFO] [stdout] 9 |         #[pin]
[INFO] [stdout]   |           ^^^
[INFO] [stdout] 
[INFO] [stdout] error[E0433]: failed to resolve: use of undeclared type `EnumProjOwn`
[INFO] [stdout]   --> src/lib.rs:469:5
[INFO] [stdout]    |
[INFO] [stdout] 19 |     EnumProjOwn::A { unpinned_field, .. } => assert_eq!(unpinned_field, "hello"),
[INFO] [stdout]    |     ^^^^^^^^^^^ use of undeclared type `EnumProjOwn`
[INFO] [stdout] 
[INFO] [stdout] error[E0433]: failed to resolve: use of undeclared type `EnumProjOwn`
[INFO] [stdout]   --> src/lib.rs:470:5
[INFO] [stdout]    |
[INFO] [stdout] 20 |     EnumProjOwn::B => unreachable!(),
[INFO] [stdout]    |     ^^^^^^^^^^^ use of undeclared type `EnumProjOwn`
[INFO] [stdout] 
[INFO] [stdout] error[E0599]: no method named `project_replace` found for struct `Pin<&mut Enum<{integer}, &str>>` in the current scope
[INFO] [stdout]   --> src/lib.rs:468:18
[INFO] [stdout]    |
[INFO] [stdout] 18 | match x.as_mut().project_replace(Enum::B) {
[INFO] [stdout]    |                  ^^^^^^^^^^^^^^^ method not found in `Pin<&mut Enum<{integer}, &str>>`
[INFO] [stdout] 
[INFO] [stdout] error: aborting due to 6 previous errors
[INFO] [stdout] 
[INFO] [stdout] Some errors have detailed explanations: E0432, E0433, E0599.
[INFO] [stdout] For more information about an error, try `rustc --explain E0432`.
[INFO] [stdout] Couldn't compile the test.
[INFO] [stdout] ---- src/lib.rs - pin_project (line 52) stdout ----
[INFO] [stdout] error[E0432]: unresolved import `pin_project`
[INFO] [stdout]  --> src/lib.rs:53:5
[INFO] [stdout]   |
[INFO] [stdout] 4 | use pin_project::pin_project;
[INFO] [stdout]   |     ^^^^^^^^^^^ use of undeclared crate or module `pin_project`
[INFO] [stdout] 
[INFO] [stdout] error: cannot determine resolution for the attribute macro `pin_project`
[INFO] [stdout]  --> src/lib.rs:55:3
[INFO] [stdout]   |
[INFO] [stdout] 6 | #[pin_project(project = EnumProj)]
[INFO] [stdout]   |   ^^^^^^^^^^^
[INFO] [stdout]   |
[INFO] [stdout]   = note: import resolution is stuck, try simplifying macro imports
[INFO] [stdout] 
[INFO] [stdout] error: cannot find attribute `pin` in this scope
[INFO] [stdout]  --> src/lib.rs:57:15
[INFO] [stdout]   |
[INFO] [stdout] 8 |     Variant(#[pin] T),
[INFO] [stdout]   |               ^^^
[INFO] [stdout] 
[INFO] [stdout] error[E0433]: failed to resolve: use of undeclared type `EnumProj`
[INFO] [stdout]   --> src/lib.rs:64:13
[INFO] [stdout]    |
[INFO] [stdout] 15 |             EnumProj::Variant(x) => {
[INFO] [stdout]    |             ^^^^^^^^ use of undeclared type `EnumProj`
[INFO] [stdout] 
[INFO] [stdout] error[E0412]: cannot find type `EnumProj` in this scope
[INFO] [stdout]   --> src/lib.rs:62:19
[INFO] [stdout]    |
[INFO] [stdout] 13 |         let this: EnumProj<'_, T> = self.project();
[INFO] [stdout]    |                   ^^^^^^^^ not found in this scope
[INFO] [stdout] 
[INFO] [stdout] error[E0599]: no method named `project` found for struct `Pin<&mut Enum<T>>` in the current scope
[INFO] [stdout]   --> src/lib.rs:62:42
[INFO] [stdout]    |
[INFO] [stdout] 13 |         let this: EnumProj<'_, T> = self.project();
[INFO] [stdout]    |                                          ^^^^^^^ method not found in `Pin<&mut Enum<T>>`
[INFO] [stdout] 
[INFO] [stdout] error: aborting due to 6 previous errors
[INFO] [stdout] 
[INFO] [stdout] Some errors have detailed explanations: E0412, E0432, E0433, E0599.
[INFO] [stdout] For more information about an error, try `rustc --explain E0412`.
[INFO] [stdout] Couldn't compile the test.
[INFO] [stdout] ---- src/lib.rs - pin_project (line 427) stdout ----
[INFO] [stdout] error[E0432]: unresolved import `pin_project`
[INFO] [stdout]  --> src/lib.rs:430:5
[INFO] [stdout]   |
[INFO] [stdout] 6 | use pin_project::pin_project;
[INFO] [stdout]   |     ^^^^^^^^^^^ use of undeclared crate or module `pin_project`
[INFO] [stdout] 
[INFO] [stdout] error: cannot determine resolution for the attribute macro `pin_project`
[INFO] [stdout]  --> src/lib.rs:432:3
[INFO] [stdout]   |
[INFO] [stdout] 8 | #[pin_project(project_replace)]
[INFO] [stdout]   |   ^^^^^^^^^^^
[INFO] [stdout]   |
[INFO] [stdout]   = note: import resolution is stuck, try simplifying macro imports
[INFO] [stdout] 
[INFO] [stdout] error: cannot find attribute `pin` in this scope
[INFO] [stdout]   --> src/lib.rs:434:7
[INFO] [stdout]    |
[INFO] [stdout] 10 |     #[pin]
[INFO] [stdout]    |       ^^^
[INFO] [stdout] 
[INFO] [stdout] error[E0599]: no method named `project_replace` found for struct `Pin<&mut Struct<T, U>>` in the current scope
[INFO] [stdout]   --> src/lib.rs:441:25
[INFO] [stdout]    |
[INFO] [stdout] 17 |         let this = self.project_replace(other);
[INFO] [stdout]    |                         ^^^^^^^^^^^^^^^ method not found in `Pin<&mut Struct<T, U>>`
[INFO] [stdout] 
[INFO] [stdout] error: aborting due to 4 previous errors
[INFO] [stdout] 
[INFO] [stdout] Some errors have detailed explanations: E0432, E0599.
[INFO] [stdout] For more information about an error, try `rustc --explain E0432`.
[INFO] [stdout] Couldn't compile the test.
[INFO] [stdout] ---- src/lib.rs - pin_project (line 374) stdout ----
[INFO] [stdout] error[E0432]: unresolved imports `pin_project`, `pin_project::pinned_drop`
[INFO] [stdout]  --> src/lib.rs:377:5
[INFO] [stdout]   |
[INFO] [stdout] 5 | use pin_project::{pin_project, pinned_drop};
[INFO] [stdout]   |     ^^^^^^^^^^^                ^^^^^^^^^^^
[INFO] [stdout]   |     |
[INFO] [stdout]   |     use of undeclared crate or module `pin_project`
[INFO] [stdout] 
[INFO] [stdout] error: cannot find attribute `pinned_drop` in this scope
[INFO] [stdout]   --> src/lib.rs:386:3
[INFO] [stdout]    |
[INFO] [stdout] 14 | #[pinned_drop]
[INFO] [stdout]    |   ^^^^^^^^^^^
[INFO] [stdout] 
[INFO] [stdout] error: cannot determine resolution for the attribute macro `pin_project`
[INFO] [stdout]  --> src/lib.rs:379:3
[INFO] [stdout]   |
[INFO] [stdout] 7 | #[pin_project(PinnedDrop)]
[INFO] [stdout]   |   ^^^^^^^^^^^
[INFO] [stdout]   |
[INFO] [stdout]   = note: import resolution is stuck, try simplifying macro imports
[INFO] [stdout] 
[INFO] [stdout] error: cannot find attribute `pin` in this scope
[INFO] [stdout]  --> src/lib.rs:381:7
[INFO] [stdout]   |
[INFO] [stdout] 9 |     #[pin]
[INFO] [stdout]   |       ^^^
[INFO] [stdout] 
[INFO] [stdout] error[E0405]: cannot find trait `PinnedDrop` in this scope
[INFO] [stdout]   --> src/lib.rs:387:26
[INFO] [stdout]    |
[INFO] [stdout] 15 | impl<T: Debug, U: Debug> PinnedDrop for PrintOnDrop<T, U> {
[INFO] [stdout]    |                          ^^^^^^^^^^ not found in this scope
[INFO] [stdout] 
[INFO] [stdout] error: aborting due to 5 previous errors
[INFO] [stdout] 
[INFO] [stdout] Some errors have detailed explanations: E0405, E0432.
[INFO] [stdout] For more information about an error, try `rustc --explain E0405`.
[INFO] [stdout] Couldn't compile the test.
[INFO] [stdout] ---- src/lib.rs - pin_project (line 299) stdout ----
[INFO] [stdout] error[E0432]: unresolved import `pin_project`
[INFO] [stdout]  --> src/lib.rs:302:5
[INFO] [stdout]   |
[INFO] [stdout] 6 | use pin_project::pin_project;
[INFO] [stdout]   |     ^^^^^^^^^^^ use of undeclared crate or module `pin_project`
[INFO] [stdout] 
[INFO] [stdout] error: cannot determine resolution for the attribute macro `pin_project`
[INFO] [stdout]  --> src/lib.rs:304:3
[INFO] [stdout]   |
[INFO] [stdout] 8 | #[pin_project]
[INFO] [stdout]   |   ^^^^^^^^^^^
[INFO] [stdout]   |
[INFO] [stdout]   = note: import resolution is stuck, try simplifying macro imports
[INFO] [stdout] 
[INFO] [stdout] error: cannot find attribute `pin` in this scope
[INFO] [stdout]   --> src/lib.rs:307:7
[INFO] [stdout]    |
[INFO] [stdout] 11 |     #[pin] // <------ This `#[pin]` is required to make `Struct` to `!Unpin`.
[INFO] [stdout]    |       ^^^
[INFO] [stdout] 
[INFO] [stdout] error: aborting due to 3 previous errors
[INFO] [stdout] 
[INFO] [stdout] For more information about this error, try `rustc --explain E0432`.
[INFO] [stdout] Couldn't compile the test.
[INFO] [stdout] ---- src/lib.rs - pin_project (line 262) stdout ----
[INFO] [stdout] error[E0432]: unresolved import `pin_project`
[INFO] [stdout]  --> src/lib.rs:265:5
[INFO] [stdout]   |
[INFO] [stdout] 6 | use pin_project::pin_project;
[INFO] [stdout]   |     ^^^^^^^^^^^ use of undeclared crate or module `pin_project`
[INFO] [stdout] 
[INFO] [stdout] error: cannot determine resolution for the attribute macro `pin_project`
[INFO] [stdout]  --> src/lib.rs:267:3
[INFO] [stdout]   |
[INFO] [stdout] 8 | #[pin_project]
[INFO] [stdout]   |   ^^^^^^^^^^^
[INFO] [stdout]   |
[INFO] [stdout]   = note: import resolution is stuck, try simplifying macro imports
[INFO] [stdout] 
[INFO] [stdout] error: cannot find attribute `pin` in this scope
[INFO] [stdout]   --> src/lib.rs:269:7
[INFO] [stdout]    |
[INFO] [stdout] 10 |     #[pin]
[INFO] [stdout]    |       ^^^
[INFO] [stdout] 
[INFO] [stdout] error[E0599]: no method named `project` found for struct `Pin<&mut Struct<T>>` in the current scope
[INFO] [stdout]   --> src/lib.rs:276:23
[INFO] [stdout]    |
[INFO] [stdout] 17 |         self.as_mut().project();
[INFO] [stdout]    |                       ^^^^^^^ method not found in `Pin<&mut Struct<T>>`
[INFO] [stdout] 
[INFO] [stdout] error[E0599]: no method named `project` found for struct `Pin<&mut Struct<T>>` in the current scope
[INFO] [stdout]   --> src/lib.rs:277:23
[INFO] [stdout]    |
[INFO] [stdout] 18 |         self.as_mut().project();
[INFO] [stdout]    |                       ^^^^^^^ method not found in `Pin<&mut Struct<T>>`
[INFO] [stdout] 
[INFO] [stdout] error: aborting due to 5 previous errors
[INFO] [stdout] 
[INFO] [stdout] Some errors have detailed explanations: E0432, E0599.
[INFO] [stdout] For more information about an error, try `rustc --explain E0432`.
[INFO] [stdout] Couldn't compile the test.
[INFO] [stdout] ---- src/lib.rs - pin_project (line 205) stdout ----
[INFO] [stdout] error[E0432]: unresolved import `pin_project`
[INFO] [stdout]  --> src/lib.rs:208:5
[INFO] [stdout]   |
[INFO] [stdout] 6 | use pin_project::pin_project;
[INFO] [stdout]   |     ^^^^^^^^^^^ use of undeclared crate or module `pin_project`
[INFO] [stdout] 
[INFO] [stdout] error: cannot determine resolution for the attribute macro `pin_project`
[INFO] [stdout]  --> src/lib.rs:210:3
[INFO] [stdout]   |
[INFO] [stdout] 8 | #[pin_project(project = EnumProj)]
[INFO] [stdout]   |   ^^^^^^^^^^^
[INFO] [stdout]   |
[INFO] [stdout]   = note: import resolution is stuck, try simplifying macro imports
[INFO] [stdout] 
[INFO] [stdout] error: cannot find attribute `pin` in this scope
[INFO] [stdout]   --> src/lib.rs:212:13
[INFO] [stdout]    |
[INFO] [stdout] 10 |     Tuple(#[pin] T),
[INFO] [stdout]    |             ^^^
[INFO] [stdout] 
[INFO] [stdout] error[E0433]: failed to resolve: use of undeclared type `EnumProj`
[INFO] [stdout]   --> src/lib.rs:220:13
[INFO] [stdout]    |
[INFO] [stdout] 18 |             EnumProj::Tuple(x) => {
[INFO] [stdout]    |             ^^^^^^^^ use of undeclared type `EnumProj`
[INFO] [stdout] 
[INFO] [stdout] error[E0433]: failed to resolve: use of undeclared type `EnumProj`
[INFO] [stdout]   --> src/lib.rs:223:13
[INFO] [stdout]    |
[INFO] [stdout] 21 |             EnumProj::Struct { field } => {
[INFO] [stdout]    |             ^^^^^^^^ use of undeclared type `EnumProj`
[INFO] [stdout] 
[INFO] [stdout] error[E0433]: failed to resolve: use of undeclared type `EnumProj`
[INFO] [stdout]   --> src/lib.rs:226:13
[INFO] [stdout]    |
[INFO] [stdout] 24 |             EnumProj::Unit => {}
[INFO] [stdout]    |             ^^^^^^^^ use of undeclared type `EnumProj`
[INFO] [stdout] 
[INFO] [stdout] error[E0599]: no method named `project` found for struct `Pin<&mut Enum<T, U>>` in the current scope
[INFO] [stdout]   --> src/lib.rs:219:20
[INFO] [stdout]    |
[INFO] [stdout] 17 |         match self.project() {
[INFO] [stdout]    |                    ^^^^^^^ method not found in `Pin<&mut Enum<T, U>>`
[INFO] [stdout] 
[INFO] [stdout] error: aborting due to 7 previous errors
[INFO] [stdout] 
[INFO] [stdout] Some errors have detailed explanations: E0432, E0433, E0599.
[INFO] [stdout] For more information about an error, try `rustc --explain E0432`.
[INFO] [stdout] Couldn't compile the test.
[INFO] [stdout] ---- src/lib.rs - pin_project (line 185) stdout ----
[INFO] [stdout] error[E0432]: unresolved import `pin_project`
[INFO] [stdout]  --> src/lib.rs:188:5
[INFO] [stdout]   |
[INFO] [stdout] 6 | use pin_project::pin_project;
[INFO] [stdout]   |     ^^^^^^^^^^^ use of undeclared crate or module `pin_project`
[INFO] [stdout] 
[INFO] [stdout] error: cannot determine resolution for the attribute macro `pin_project`
[INFO] [stdout]  --> src/lib.rs:190:3
[INFO] [stdout]   |
[INFO] [stdout] 8 | #[pin_project]
[INFO] [stdout]   |   ^^^^^^^^^^^
[INFO] [stdout]   |
[INFO] [stdout]   = note: import resolution is stuck, try simplifying macro imports
[INFO] [stdout] 
[INFO] [stdout] error: cannot find attribute `pin` in this scope
[INFO] [stdout]  --> src/lib.rs:191:28
[INFO] [stdout]   |
[INFO] [stdout] 9 | struct TupleStruct<T, U>(#[pin] T, U);
[INFO] [stdout]   |                            ^^^
[INFO] [stdout] 
[INFO] [stdout] error[E0599]: no method named `project` found for struct `Pin<&mut TupleStruct<T, U>>` in the current scope
[INFO] [stdout]   --> src/lib.rs:195:25
[INFO] [stdout]    |
[INFO] [stdout] 13 |         let this = self.project();
[INFO] [stdout]    |                         ^^^^^^^ method not found in `Pin<&mut TupleStruct<T, U>>`
[INFO] [stdout] 
[INFO] [stdout] error: aborting due to 4 previous errors
[INFO] [stdout] 
[INFO] [stdout] Some errors have detailed explanations: E0432, E0599.
[INFO] [stdout] For more information about an error, try `rustc --explain E0432`.
[INFO] [stdout] Couldn't compile the test.
[INFO] [stdout] ---- src/lib.rs - pin_project (line 319) stdout ----
[INFO] [stdout] error[E0432]: unresolved imports `pin_project`, `pin_project::UnsafeUnpin`
[INFO] [stdout]  --> src/lib.rs:320:5
[INFO] [stdout]   |
[INFO] [stdout] 4 | use pin_project::{pin_project, UnsafeUnpin};
[INFO] [stdout]   |     ^^^^^^^^^^^                ^^^^^^^^^^^
[INFO] [stdout]   |     |
[INFO] [stdout]   |     use of undeclared crate or module `pin_project`
[INFO] [stdout] 
[INFO] [stdout] error: cannot determine resolution for the attribute macro `pin_project`
[INFO] [stdout]  --> src/lib.rs:322:3
[INFO] [stdout]   |
[INFO] [stdout] 6 | #[pin_project(UnsafeUnpin)]
[INFO] [stdout]   |   ^^^^^^^^^^^
[INFO] [stdout]   |
[INFO] [stdout]   = note: import resolution is stuck, try simplifying macro imports
[INFO] [stdout] 
[INFO] [stdout] error: cannot find attribute `pin` in this scope
[INFO] [stdout]  --> src/lib.rs:324:7
[INFO] [stdout]   |
[INFO] [stdout] 8 |     #[pin]
[INFO] [stdout]   |       ^^^
[INFO] [stdout] 
[INFO] [stdout] error[E0405]: cannot find trait `UnsafeUnpin` in this scope
[INFO] [stdout]   --> src/lib.rs:329:26
[INFO] [stdout]    |
[INFO] [stdout] 13 | unsafe impl<T: Unpin, U> UnsafeUnpin for Struct<T, U> {}
[INFO] [stdout]    |                          ^^^^^^^^^^^ not found in this scope
[INFO] [stdout] 
[INFO] [stdout] error: aborting due to 4 previous errors
[INFO] [stdout] 
[INFO] [stdout] Some errors have detailed explanations: E0405, E0432.
[INFO] [stdout] For more information about an error, try `rustc --explain E0405`.
[INFO] [stdout] Couldn't compile the test.
[INFO] [stdout] ---- src/lib.rs - pin_project (line 164) stdout ----
[INFO] [stdout] error[E0432]: unresolved import `pin_project`
[INFO] [stdout]  --> src/lib.rs:167:5
[INFO] [stdout]   |
[INFO] [stdout] 6 | use pin_project::pin_project;
[INFO] [stdout]   |     ^^^^^^^^^^^ use of undeclared crate or module `pin_project`
[INFO] [stdout] 
[INFO] [stdout] error: cannot determine resolution for the attribute macro `pin_project`
[INFO] [stdout]  --> src/lib.rs:169:3
[INFO] [stdout]   |
[INFO] [stdout] 8 | #[pin_project]
[INFO] [stdout]   |   ^^^^^^^^^^^
[INFO] [stdout]   |
[INFO] [stdout]   = note: import resolution is stuck, try simplifying macro imports
[INFO] [stdout] 
[INFO] [stdout] error: cannot find attribute `pin` in this scope
[INFO] [stdout]   --> src/lib.rs:171:7
[INFO] [stdout]    |
[INFO] [stdout] 10 |     #[pin]
[INFO] [stdout]    |       ^^^
[INFO] [stdout] 
[INFO] [stdout] error[E0599]: no method named `project` found for struct `Pin<&mut Struct<T, U>>` in the current scope
[INFO] [stdout]   --> src/lib.rs:178:25
[INFO] [stdout]    |
[INFO] [stdout] 17 |         let this = self.project();
[INFO] [stdout]    |                         ^^^^^^^ method not found in `Pin<&mut Struct<T, U>>`
[INFO] [stdout] 
[INFO] [stdout] error: aborting due to 4 previous errors
[INFO] [stdout] 
[INFO] [stdout] Some errors have detailed explanations: E0432, E0599.
[INFO] [stdout] For more information about an error, try `rustc --explain E0432`.
[INFO] [stdout] Couldn't compile the test.
[INFO] [stdout] ---- src/lib.rs - pinned_drop (line 517) stdout ----
[INFO] [stdout] error[E0432]: unresolved imports `pin_project`, `pin_project::pinned_drop`
[INFO] [stdout]  --> src/lib.rs:520:5
[INFO] [stdout]   |
[INFO] [stdout] 5 | use pin_project::{pin_project, pinned_drop};
[INFO] [stdout]   |     ^^^^^^^^^^^                ^^^^^^^^^^^
[INFO] [stdout]   |     |
[INFO] [stdout]   |     use of undeclared crate or module `pin_project`
[INFO] [stdout] 
[INFO] [stdout] error: cannot find attribute `pinned_drop` in this scope
[INFO] [stdout]   --> src/lib.rs:528:3
[INFO] [stdout]    |
[INFO] [stdout] 13 | #[pinned_drop]
[INFO] [stdout]    |   ^^^^^^^^^^^
[INFO] [stdout] 
[INFO] [stdout] error: cannot determine resolution for the attribute macro `pin_project`
[INFO] [stdout]  --> src/lib.rs:522:3
[INFO] [stdout]   |
[INFO] [stdout] 7 | #[pin_project(PinnedDrop)]
[INFO] [stdout]   |   ^^^^^^^^^^^
[INFO] [stdout]   |
[INFO] [stdout]   = note: import resolution is stuck, try simplifying macro imports
[INFO] [stdout] 
[INFO] [stdout] error: cannot find attribute `pin` in this scope
[INFO] [stdout]  --> src/lib.rs:524:7
[INFO] [stdout]   |
[INFO] [stdout] 9 |     #[pin]
[INFO] [stdout]   |       ^^^
[INFO] [stdout] 
[INFO] [stdout] error[E0405]: cannot find trait `PinnedDrop` in this scope
[INFO] [stdout]   --> src/lib.rs:529:6
[INFO] [stdout]    |
[INFO] [stdout] 14 | impl PinnedDrop for PrintOnDrop {
[INFO] [stdout]    |      ^^^^^^^^^^ not found in this scope
[INFO] [stdout] 
[INFO] [stdout] error: aborting due to 5 previous errors
[INFO] [stdout] 
[INFO] [stdout] Some errors have detailed explanations: E0405, E0432.
[INFO] [stdout] For more information about an error, try `rustc --explain E0405`.
[INFO] [stdout] Couldn't compile the test.
[INFO] [stdout] 
[INFO] [stdout] failures:
[INFO] [stdout]     src/lib.rs - pin_project (line 164)
[INFO] [stdout]     src/lib.rs - pin_project (line 185)
[INFO] [stdout]     src/lib.rs - pin_project (line 205)
[INFO] [stdout]     src/lib.rs - pin_project (line 262)
[INFO] [stdout]     src/lib.rs - pin_project (line 287)
[INFO] [stdout]     src/lib.rs - pin_project (line 299)
[INFO] [stdout]     src/lib.rs - pin_project (line 319)
[INFO] [stdout]     src/lib.rs - pin_project (line 374)
[INFO] [stdout]     src/lib.rs - pin_project (line 427)
[INFO] [stdout]     src/lib.rs - pin_project (line 453)
[INFO] [stdout]     src/lib.rs - pin_project (line 52)
[INFO] [stdout]     src/lib.rs - pinned_drop (line 517)
[INFO] [stdout] 
[INFO] [stdout] test result: FAILED. 7 passed; 12 failed; 0 ignored; 0 measured; 0 filtered out; finished in 1.42s
[INFO] [stdout] 
[INFO] [stderr] error: test failed, to rerun pass '--doc'
[INFO] running `Command { std: "docker" "inspect" "a6800693b9c54af6a66bfd7d2ce053cdcf76c44690a7649bc16f335f586c046b", kill_on_drop: false }`
[INFO] running `Command { std: "docker" "rm" "-f" "a6800693b9c54af6a66bfd7d2ce053cdcf76c44690a7649bc16f335f586c046b", kill_on_drop: false }`
[INFO] [stdout] a6800693b9c54af6a66bfd7d2ce053cdcf76c44690a7649bc16f335f586c046b
