[INFO] fetching crate picoborgrev 0.1.1...
[INFO] testing picoborgrev-0.1.1 against 1.54.0 for beta-1.55-1
[INFO] extracting crate picoborgrev 0.1.1 into /workspace/builds/worker-6/source
[INFO] validating manifest of crates.io crate picoborgrev 0.1.1 on toolchain 1.54.0
[INFO] running `Command { std: "/workspace/cargo-home/bin/cargo" "+1.54.0" "metadata" "--manifest-path" "Cargo.toml" "--no-deps", kill_on_drop: false }`
[INFO] started tweaking crates.io crate picoborgrev 0.1.1
[INFO] finished tweaking crates.io crate picoborgrev 0.1.1
[INFO] tweaked toml for crates.io crate picoborgrev 0.1.1 written to /workspace/builds/worker-6/source/Cargo.toml
[INFO] running `Command { std: "/workspace/cargo-home/bin/cargo" "+1.54.0" "generate-lockfile" "--manifest-path" "Cargo.toml" "-Zno-index-update", kill_on_drop: false }`
[INFO] [stderr]     Blocking waiting for file lock on package cache
[INFO] running `Command { std: "/workspace/cargo-home/bin/cargo" "+1.54.0" "fetch" "--manifest-path" "Cargo.toml", kill_on_drop: false }`
[INFO] [stderr]     Blocking waiting for file lock on package cache
[INFO] running `Command { std: "docker" "create" "-v" "/var/lib/crater-agent-workspace/builds/worker-6/target:/opt/rustwide/target:rw,Z" "-v" "/var/lib/crater-agent-workspace/builds/worker-6/source:/opt/rustwide/workdir:ro,Z" "-v" "/var/lib/crater-agent-workspace/cargo-home:/opt/rustwide/cargo-home:ro,Z" "-v" "/var/lib/crater-agent-workspace/rustup-home:/opt/rustwide/rustup-home:ro,Z" "-e" "SOURCE_DIR=/opt/rustwide/workdir" "-e" "CARGO_TARGET_DIR=/opt/rustwide/target" "-e" "CARGO_HOME=/opt/rustwide/cargo-home" "-e" "RUSTUP_HOME=/opt/rustwide/rustup-home" "-w" "/opt/rustwide/workdir" "-m" "1610612736" "--user" "0:0" "--network" "none" "ghcr.io/rust-lang/crates-build-env/linux@sha256:34b6a614d2c27851fe6cbf88fbd1137609cefab8b10d0615aaeb6fd47975d74e" "/opt/rustwide/cargo-home/bin/cargo" "+1.54.0" "metadata" "--no-deps" "--format-version=1", kill_on_drop: false }`
[INFO] [stderr] WARNING: Your kernel does not support swap limit capabilities or the cgroup is not mounted. Memory limited without swap.
[INFO] [stdout] 2abd9aa01b1ed4ec4eb4f81bba48ccc189b1445a553cdfb5212bf6e7294f7a22
[INFO] running `Command { std: "docker" "start" "-a" "2abd9aa01b1ed4ec4eb4f81bba48ccc189b1445a553cdfb5212bf6e7294f7a22", kill_on_drop: false }`
[INFO] running `Command { std: "docker" "inspect" "2abd9aa01b1ed4ec4eb4f81bba48ccc189b1445a553cdfb5212bf6e7294f7a22", kill_on_drop: false }`
[INFO] running `Command { std: "docker" "rm" "-f" "2abd9aa01b1ed4ec4eb4f81bba48ccc189b1445a553cdfb5212bf6e7294f7a22", kill_on_drop: false }`
[INFO] [stdout] 2abd9aa01b1ed4ec4eb4f81bba48ccc189b1445a553cdfb5212bf6e7294f7a22
[INFO] running `Command { std: "docker" "create" "-v" "/var/lib/crater-agent-workspace/builds/worker-6/target:/opt/rustwide/target:rw,Z" "-v" "/var/lib/crater-agent-workspace/builds/worker-6/source:/opt/rustwide/workdir:ro,Z" "-v" "/var/lib/crater-agent-workspace/cargo-home:/opt/rustwide/cargo-home:ro,Z" "-v" "/var/lib/crater-agent-workspace/rustup-home:/opt/rustwide/rustup-home:ro,Z" "-e" "SOURCE_DIR=/opt/rustwide/workdir" "-e" "CARGO_TARGET_DIR=/opt/rustwide/target" "-e" "CARGO_INCREMENTAL=0" "-e" "RUST_BACKTRACE=full" "-e" "RUSTFLAGS=--cap-lints=warn" "-e" "CARGO_HOME=/opt/rustwide/cargo-home" "-e" "RUSTUP_HOME=/opt/rustwide/rustup-home" "-w" "/opt/rustwide/workdir" "-m" "1610612736" "--user" "0:0" "--network" "none" "ghcr.io/rust-lang/crates-build-env/linux@sha256:34b6a614d2c27851fe6cbf88fbd1137609cefab8b10d0615aaeb6fd47975d74e" "/opt/rustwide/cargo-home/bin/cargo" "+1.54.0" "build" "--frozen" "--message-format=json", kill_on_drop: false }`
[INFO] [stderr] WARNING: Your kernel does not support swap limit capabilities or the cgroup is not mounted. Memory limited without swap.
[INFO] [stdout] de9c90eb09d975177099f61d440c072b17fa8baddddbfc14e84292414090d50b
[INFO] running `Command { std: "docker" "start" "-a" "de9c90eb09d975177099f61d440c072b17fa8baddddbfc14e84292414090d50b", kill_on_drop: false }`
[INFO] [stderr]    Compiling picoborgrev v0.1.1 (/opt/rustwide/workdir)
[INFO] [stderr]     Finished dev [unoptimized + debuginfo] target(s) in 0.71s
[INFO] running `Command { std: "docker" "inspect" "de9c90eb09d975177099f61d440c072b17fa8baddddbfc14e84292414090d50b", kill_on_drop: false }`
[INFO] running `Command { std: "docker" "rm" "-f" "de9c90eb09d975177099f61d440c072b17fa8baddddbfc14e84292414090d50b", kill_on_drop: false }`
[INFO] [stdout] de9c90eb09d975177099f61d440c072b17fa8baddddbfc14e84292414090d50b
[INFO] running `Command { std: "docker" "create" "-v" "/var/lib/crater-agent-workspace/builds/worker-6/target:/opt/rustwide/target:rw,Z" "-v" "/var/lib/crater-agent-workspace/builds/worker-6/source:/opt/rustwide/workdir:ro,Z" "-v" "/var/lib/crater-agent-workspace/cargo-home:/opt/rustwide/cargo-home:ro,Z" "-v" "/var/lib/crater-agent-workspace/rustup-home:/opt/rustwide/rustup-home:ro,Z" "-e" "SOURCE_DIR=/opt/rustwide/workdir" "-e" "CARGO_TARGET_DIR=/opt/rustwide/target" "-e" "CARGO_INCREMENTAL=0" "-e" "RUST_BACKTRACE=full" "-e" "RUSTFLAGS=--cap-lints=warn" "-e" "CARGO_HOME=/opt/rustwide/cargo-home" "-e" "RUSTUP_HOME=/opt/rustwide/rustup-home" "-w" "/opt/rustwide/workdir" "-m" "1610612736" "--user" "0:0" "--network" "none" "ghcr.io/rust-lang/crates-build-env/linux@sha256:34b6a614d2c27851fe6cbf88fbd1137609cefab8b10d0615aaeb6fd47975d74e" "/opt/rustwide/cargo-home/bin/cargo" "+1.54.0" "test" "--frozen" "--no-run" "--message-format=json", kill_on_drop: false }`
[INFO] [stdout] b4d700ee237dfb93f758f209735f884c7881b6535f0a23eab2a589fb8885a0c2
[INFO] [stderr] WARNING: Your kernel does not support swap limit capabilities or the cgroup is not mounted. Memory limited without swap.
[INFO] running `Command { std: "docker" "start" "-a" "b4d700ee237dfb93f758f209735f884c7881b6535f0a23eab2a589fb8885a0c2", kill_on_drop: false }`
[INFO] [stderr]    Compiling i2cdev v0.4.4
[INFO] [stderr]    Compiling sysfs_gpio v0.5.4
[INFO] [stderr]    Compiling linux-embedded-hal v0.2.2
[INFO] [stderr]    Compiling picoborgrev v0.1.1 (/opt/rustwide/workdir)
[INFO] [stdout] warning: unused variable: `i`
[INFO] [stdout]   --> examples/toggle_led.rs:14:9
[INFO] [stdout]    |
[INFO] [stdout] 14 |     for i in 0..10 {
[INFO] [stdout]    |         ^ help: if this is intentional, prefix it with an underscore: `_i`
[INFO] [stdout]    |
[INFO] [stdout]    = note: `#[warn(unused_variables)]` on by default
[INFO] [stdout] 
[INFO] [stdout] 
[INFO] [stdout] warning: 1 warning emitted
[INFO] [stdout] 
[INFO] [stdout] 
[INFO] [stderr]     Finished test [unoptimized + debuginfo] target(s) in 1.91s
[INFO] running `Command { std: "docker" "inspect" "b4d700ee237dfb93f758f209735f884c7881b6535f0a23eab2a589fb8885a0c2", kill_on_drop: false }`
[INFO] running `Command { std: "docker" "rm" "-f" "b4d700ee237dfb93f758f209735f884c7881b6535f0a23eab2a589fb8885a0c2", kill_on_drop: false }`
[INFO] [stdout] b4d700ee237dfb93f758f209735f884c7881b6535f0a23eab2a589fb8885a0c2
[INFO] running `Command { std: "docker" "create" "-v" "/var/lib/crater-agent-workspace/builds/worker-6/target:/opt/rustwide/target:rw,Z" "-v" "/var/lib/crater-agent-workspace/builds/worker-6/source:/opt/rustwide/workdir:ro,Z" "-v" "/var/lib/crater-agent-workspace/cargo-home:/opt/rustwide/cargo-home:ro,Z" "-v" "/var/lib/crater-agent-workspace/rustup-home:/opt/rustwide/rustup-home:ro,Z" "-e" "SOURCE_DIR=/opt/rustwide/workdir" "-e" "CARGO_TARGET_DIR=/opt/rustwide/target" "-e" "CARGO_INCREMENTAL=0" "-e" "RUST_BACKTRACE=full" "-e" "RUSTFLAGS=--cap-lints=warn" "-e" "CARGO_HOME=/opt/rustwide/cargo-home" "-e" "RUSTUP_HOME=/opt/rustwide/rustup-home" "-w" "/opt/rustwide/workdir" "-m" "1610612736" "--user" "0:0" "--network" "none" "ghcr.io/rust-lang/crates-build-env/linux@sha256:34b6a614d2c27851fe6cbf88fbd1137609cefab8b10d0615aaeb6fd47975d74e" "/opt/rustwide/cargo-home/bin/cargo" "+1.54.0" "test" "--frozen", kill_on_drop: false }`
[INFO] [stdout] d608ae8484b4d3a22bf74437666e8ed894f6565ceea9022d9366a91fc72c91d4
[INFO] [stderr] WARNING: Your kernel does not support swap limit capabilities or the cgroup is not mounted. Memory limited without swap.
[INFO] running `Command { std: "docker" "start" "-a" "d608ae8484b4d3a22bf74437666e8ed894f6565ceea9022d9366a91fc72c91d4", kill_on_drop: false }`
[INFO] [stderr] warning: unused variable: `i`
[INFO] [stderr]   --> examples/toggle_led.rs:14:9
[INFO] [stderr]    |
[INFO] [stderr] 14 |     for i in 0..10 {
[INFO] [stderr]    |         ^ help: if this is intentional, prefix it with an underscore: `_i`
[INFO] [stderr]    |
[INFO] [stderr]    = note: `#[warn(unused_variables)]` on by default
[INFO] [stderr] 
[INFO] [stderr] warning: 1 warning emitted
[INFO] [stderr] 
[INFO] [stderr]     Finished test [unoptimized + debuginfo] target(s) in 0.02s
[INFO] [stderr]      Running unittests (/opt/rustwide/target/debug/deps/picoborgrev-e50d8bd99b2188d9)
[INFO] [stdout] 
[INFO] [stdout] running 1 test
[INFO] [stdout] test tests::it_works ... ok
[INFO] [stdout] 
[INFO] [stdout] test result: ok. 1 passed; 0 failed; 0 ignored; 0 measured; 0 filtered out; finished in 0.00s
[INFO] [stdout] 
[INFO] [stderr]    Doc-tests picoborgrev
[INFO] [stdout] 
[INFO] [stdout] running 3 tests
[INFO] [stdout] test src/lib.rs - (line 39) ... FAILED
[INFO] [stdout] test src/lib.rs - (line 21) ... ok
[INFO] [stdout] test src/lib.rs - (line 29) ... FAILED
[INFO] [stdout] 
[INFO] [stdout] failures:
[INFO] [stdout] 
[INFO] [stdout] ---- src/lib.rs - (line 39) stdout ----
[INFO] [stdout] error[E0433]: failed to resolve: use of undeclared type `PicoBorgRev`
[INFO] [stdout]  --> src/lib.rs:40:16
[INFO] [stdout]   |
[INFO] [stdout] 3 | let mut borg = PicoBorgRev::new(device).expect("Unable to create PicoBorgRev");
[INFO] [stdout]   |                ^^^^^^^^^^^ use of undeclared type `PicoBorgRev`
[INFO] [stdout] 
[INFO] [stdout] error[E0425]: cannot find value `device` in this scope
[INFO] [stdout]  --> src/lib.rs:40:33
[INFO] [stdout]   |
[INFO] [stdout] 3 | let mut borg = PicoBorgRev::new(device).expect("Unable to create PicoBorgRev");
[INFO] [stdout]   |                                 ^^^^^^ not found in this scope
[INFO] [stdout] 
[INFO] [stdout] error: aborting due to 2 previous errors
[INFO] [stdout] 
[INFO] [stdout] Some errors have detailed explanations: E0425, E0433.
[INFO] [stdout] For more information about an error, try `rustc --explain E0425`.
[INFO] [stdout] Couldn't compile the test.
[INFO] [stdout] ---- src/lib.rs - (line 29) stdout ----
[INFO] [stdout] Test executable failed (exit code 101).
[INFO] [stdout] 
[INFO] [stdout] stderr:
[INFO] [stdout] thread 'main' panicked at 'Unable to create i2c device: Io(Os { code: 2, kind: NotFound, message: "No such file or directory" })', src/lib.rs:8:51
[INFO] [stdout] stack backtrace:
[INFO] [stdout]    0:     0x563d5c2e26c0 - std::backtrace_rs::backtrace::libunwind::trace::h34055254b57d8e79
[INFO] [stdout]                                at /rustc/a178d0322ce20e33eac124758e837cbd80a6f633/library/std/src/../../backtrace/src/backtrace/libunwind.rs:90:5
[INFO] [stdout]    1:     0x563d5c2e26c0 - std::backtrace_rs::backtrace::trace_unsynchronized::h8f1e3fbd9afff6ec
[INFO] [stdout]                                at /rustc/a178d0322ce20e33eac124758e837cbd80a6f633/library/std/src/../../backtrace/src/backtrace/mod.rs:66:5
[INFO] [stdout]    2:     0x563d5c2e26c0 - std::sys_common::backtrace::_print_fmt::h3a99a796b770c360
[INFO] [stdout]                                at /rustc/a178d0322ce20e33eac124758e837cbd80a6f633/library/std/src/sys_common/backtrace.rs:67:5
[INFO] [stdout]    3:     0x563d5c2e26c0 - <std::sys_common::backtrace::_print::DisplayBacktrace as core::fmt::Display>::fmt::h32d1f94a80615d18
[INFO] [stdout]                                at /rustc/a178d0322ce20e33eac124758e837cbd80a6f633/library/std/src/sys_common/backtrace.rs:46:22
[INFO] [stdout]    4:     0x563d5c2fbe6c - core::fmt::write::h306731c068f7162c
[INFO] [stdout]                                at /rustc/a178d0322ce20e33eac124758e837cbd80a6f633/library/core/src/fmt/mod.rs:1110:17
[INFO] [stdout]    5:     0x563d5c2e10a5 - std::io::Write::write_fmt::hd2fa90334eee2a21
[INFO] [stdout]                                at /rustc/a178d0322ce20e33eac124758e837cbd80a6f633/library/std/src/io/mod.rs:1588:15
[INFO] [stdout]    6:     0x563d5c2e42eb - std::sys_common::backtrace::_print::h5abaa2601a852287
[INFO] [stdout]                                at /rustc/a178d0322ce20e33eac124758e837cbd80a6f633/library/std/src/sys_common/backtrace.rs:49:5
[INFO] [stdout]    7:     0x563d5c2e42eb - std::sys_common::backtrace::print::h8d81445442bb638f
[INFO] [stdout]                                at /rustc/a178d0322ce20e33eac124758e837cbd80a6f633/library/std/src/sys_common/backtrace.rs:36:9
[INFO] [stdout]    8:     0x563d5c2e42eb - std::panicking::default_hook::{{closure}}::hcfe804496a9fa747
[INFO] [stdout]                                at /rustc/a178d0322ce20e33eac124758e837cbd80a6f633/library/std/src/panicking.rs:208:50
[INFO] [stdout]    9:     0x563d5c2e3dc1 - std::panicking::default_hook::hbea8e3ccf2ba8901
[INFO] [stdout]                                at /rustc/a178d0322ce20e33eac124758e837cbd80a6f633/library/std/src/panicking.rs:225:9
[INFO] [stdout]   10:     0x563d5c2e49b4 - std::panicking::rust_panic_with_hook::h7ee9e1a2d0f8975a
[INFO] [stdout]                                at /rustc/a178d0322ce20e33eac124758e837cbd80a6f633/library/std/src/panicking.rs:622:17
[INFO] [stdout]   11:     0x563d5c2e4497 - std::panicking::begin_panic_handler::{{closure}}::h8ab3b4491718b2c7
[INFO] [stdout]                                at /rustc/a178d0322ce20e33eac124758e837cbd80a6f633/library/std/src/panicking.rs:519:13
[INFO] [stdout]   12:     0x563d5c2e2bbc - std::sys_common::backtrace::__rust_end_short_backtrace::hd489062ffa586a9f
[INFO] [stdout]                                at /rustc/a178d0322ce20e33eac124758e837cbd80a6f633/library/std/src/sys_common/backtrace.rs:141:18
[INFO] [stdout]   13:     0x563d5c2e43f9 - rust_begin_unwind
[INFO] [stdout]                                at /rustc/a178d0322ce20e33eac124758e837cbd80a6f633/library/std/src/panicking.rs:515:5
[INFO] [stdout]   14:     0x563d5c2cee21 - core::panicking::panic_fmt::hca6330e3e14086b4
[INFO] [stdout]                                at /rustc/a178d0322ce20e33eac124758e837cbd80a6f633/library/core/src/panicking.rs:92:14
[INFO] [stdout]   15:     0x563d5c2ceeb3 - core::result::unwrap_failed::h6160d2b4bfbb0e87
[INFO] [stdout]                                at /rustc/a178d0322ce20e33eac124758e837cbd80a6f633/library/core/src/result.rs:1355:5
[INFO] [stdout]   16:     0x563d5c2cfb5c - core::result::Result<T,E>::expect::h12534fc88aa32ba1
[INFO] [stdout]   17:     0x563d5c2cff84 - rust_out::main::_doctest_main_src_lib_rs_29_0::hbba7b8e9f6cca4c3
[INFO] [stdout]   18:     0x563d5c2cff26 - rust_out::main::h2a38bb51b9580a7d
[INFO] [stdout]   19:     0x563d5c2cfa33 - core::ops::function::FnOnce::call_once::hb73b95e6982fd3f0
[INFO] [stdout]   20:     0x563d5c2cf929 - std::sys_common::backtrace::__rust_begin_short_backtrace::h8371d112165838d3
[INFO] [stdout]   21:     0x563d5c2cf999 - std::rt::lang_start::{{closure}}::h783adf50233ec5ec
[INFO] [stdout]   22:     0x563d5c2e4eb9 - core::ops::function::impls::<impl core::ops::function::FnOnce<A> for &F>::call_once::h2aabc384aab89b7b
[INFO] [stdout]                                at /rustc/a178d0322ce20e33eac124758e837cbd80a6f633/library/core/src/ops/function.rs:259:13
[INFO] [stdout]   23:     0x563d5c2e4eb9 - std::panicking::try::do_call::hc5fcacb7a85fc7b1
[INFO] [stdout]                                at /rustc/a178d0322ce20e33eac124758e837cbd80a6f633/library/std/src/panicking.rs:401:40
[INFO] [stdout]   24:     0x563d5c2e4eb9 - std::panicking::try::hb5d9603af3abbe3a
[INFO] [stdout]                                at /rustc/a178d0322ce20e33eac124758e837cbd80a6f633/library/std/src/panicking.rs:365:19
[INFO] [stdout]   25:     0x563d5c2e4eb9 - std::panic::catch_unwind::h98fe6ac3925e64b4
[INFO] [stdout]                                at /rustc/a178d0322ce20e33eac124758e837cbd80a6f633/library/std/src/panic.rs:434:14
[INFO] [stdout]   26:     0x563d5c2e4eb9 - std::rt::lang_start_internal::h22ac7383c516f93e
[INFO] [stdout]                                at /rustc/a178d0322ce20e33eac124758e837cbd80a6f633/library/std/src/rt.rs:34:21
[INFO] [stdout]   27:     0x563d5c2cf981 - std::rt::lang_start::h11b9716471e37ff8
[INFO] [stdout]   28:     0x563d5c2cffb3 - main
[INFO] [stdout]   29:     0x7f3347c230b3 - __libc_start_main
[INFO] [stdout]   30:     0x563d5c2cf57e - _start
[INFO] [stdout]   31:                0x0 - <unknown>
[INFO] [stdout] 
[INFO] [stdout] 
[INFO] [stdout] 
[INFO] [stdout] failures:
[INFO] [stdout]     src/lib.rs - (line 29)
[INFO] [stdout]     src/lib.rs - (line 39)
[INFO] [stdout] 
[INFO] [stdout] test result: FAILED. 1 passed; 2 failed; 0 ignored; 0 measured; 0 filtered out; finished in 0.57s
[INFO] [stdout] 
[INFO] [stderr] error: test failed, to rerun pass '--doc'
[INFO] running `Command { std: "docker" "inspect" "d608ae8484b4d3a22bf74437666e8ed894f6565ceea9022d9366a91fc72c91d4", kill_on_drop: false }`
[INFO] running `Command { std: "docker" "rm" "-f" "d608ae8484b4d3a22bf74437666e8ed894f6565ceea9022d9366a91fc72c91d4", kill_on_drop: false }`
[INFO] [stdout] d608ae8484b4d3a22bf74437666e8ed894f6565ceea9022d9366a91fc72c91d4
