[INFO] fetching crate pick-one 1.0.1...
[INFO] testing pick-one-1.0.1 against 1.54.0 for beta-1.55-1
[INFO] extracting crate pick-one 1.0.1 into /workspace/builds/worker-6/source
[INFO] validating manifest of crates.io crate pick-one 1.0.1 on toolchain 1.54.0
[INFO] running `Command { std: "/workspace/cargo-home/bin/cargo" "+1.54.0" "metadata" "--manifest-path" "Cargo.toml" "--no-deps", kill_on_drop: false }`
[INFO] started tweaking crates.io crate pick-one 1.0.1
[INFO] finished tweaking crates.io crate pick-one 1.0.1
[INFO] tweaked toml for crates.io crate pick-one 1.0.1 written to /workspace/builds/worker-6/source/Cargo.toml
[INFO] running `Command { std: "/workspace/cargo-home/bin/cargo" "+1.54.0" "generate-lockfile" "--manifest-path" "Cargo.toml" "-Zno-index-update", kill_on_drop: false }`
[INFO] running `Command { std: "/workspace/cargo-home/bin/cargo" "+1.54.0" "fetch" "--manifest-path" "Cargo.toml", kill_on_drop: false }`
[INFO] running `Command { std: "docker" "create" "-v" "/var/lib/crater-agent-workspace/builds/worker-6/target:/opt/rustwide/target:rw,Z" "-v" "/var/lib/crater-agent-workspace/builds/worker-6/source:/opt/rustwide/workdir:ro,Z" "-v" "/var/lib/crater-agent-workspace/cargo-home:/opt/rustwide/cargo-home:ro,Z" "-v" "/var/lib/crater-agent-workspace/rustup-home:/opt/rustwide/rustup-home:ro,Z" "-e" "SOURCE_DIR=/opt/rustwide/workdir" "-e" "CARGO_TARGET_DIR=/opt/rustwide/target" "-e" "CARGO_HOME=/opt/rustwide/cargo-home" "-e" "RUSTUP_HOME=/opt/rustwide/rustup-home" "-w" "/opt/rustwide/workdir" "-m" "1610612736" "--user" "0:0" "--network" "none" "ghcr.io/rust-lang/crates-build-env/linux@sha256:34b6a614d2c27851fe6cbf88fbd1137609cefab8b10d0615aaeb6fd47975d74e" "/opt/rustwide/cargo-home/bin/cargo" "+1.54.0" "metadata" "--no-deps" "--format-version=1", kill_on_drop: false }`
[INFO] [stderr] WARNING: Your kernel does not support swap limit capabilities or the cgroup is not mounted. Memory limited without swap.
[INFO] [stdout] 70e4ecd4055cee8e7ada287b607706297fbbda628715de3ac89b41f36e9cc500
[INFO] running `Command { std: "docker" "start" "-a" "70e4ecd4055cee8e7ada287b607706297fbbda628715de3ac89b41f36e9cc500", kill_on_drop: false }`
[INFO] running `Command { std: "docker" "inspect" "70e4ecd4055cee8e7ada287b607706297fbbda628715de3ac89b41f36e9cc500", kill_on_drop: false }`
[INFO] running `Command { std: "docker" "rm" "-f" "70e4ecd4055cee8e7ada287b607706297fbbda628715de3ac89b41f36e9cc500", kill_on_drop: false }`
[INFO] [stdout] 70e4ecd4055cee8e7ada287b607706297fbbda628715de3ac89b41f36e9cc500
[INFO] running `Command { std: "docker" "create" "-v" "/var/lib/crater-agent-workspace/builds/worker-6/target:/opt/rustwide/target:rw,Z" "-v" "/var/lib/crater-agent-workspace/builds/worker-6/source:/opt/rustwide/workdir:ro,Z" "-v" "/var/lib/crater-agent-workspace/cargo-home:/opt/rustwide/cargo-home:ro,Z" "-v" "/var/lib/crater-agent-workspace/rustup-home:/opt/rustwide/rustup-home:ro,Z" "-e" "SOURCE_DIR=/opt/rustwide/workdir" "-e" "CARGO_TARGET_DIR=/opt/rustwide/target" "-e" "CARGO_INCREMENTAL=0" "-e" "RUST_BACKTRACE=full" "-e" "RUSTFLAGS=--cap-lints=warn" "-e" "CARGO_HOME=/opt/rustwide/cargo-home" "-e" "RUSTUP_HOME=/opt/rustwide/rustup-home" "-w" "/opt/rustwide/workdir" "-m" "1610612736" "--user" "0:0" "--network" "none" "ghcr.io/rust-lang/crates-build-env/linux@sha256:34b6a614d2c27851fe6cbf88fbd1137609cefab8b10d0615aaeb6fd47975d74e" "/opt/rustwide/cargo-home/bin/cargo" "+1.54.0" "build" "--frozen" "--message-format=json", kill_on_drop: false }`
[INFO] [stderr] WARNING: Your kernel does not support swap limit capabilities or the cgroup is not mounted. Memory limited without swap.
[INFO] [stdout] 27a874a2f3f4cdb04d3fc73bfb804e6902ec66721a47f6e968920f3a19c3752d
[INFO] running `Command { std: "docker" "start" "-a" "27a874a2f3f4cdb04d3fc73bfb804e6902ec66721a47f6e968920f3a19c3752d", kill_on_drop: false }`
[INFO] [stderr]     Blocking waiting for file lock on package cache
[INFO] [stderr]    Compiling pick-one v1.0.1 (/opt/rustwide/workdir)
[INFO] [stderr]     Finished dev [unoptimized + debuginfo] target(s) in 0.41s
[INFO] running `Command { std: "docker" "inspect" "27a874a2f3f4cdb04d3fc73bfb804e6902ec66721a47f6e968920f3a19c3752d", kill_on_drop: false }`
[INFO] running `Command { std: "docker" "rm" "-f" "27a874a2f3f4cdb04d3fc73bfb804e6902ec66721a47f6e968920f3a19c3752d", kill_on_drop: false }`
[INFO] [stdout] 27a874a2f3f4cdb04d3fc73bfb804e6902ec66721a47f6e968920f3a19c3752d
[INFO] running `Command { std: "docker" "create" "-v" "/var/lib/crater-agent-workspace/builds/worker-6/target:/opt/rustwide/target:rw,Z" "-v" "/var/lib/crater-agent-workspace/builds/worker-6/source:/opt/rustwide/workdir:ro,Z" "-v" "/var/lib/crater-agent-workspace/cargo-home:/opt/rustwide/cargo-home:ro,Z" "-v" "/var/lib/crater-agent-workspace/rustup-home:/opt/rustwide/rustup-home:ro,Z" "-e" "SOURCE_DIR=/opt/rustwide/workdir" "-e" "CARGO_TARGET_DIR=/opt/rustwide/target" "-e" "CARGO_INCREMENTAL=0" "-e" "RUST_BACKTRACE=full" "-e" "RUSTFLAGS=--cap-lints=warn" "-e" "CARGO_HOME=/opt/rustwide/cargo-home" "-e" "RUSTUP_HOME=/opt/rustwide/rustup-home" "-w" "/opt/rustwide/workdir" "-m" "1610612736" "--user" "0:0" "--network" "none" "ghcr.io/rust-lang/crates-build-env/linux@sha256:34b6a614d2c27851fe6cbf88fbd1137609cefab8b10d0615aaeb6fd47975d74e" "/opt/rustwide/cargo-home/bin/cargo" "+1.54.0" "test" "--frozen" "--no-run" "--message-format=json", kill_on_drop: false }`
[INFO] [stdout] f93dc97aeb811e26ffaa3136a6bae5c3d80ae97f0eefab43700306b365eb9cb8
[INFO] [stderr] WARNING: Your kernel does not support swap limit capabilities or the cgroup is not mounted. Memory limited without swap.
[INFO] running `Command { std: "docker" "start" "-a" "f93dc97aeb811e26ffaa3136a6bae5c3d80ae97f0eefab43700306b365eb9cb8", kill_on_drop: false }`
[INFO] [stderr]    Compiling pick-one v1.0.1 (/opt/rustwide/workdir)
[INFO] [stderr]     Finished test [unoptimized + debuginfo] target(s) in 0.66s
[INFO] running `Command { std: "docker" "inspect" "f93dc97aeb811e26ffaa3136a6bae5c3d80ae97f0eefab43700306b365eb9cb8", kill_on_drop: false }`
[INFO] running `Command { std: "docker" "rm" "-f" "f93dc97aeb811e26ffaa3136a6bae5c3d80ae97f0eefab43700306b365eb9cb8", kill_on_drop: false }`
[INFO] [stdout] f93dc97aeb811e26ffaa3136a6bae5c3d80ae97f0eefab43700306b365eb9cb8
[INFO] running `Command { std: "docker" "create" "-v" "/var/lib/crater-agent-workspace/builds/worker-6/target:/opt/rustwide/target:rw,Z" "-v" "/var/lib/crater-agent-workspace/builds/worker-6/source:/opt/rustwide/workdir:ro,Z" "-v" "/var/lib/crater-agent-workspace/cargo-home:/opt/rustwide/cargo-home:ro,Z" "-v" "/var/lib/crater-agent-workspace/rustup-home:/opt/rustwide/rustup-home:ro,Z" "-e" "SOURCE_DIR=/opt/rustwide/workdir" "-e" "CARGO_TARGET_DIR=/opt/rustwide/target" "-e" "CARGO_INCREMENTAL=0" "-e" "RUST_BACKTRACE=full" "-e" "RUSTFLAGS=--cap-lints=warn" "-e" "CARGO_HOME=/opt/rustwide/cargo-home" "-e" "RUSTUP_HOME=/opt/rustwide/rustup-home" "-w" "/opt/rustwide/workdir" "-m" "1610612736" "--user" "0:0" "--network" "none" "ghcr.io/rust-lang/crates-build-env/linux@sha256:34b6a614d2c27851fe6cbf88fbd1137609cefab8b10d0615aaeb6fd47975d74e" "/opt/rustwide/cargo-home/bin/cargo" "+1.54.0" "test" "--frozen", kill_on_drop: false }`
[INFO] [stdout] abd371b5d416ca3792c6041aa459fc545cbb56f74d8dc45ed316175c46d57c77
[INFO] [stderr] WARNING: Your kernel does not support swap limit capabilities or the cgroup is not mounted. Memory limited without swap.
[INFO] running `Command { std: "docker" "start" "-a" "abd371b5d416ca3792c6041aa459fc545cbb56f74d8dc45ed316175c46d57c77", kill_on_drop: false }`
[INFO] [stderr]     Finished test [unoptimized + debuginfo] target(s) in 0.01s
[INFO] [stderr]      Running unittests (/opt/rustwide/target/debug/deps/pick_one-04cc1cb20245ae70)
[INFO] [stdout] 
[INFO] [stdout] running 1 test
[INFO] [stdout] test it_works ... ok
[INFO] [stdout] 
[INFO] [stdout] test result: ok. 1 passed; 0 failed; 0 ignored; 0 measured; 0 filtered out; finished in 0.00s
[INFO] [stdout] 
[INFO] [stderr]    Doc-tests pick-one
[INFO] [stdout] 
[INFO] [stdout] running 1 test
[INFO] [stdout] test src/lib.rs - pick_one_str (line 9) ... FAILED
[INFO] [stdout] 
[INFO] [stdout] failures:
[INFO] [stdout] 
[INFO] [stdout] ---- src/lib.rs - pick_one_str (line 9) stdout ----
[INFO] [stdout] error[E0425]: cannot find function `pick_one_str` in this scope
[INFO] [stdout]  --> src/lib.rs:11:12
[INFO] [stdout]   |
[INFO] [stdout] 5 | assert_eq!(pick_one_str(&example), "doggo");
[INFO] [stdout]   |            ^^^^^^^^^^^^ not found in this scope
[INFO] [stdout]   |
[INFO] [stdout] help: consider importing this function
[INFO] [stdout]   |
[INFO] [stdout] 3 | use pick_one::pick_one_str;
[INFO] [stdout]   |
[INFO] [stdout] 
[INFO] [stdout] error: aborting due to previous error
[INFO] [stdout] 
[INFO] [stdout] For more information about this error, try `rustc --explain E0425`.
[INFO] [stdout] Couldn't compile the test.
[INFO] [stdout] 
[INFO] [stdout] failures:
[INFO] [stdout]     src/lib.rs - pick_one_str (line 9)
[INFO] [stdout] 
[INFO] [stdout] test result: FAILED. 0 passed; 1 failed; 0 ignored; 0 measured; 0 filtered out; finished in 0.24s
[INFO] [stdout] 
[INFO] [stderr] error: test failed, to rerun pass '--doc'
[INFO] running `Command { std: "docker" "inspect" "abd371b5d416ca3792c6041aa459fc545cbb56f74d8dc45ed316175c46d57c77", kill_on_drop: false }`
[INFO] running `Command { std: "docker" "rm" "-f" "abd371b5d416ca3792c6041aa459fc545cbb56f74d8dc45ed316175c46d57c77", kill_on_drop: false }`
[INFO] [stdout] abd371b5d416ca3792c6041aa459fc545cbb56f74d8dc45ed316175c46d57c77
