[INFO] fetching crate phyloprob 0.1.2...
[INFO] testing phyloprob-0.1.2 against beta-2021-08-01 for beta-1.55-1
[INFO] extracting crate phyloprob 0.1.2 into /workspace/builds/worker-7/source
[INFO] validating manifest of crates.io crate phyloprob 0.1.2 on toolchain beta-2021-08-01
[INFO] running `Command { std: "/workspace/cargo-home/bin/cargo" "+beta-2021-08-01" "metadata" "--manifest-path" "Cargo.toml" "--no-deps", kill_on_drop: false }`
[INFO] started tweaking crates.io crate phyloprob 0.1.2
[INFO] finished tweaking crates.io crate phyloprob 0.1.2
[INFO] tweaked toml for crates.io crate phyloprob 0.1.2 written to /workspace/builds/worker-7/source/Cargo.toml
[INFO] crate crates.io crate phyloprob 0.1.2 already has a lockfile, it will not be regenerated
[INFO] running `Command { std: "/workspace/cargo-home/bin/cargo" "+beta-2021-08-01" "fetch" "--manifest-path" "Cargo.toml", kill_on_drop: false }`
[INFO] [stderr]  Downloading crates ...
[INFO] [stderr]   Downloaded newtype_derive v0.1.6
[INFO] [stderr]   Downloaded ucd-util v0.1.7
[INFO] [stderr]   Downloaded unreachable v1.0.0
[INFO] [stderr]   Downloaded ordered-float v0.5.2
[INFO] [stderr]   Downloaded bytecount v0.3.2
[INFO] [stderr]   Downloaded bv v0.7.4
[INFO] [stderr]   Downloaded ndarray v0.9.1
[INFO] [stderr]   Downloaded bstr v0.2.11
[INFO] [stderr]   Downloaded bio v0.20.3
[INFO] [stderr]   Downloaded itertools v0.6.5
[INFO] [stderr]   Downloaded multimap v0.4.0
[INFO] [stderr]   Downloaded bio-seq-algos v0.1.15
[INFO] [stderr]   Downloaded rna-algos v0.1.14
[INFO] [stderr]   Downloaded rna-ss-params v0.1.16
[INFO] running `Command { std: "docker" "create" "-v" "/var/lib/crater-agent-workspace/builds/worker-7/target:/opt/rustwide/target:rw,Z" "-v" "/var/lib/crater-agent-workspace/builds/worker-7/source:/opt/rustwide/workdir:ro,Z" "-v" "/var/lib/crater-agent-workspace/cargo-home:/opt/rustwide/cargo-home:ro,Z" "-v" "/var/lib/crater-agent-workspace/rustup-home:/opt/rustwide/rustup-home:ro,Z" "-e" "SOURCE_DIR=/opt/rustwide/workdir" "-e" "CARGO_TARGET_DIR=/opt/rustwide/target" "-e" "CARGO_HOME=/opt/rustwide/cargo-home" "-e" "RUSTUP_HOME=/opt/rustwide/rustup-home" "-w" "/opt/rustwide/workdir" "-m" "1610612736" "--user" "0:0" "--network" "none" "ghcr.io/rust-lang/crates-build-env/linux@sha256:34b6a614d2c27851fe6cbf88fbd1137609cefab8b10d0615aaeb6fd47975d74e" "/opt/rustwide/cargo-home/bin/cargo" "+beta-2021-08-01" "metadata" "--no-deps" "--format-version=1", kill_on_drop: false }`
[INFO] [stdout] 420be4905d69db09e88d1953a585d329e5bf2c5eaaa92969e2282d1616040f6f
[INFO] [stderr] WARNING: Your kernel does not support swap limit capabilities or the cgroup is not mounted. Memory limited without swap.
[INFO] running `Command { std: "docker" "start" "-a" "420be4905d69db09e88d1953a585d329e5bf2c5eaaa92969e2282d1616040f6f", kill_on_drop: false }`
[INFO] running `Command { std: "docker" "inspect" "420be4905d69db09e88d1953a585d329e5bf2c5eaaa92969e2282d1616040f6f", kill_on_drop: false }`
[INFO] running `Command { std: "docker" "rm" "-f" "420be4905d69db09e88d1953a585d329e5bf2c5eaaa92969e2282d1616040f6f", kill_on_drop: false }`
[INFO] [stdout] 420be4905d69db09e88d1953a585d329e5bf2c5eaaa92969e2282d1616040f6f
[INFO] running `Command { std: "docker" "create" "-v" "/var/lib/crater-agent-workspace/builds/worker-7/target:/opt/rustwide/target:rw,Z" "-v" "/var/lib/crater-agent-workspace/builds/worker-7/source:/opt/rustwide/workdir:ro,Z" "-v" "/var/lib/crater-agent-workspace/cargo-home:/opt/rustwide/cargo-home:ro,Z" "-v" "/var/lib/crater-agent-workspace/rustup-home:/opt/rustwide/rustup-home:ro,Z" "-e" "SOURCE_DIR=/opt/rustwide/workdir" "-e" "CARGO_TARGET_DIR=/opt/rustwide/target" "-e" "CARGO_INCREMENTAL=0" "-e" "RUST_BACKTRACE=full" "-e" "RUSTFLAGS=--cap-lints=warn" "-e" "CARGO_HOME=/opt/rustwide/cargo-home" "-e" "RUSTUP_HOME=/opt/rustwide/rustup-home" "-w" "/opt/rustwide/workdir" "-m" "1610612736" "--user" "0:0" "--network" "none" "ghcr.io/rust-lang/crates-build-env/linux@sha256:34b6a614d2c27851fe6cbf88fbd1137609cefab8b10d0615aaeb6fd47975d74e" "/opt/rustwide/cargo-home/bin/cargo" "+beta-2021-08-01" "build" "--frozen" "--message-format=json", kill_on_drop: false }`
[INFO] [stderr] WARNING: Your kernel does not support swap limit capabilities or the cgroup is not mounted. Memory limited without swap.
[INFO] [stdout] 41e86ef4fe4efa0bad41a84581ca1eeb51f10790e4423b94e60cf278bf90b17a
[INFO] running `Command { std: "docker" "start" "-a" "41e86ef4fe4efa0bad41a84581ca1eeb51f10790e4423b94e60cf278bf90b17a", kill_on_drop: false }`
[INFO] [stderr]    Compiling ndarray v0.9.1
[INFO] [stderr]    Compiling ucd-util v0.1.7
[INFO] [stderr]    Compiling bv v0.7.4
[INFO] [stderr]    Compiling bit-vec v0.4.4
[INFO] [stderr]    Compiling approx v0.1.1
[INFO] [stderr]    Compiling custom_derive v0.1.7
[INFO] [stderr]    Compiling bytecount v0.3.2
[INFO] [stderr]    Compiling itertools v0.6.5
[INFO] [stderr]    Compiling itertools v0.7.11
[INFO] [stderr]    Compiling getopts v0.2.21
[INFO] [stderr]    Compiling newtype_derive v0.1.6
[INFO] [stderr]    Compiling num_cpus v1.12.0
[INFO] [stderr]    Compiling syn v1.0.16
[INFO] [stderr]    Compiling num-traits v0.1.43
[INFO] [stderr]    Compiling num-complex v0.1.43
[INFO] [stderr]    Compiling itertools-num v0.1.3
[INFO] [stderr]    Compiling num-integer v0.1.42
[INFO] [stderr]    Compiling bio-seq-algos v0.1.15
[INFO] [stderr]    Compiling ordered-float v0.5.2
[INFO] [stderr]    Compiling regex-syntax v0.5.6
[INFO] [stderr]    Compiling bit-set v0.4.0
[INFO] [stderr]    Compiling rna-ss-params v0.1.16
[INFO] [stderr]    Compiling regex v0.2.11
[INFO] [stderr]    Compiling serde_derive v1.0.104
[INFO] [stderr]    Compiling serde v1.0.104
[INFO] [stderr]    Compiling bstr v0.2.11
[INFO] [stderr]    Compiling multimap v0.4.0
[INFO] [stderr]    Compiling vec_map v0.8.1
[INFO] [stderr]    Compiling csv v1.1.3
[INFO] [stderr]    Compiling bio v0.20.3
[INFO] [stderr]    Compiling rna-algos v0.1.14
[INFO] [stderr]    Compiling phyloprob v0.1.2 (/opt/rustwide/workdir)
[INFO] [stdout] warning: unnecessary braces around block return value
[INFO] [stdout]   --> src/utils.rs:18:63
[INFO] [stdout]    |
[INFO] [stdout] 18 | ...ScoreMat = {RIBOSUM_85_60_BA_SCORE_MAT.iter().map(|(base_pair, &ba_score)| {(*base_pair, ba_score.exp())}).collect()};
[INFO] [stdout]    |               ^^^^^^^^^^^^^^^^^^^^^^^^^^^^^^^^^^^^^^^^^^^^^^^^^^^^^^^^^^^^^^^^^^^^^^^^^^^^^^^^^^^^^^^^^^^^^^^^^^^^^^^^^^ help: remove these braces
[INFO] [stdout]    |
[INFO] [stdout]    = note: `#[warn(unused_braces)]` on by default
[INFO] [stdout] 
[INFO] [stdout] 
[INFO] [stdout] warning: unnecessary braces around block return value
[INFO] [stdout]   --> src/utils.rs:29:65
[INFO] [stdout]    |
[INFO] [stdout] 29 | ...at = {RIBOSUM_85_60_BPA_SCORE_MAT.iter().map(|(base_quadruple, &bpa_score)| {(*base_quadruple, bpa_score.exp())}).collect()};
[INFO] [stdout]    |         ^^^^^^^^^^^^^^^^^^^^^^^^^^^^^^^^^^^^^^^^^^^^^^^^^^^^^^^^^^^^^^^^^^^^^^^^^^^^^^^^^^^^^^^^^^^^^^^^^^^^^^^^^^^^^^^^^^^^^^^ help: remove these braces
[INFO] [stdout] 
[INFO] [stdout] 
[INFO] [stdout] warning: use of deprecated constant `std::sync::ONCE_INIT`: the `new` function is now preferred
[INFO] [stdout]   --> src/utils.rs:9:1
[INFO] [stdout]    |
[INFO] [stdout] 9  | / lazy_static! {
[INFO] [stdout] 10 | |   pub static ref RIBOSUM_85_60_BA_SCORE_MAT: BaScoreMat = {
[INFO] [stdout] 11 | |     [
[INFO] [stdout] 12 | |       (AA, 2.22), (AC, -1.86), (AG, -1.46), (AU, -1.39),
[INFO] [stdout] ...  |
[INFO] [stdout] 29 | |   pub static ref EXP_RIBOSUM_85_60_BPA_SCORE_MAT: BpaScoreMat = {RIBOSUM_85_60_BPA_SCORE_MAT.iter().map(|(base_quadruple, &bpa_score)| {(...
[INFO] [stdout] 30 | | }
[INFO] [stdout]    | |_^
[INFO] [stdout]    |
[INFO] [stdout]    = note: `#[warn(deprecated)]` on by default
[INFO] [stdout]    = note: this warning originates in the macro `lazy_static` (in Nightly builds, run with -Z macro-backtrace for more info)
[INFO] [stdout] 
[INFO] [stdout] 
[INFO] [stdout] warning: use of deprecated constant `std::sync::ONCE_INIT`: the `new` function is now preferred
[INFO] [stdout]   --> src/utils.rs:9:1
[INFO] [stdout]    |
[INFO] [stdout] 9  | / lazy_static! {
[INFO] [stdout] 10 | |   pub static ref RIBOSUM_85_60_BA_SCORE_MAT: BaScoreMat = {
[INFO] [stdout] 11 | |     [
[INFO] [stdout] 12 | |       (AA, 2.22), (AC, -1.86), (AG, -1.46), (AU, -1.39),
[INFO] [stdout] ...  |
[INFO] [stdout] 29 | |   pub static ref EXP_RIBOSUM_85_60_BPA_SCORE_MAT: BpaScoreMat = {RIBOSUM_85_60_BPA_SCORE_MAT.iter().map(|(base_quadruple, &bpa_score)| {(...
[INFO] [stdout] 30 | | }
[INFO] [stdout]    | |_^
[INFO] [stdout]    |
[INFO] [stdout]    = note: this warning originates in the macro `lazy_static` (in Nightly builds, run with -Z macro-backtrace for more info)
[INFO] [stdout] 
[INFO] [stdout] 
[INFO] [stdout] warning: use of deprecated constant `std::sync::ONCE_INIT`: the `new` function is now preferred
[INFO] [stdout]   --> src/utils.rs:9:1
[INFO] [stdout]    |
[INFO] [stdout] 9  | / lazy_static! {
[INFO] [stdout] 10 | |   pub static ref RIBOSUM_85_60_BA_SCORE_MAT: BaScoreMat = {
[INFO] [stdout] 11 | |     [
[INFO] [stdout] 12 | |       (AA, 2.22), (AC, -1.86), (AG, -1.46), (AU, -1.39),
[INFO] [stdout] ...  |
[INFO] [stdout] 29 | |   pub static ref EXP_RIBOSUM_85_60_BPA_SCORE_MAT: BpaScoreMat = {RIBOSUM_85_60_BPA_SCORE_MAT.iter().map(|(base_quadruple, &bpa_score)| {(...
[INFO] [stdout] 30 | | }
[INFO] [stdout]    | |_^
[INFO] [stdout]    |
[INFO] [stdout]    = note: this warning originates in the macro `lazy_static` (in Nightly builds, run with -Z macro-backtrace for more info)
[INFO] [stdout] 
[INFO] [stdout] 
[INFO] [stdout] warning: use of deprecated constant `std::sync::ONCE_INIT`: the `new` function is now preferred
[INFO] [stdout]   --> src/utils.rs:9:1
[INFO] [stdout]    |
[INFO] [stdout] 9  | / lazy_static! {
[INFO] [stdout] 10 | |   pub static ref RIBOSUM_85_60_BA_SCORE_MAT: BaScoreMat = {
[INFO] [stdout] 11 | |     [
[INFO] [stdout] 12 | |       (AA, 2.22), (AC, -1.86), (AG, -1.46), (AU, -1.39),
[INFO] [stdout] ...  |
[INFO] [stdout] 29 | |   pub static ref EXP_RIBOSUM_85_60_BPA_SCORE_MAT: BpaScoreMat = {RIBOSUM_85_60_BPA_SCORE_MAT.iter().map(|(base_quadruple, &bpa_score)| {(...
[INFO] [stdout] 30 | | }
[INFO] [stdout]    | |_^
[INFO] [stdout]    |
[INFO] [stdout]    = note: this warning originates in the macro `lazy_static` (in Nightly builds, run with -Z macro-backtrace for more info)
[INFO] [stdout] 
[INFO] [stdout] 
[INFO] [stdout] warning: use of deprecated constant `std::sync::ONCE_INIT`: the `new` function is now preferred
[INFO] [stdout]   --> src/utils.rs:9:1
[INFO] [stdout]    |
[INFO] [stdout] 9  | / lazy_static! {
[INFO] [stdout] 10 | |   pub static ref RIBOSUM_85_60_BA_SCORE_MAT: BaScoreMat = {
[INFO] [stdout] 11 | |     [
[INFO] [stdout] 12 | |       (AA, 2.22), (AC, -1.86), (AG, -1.46), (AU, -1.39),
[INFO] [stdout] ...  |
[INFO] [stdout] 29 | |   pub static ref EXP_RIBOSUM_85_60_BPA_SCORE_MAT: BpaScoreMat = {RIBOSUM_85_60_BPA_SCORE_MAT.iter().map(|(base_quadruple, &bpa_score)| {(...
[INFO] [stdout] 30 | | }
[INFO] [stdout]    | |_^
[INFO] [stdout]    |
[INFO] [stdout]    = note: this warning originates in the macro `lazy_static` (in Nightly builds, run with -Z macro-backtrace for more info)
[INFO] [stdout] 
[INFO] [stdout] 
[INFO] [stdout] warning: use of deprecated constant `std::sync::ONCE_INIT`: the `new` function is now preferred
[INFO] [stdout]   --> src/utils.rs:9:1
[INFO] [stdout]    |
[INFO] [stdout] 9  | / lazy_static! {
[INFO] [stdout] 10 | |   pub static ref RIBOSUM_85_60_BA_SCORE_MAT: BaScoreMat = {
[INFO] [stdout] 11 | |     [
[INFO] [stdout] 12 | |       (AA, 2.22), (AC, -1.86), (AG, -1.46), (AU, -1.39),
[INFO] [stdout] ...  |
[INFO] [stdout] 29 | |   pub static ref EXP_RIBOSUM_85_60_BPA_SCORE_MAT: BpaScoreMat = {RIBOSUM_85_60_BPA_SCORE_MAT.iter().map(|(base_quadruple, &bpa_score)| {(...
[INFO] [stdout] 30 | | }
[INFO] [stdout]    | |_^
[INFO] [stdout]    |
[INFO] [stdout]    = note: this warning originates in the macro `lazy_static` (in Nightly builds, run with -Z macro-backtrace for more info)
[INFO] [stdout] 
[INFO] [stdout] 
[INFO] [stdout] warning: use of deprecated constant `std::sync::ONCE_INIT`: the `new` function is now preferred
[INFO] [stdout]   --> src/utils.rs:9:1
[INFO] [stdout]    |
[INFO] [stdout] 9  | / lazy_static! {
[INFO] [stdout] 10 | |   pub static ref RIBOSUM_85_60_BA_SCORE_MAT: BaScoreMat = {
[INFO] [stdout] 11 | |     [
[INFO] [stdout] 12 | |       (AA, 2.22), (AC, -1.86), (AG, -1.46), (AU, -1.39),
[INFO] [stdout] ...  |
[INFO] [stdout] 29 | |   pub static ref EXP_RIBOSUM_85_60_BPA_SCORE_MAT: BpaScoreMat = {RIBOSUM_85_60_BPA_SCORE_MAT.iter().map(|(base_quadruple, &bpa_score)| {(...
[INFO] [stdout] 30 | | }
[INFO] [stdout]    | |_^
[INFO] [stdout]    |
[INFO] [stdout]    = note: this warning originates in the macro `lazy_static` (in Nightly builds, run with -Z macro-backtrace for more info)
[INFO] [stdout] 
[INFO] [stdout] 
[INFO] [stdout] warning: use of deprecated constant `std::sync::ONCE_INIT`: the `new` function is now preferred
[INFO] [stdout]   --> src/utils.rs:9:1
[INFO] [stdout]    |
[INFO] [stdout] 9  | / lazy_static! {
[INFO] [stdout] 10 | |   pub static ref RIBOSUM_85_60_BA_SCORE_MAT: BaScoreMat = {
[INFO] [stdout] 11 | |     [
[INFO] [stdout] 12 | |       (AA, 2.22), (AC, -1.86), (AG, -1.46), (AU, -1.39),
[INFO] [stdout] ...  |
[INFO] [stdout] 29 | |   pub static ref EXP_RIBOSUM_85_60_BPA_SCORE_MAT: BpaScoreMat = {RIBOSUM_85_60_BPA_SCORE_MAT.iter().map(|(base_quadruple, &bpa_score)| {(...
[INFO] [stdout] 30 | | }
[INFO] [stdout]    | |_^
[INFO] [stdout]    |
[INFO] [stdout]    = note: this warning originates in the macro `lazy_static` (in Nightly builds, run with -Z macro-backtrace for more info)
[INFO] [stdout] 
[INFO] [stdout] 
[INFO] [stdout] warning: 10 warnings emitted
[INFO] [stdout] 
[INFO] [stdout] 
[INFO] [stdout] warning: panic message is not a string literal
[INFO] [stdout]   --> src/main.rs:32:72
[INFO] [stdout]    |
[INFO] [stdout] 32 |     Err(failure) => {print_program_usage(&program_name, &opts); panic!(failure.to_string())}
[INFO] [stdout]    |                                                                        ^^^^^^^^^^^^^^^^^^^
[INFO] [stdout]    |
[INFO] [stdout]    = note: `#[warn(non_fmt_panics)]` on by default
[INFO] [stdout]    = note: this usage of panic!() is deprecated; it will be a hard error in Rust 2021
[INFO] [stdout]    = note: for more information, see <https://doc.rust-lang.org/nightly/edition-guide/rust-2021/panic-macro-consistency.html>
[INFO] [stdout] help: add a "{}" format string to Display the message
[INFO] [stdout]    |
[INFO] [stdout] 32 |     Err(failure) => {print_program_usage(&program_name, &opts); panic!("{}", failure.to_string())}
[INFO] [stdout]    |                                                                        ^^^^^
[INFO] [stdout] help: or use std::panic::panic_any instead
[INFO] [stdout]    |
[INFO] [stdout] 32 |     Err(failure) => {print_program_usage(&program_name, &opts); std::panic::panic_any(failure.to_string())}
[INFO] [stdout]    |                                                                 ^^^^^^^^^^^^^^^^^^^^^
[INFO] [stdout] 
[INFO] [stdout] 
[INFO] [stdout] warning: 1 warning emitted
[INFO] [stdout] 
[INFO] [stdout] 
[INFO] [stderr]     Finished dev [unoptimized + debuginfo] target(s) in 39.85s
[INFO] running `Command { std: "docker" "inspect" "41e86ef4fe4efa0bad41a84581ca1eeb51f10790e4423b94e60cf278bf90b17a", kill_on_drop: false }`
[INFO] running `Command { std: "docker" "rm" "-f" "41e86ef4fe4efa0bad41a84581ca1eeb51f10790e4423b94e60cf278bf90b17a", kill_on_drop: false }`
[INFO] [stdout] 41e86ef4fe4efa0bad41a84581ca1eeb51f10790e4423b94e60cf278bf90b17a
[INFO] running `Command { std: "docker" "create" "-v" "/var/lib/crater-agent-workspace/builds/worker-7/target:/opt/rustwide/target:rw,Z" "-v" "/var/lib/crater-agent-workspace/builds/worker-7/source:/opt/rustwide/workdir:ro,Z" "-v" "/var/lib/crater-agent-workspace/cargo-home:/opt/rustwide/cargo-home:ro,Z" "-v" "/var/lib/crater-agent-workspace/rustup-home:/opt/rustwide/rustup-home:ro,Z" "-e" "SOURCE_DIR=/opt/rustwide/workdir" "-e" "CARGO_TARGET_DIR=/opt/rustwide/target" "-e" "CARGO_INCREMENTAL=0" "-e" "RUST_BACKTRACE=full" "-e" "RUSTFLAGS=--cap-lints=warn" "-e" "CARGO_HOME=/opt/rustwide/cargo-home" "-e" "RUSTUP_HOME=/opt/rustwide/rustup-home" "-w" "/opt/rustwide/workdir" "-m" "1610612736" "--user" "0:0" "--network" "none" "ghcr.io/rust-lang/crates-build-env/linux@sha256:34b6a614d2c27851fe6cbf88fbd1137609cefab8b10d0615aaeb6fd47975d74e" "/opt/rustwide/cargo-home/bin/cargo" "+beta-2021-08-01" "test" "--frozen" "--no-run" "--message-format=json", kill_on_drop: false }`
[INFO] [stderr] WARNING: Your kernel does not support swap limit capabilities or the cgroup is not mounted. Memory limited without swap.
[INFO] [stdout] f5b79a53a78224ee111d50c103e77097a433c101af3667ddb15b1ad0e01eccfc
[INFO] running `Command { std: "docker" "start" "-a" "f5b79a53a78224ee111d50c103e77097a433c101af3667ddb15b1ad0e01eccfc", kill_on_drop: false }`
[INFO] [stdout] warning: unnecessary braces around block return value
[INFO] [stdout]   --> src/utils.rs:18:63
[INFO] [stdout]    |
[INFO] [stdout] 18 | ...ScoreMat = {RIBOSUM_85_60_BA_SCORE_MAT.iter().map(|(base_pair, &ba_score)| {(*base_pair, ba_score.exp())}).collect()};
[INFO] [stdout]    |               ^^^^^^^^^^^^^^^^^^^^^^^^^^^^^^^^^^^^^^^^^^^^^^^^^^^^^^^^^^^^^^^^^^^^^^^^^^^^^^^^^^^^^^^^^^^^^^^^^^^^^^^^^^ help: remove these braces
[INFO] [stdout]    |
[INFO] [stdout]    = note: `#[warn(unused_braces)]` on by default
[INFO] [stdout] 
[INFO] [stdout] 
[INFO] [stdout] warning: unnecessary braces around block return value
[INFO] [stdout]   --> src/utils.rs:29:65
[INFO] [stdout]    |
[INFO] [stdout] 29 | ...at = {RIBOSUM_85_60_BPA_SCORE_MAT.iter().map(|(base_quadruple, &bpa_score)| {(*base_quadruple, bpa_score.exp())}).collect()};
[INFO] [stdout]    |         ^^^^^^^^^^^^^^^^^^^^^^^^^^^^^^^^^^^^^^^^^^^^^^^^^^^^^^^^^^^^^^^^^^^^^^^^^^^^^^^^^^^^^^^^^^^^^^^^^^^^^^^^^^^^^^^^^^^^^^^ help: remove these braces
[INFO] [stdout] 
[INFO] [stdout] 
[INFO] [stdout] warning: use of deprecated constant `std::sync::ONCE_INIT`: the `new` function is now preferred
[INFO] [stdout]   --> src/utils.rs:9:1
[INFO] [stdout]    |
[INFO] [stdout] 9  | / lazy_static! {
[INFO] [stdout] 10 | |   pub static ref RIBOSUM_85_60_BA_SCORE_MAT: BaScoreMat = {
[INFO] [stdout] 11 | |     [
[INFO] [stdout] 12 | |       (AA, 2.22), (AC, -1.86), (AG, -1.46), (AU, -1.39),
[INFO] [stdout] ...  |
[INFO] [stdout] 29 | |   pub static ref EXP_RIBOSUM_85_60_BPA_SCORE_MAT: BpaScoreMat = {RIBOSUM_85_60_BPA_SCORE_MAT.iter().map(|(base_quadruple, &bpa_score)| {(...
[INFO] [stdout] 30 | | }
[INFO] [stdout]    | |_^
[INFO] [stdout]    |
[INFO] [stdout]    = note: `#[warn(deprecated)]` on by default
[INFO] [stdout]    = note: this warning originates in the macro `lazy_static` (in Nightly builds, run with -Z macro-backtrace for more info)
[INFO] [stdout] 
[INFO] [stdout] 
[INFO] [stdout] warning: use of deprecated constant `std::sync::ONCE_INIT`: the `new` function is now preferred
[INFO] [stdout]   --> src/utils.rs:9:1
[INFO] [stdout]    |
[INFO] [stdout] 9  | / lazy_static! {
[INFO] [stdout] 10 | |   pub static ref RIBOSUM_85_60_BA_SCORE_MAT: BaScoreMat = {
[INFO] [stdout] 11 | |     [
[INFO] [stdout] 12 | |       (AA, 2.22), (AC, -1.86), (AG, -1.46), (AU, -1.39),
[INFO] [stdout] ...  |
[INFO] [stdout] 29 | |   pub static ref EXP_RIBOSUM_85_60_BPA_SCORE_MAT: BpaScoreMat = {RIBOSUM_85_60_BPA_SCORE_MAT.iter().map(|(base_quadruple, &bpa_score)| {(...
[INFO] [stdout] 30 | | }
[INFO] [stdout]    | |_^
[INFO] [stdout]    |
[INFO] [stdout]    = note: this warning originates in the macro `lazy_static` (in Nightly builds, run with -Z macro-backtrace for more info)
[INFO] [stdout] 
[INFO] [stdout] 
[INFO] [stdout] warning: use of deprecated constant `std::sync::ONCE_INIT`: the `new` function is now preferred
[INFO] [stdout]   --> src/utils.rs:9:1
[INFO] [stdout]    |
[INFO] [stdout] 9  | / lazy_static! {
[INFO] [stdout] 10 | |   pub static ref RIBOSUM_85_60_BA_SCORE_MAT: BaScoreMat = {
[INFO] [stdout] 11 | |     [
[INFO] [stdout] 12 | |       (AA, 2.22), (AC, -1.86), (AG, -1.46), (AU, -1.39),
[INFO] [stdout] ...  |
[INFO] [stdout] 29 | |   pub static ref EXP_RIBOSUM_85_60_BPA_SCORE_MAT: BpaScoreMat = {RIBOSUM_85_60_BPA_SCORE_MAT.iter().map(|(base_quadruple, &bpa_score)| {(...
[INFO] [stdout] 30 | | }
[INFO] [stdout]    | |_^
[INFO] [stdout]    |
[INFO] [stdout]    = note: this warning originates in the macro `lazy_static` (in Nightly builds, run with -Z macro-backtrace for more info)
[INFO] [stdout] 
[INFO] [stdout] 
[INFO] [stdout] warning: use of deprecated constant `std::sync::ONCE_INIT`: the `new` function is now preferred
[INFO] [stdout]   --> src/utils.rs:9:1
[INFO] [stdout]    |
[INFO] [stdout] 9  | / lazy_static! {
[INFO] [stdout] 10 | |   pub static ref RIBOSUM_85_60_BA_SCORE_MAT: BaScoreMat = {
[INFO] [stdout] 11 | |     [
[INFO] [stdout] 12 | |       (AA, 2.22), (AC, -1.86), (AG, -1.46), (AU, -1.39),
[INFO] [stdout] ...  |
[INFO] [stdout] 29 | |   pub static ref EXP_RIBOSUM_85_60_BPA_SCORE_MAT: BpaScoreMat = {RIBOSUM_85_60_BPA_SCORE_MAT.iter().map(|(base_quadruple, &bpa_score)| {(...
[INFO] [stdout] 30 | | }
[INFO] [stdout]    | |_^
[INFO] [stdout]    |
[INFO] [stdout]    = note: this warning originates in the macro `lazy_static` (in Nightly builds, run with -Z macro-backtrace for more info)
[INFO] [stdout] 
[INFO] [stdout] 
[INFO] [stdout] warning: use of deprecated constant `std::sync::ONCE_INIT`: the `new` function is now preferred
[INFO] [stdout]   --> src/utils.rs:9:1
[INFO] [stdout]    |
[INFO] [stdout] 9  | / lazy_static! {
[INFO] [stdout] 10 | |   pub static ref RIBOSUM_85_60_BA_SCORE_MAT: BaScoreMat = {
[INFO] [stdout] 11 | |     [
[INFO] [stdout] 12 | |       (AA, 2.22), (AC, -1.86), (AG, -1.46), (AU, -1.39),
[INFO] [stdout] ...  |
[INFO] [stdout] 29 | |   pub static ref EXP_RIBOSUM_85_60_BPA_SCORE_MAT: BpaScoreMat = {RIBOSUM_85_60_BPA_SCORE_MAT.iter().map(|(base_quadruple, &bpa_score)| {(...
[INFO] [stdout] 30 | | }
[INFO] [stdout]    | |_^
[INFO] [stdout]    |
[INFO] [stdout]    = note: this warning originates in the macro `lazy_static` (in Nightly builds, run with -Z macro-backtrace for more info)
[INFO] [stdout] 
[INFO] [stdout] 
[INFO] [stdout] warning: use of deprecated constant `std::sync::ONCE_INIT`: the `new` function is now preferred
[INFO] [stdout]   --> src/utils.rs:9:1
[INFO] [stdout]    |
[INFO] [stdout] 9  | / lazy_static! {
[INFO] [stdout] 10 | |   pub static ref RIBOSUM_85_60_BA_SCORE_MAT: BaScoreMat = {
[INFO] [stdout] 11 | |     [
[INFO] [stdout] 12 | |       (AA, 2.22), (AC, -1.86), (AG, -1.46), (AU, -1.39),
[INFO] [stdout] ...  |
[INFO] [stdout] 29 | |   pub static ref EXP_RIBOSUM_85_60_BPA_SCORE_MAT: BpaScoreMat = {RIBOSUM_85_60_BPA_SCORE_MAT.iter().map(|(base_quadruple, &bpa_score)| {(...
[INFO] [stdout] 30 | | }
[INFO] [stdout]    | |_^
[INFO] [stdout]    |
[INFO] [stdout]    = note: this warning originates in the macro `lazy_static` (in Nightly builds, run with -Z macro-backtrace for more info)
[INFO] [stdout] 
[INFO] [stdout] 
[INFO] [stdout] warning: use of deprecated constant `std::sync::ONCE_INIT`: the `new` function is now preferred
[INFO] [stdout]   --> src/utils.rs:9:1
[INFO] [stdout]    |
[INFO] [stdout] 9  | / lazy_static! {
[INFO] [stdout] 10 | |   pub static ref RIBOSUM_85_60_BA_SCORE_MAT: BaScoreMat = {
[INFO] [stdout] 11 | |     [
[INFO] [stdout] 12 | |       (AA, 2.22), (AC, -1.86), (AG, -1.46), (AU, -1.39),
[INFO] [stdout] ...  |
[INFO] [stdout] 29 | |   pub static ref EXP_RIBOSUM_85_60_BPA_SCORE_MAT: BpaScoreMat = {RIBOSUM_85_60_BPA_SCORE_MAT.iter().map(|(base_quadruple, &bpa_score)| {(...
[INFO] [stdout] 30 | | }
[INFO] [stdout]    | |_^
[INFO] [stdout]    |
[INFO] [stdout]    = note: this warning originates in the macro `lazy_static` (in Nightly builds, run with -Z macro-backtrace for more info)
[INFO] [stdout] 
[INFO] [stdout] 
[INFO] [stdout] warning: use of deprecated constant `std::sync::ONCE_INIT`: the `new` function is now preferred
[INFO] [stdout]   --> src/utils.rs:9:1
[INFO] [stdout]    |
[INFO] [stdout] 9  | / lazy_static! {
[INFO] [stdout] 10 | |   pub static ref RIBOSUM_85_60_BA_SCORE_MAT: BaScoreMat = {
[INFO] [stdout] 11 | |     [
[INFO] [stdout] 12 | |       (AA, 2.22), (AC, -1.86), (AG, -1.46), (AU, -1.39),
[INFO] [stdout] ...  |
[INFO] [stdout] 29 | |   pub static ref EXP_RIBOSUM_85_60_BPA_SCORE_MAT: BpaScoreMat = {RIBOSUM_85_60_BPA_SCORE_MAT.iter().map(|(base_quadruple, &bpa_score)| {(...
[INFO] [stdout] 30 | | }
[INFO] [stdout]    | |_^
[INFO] [stdout]    |
[INFO] [stdout]    = note: this warning originates in the macro `lazy_static` (in Nightly builds, run with -Z macro-backtrace for more info)
[INFO] [stdout] 
[INFO] [stdout] 
[INFO] [stdout] warning: 10 warnings emitted
[INFO] [stdout] 
[INFO] [stdout] 
[INFO] [stderr]    Compiling phyloprob v0.1.2 (/opt/rustwide/workdir)
[INFO] [stdout] warning: panic message is not a string literal
[INFO] [stdout]   --> src/main.rs:32:72
[INFO] [stdout]    |
[INFO] [stdout] 32 |     Err(failure) => {print_program_usage(&program_name, &opts); panic!(failure.to_string())}
[INFO] [stdout]    |                                                                        ^^^^^^^^^^^^^^^^^^^
[INFO] [stdout]    |
[INFO] [stdout]    = note: `#[warn(non_fmt_panics)]` on by default
[INFO] [stdout]    = note: this usage of panic!() is deprecated; it will be a hard error in Rust 2021
[INFO] [stdout]    = note: for more information, see <https://doc.rust-lang.org/nightly/edition-guide/rust-2021/panic-macro-consistency.html>
[INFO] [stdout] help: add a "{}" format string to Display the message
[INFO] [stdout]    |
[INFO] [stdout] 32 |     Err(failure) => {print_program_usage(&program_name, &opts); panic!("{}", failure.to_string())}
[INFO] [stdout]    |                                                                        ^^^^^
[INFO] [stdout] help: or use std::panic::panic_any instead
[INFO] [stdout]    |
[INFO] [stdout] 32 |     Err(failure) => {print_program_usage(&program_name, &opts); std::panic::panic_any(failure.to_string())}
[INFO] [stdout]    |                                                                 ^^^^^^^^^^^^^^^^^^^^^
[INFO] [stdout] 
[INFO] [stdout] 
[INFO] [stdout] warning: 1 warning emitted
[INFO] [stdout] 
[INFO] [stdout] 
[INFO] [stdout] warning: unnecessary braces around block return value
[INFO] [stdout]   --> src/utils.rs:18:63
[INFO] [stdout]    |
[INFO] [stdout] 18 | ...ScoreMat = {RIBOSUM_85_60_BA_SCORE_MAT.iter().map(|(base_pair, &ba_score)| {(*base_pair, ba_score.exp())}).collect()};
[INFO] [stdout]    |               ^^^^^^^^^^^^^^^^^^^^^^^^^^^^^^^^^^^^^^^^^^^^^^^^^^^^^^^^^^^^^^^^^^^^^^^^^^^^^^^^^^^^^^^^^^^^^^^^^^^^^^^^^^ help: remove these braces
[INFO] [stdout]    |
[INFO] [stdout]    = note: `#[warn(unused_braces)]` on by default
[INFO] [stdout] 
[INFO] [stdout] 
[INFO] [stdout] warning: unnecessary braces around block return value
[INFO] [stdout]   --> src/utils.rs:29:65
[INFO] [stdout]    |
[INFO] [stdout] 29 | ...at = {RIBOSUM_85_60_BPA_SCORE_MAT.iter().map(|(base_quadruple, &bpa_score)| {(*base_quadruple, bpa_score.exp())}).collect()};
[INFO] [stdout]    |         ^^^^^^^^^^^^^^^^^^^^^^^^^^^^^^^^^^^^^^^^^^^^^^^^^^^^^^^^^^^^^^^^^^^^^^^^^^^^^^^^^^^^^^^^^^^^^^^^^^^^^^^^^^^^^^^^^^^^^^^ help: remove these braces
[INFO] [stdout] 
[INFO] [stdout] 
[INFO] [stdout] warning: use of deprecated constant `std::sync::ONCE_INIT`: the `new` function is now preferred
[INFO] [stdout]   --> src/utils.rs:9:1
[INFO] [stdout]    |
[INFO] [stdout] 9  | / lazy_static! {
[INFO] [stdout] 10 | |   pub static ref RIBOSUM_85_60_BA_SCORE_MAT: BaScoreMat = {
[INFO] [stdout] 11 | |     [
[INFO] [stdout] 12 | |       (AA, 2.22), (AC, -1.86), (AG, -1.46), (AU, -1.39),
[INFO] [stdout] ...  |
[INFO] [stdout] 29 | |   pub static ref EXP_RIBOSUM_85_60_BPA_SCORE_MAT: BpaScoreMat = {RIBOSUM_85_60_BPA_SCORE_MAT.iter().map(|(base_quadruple, &bpa_score)| {(...
[INFO] [stdout] 30 | | }
[INFO] [stdout]    | |_^
[INFO] [stdout]    |
[INFO] [stdout]    = note: `#[warn(deprecated)]` on by default
[INFO] [stdout]    = note: this warning originates in the macro `lazy_static` (in Nightly builds, run with -Z macro-backtrace for more info)
[INFO] [stdout] 
[INFO] [stdout] 
[INFO] [stdout] warning: use of deprecated constant `std::sync::ONCE_INIT`: the `new` function is now preferred
[INFO] [stdout]   --> src/utils.rs:9:1
[INFO] [stdout]    |
[INFO] [stdout] 9  | / lazy_static! {
[INFO] [stdout] 10 | |   pub static ref RIBOSUM_85_60_BA_SCORE_MAT: BaScoreMat = {
[INFO] [stdout] 11 | |     [
[INFO] [stdout] 12 | |       (AA, 2.22), (AC, -1.86), (AG, -1.46), (AU, -1.39),
[INFO] [stdout] ...  |
[INFO] [stdout] 29 | |   pub static ref EXP_RIBOSUM_85_60_BPA_SCORE_MAT: BpaScoreMat = {RIBOSUM_85_60_BPA_SCORE_MAT.iter().map(|(base_quadruple, &bpa_score)| {(...
[INFO] [stdout] 30 | | }
[INFO] [stdout]    | |_^
[INFO] [stdout]    |
[INFO] [stdout]    = note: this warning originates in the macro `lazy_static` (in Nightly builds, run with -Z macro-backtrace for more info)
[INFO] [stdout] 
[INFO] [stdout] 
[INFO] [stdout] warning: use of deprecated constant `std::sync::ONCE_INIT`: the `new` function is now preferred
[INFO] [stdout]   --> src/utils.rs:9:1
[INFO] [stdout]    |
[INFO] [stdout] 9  | / lazy_static! {
[INFO] [stdout] 10 | |   pub static ref RIBOSUM_85_60_BA_SCORE_MAT: BaScoreMat = {
[INFO] [stdout] 11 | |     [
[INFO] [stdout] 12 | |       (AA, 2.22), (AC, -1.86), (AG, -1.46), (AU, -1.39),
[INFO] [stdout] ...  |
[INFO] [stdout] 29 | |   pub static ref EXP_RIBOSUM_85_60_BPA_SCORE_MAT: BpaScoreMat = {RIBOSUM_85_60_BPA_SCORE_MAT.iter().map(|(base_quadruple, &bpa_score)| {(...
[INFO] [stdout] 30 | | }
[INFO] [stdout]    | |_^
[INFO] [stdout]    |
[INFO] [stdout]    = note: this warning originates in the macro `lazy_static` (in Nightly builds, run with -Z macro-backtrace for more info)
[INFO] [stdout] 
[INFO] [stdout] 
[INFO] [stdout] warning: use of deprecated constant `std::sync::ONCE_INIT`: the `new` function is now preferred
[INFO] [stdout]   --> src/utils.rs:9:1
[INFO] [stdout]    |
[INFO] [stdout] 9  | / lazy_static! {
[INFO] [stdout] 10 | |   pub static ref RIBOSUM_85_60_BA_SCORE_MAT: BaScoreMat = {
[INFO] [stdout] 11 | |     [
[INFO] [stdout] 12 | |       (AA, 2.22), (AC, -1.86), (AG, -1.46), (AU, -1.39),
[INFO] [stdout] ...  |
[INFO] [stdout] 29 | |   pub static ref EXP_RIBOSUM_85_60_BPA_SCORE_MAT: BpaScoreMat = {RIBOSUM_85_60_BPA_SCORE_MAT.iter().map(|(base_quadruple, &bpa_score)| {(...
[INFO] [stdout] 30 | | }
[INFO] [stdout]    | |_^
[INFO] [stdout]    |
[INFO] [stdout]    = note: this warning originates in the macro `lazy_static` (in Nightly builds, run with -Z macro-backtrace for more info)
[INFO] [stdout] 
[INFO] [stdout] 
[INFO] [stdout] warning: use of deprecated constant `std::sync::ONCE_INIT`: the `new` function is now preferred
[INFO] [stdout]   --> src/utils.rs:9:1
[INFO] [stdout]    |
[INFO] [stdout] 9  | / lazy_static! {
[INFO] [stdout] 10 | |   pub static ref RIBOSUM_85_60_BA_SCORE_MAT: BaScoreMat = {
[INFO] [stdout] 11 | |     [
[INFO] [stdout] 12 | |       (AA, 2.22), (AC, -1.86), (AG, -1.46), (AU, -1.39),
[INFO] [stdout] ...  |
[INFO] [stdout] 29 | |   pub static ref EXP_RIBOSUM_85_60_BPA_SCORE_MAT: BpaScoreMat = {RIBOSUM_85_60_BPA_SCORE_MAT.iter().map(|(base_quadruple, &bpa_score)| {(...
[INFO] [stdout] 30 | | }
[INFO] [stdout]    | |_^
[INFO] [stdout]    |
[INFO] [stdout]    = note: this warning originates in the macro `lazy_static` (in Nightly builds, run with -Z macro-backtrace for more info)
[INFO] [stdout] 
[INFO] [stdout] 
[INFO] [stdout] warning: use of deprecated constant `std::sync::ONCE_INIT`: the `new` function is now preferred
[INFO] [stdout]   --> src/utils.rs:9:1
[INFO] [stdout]    |
[INFO] [stdout] 9  | / lazy_static! {
[INFO] [stdout] 10 | |   pub static ref RIBOSUM_85_60_BA_SCORE_MAT: BaScoreMat = {
[INFO] [stdout] 11 | |     [
[INFO] [stdout] 12 | |       (AA, 2.22), (AC, -1.86), (AG, -1.46), (AU, -1.39),
[INFO] [stdout] ...  |
[INFO] [stdout] 29 | |   pub static ref EXP_RIBOSUM_85_60_BPA_SCORE_MAT: BpaScoreMat = {RIBOSUM_85_60_BPA_SCORE_MAT.iter().map(|(base_quadruple, &bpa_score)| {(...
[INFO] [stdout] 30 | | }
[INFO] [stdout]    | |_^
[INFO] [stdout]    |
[INFO] [stdout]    = note: this warning originates in the macro `lazy_static` (in Nightly builds, run with -Z macro-backtrace for more info)
[INFO] [stdout] 
[INFO] [stdout] 
[INFO] [stdout] warning: use of deprecated constant `std::sync::ONCE_INIT`: the `new` function is now preferred
[INFO] [stdout]   --> src/utils.rs:9:1
[INFO] [stdout]    |
[INFO] [stdout] 9  | / lazy_static! {
[INFO] [stdout] 10 | |   pub static ref RIBOSUM_85_60_BA_SCORE_MAT: BaScoreMat = {
[INFO] [stdout] 11 | |     [
[INFO] [stdout] 12 | |       (AA, 2.22), (AC, -1.86), (AG, -1.46), (AU, -1.39),
[INFO] [stdout] ...  |
[INFO] [stdout] 29 | |   pub static ref EXP_RIBOSUM_85_60_BPA_SCORE_MAT: BpaScoreMat = {RIBOSUM_85_60_BPA_SCORE_MAT.iter().map(|(base_quadruple, &bpa_score)| {(...
[INFO] [stdout] 30 | | }
[INFO] [stdout]    | |_^
[INFO] [stdout]    |
[INFO] [stdout]    = note: this warning originates in the macro `lazy_static` (in Nightly builds, run with -Z macro-backtrace for more info)
[INFO] [stdout] 
[INFO] [stdout] 
[INFO] [stdout] warning: use of deprecated constant `std::sync::ONCE_INIT`: the `new` function is now preferred
[INFO] [stdout]   --> src/utils.rs:9:1
[INFO] [stdout]    |
[INFO] [stdout] 9  | / lazy_static! {
[INFO] [stdout] 10 | |   pub static ref RIBOSUM_85_60_BA_SCORE_MAT: BaScoreMat = {
[INFO] [stdout] 11 | |     [
[INFO] [stdout] 12 | |       (AA, 2.22), (AC, -1.86), (AG, -1.46), (AU, -1.39),
[INFO] [stdout] ...  |
[INFO] [stdout] 29 | |   pub static ref EXP_RIBOSUM_85_60_BPA_SCORE_MAT: BpaScoreMat = {RIBOSUM_85_60_BPA_SCORE_MAT.iter().map(|(base_quadruple, &bpa_score)| {(...
[INFO] [stdout] 30 | | }
[INFO] [stdout]    | |_^
[INFO] [stdout]    |
[INFO] [stdout]    = note: this warning originates in the macro `lazy_static` (in Nightly builds, run with -Z macro-backtrace for more info)
[INFO] [stdout] 
[INFO] [stdout] 
[INFO] [stdout] warning: panic message is not a string literal
[INFO] [stdout]   --> src/main.rs:32:72
[INFO] [stdout]    |
[INFO] [stdout] 32 |     Err(failure) => {print_program_usage(&program_name, &opts); panic!(failure.to_string())}
[INFO] [stdout]    |                                                                        ^^^^^^^^^^^^^^^^^^^
[INFO] [stdout]    |
[INFO] [stdout]    = note: `#[warn(non_fmt_panics)]` on by default
[INFO] [stdout]    = note: this usage of panic!() is deprecated; it will be a hard error in Rust 2021
[INFO] [stdout]    = note: for more information, see <https://doc.rust-lang.org/nightly/edition-guide/rust-2021/panic-macro-consistency.html>
[INFO] [stdout] help: add a "{}" format string to Display the message
[INFO] [stdout]    |
[INFO] [stdout] 32 |     Err(failure) => {print_program_usage(&program_name, &opts); panic!("{}", failure.to_string())}
[INFO] [stdout]    |                                                                        ^^^^^
[INFO] [stdout] help: or use std::panic::panic_any instead
[INFO] [stdout]    |
[INFO] [stdout] 32 |     Err(failure) => {print_program_usage(&program_name, &opts); std::panic::panic_any(failure.to_string())}
[INFO] [stdout]    |                                                                 ^^^^^^^^^^^^^^^^^^^^^
[INFO] [stdout] 
[INFO] [stdout] 
[INFO] [stdout] warning: 1 warning emitted
[INFO] [stdout] 
[INFO] [stdout] 
[INFO] [stdout] warning: 10 warnings emitted
[INFO] [stdout] 
[INFO] [stdout] 
[INFO] [stderr]     Finished test [unoptimized + debuginfo] target(s) in 1.62s
[INFO] running `Command { std: "docker" "inspect" "f5b79a53a78224ee111d50c103e77097a433c101af3667ddb15b1ad0e01eccfc", kill_on_drop: false }`
[INFO] running `Command { std: "docker" "rm" "-f" "f5b79a53a78224ee111d50c103e77097a433c101af3667ddb15b1ad0e01eccfc", kill_on_drop: false }`
[INFO] [stdout] f5b79a53a78224ee111d50c103e77097a433c101af3667ddb15b1ad0e01eccfc
[INFO] running `Command { std: "docker" "create" "-v" "/var/lib/crater-agent-workspace/builds/worker-7/target:/opt/rustwide/target:rw,Z" "-v" "/var/lib/crater-agent-workspace/builds/worker-7/source:/opt/rustwide/workdir:ro,Z" "-v" "/var/lib/crater-agent-workspace/cargo-home:/opt/rustwide/cargo-home:ro,Z" "-v" "/var/lib/crater-agent-workspace/rustup-home:/opt/rustwide/rustup-home:ro,Z" "-e" "SOURCE_DIR=/opt/rustwide/workdir" "-e" "CARGO_TARGET_DIR=/opt/rustwide/target" "-e" "CARGO_INCREMENTAL=0" "-e" "RUST_BACKTRACE=full" "-e" "RUSTFLAGS=--cap-lints=warn" "-e" "CARGO_HOME=/opt/rustwide/cargo-home" "-e" "RUSTUP_HOME=/opt/rustwide/rustup-home" "-w" "/opt/rustwide/workdir" "-m" "1610612736" "--user" "0:0" "--network" "none" "ghcr.io/rust-lang/crates-build-env/linux@sha256:34b6a614d2c27851fe6cbf88fbd1137609cefab8b10d0615aaeb6fd47975d74e" "/opt/rustwide/cargo-home/bin/cargo" "+beta-2021-08-01" "test" "--frozen", kill_on_drop: false }`
[INFO] [stderr] WARNING: Your kernel does not support swap limit capabilities or the cgroup is not mounted. Memory limited without swap.
[INFO] [stdout] acf8cdd359e286c379b62b01926f523544c0dbe00a814142bedb6ba0502a93c9
[INFO] running `Command { std: "docker" "start" "-a" "acf8cdd359e286c379b62b01926f523544c0dbe00a814142bedb6ba0502a93c9", kill_on_drop: false }`
[INFO] [stderr] warning: unnecessary braces around block return value
[INFO] [stderr]   --> src/utils.rs:18:63
[INFO] [stderr]    |
[INFO] [stderr] 18 | ...ScoreMat = {RIBOSUM_85_60_BA_SCORE_MAT.iter().map(|(base_pair, &ba_score)| {(*base_pair, ba_score.exp())}).collect()};
[INFO] [stderr]    |               ^^^^^^^^^^^^^^^^^^^^^^^^^^^^^^^^^^^^^^^^^^^^^^^^^^^^^^^^^^^^^^^^^^^^^^^^^^^^^^^^^^^^^^^^^^^^^^^^^^^^^^^^^^ help: remove these braces
[INFO] [stderr]    |
[INFO] [stderr]    = note: `#[warn(unused_braces)]` on by default
[INFO] [stderr] 
[INFO] [stderr] warning: unnecessary braces around block return value
[INFO] [stderr]   --> src/utils.rs:29:65
[INFO] [stderr]    |
[INFO] [stderr] 29 | ...at = {RIBOSUM_85_60_BPA_SCORE_MAT.iter().map(|(base_quadruple, &bpa_score)| {(*base_quadruple, bpa_score.exp())}).collect()};
[INFO] [stderr]    |         ^^^^^^^^^^^^^^^^^^^^^^^^^^^^^^^^^^^^^^^^^^^^^^^^^^^^^^^^^^^^^^^^^^^^^^^^^^^^^^^^^^^^^^^^^^^^^^^^^^^^^^^^^^^^^^^^^^^^^^^ help: remove these braces
[INFO] [stderr] 
[INFO] [stderr] warning: use of deprecated constant `std::sync::ONCE_INIT`: the `new` function is now preferred
[INFO] [stderr]   --> src/utils.rs:9:1
[INFO] [stderr]    |
[INFO] [stderr] 9  | / lazy_static! {
[INFO] [stderr] 10 | |   pub static ref RIBOSUM_85_60_BA_SCORE_MAT: BaScoreMat = {
[INFO] [stderr] 11 | |     [
[INFO] [stderr] 12 | |       (AA, 2.22), (AC, -1.86), (AG, -1.46), (AU, -1.39),
[INFO] [stderr] ...  |
[INFO] [stderr] 29 | |   pub static ref EXP_RIBOSUM_85_60_BPA_SCORE_MAT: BpaScoreMat = {RIBOSUM_85_60_BPA_SCORE_MAT.iter().map(|(base_quadruple, &bpa_score)| {(...
[INFO] [stderr] 30 | | }
[INFO] [stderr]    | |_^
[INFO] [stderr]    |
[INFO] [stderr]    = note: `#[warn(deprecated)]` on by default
[INFO] [stderr]    = note: this warning originates in the macro `lazy_static` (in Nightly builds, run with -Z macro-backtrace for more info)
[INFO] [stderr] 
[INFO] [stderr] warning: use of deprecated constant `std::sync::ONCE_INIT`: the `new` function is now preferred
[INFO] [stderr]   --> src/utils.rs:9:1
[INFO] [stderr]    |
[INFO] [stderr] 9  | / lazy_static! {
[INFO] [stderr] 10 | |   pub static ref RIBOSUM_85_60_BA_SCORE_MAT: BaScoreMat = {
[INFO] [stderr] 11 | |     [
[INFO] [stderr] 12 | |       (AA, 2.22), (AC, -1.86), (AG, -1.46), (AU, -1.39),
[INFO] [stderr] ...  |
[INFO] [stderr] 29 | |   pub static ref EXP_RIBOSUM_85_60_BPA_SCORE_MAT: BpaScoreMat = {RIBOSUM_85_60_BPA_SCORE_MAT.iter().map(|(base_quadruple, &bpa_score)| {(...
[INFO] [stderr] 30 | | }
[INFO] [stderr]    | |_^
[INFO] [stderr]    |
[INFO] [stderr]    = note: this warning originates in the macro `lazy_static` (in Nightly builds, run with -Z macro-backtrace for more info)
[INFO] [stderr] 
[INFO] [stderr] warning: `phyloprob` (lib) generated 10 warnings (6 duplicates)
[INFO] [stderr] warning: `phyloprob` (lib test) generated 10 warnings (10 duplicates)
[INFO] [stderr] warning: panic message is not a string literal
[INFO] [stderr]   --> src/main.rs:32:72
[INFO] [stderr]    |
[INFO] [stderr] 32 |     Err(failure) => {print_program_usage(&program_name, &opts); panic!(failure.to_string())}
[INFO] [stderr]    |                                                                        ^^^^^^^^^^^^^^^^^^^
[INFO] [stderr]    |
[INFO] [stderr]    = note: `#[warn(non_fmt_panics)]` on by default
[INFO] [stderr]    = note: this usage of panic!() is deprecated; it will be a hard error in Rust 2021
[INFO] [stderr]    = note: for more information, see <https://doc.rust-lang.org/nightly/edition-guide/rust-2021/panic-macro-consistency.html>
[INFO] [stderr] help: add a "{}" format string to Display the message
[INFO] [stderr]    |
[INFO] [stderr] 32 |     Err(failure) => {print_program_usage(&program_name, &opts); panic!("{}", failure.to_string())}
[INFO] [stderr]    |                                                                        ^^^^^
[INFO] [stderr] help: or use std::panic::panic_any instead
[INFO] [stderr]    |
[INFO] [stderr] 32 |     Err(failure) => {print_program_usage(&program_name, &opts); std::panic::panic_any(failure.to_string())}
[INFO] [stderr]    |                                                                 ^^^^^^^^^^^^^^^^^^^^^
[INFO] [stderr] 
[INFO] [stderr] warning: `phyloprob` (bin "phyloprob" test) generated 1 warning
[INFO] [stderr] warning: `phyloprob` (bin "phyloprob") generated 1 warning (1 duplicate)
[INFO] [stderr]     Finished test [unoptimized + debuginfo] target(s) in 0.06s
[INFO] [stderr]      Running unittests (/opt/rustwide/target/debug/deps/phyloprob-94866982f6f940f8)
[INFO] [stdout] 
[INFO] [stdout] running 0 tests
[INFO] [stdout] 
[INFO] [stdout] test result: ok. 0 passed; 0 failed; 0 ignored; 0 measured; 0 filtered out; finished in 0.00s
[INFO] [stdout] 
[INFO] [stderr]      Running unittests (/opt/rustwide/target/debug/deps/phyloprob-5036ca160a0f96b6)
[INFO] [stdout] 
[INFO] [stdout] running 0 tests
[INFO] [stdout] 
[INFO] [stdout] test result: ok. 0 passed; 0 failed; 0 ignored; 0 measured; 0 filtered out; finished in 0.00s
[INFO] [stdout] 
[INFO] [stderr]      Running tests/tests.rs (/opt/rustwide/target/debug/deps/tests-3b231e369a73ee02)
[INFO] [stdout] 
[INFO] [stdout] running 1 test
[INFO] [stdout] test test_phyloprob_program ... FAILED
[INFO] [stdout] 
[INFO] [stdout] failures:
[INFO] [stdout] 
[INFO] [stdout] ---- test_phyloprob_program stdout ----
[INFO] [stdout] thread 'test_phyloprob_program' panicked at 'Failed to run the PhyloProb program.: Os { code: 2, kind: NotFound, message: "No such file or directory" }', tests/tests.rs:19:45
[INFO] [stdout] stack backtrace:
[INFO] [stdout]    0:     0x55e29bfe5370 - std::backtrace_rs::backtrace::libunwind::trace::hff4d1766e93f64f1
[INFO] [stdout]                                at /rustc/53fd98ca776cb875bc9e5514f56b52eb74f9e7a9/library/std/src/../../backtrace/src/backtrace/libunwind.rs:90:5
[INFO] [stdout]    1:     0x55e29bfe5370 - std::backtrace_rs::backtrace::trace_unsynchronized::h56bbc8eb78770bcb
[INFO] [stdout]                                at /rustc/53fd98ca776cb875bc9e5514f56b52eb74f9e7a9/library/std/src/../../backtrace/src/backtrace/mod.rs:66:5
[INFO] [stdout]    2:     0x55e29bfe5370 - std::sys_common::backtrace::_print_fmt::h5c8e75464faca780
[INFO] [stdout]                                at /rustc/53fd98ca776cb875bc9e5514f56b52eb74f9e7a9/library/std/src/sys_common/backtrace.rs:67:5
[INFO] [stdout]    3:     0x55e29bfe5370 - <std::sys_common::backtrace::_print::DisplayBacktrace as core::fmt::Display>::fmt::h48b88277def8b362
[INFO] [stdout]                                at /rustc/53fd98ca776cb875bc9e5514f56b52eb74f9e7a9/library/std/src/sys_common/backtrace.rs:46:22
[INFO] [stdout]    4:     0x55e29c007c2c - core::fmt::write::h3381b3176fe2b3d3
[INFO] [stdout]                                at /rustc/53fd98ca776cb875bc9e5514f56b52eb74f9e7a9/library/core/src/fmt/mod.rs:1115:17
[INFO] [stdout]    5:     0x55e29bfe22d5 - std::io::Write::write_fmt::h5f34a676f60246b5
[INFO] [stdout]                                at /rustc/53fd98ca776cb875bc9e5514f56b52eb74f9e7a9/library/std/src/io/mod.rs:1665:15
[INFO] [stdout]    6:     0x55e29bfe74eb - std::sys_common::backtrace::_print::ha537687d6c17dd0d
[INFO] [stdout]                                at /rustc/53fd98ca776cb875bc9e5514f56b52eb74f9e7a9/library/std/src/sys_common/backtrace.rs:49:5
[INFO] [stdout]    7:     0x55e29bfe74eb - std::sys_common::backtrace::print::h61376ae57d131d72
[INFO] [stdout]                                at /rustc/53fd98ca776cb875bc9e5514f56b52eb74f9e7a9/library/std/src/sys_common/backtrace.rs:36:9
[INFO] [stdout]    8:     0x55e29bfe74eb - std::panicking::default_hook::{{closure}}::h0f7208c0b9644a54
[INFO] [stdout]                                at /rustc/53fd98ca776cb875bc9e5514f56b52eb74f9e7a9/library/std/src/panicking.rs:208:50
[INFO] [stdout]    9:     0x55e29bfe6ffc - std::panicking::default_hook::hdac7fc06578c14ce
[INFO] [stdout]                                at /rustc/53fd98ca776cb875bc9e5514f56b52eb74f9e7a9/library/std/src/panicking.rs:222:9
[INFO] [stdout]   10:     0x55e29bfe7bb4 - std::panicking::rust_panic_with_hook::h72b21c283da3d1ef
[INFO] [stdout]                                at /rustc/53fd98ca776cb875bc9e5514f56b52eb74f9e7a9/library/std/src/panicking.rs:622:17
[INFO] [stdout]   11:     0x55e29bfe7697 - std::panicking::begin_panic_handler::{{closure}}::he5778f1729cff84a
[INFO] [stdout]                                at /rustc/53fd98ca776cb875bc9e5514f56b52eb74f9e7a9/library/std/src/panicking.rs:519:13
[INFO] [stdout]   12:     0x55e29bfe584c - std::sys_common::backtrace::__rust_end_short_backtrace::h2d11ca8b453b4b1d
[INFO] [stdout]                                at /rustc/53fd98ca776cb875bc9e5514f56b52eb74f9e7a9/library/std/src/sys_common/backtrace.rs:141:18
[INFO] [stdout]   13:     0x55e29bfe75f9 - rust_begin_unwind
[INFO] [stdout]                                at /rustc/53fd98ca776cb875bc9e5514f56b52eb74f9e7a9/library/std/src/panicking.rs:515:5
[INFO] [stdout]   14:     0x55e29bf903a1 - core::panicking::panic_fmt::hf9de31d4acbce4db
[INFO] [stdout]                                at /rustc/53fd98ca776cb875bc9e5514f56b52eb74f9e7a9/library/core/src/panicking.rs:92:14
[INFO] [stdout]   15:     0x55e29bf90493 - core::result::unwrap_failed::ha0c84e81219e5878
[INFO] [stdout]                                at /rustc/53fd98ca776cb875bc9e5514f56b52eb74f9e7a9/library/core/src/result.rs:1599:5
[INFO] [stdout]   16:     0x55e29bf92e7d - core::result::Result<T,E>::expect::hb6e27e45b0850aed
[INFO] [stdout]                                at /rustc/53fd98ca776cb875bc9e5514f56b52eb74f9e7a9/library/core/src/result.rs:1241:23
[INFO] [stdout]   17:     0x55e29bf94b75 - tests::run_command::hfba20d81b24ec3ea
[INFO] [stdout]                                at /opt/rustwide/workdir/tests/tests.rs:19:3
[INFO] [stdout]   18:     0x55e29bf94c8d - tests::test_phyloprob_program::hd9d3819f0b408604
[INFO] [stdout]                                at /opt/rustwide/workdir/tests/tests.rs:12:3
[INFO] [stdout]   19:     0x55e29bf94bba - tests::test_phyloprob_program::{{closure}}::h62ebd81dd3e0ae32
[INFO] [stdout]                                at /opt/rustwide/workdir/tests/tests.rs:8:1
[INFO] [stdout]   20:     0x55e29bf92f5e - core::ops::function::FnOnce::call_once::h3b5995d779ccd630
[INFO] [stdout]                                at /rustc/53fd98ca776cb875bc9e5514f56b52eb74f9e7a9/library/core/src/ops/function.rs:227:5
[INFO] [stdout]   21:     0x55e29bfc8243 - core::ops::function::FnOnce::call_once::hbb52c4519d3137b0
[INFO] [stdout]                                at /rustc/53fd98ca776cb875bc9e5514f56b52eb74f9e7a9/library/core/src/ops/function.rs:227:5
[INFO] [stdout]   22:     0x55e29bfc8243 - test::__rust_begin_short_backtrace::h86fe3a2a5a5121af
[INFO] [stdout]                                at /rustc/53fd98ca776cb875bc9e5514f56b52eb74f9e7a9/library/test/src/lib.rs:578:5
[INFO] [stdout]   23:     0x55e29bfc6cf8 - <alloc::boxed::Box<F,A> as core::ops::function::FnOnce<Args>>::call_once::hfd956bc3d57399be
[INFO] [stdout]                                at /rustc/53fd98ca776cb875bc9e5514f56b52eb74f9e7a9/library/alloc/src/boxed.rs:1572:9
[INFO] [stdout]   24:     0x55e29bfc6cf8 - <std::panic::AssertUnwindSafe<F> as core::ops::function::FnOnce<()>>::call_once::h40dc93e0ddb5938a
[INFO] [stdout]                                at /rustc/53fd98ca776cb875bc9e5514f56b52eb74f9e7a9/library/std/src/panic.rs:347:9
[INFO] [stdout]   25:     0x55e29bfc6cf8 - std::panicking::try::do_call::h90d07750cb47c562
[INFO] [stdout]                                at /rustc/53fd98ca776cb875bc9e5514f56b52eb74f9e7a9/library/std/src/panicking.rs:401:40
[INFO] [stdout]   26:     0x55e29bfc6cf8 - std::panicking::try::h063c84733ad2a629
[INFO] [stdout]                                at /rustc/53fd98ca776cb875bc9e5514f56b52eb74f9e7a9/library/std/src/panicking.rs:365:19
[INFO] [stdout]   27:     0x55e29bfc6cf8 - std::panic::catch_unwind::h0c464836a84e7c08
[INFO] [stdout]                                at /rustc/53fd98ca776cb875bc9e5514f56b52eb74f9e7a9/library/std/src/panic.rs:434:14
[INFO] [stdout]   28:     0x55e29bfc6cf8 - test::run_test_in_process::h5cb06ef620b157fc
[INFO] [stdout]                                at /rustc/53fd98ca776cb875bc9e5514f56b52eb74f9e7a9/library/test/src/lib.rs:601:18
[INFO] [stdout]   29:     0x55e29bfc6cf8 - test::run_test::run_test_inner::{{closure}}::h76f677f4b93f9828
[INFO] [stdout]                                at /rustc/53fd98ca776cb875bc9e5514f56b52eb74f9e7a9/library/test/src/lib.rs:493:39
[INFO] [stdout]   30:     0x55e29bf9548d - test::run_test::run_test_inner::{{closure}}::h366d01fe04f4d67a
[INFO] [stdout]                                at /rustc/53fd98ca776cb875bc9e5514f56b52eb74f9e7a9/library/test/src/lib.rs:520:37
[INFO] [stdout]   31:     0x55e29bf9548d - std::sys_common::backtrace::__rust_begin_short_backtrace::h7dfa0de4eb395af2
[INFO] [stdout]                                at /rustc/53fd98ca776cb875bc9e5514f56b52eb74f9e7a9/library/std/src/sys_common/backtrace.rs:125:18
[INFO] [stdout]   32:     0x55e29bf99c58 - std::thread::Builder::spawn_unchecked::{{closure}}::{{closure}}::hf0a74bb58798037f
[INFO] [stdout]                                at /rustc/53fd98ca776cb875bc9e5514f56b52eb74f9e7a9/library/std/src/thread/mod.rs:476:17
[INFO] [stdout]   33:     0x55e29bf99c58 - <std::panic::AssertUnwindSafe<F> as core::ops::function::FnOnce<()>>::call_once::hb024e854818586ac
[INFO] [stdout]                                at /rustc/53fd98ca776cb875bc9e5514f56b52eb74f9e7a9/library/std/src/panic.rs:347:9
[INFO] [stdout]   34:     0x55e29bf99c58 - std::panicking::try::do_call::hb2dd9f1d0d48e41d
[INFO] [stdout]                                at /rustc/53fd98ca776cb875bc9e5514f56b52eb74f9e7a9/library/std/src/panicking.rs:401:40
[INFO] [stdout]   35:     0x55e29bf99c58 - std::panicking::try::h4717ae7bac8b2bf3
[INFO] [stdout]                                at /rustc/53fd98ca776cb875bc9e5514f56b52eb74f9e7a9/library/std/src/panicking.rs:365:19
[INFO] [stdout]   36:     0x55e29bf99c58 - std::panic::catch_unwind::h0dc8a061326ce8d8
[INFO] [stdout]                                at /rustc/53fd98ca776cb875bc9e5514f56b52eb74f9e7a9/library/std/src/panic.rs:434:14
[INFO] [stdout]   37:     0x55e29bf99c58 - std::thread::Builder::spawn_unchecked::{{closure}}::haa369e2d6fd00aa1
[INFO] [stdout]                                at /rustc/53fd98ca776cb875bc9e5514f56b52eb74f9e7a9/library/std/src/thread/mod.rs:475:30
[INFO] [stdout]   38:     0x55e29bf99c58 - core::ops::function::FnOnce::call_once{{vtable.shim}}::h36dcf3de8b056f17
[INFO] [stdout]                                at /rustc/53fd98ca776cb875bc9e5514f56b52eb74f9e7a9/library/core/src/ops/function.rs:227:5
[INFO] [stdout]   39:     0x55e29bfec817 - <alloc::boxed::Box<F,A> as core::ops::function::FnOnce<Args>>::call_once::h65c29e4642be2358
[INFO] [stdout]                                at /rustc/53fd98ca776cb875bc9e5514f56b52eb74f9e7a9/library/alloc/src/boxed.rs:1572:9
[INFO] [stdout]   40:     0x55e29bfec817 - <alloc::boxed::Box<F,A> as core::ops::function::FnOnce<Args>>::call_once::hd0f8f7fbbd9fffbf
[INFO] [stdout]                                at /rustc/53fd98ca776cb875bc9e5514f56b52eb74f9e7a9/library/alloc/src/boxed.rs:1572:9
[INFO] [stdout]   41:     0x55e29bfec817 - std::sys::unix::thread::Thread::new::thread_start::h2fd22fee3ca77b65
[INFO] [stdout]                                at /rustc/53fd98ca776cb875bc9e5514f56b52eb74f9e7a9/library/std/src/sys/unix/thread.rs:74:17
[INFO] [stdout]   42:     0x7fd2de686609 - start_thread
[INFO] [stdout]   43:     0x7fd2de45e293 - clone
[INFO] [stdout]   44:                0x0 - <unknown>
[INFO] [stdout] 
[INFO] [stdout] 
[INFO] [stdout] failures:
[INFO] [stdout]     test_phyloprob_program
[INFO] [stdout] 
[INFO] [stdout] test result: FAILED. 0 passed; 1 failed; 0 ignored; 0 measured; 0 filtered out; finished in 0.02s
[INFO] [stdout] 
[INFO] [stderr] error: test failed, to rerun pass '--test tests'
[INFO] running `Command { std: "docker" "inspect" "acf8cdd359e286c379b62b01926f523544c0dbe00a814142bedb6ba0502a93c9", kill_on_drop: false }`
[INFO] running `Command { std: "docker" "rm" "-f" "acf8cdd359e286c379b62b01926f523544c0dbe00a814142bedb6ba0502a93c9", kill_on_drop: false }`
[INFO] [stdout] acf8cdd359e286c379b62b01926f523544c0dbe00a814142bedb6ba0502a93c9
