[INFO] fetching crate phf 0.9.0...
[INFO] testing phf-0.9.0 against 1.54.0 for beta-1.55-1
[INFO] extracting crate phf 0.9.0 into /workspace/builds/worker-4/source
[INFO] validating manifest of crates.io crate phf 0.9.0 on toolchain 1.54.0
[INFO] running `Command { std: "/workspace/cargo-home/bin/cargo" "+1.54.0" "metadata" "--manifest-path" "Cargo.toml" "--no-deps", kill_on_drop: false }`
[INFO] started tweaking crates.io crate phf 0.9.0
[INFO] finished tweaking crates.io crate phf 0.9.0
[INFO] tweaked toml for crates.io crate phf 0.9.0 written to /workspace/builds/worker-4/source/Cargo.toml
[INFO] running `Command { std: "/workspace/cargo-home/bin/cargo" "+1.54.0" "generate-lockfile" "--manifest-path" "Cargo.toml" "-Zno-index-update", kill_on_drop: false }`
[INFO] running `Command { std: "/workspace/cargo-home/bin/cargo" "+1.54.0" "fetch" "--manifest-path" "Cargo.toml", kill_on_drop: false }`
[INFO] [stderr]     Blocking waiting for file lock on package cache
[INFO] running `Command { std: "docker" "create" "-v" "/var/lib/crater-agent-workspace/builds/worker-4/target:/opt/rustwide/target:rw,Z" "-v" "/var/lib/crater-agent-workspace/builds/worker-4/source:/opt/rustwide/workdir:ro,Z" "-v" "/var/lib/crater-agent-workspace/cargo-home:/opt/rustwide/cargo-home:ro,Z" "-v" "/var/lib/crater-agent-workspace/rustup-home:/opt/rustwide/rustup-home:ro,Z" "-e" "SOURCE_DIR=/opt/rustwide/workdir" "-e" "CARGO_TARGET_DIR=/opt/rustwide/target" "-e" "CARGO_HOME=/opt/rustwide/cargo-home" "-e" "RUSTUP_HOME=/opt/rustwide/rustup-home" "-w" "/opt/rustwide/workdir" "-m" "1610612736" "--user" "0:0" "--network" "none" "ghcr.io/rust-lang/crates-build-env/linux@sha256:34b6a614d2c27851fe6cbf88fbd1137609cefab8b10d0615aaeb6fd47975d74e" "/opt/rustwide/cargo-home/bin/cargo" "+1.54.0" "metadata" "--no-deps" "--format-version=1", kill_on_drop: false }`
[INFO] [stdout] 0ca269dc3521109b059682c49af2163be5c54f2b8bb22284311e851269e6b602
[INFO] [stderr] WARNING: Your kernel does not support swap limit capabilities or the cgroup is not mounted. Memory limited without swap.
[INFO] running `Command { std: "docker" "start" "-a" "0ca269dc3521109b059682c49af2163be5c54f2b8bb22284311e851269e6b602", kill_on_drop: false }`
[INFO] running `Command { std: "docker" "inspect" "0ca269dc3521109b059682c49af2163be5c54f2b8bb22284311e851269e6b602", kill_on_drop: false }`
[INFO] running `Command { std: "docker" "rm" "-f" "0ca269dc3521109b059682c49af2163be5c54f2b8bb22284311e851269e6b602", kill_on_drop: false }`
[INFO] [stdout] 0ca269dc3521109b059682c49af2163be5c54f2b8bb22284311e851269e6b602
[INFO] running `Command { std: "docker" "create" "-v" "/var/lib/crater-agent-workspace/builds/worker-4/target:/opt/rustwide/target:rw,Z" "-v" "/var/lib/crater-agent-workspace/builds/worker-4/source:/opt/rustwide/workdir:ro,Z" "-v" "/var/lib/crater-agent-workspace/cargo-home:/opt/rustwide/cargo-home:ro,Z" "-v" "/var/lib/crater-agent-workspace/rustup-home:/opt/rustwide/rustup-home:ro,Z" "-e" "SOURCE_DIR=/opt/rustwide/workdir" "-e" "CARGO_TARGET_DIR=/opt/rustwide/target" "-e" "CARGO_INCREMENTAL=0" "-e" "RUST_BACKTRACE=full" "-e" "RUSTFLAGS=--cap-lints=warn" "-e" "CARGO_HOME=/opt/rustwide/cargo-home" "-e" "RUSTUP_HOME=/opt/rustwide/rustup-home" "-w" "/opt/rustwide/workdir" "-m" "1610612736" "--user" "0:0" "--network" "none" "ghcr.io/rust-lang/crates-build-env/linux@sha256:34b6a614d2c27851fe6cbf88fbd1137609cefab8b10d0615aaeb6fd47975d74e" "/opt/rustwide/cargo-home/bin/cargo" "+1.54.0" "build" "--frozen" "--message-format=json", kill_on_drop: false }`
[INFO] [stdout] 459286c087e8835eb19c5ae90ee628759b85edb57eac7bce3ad022ab5180d9cc
[INFO] [stderr] WARNING: Your kernel does not support swap limit capabilities or the cgroup is not mounted. Memory limited without swap.
[INFO] running `Command { std: "docker" "start" "-a" "459286c087e8835eb19c5ae90ee628759b85edb57eac7bce3ad022ab5180d9cc", kill_on_drop: false }`
[INFO] [stderr]    Compiling phf_shared v0.9.0
[INFO] [stderr]    Compiling phf v0.9.0 (/opt/rustwide/workdir)
[INFO] [stderr]     Finished dev [unoptimized + debuginfo] target(s) in 0.92s
[INFO] running `Command { std: "docker" "inspect" "459286c087e8835eb19c5ae90ee628759b85edb57eac7bce3ad022ab5180d9cc", kill_on_drop: false }`
[INFO] running `Command { std: "docker" "rm" "-f" "459286c087e8835eb19c5ae90ee628759b85edb57eac7bce3ad022ab5180d9cc", kill_on_drop: false }`
[INFO] [stdout] 459286c087e8835eb19c5ae90ee628759b85edb57eac7bce3ad022ab5180d9cc
[INFO] running `Command { std: "docker" "create" "-v" "/var/lib/crater-agent-workspace/builds/worker-4/target:/opt/rustwide/target:rw,Z" "-v" "/var/lib/crater-agent-workspace/builds/worker-4/source:/opt/rustwide/workdir:ro,Z" "-v" "/var/lib/crater-agent-workspace/cargo-home:/opt/rustwide/cargo-home:ro,Z" "-v" "/var/lib/crater-agent-workspace/rustup-home:/opt/rustwide/rustup-home:ro,Z" "-e" "SOURCE_DIR=/opt/rustwide/workdir" "-e" "CARGO_TARGET_DIR=/opt/rustwide/target" "-e" "CARGO_INCREMENTAL=0" "-e" "RUST_BACKTRACE=full" "-e" "RUSTFLAGS=--cap-lints=warn" "-e" "CARGO_HOME=/opt/rustwide/cargo-home" "-e" "RUSTUP_HOME=/opt/rustwide/rustup-home" "-w" "/opt/rustwide/workdir" "-m" "1610612736" "--user" "0:0" "--network" "none" "ghcr.io/rust-lang/crates-build-env/linux@sha256:34b6a614d2c27851fe6cbf88fbd1137609cefab8b10d0615aaeb6fd47975d74e" "/opt/rustwide/cargo-home/bin/cargo" "+1.54.0" "test" "--frozen" "--no-run" "--message-format=json", kill_on_drop: false }`
[INFO] [stdout] 687844d926237ffb5be78016e0cadf5f81d3948a55992347cecb3a39496e6aab
[INFO] [stderr] WARNING: Your kernel does not support swap limit capabilities or the cgroup is not mounted. Memory limited without swap.
[INFO] running `Command { std: "docker" "start" "-a" "687844d926237ffb5be78016e0cadf5f81d3948a55992347cecb3a39496e6aab", kill_on_drop: false }`
[INFO] [stderr]     Finished test [unoptimized + debuginfo] target(s) in 0.01s
[INFO] running `Command { std: "docker" "inspect" "687844d926237ffb5be78016e0cadf5f81d3948a55992347cecb3a39496e6aab", kill_on_drop: false }`
[INFO] running `Command { std: "docker" "rm" "-f" "687844d926237ffb5be78016e0cadf5f81d3948a55992347cecb3a39496e6aab", kill_on_drop: false }`
[INFO] [stdout] 687844d926237ffb5be78016e0cadf5f81d3948a55992347cecb3a39496e6aab
[INFO] running `Command { std: "docker" "create" "-v" "/var/lib/crater-agent-workspace/builds/worker-4/target:/opt/rustwide/target:rw,Z" "-v" "/var/lib/crater-agent-workspace/builds/worker-4/source:/opt/rustwide/workdir:ro,Z" "-v" "/var/lib/crater-agent-workspace/cargo-home:/opt/rustwide/cargo-home:ro,Z" "-v" "/var/lib/crater-agent-workspace/rustup-home:/opt/rustwide/rustup-home:ro,Z" "-e" "SOURCE_DIR=/opt/rustwide/workdir" "-e" "CARGO_TARGET_DIR=/opt/rustwide/target" "-e" "CARGO_INCREMENTAL=0" "-e" "RUST_BACKTRACE=full" "-e" "RUSTFLAGS=--cap-lints=warn" "-e" "CARGO_HOME=/opt/rustwide/cargo-home" "-e" "RUSTUP_HOME=/opt/rustwide/rustup-home" "-w" "/opt/rustwide/workdir" "-m" "1610612736" "--user" "0:0" "--network" "none" "ghcr.io/rust-lang/crates-build-env/linux@sha256:34b6a614d2c27851fe6cbf88fbd1137609cefab8b10d0615aaeb6fd47975d74e" "/opt/rustwide/cargo-home/bin/cargo" "+1.54.0" "test" "--frozen", kill_on_drop: false }`
[INFO] [stderr] WARNING: Your kernel does not support swap limit capabilities or the cgroup is not mounted. Memory limited without swap.
[INFO] [stdout] 9cc95328ed45c68bab0a75df749b4945ebda98adbd0f5fcbfefa5949eb0928ac
[INFO] running `Command { std: "docker" "start" "-a" "9cc95328ed45c68bab0a75df749b4945ebda98adbd0f5fcbfefa5949eb0928ac", kill_on_drop: false }`
[INFO] [stderr]     Finished test [unoptimized + debuginfo] target(s) in 0.01s
[INFO] [stderr]    Doc-tests phf
[INFO] [stdout] 
[INFO] [stdout] running 1 test
[INFO] [stdout] test src/lib.rs - (line 18) ... FAILED
[INFO] [stdout] 
[INFO] [stdout] failures:
[INFO] [stdout] 
[INFO] [stdout] ---- src/lib.rs - (line 18) stdout ----
[INFO] [stdout] error[E0432]: unresolved imports `phf::phf_map`, `phf::phf_set`
[INFO] [stdout]  --> src/lib.rs:19:11
[INFO] [stdout]   |
[INFO] [stdout] 3 | use phf::{phf_map, phf_set};
[INFO] [stdout]   |           ^^^^^^^  ^^^^^^^ no `phf_set` in the root
[INFO] [stdout]   |           |
[INFO] [stdout]   |           no `phf_map` in the root
[INFO] [stdout] 
[INFO] [stdout] error: cannot determine resolution for the macro `phf_map`
[INFO] [stdout]  --> src/lib.rs:21:46
[INFO] [stdout]   |
[INFO] [stdout] 5 | static MY_MAP: phf::Map<&'static str, u32> = phf_map! {
[INFO] [stdout]   |                                              ^^^^^^^
[INFO] [stdout]   |
[INFO] [stdout]   = note: import resolution is stuck, try simplifying macro imports
[INFO] [stdout] 
[INFO] [stdout] error: cannot determine resolution for the macro `phf_set`
[INFO] [stdout]   --> src/lib.rs:26:41
[INFO] [stdout]    |
[INFO] [stdout] 10 | static MY_SET: phf::Set<&'static str> = phf_set! {
[INFO] [stdout]    |                                         ^^^^^^^
[INFO] [stdout]    |
[INFO] [stdout]    = note: import resolution is stuck, try simplifying macro imports
[INFO] [stdout] 
[INFO] [stdout] error: aborting due to 3 previous errors
[INFO] [stdout] 
[INFO] [stdout] For more information about this error, try `rustc --explain E0432`.
[INFO] [stdout] Couldn't compile the test.
[INFO] [stdout] 
[INFO] [stdout] failures:
[INFO] [stdout]     src/lib.rs - (line 18)
[INFO] [stdout] 
[INFO] [stdout] test result: FAILED. 0 passed; 1 failed; 0 ignored; 0 measured; 0 filtered out; finished in 0.23s
[INFO] [stdout] 
[INFO] [stderr] error: test failed, to rerun pass '--doc'
[INFO] running `Command { std: "docker" "inspect" "9cc95328ed45c68bab0a75df749b4945ebda98adbd0f5fcbfefa5949eb0928ac", kill_on_drop: false }`
[INFO] running `Command { std: "docker" "rm" "-f" "9cc95328ed45c68bab0a75df749b4945ebda98adbd0f5fcbfefa5949eb0928ac", kill_on_drop: false }`
[INFO] [stdout] 9cc95328ed45c68bab0a75df749b4945ebda98adbd0f5fcbfefa5949eb0928ac
