[INFO] fetching crate pg-extern-attr 0.2.2...
[INFO] testing pg-extern-attr-0.2.2 against beta-2021-08-01 for beta-1.55-1
[INFO] extracting crate pg-extern-attr 0.2.2 into /workspace/builds/worker-5/source
[INFO] validating manifest of crates.io crate pg-extern-attr 0.2.2 on toolchain beta-2021-08-01
[INFO] running `Command { std: "/workspace/cargo-home/bin/cargo" "+beta-2021-08-01" "metadata" "--manifest-path" "Cargo.toml" "--no-deps", kill_on_drop: false }`
[INFO] started tweaking crates.io crate pg-extern-attr 0.2.2
[INFO] finished tweaking crates.io crate pg-extern-attr 0.2.2
[INFO] tweaked toml for crates.io crate pg-extern-attr 0.2.2 written to /workspace/builds/worker-5/source/Cargo.toml
[INFO] running `Command { std: "/workspace/cargo-home/bin/cargo" "+beta-2021-08-01" "generate-lockfile" "--manifest-path" "Cargo.toml" "-Zno-index-update", kill_on_drop: false }`
[INFO] [stderr]     Blocking waiting for file lock on package cache
[INFO] running `Command { std: "/workspace/cargo-home/bin/cargo" "+beta-2021-08-01" "fetch" "--manifest-path" "Cargo.toml", kill_on_drop: false }`
[INFO] running `Command { std: "docker" "create" "-v" "/var/lib/crater-agent-workspace/builds/worker-5/target:/opt/rustwide/target:rw,Z" "-v" "/var/lib/crater-agent-workspace/builds/worker-5/source:/opt/rustwide/workdir:ro,Z" "-v" "/var/lib/crater-agent-workspace/cargo-home:/opt/rustwide/cargo-home:ro,Z" "-v" "/var/lib/crater-agent-workspace/rustup-home:/opt/rustwide/rustup-home:ro,Z" "-e" "SOURCE_DIR=/opt/rustwide/workdir" "-e" "CARGO_TARGET_DIR=/opt/rustwide/target" "-e" "CARGO_HOME=/opt/rustwide/cargo-home" "-e" "RUSTUP_HOME=/opt/rustwide/rustup-home" "-w" "/opt/rustwide/workdir" "-m" "1610612736" "--user" "0:0" "--network" "none" "ghcr.io/rust-lang/crates-build-env/linux@sha256:34b6a614d2c27851fe6cbf88fbd1137609cefab8b10d0615aaeb6fd47975d74e" "/opt/rustwide/cargo-home/bin/cargo" "+beta-2021-08-01" "metadata" "--no-deps" "--format-version=1", kill_on_drop: false }`
[INFO] [stdout] b9045bc3dc38c1e295da05da2739e6990702deefe12069cb3efb11943af012bc
[INFO] [stderr] WARNING: Your kernel does not support swap limit capabilities or the cgroup is not mounted. Memory limited without swap.
[INFO] running `Command { std: "docker" "start" "-a" "b9045bc3dc38c1e295da05da2739e6990702deefe12069cb3efb11943af012bc", kill_on_drop: false }`
[INFO] running `Command { std: "docker" "inspect" "b9045bc3dc38c1e295da05da2739e6990702deefe12069cb3efb11943af012bc", kill_on_drop: false }`
[INFO] running `Command { std: "docker" "rm" "-f" "b9045bc3dc38c1e295da05da2739e6990702deefe12069cb3efb11943af012bc", kill_on_drop: false }`
[INFO] [stdout] b9045bc3dc38c1e295da05da2739e6990702deefe12069cb3efb11943af012bc
[INFO] running `Command { std: "docker" "create" "-v" "/var/lib/crater-agent-workspace/builds/worker-5/target:/opt/rustwide/target:rw,Z" "-v" "/var/lib/crater-agent-workspace/builds/worker-5/source:/opt/rustwide/workdir:ro,Z" "-v" "/var/lib/crater-agent-workspace/cargo-home:/opt/rustwide/cargo-home:ro,Z" "-v" "/var/lib/crater-agent-workspace/rustup-home:/opt/rustwide/rustup-home:ro,Z" "-e" "SOURCE_DIR=/opt/rustwide/workdir" "-e" "CARGO_TARGET_DIR=/opt/rustwide/target" "-e" "CARGO_INCREMENTAL=0" "-e" "RUST_BACKTRACE=full" "-e" "RUSTFLAGS=--cap-lints=warn" "-e" "CARGO_HOME=/opt/rustwide/cargo-home" "-e" "RUSTUP_HOME=/opt/rustwide/rustup-home" "-w" "/opt/rustwide/workdir" "-m" "1610612736" "--user" "0:0" "--network" "none" "ghcr.io/rust-lang/crates-build-env/linux@sha256:34b6a614d2c27851fe6cbf88fbd1137609cefab8b10d0615aaeb6fd47975d74e" "/opt/rustwide/cargo-home/bin/cargo" "+beta-2021-08-01" "build" "--frozen" "--message-format=json", kill_on_drop: false }`
[INFO] [stdout] 44c5387a230ffc2de34e5a95a7fc27723af21baf39ce5a0fbb8076b2c56c6db3
[INFO] [stderr] WARNING: Your kernel does not support swap limit capabilities or the cgroup is not mounted. Memory limited without swap.
[INFO] running `Command { std: "docker" "start" "-a" "44c5387a230ffc2de34e5a95a7fc27723af21baf39ce5a0fbb8076b2c56c6db3", kill_on_drop: false }`
[INFO] [stderr]     Blocking waiting for file lock on package cache
[INFO] [stderr]    Compiling syn v0.15.44
[INFO] [stderr]    Compiling pg-extern-attr v0.2.2 (/opt/rustwide/workdir)
[INFO] [stderr]     Finished dev [unoptimized + debuginfo] target(s) in 8.27s
[INFO] running `Command { std: "docker" "inspect" "44c5387a230ffc2de34e5a95a7fc27723af21baf39ce5a0fbb8076b2c56c6db3", kill_on_drop: false }`
[INFO] running `Command { std: "docker" "rm" "-f" "44c5387a230ffc2de34e5a95a7fc27723af21baf39ce5a0fbb8076b2c56c6db3", kill_on_drop: false }`
[INFO] [stdout] 44c5387a230ffc2de34e5a95a7fc27723af21baf39ce5a0fbb8076b2c56c6db3
[INFO] running `Command { std: "docker" "create" "-v" "/var/lib/crater-agent-workspace/builds/worker-5/target:/opt/rustwide/target:rw,Z" "-v" "/var/lib/crater-agent-workspace/builds/worker-5/source:/opt/rustwide/workdir:ro,Z" "-v" "/var/lib/crater-agent-workspace/cargo-home:/opt/rustwide/cargo-home:ro,Z" "-v" "/var/lib/crater-agent-workspace/rustup-home:/opt/rustwide/rustup-home:ro,Z" "-e" "SOURCE_DIR=/opt/rustwide/workdir" "-e" "CARGO_TARGET_DIR=/opt/rustwide/target" "-e" "CARGO_INCREMENTAL=0" "-e" "RUST_BACKTRACE=full" "-e" "RUSTFLAGS=--cap-lints=warn" "-e" "CARGO_HOME=/opt/rustwide/cargo-home" "-e" "RUSTUP_HOME=/opt/rustwide/rustup-home" "-w" "/opt/rustwide/workdir" "-m" "1610612736" "--user" "0:0" "--network" "none" "ghcr.io/rust-lang/crates-build-env/linux@sha256:34b6a614d2c27851fe6cbf88fbd1137609cefab8b10d0615aaeb6fd47975d74e" "/opt/rustwide/cargo-home/bin/cargo" "+beta-2021-08-01" "test" "--frozen" "--no-run" "--message-format=json", kill_on_drop: false }`
[INFO] [stdout] d72ff84c555bb4184f954194fc9aa4d081ef4d5e58f6d1b16a61956363a38519
[INFO] [stderr] WARNING: Your kernel does not support swap limit capabilities or the cgroup is not mounted. Memory limited without swap.
[INFO] running `Command { std: "docker" "start" "-a" "d72ff84c555bb4184f954194fc9aa4d081ef4d5e58f6d1b16a61956363a38519", kill_on_drop: false }`
[INFO] [stderr]    Compiling pg-extern-attr v0.2.2 (/opt/rustwide/workdir)
[INFO] [stderr]     Finished test [unoptimized + debuginfo] target(s) in 0.69s
[INFO] running `Command { std: "docker" "inspect" "d72ff84c555bb4184f954194fc9aa4d081ef4d5e58f6d1b16a61956363a38519", kill_on_drop: false }`
[INFO] running `Command { std: "docker" "rm" "-f" "d72ff84c555bb4184f954194fc9aa4d081ef4d5e58f6d1b16a61956363a38519", kill_on_drop: false }`
[INFO] [stdout] d72ff84c555bb4184f954194fc9aa4d081ef4d5e58f6d1b16a61956363a38519
[INFO] running `Command { std: "docker" "create" "-v" "/var/lib/crater-agent-workspace/builds/worker-5/target:/opt/rustwide/target:rw,Z" "-v" "/var/lib/crater-agent-workspace/builds/worker-5/source:/opt/rustwide/workdir:ro,Z" "-v" "/var/lib/crater-agent-workspace/cargo-home:/opt/rustwide/cargo-home:ro,Z" "-v" "/var/lib/crater-agent-workspace/rustup-home:/opt/rustwide/rustup-home:ro,Z" "-e" "SOURCE_DIR=/opt/rustwide/workdir" "-e" "CARGO_TARGET_DIR=/opt/rustwide/target" "-e" "CARGO_INCREMENTAL=0" "-e" "RUST_BACKTRACE=full" "-e" "RUSTFLAGS=--cap-lints=warn" "-e" "CARGO_HOME=/opt/rustwide/cargo-home" "-e" "RUSTUP_HOME=/opt/rustwide/rustup-home" "-w" "/opt/rustwide/workdir" "-m" "1610612736" "--user" "0:0" "--network" "none" "ghcr.io/rust-lang/crates-build-env/linux@sha256:34b6a614d2c27851fe6cbf88fbd1137609cefab8b10d0615aaeb6fd47975d74e" "/opt/rustwide/cargo-home/bin/cargo" "+beta-2021-08-01" "test" "--frozen", kill_on_drop: false }`
[INFO] [stderr] WARNING: Your kernel does not support swap limit capabilities or the cgroup is not mounted. Memory limited without swap.
[INFO] [stdout] 5ce9bb261bc402cee3b9fa983aba4fe7ad4102c52278afebe0540e8995536160
[INFO] running `Command { std: "docker" "start" "-a" "5ce9bb261bc402cee3b9fa983aba4fe7ad4102c52278afebe0540e8995536160", kill_on_drop: false }`
[INFO] [stderr]     Finished test [unoptimized + debuginfo] target(s) in 0.02s
[INFO] [stderr]      Running unittests (/opt/rustwide/target/debug/deps/pg_extern_attr-3b8cad5c26e94c8c)
[INFO] [stdout] 
[INFO] [stdout] running 0 tests
[INFO] [stdout] 
[INFO] [stdout] test result: ok. 0 passed; 0 failed; 0 ignored; 0 measured; 0 filtered out; finished in 0.00s
[INFO] [stdout] 
[INFO] [stderr]    Doc-tests pg-extern-attr
[INFO] [stdout] 
[INFO] [stdout] running 2 tests
[INFO] [stdout] test src/lib.rs - pg_extern (line 188) - compile ... FAILED
[INFO] [stdout] test src/lib.rs - pg_extern (line 198) - compile ... FAILED
[INFO] [stdout] 
[INFO] [stdout] failures:
[INFO] [stdout] 
[INFO] [stdout] ---- src/lib.rs - pg_extern (line 188) stdout ----
[INFO] [stdout] error[E0433]: failed to resolve: use of undeclared crate or module `pg_sys`
[INFO] [stdout]  --> src/lib.rs:190:47
[INFO] [stdout]   |
[INFO] [stdout] 4 |  pub extern "C" fn pg_add_one(func_call_info: pg_sys::FunctionCallInfo) -> pg_sys::Datum
[INFO] [stdout]   |                                               ^^^^^^ use of undeclared crate or module `pg_sys`
[INFO] [stdout] 
[INFO] [stdout] error[E0433]: failed to resolve: use of undeclared crate or module `pg_sys`
[INFO] [stdout]  --> src/lib.rs:190:76
[INFO] [stdout]   |
[INFO] [stdout] 4 |  pub extern "C" fn pg_add_one(func_call_info: pg_sys::FunctionCallInfo) -> pg_sys::Datum
[INFO] [stdout]   |                                                                            ^^^^^^ use of undeclared crate or module `pg_sys`
[INFO] [stdout] 
[INFO] [stdout] error: aborting due to 2 previous errors
[INFO] [stdout] 
[INFO] [stdout] For more information about this error, try `rustc --explain E0433`.
[INFO] [stdout] Couldn't compile the test.
[INFO] [stdout] ---- src/lib.rs - pg_extern (line 198) stdout ----
[INFO] [stdout] error[E0412]: cannot find type `Pg_finfo_record` in this scope
[INFO] [stdout]  --> src/lib.rs:200:53
[INFO] [stdout]   |
[INFO] [stdout] 4 | pub extern "C" fn pg_finfo_pg_add_one() -> &'static Pg_finfo_record
[INFO] [stdout]   |                                                     ^^^^^^^^^^^^^^^ not found in this scope
[INFO] [stdout] 
[INFO] [stdout] error: aborting due to previous error
[INFO] [stdout] 
[INFO] [stdout] For more information about this error, try `rustc --explain E0412`.
[INFO] [stdout] Couldn't compile the test.
[INFO] [stdout] 
[INFO] [stdout] failures:
[INFO] [stdout]     src/lib.rs - pg_extern (line 188)
[INFO] [stdout]     src/lib.rs - pg_extern (line 198)
[INFO] [stdout] 
[INFO] [stdout] test result: FAILED. 0 passed; 2 failed; 0 ignored; 0 measured; 0 filtered out; finished in 0.41s
[INFO] [stdout] 
[INFO] [stderr] error: test failed, to rerun pass '--doc'
[INFO] running `Command { std: "docker" "inspect" "5ce9bb261bc402cee3b9fa983aba4fe7ad4102c52278afebe0540e8995536160", kill_on_drop: false }`
[INFO] running `Command { std: "docker" "rm" "-f" "5ce9bb261bc402cee3b9fa983aba4fe7ad4102c52278afebe0540e8995536160", kill_on_drop: false }`
[INFO] [stdout] 5ce9bb261bc402cee3b9fa983aba4fe7ad4102c52278afebe0540e8995536160
