[INFO] fetching crate pfly_rust 0.1.1...
[INFO] testing pfly_rust-0.1.1 against 1.54.0 for beta-1.55-1
[INFO] extracting crate pfly_rust 0.1.1 into /workspace/builds/worker-3/source
[INFO] validating manifest of crates.io crate pfly_rust 0.1.1 on toolchain 1.54.0
[INFO] running `Command { std: "/workspace/cargo-home/bin/cargo" "+1.54.0" "metadata" "--manifest-path" "Cargo.toml" "--no-deps", kill_on_drop: false }`
[INFO] started tweaking crates.io crate pfly_rust 0.1.1
[INFO] finished tweaking crates.io crate pfly_rust 0.1.1
[INFO] tweaked toml for crates.io crate pfly_rust 0.1.1 written to /workspace/builds/worker-3/source/Cargo.toml
[INFO] running `Command { std: "/workspace/cargo-home/bin/cargo" "+1.54.0" "generate-lockfile" "--manifest-path" "Cargo.toml" "-Zno-index-update", kill_on_drop: false }`
[INFO] running `Command { std: "/workspace/cargo-home/bin/cargo" "+1.54.0" "fetch" "--manifest-path" "Cargo.toml", kill_on_drop: false }`
[INFO] running `Command { std: "docker" "create" "-v" "/var/lib/crater-agent-workspace/builds/worker-3/target:/opt/rustwide/target:rw,Z" "-v" "/var/lib/crater-agent-workspace/builds/worker-3/source:/opt/rustwide/workdir:ro,Z" "-v" "/var/lib/crater-agent-workspace/cargo-home:/opt/rustwide/cargo-home:ro,Z" "-v" "/var/lib/crater-agent-workspace/rustup-home:/opt/rustwide/rustup-home:ro,Z" "-e" "SOURCE_DIR=/opt/rustwide/workdir" "-e" "CARGO_TARGET_DIR=/opt/rustwide/target" "-e" "CARGO_HOME=/opt/rustwide/cargo-home" "-e" "RUSTUP_HOME=/opt/rustwide/rustup-home" "-w" "/opt/rustwide/workdir" "-m" "1610612736" "--user" "0:0" "--network" "none" "ghcr.io/rust-lang/crates-build-env/linux@sha256:34b6a614d2c27851fe6cbf88fbd1137609cefab8b10d0615aaeb6fd47975d74e" "/opt/rustwide/cargo-home/bin/cargo" "+1.54.0" "metadata" "--no-deps" "--format-version=1", kill_on_drop: false }`
[INFO] [stderr] WARNING: Your kernel does not support swap limit capabilities or the cgroup is not mounted. Memory limited without swap.
[INFO] [stdout] 9aea1b886484486798fe56ed8f6a731b07cba482d8215e2954fccb7d5f5e5c7b
[INFO] running `Command { std: "docker" "start" "-a" "9aea1b886484486798fe56ed8f6a731b07cba482d8215e2954fccb7d5f5e5c7b", kill_on_drop: false }`
[INFO] running `Command { std: "docker" "inspect" "9aea1b886484486798fe56ed8f6a731b07cba482d8215e2954fccb7d5f5e5c7b", kill_on_drop: false }`
[INFO] running `Command { std: "docker" "rm" "-f" "9aea1b886484486798fe56ed8f6a731b07cba482d8215e2954fccb7d5f5e5c7b", kill_on_drop: false }`
[INFO] [stdout] 9aea1b886484486798fe56ed8f6a731b07cba482d8215e2954fccb7d5f5e5c7b
[INFO] running `Command { std: "docker" "create" "-v" "/var/lib/crater-agent-workspace/builds/worker-3/target:/opt/rustwide/target:rw,Z" "-v" "/var/lib/crater-agent-workspace/builds/worker-3/source:/opt/rustwide/workdir:ro,Z" "-v" "/var/lib/crater-agent-workspace/cargo-home:/opt/rustwide/cargo-home:ro,Z" "-v" "/var/lib/crater-agent-workspace/rustup-home:/opt/rustwide/rustup-home:ro,Z" "-e" "SOURCE_DIR=/opt/rustwide/workdir" "-e" "CARGO_TARGET_DIR=/opt/rustwide/target" "-e" "CARGO_INCREMENTAL=0" "-e" "RUST_BACKTRACE=full" "-e" "RUSTFLAGS=--cap-lints=warn" "-e" "CARGO_HOME=/opt/rustwide/cargo-home" "-e" "RUSTUP_HOME=/opt/rustwide/rustup-home" "-w" "/opt/rustwide/workdir" "-m" "1610612736" "--user" "0:0" "--network" "none" "ghcr.io/rust-lang/crates-build-env/linux@sha256:34b6a614d2c27851fe6cbf88fbd1137609cefab8b10d0615aaeb6fd47975d74e" "/opt/rustwide/cargo-home/bin/cargo" "+1.54.0" "build" "--frozen" "--message-format=json", kill_on_drop: false }`
[INFO] [stdout] 65e2549f79f439a1d369eb21ec141e5a97b84b7b991491761c2ec74f7a1d5edb
[INFO] [stderr] WARNING: Your kernel does not support swap limit capabilities or the cgroup is not mounted. Memory limited without swap.
[INFO] running `Command { std: "docker" "start" "-a" "65e2549f79f439a1d369eb21ec141e5a97b84b7b991491761c2ec74f7a1d5edb", kill_on_drop: false }`
[INFO] [stderr]    Compiling socket2 v0.3.19
[INFO] [stderr]    Compiling pfly_rust v0.1.1 (/opt/rustwide/workdir)
[INFO] [stderr]     Finished dev [unoptimized + debuginfo] target(s) in 1.17s
[INFO] running `Command { std: "docker" "inspect" "65e2549f79f439a1d369eb21ec141e5a97b84b7b991491761c2ec74f7a1d5edb", kill_on_drop: false }`
[INFO] running `Command { std: "docker" "rm" "-f" "65e2549f79f439a1d369eb21ec141e5a97b84b7b991491761c2ec74f7a1d5edb", kill_on_drop: false }`
[INFO] [stdout] 65e2549f79f439a1d369eb21ec141e5a97b84b7b991491761c2ec74f7a1d5edb
[INFO] running `Command { std: "docker" "create" "-v" "/var/lib/crater-agent-workspace/builds/worker-3/target:/opt/rustwide/target:rw,Z" "-v" "/var/lib/crater-agent-workspace/builds/worker-3/source:/opt/rustwide/workdir:ro,Z" "-v" "/var/lib/crater-agent-workspace/cargo-home:/opt/rustwide/cargo-home:ro,Z" "-v" "/var/lib/crater-agent-workspace/rustup-home:/opt/rustwide/rustup-home:ro,Z" "-e" "SOURCE_DIR=/opt/rustwide/workdir" "-e" "CARGO_TARGET_DIR=/opt/rustwide/target" "-e" "CARGO_INCREMENTAL=0" "-e" "RUST_BACKTRACE=full" "-e" "RUSTFLAGS=--cap-lints=warn" "-e" "CARGO_HOME=/opt/rustwide/cargo-home" "-e" "RUSTUP_HOME=/opt/rustwide/rustup-home" "-w" "/opt/rustwide/workdir" "-m" "1610612736" "--user" "0:0" "--network" "none" "ghcr.io/rust-lang/crates-build-env/linux@sha256:34b6a614d2c27851fe6cbf88fbd1137609cefab8b10d0615aaeb6fd47975d74e" "/opt/rustwide/cargo-home/bin/cargo" "+1.54.0" "test" "--frozen" "--no-run" "--message-format=json", kill_on_drop: false }`
[INFO] [stdout] 1284db9a6251c7969eecb8e52b3b273994c3aae70e2e8e335c9be4470311a826
[INFO] [stderr] WARNING: Your kernel does not support swap limit capabilities or the cgroup is not mounted. Memory limited without swap.
[INFO] running `Command { std: "docker" "start" "-a" "1284db9a6251c7969eecb8e52b3b273994c3aae70e2e8e335c9be4470311a826", kill_on_drop: false }`
[INFO] [stderr]    Compiling pfly_rust v0.1.1 (/opt/rustwide/workdir)
[INFO] [stderr]     Finished test [unoptimized + debuginfo] target(s) in 1.12s
[INFO] running `Command { std: "docker" "inspect" "1284db9a6251c7969eecb8e52b3b273994c3aae70e2e8e335c9be4470311a826", kill_on_drop: false }`
[INFO] running `Command { std: "docker" "rm" "-f" "1284db9a6251c7969eecb8e52b3b273994c3aae70e2e8e335c9be4470311a826", kill_on_drop: false }`
[INFO] [stdout] 1284db9a6251c7969eecb8e52b3b273994c3aae70e2e8e335c9be4470311a826
[INFO] running `Command { std: "docker" "create" "-v" "/var/lib/crater-agent-workspace/builds/worker-3/target:/opt/rustwide/target:rw,Z" "-v" "/var/lib/crater-agent-workspace/builds/worker-3/source:/opt/rustwide/workdir:ro,Z" "-v" "/var/lib/crater-agent-workspace/cargo-home:/opt/rustwide/cargo-home:ro,Z" "-v" "/var/lib/crater-agent-workspace/rustup-home:/opt/rustwide/rustup-home:ro,Z" "-e" "SOURCE_DIR=/opt/rustwide/workdir" "-e" "CARGO_TARGET_DIR=/opt/rustwide/target" "-e" "CARGO_INCREMENTAL=0" "-e" "RUST_BACKTRACE=full" "-e" "RUSTFLAGS=--cap-lints=warn" "-e" "CARGO_HOME=/opt/rustwide/cargo-home" "-e" "RUSTUP_HOME=/opt/rustwide/rustup-home" "-w" "/opt/rustwide/workdir" "-m" "1610612736" "--user" "0:0" "--network" "none" "ghcr.io/rust-lang/crates-build-env/linux@sha256:34b6a614d2c27851fe6cbf88fbd1137609cefab8b10d0615aaeb6fd47975d74e" "/opt/rustwide/cargo-home/bin/cargo" "+1.54.0" "test" "--frozen", kill_on_drop: false }`
[INFO] [stderr] WARNING: Your kernel does not support swap limit capabilities or the cgroup is not mounted. Memory limited without swap.
[INFO] [stdout] dccdf46e6be46d28929bd301ee937141ac727ddd9c76e1b561cc3f8994cd5716
[INFO] running `Command { std: "docker" "start" "-a" "dccdf46e6be46d28929bd301ee937141ac727ddd9c76e1b561cc3f8994cd5716", kill_on_drop: false }`
[INFO] [stderr]     Blocking waiting for file lock on package cache
[INFO] [stderr]     Finished test [unoptimized + debuginfo] target(s) in 0.03s
[INFO] [stderr]      Running unittests (/opt/rustwide/target/debug/deps/pfly_rust-ef9e15d98db77d44)
[INFO] [stdout] 
[INFO] [stdout] running 0 tests
[INFO] [stdout] 
[INFO] [stdout] test result: ok. 0 passed; 0 failed; 0 ignored; 0 measured; 0 filtered out; finished in 0.00s
[INFO] [stdout] 
[INFO] [stderr]    Doc-tests pfly_rust
[INFO] [stdout] 
[INFO] [stdout] running 2 tests
[INFO] [stdout] test src/lib.rs - send_message (line 45) ... FAILED
[INFO] [stdout] test src/lib.rs - init (line 21) ... FAILED
[INFO] [stdout] 
[INFO] [stdout] failures:
[INFO] [stdout] 
[INFO] [stdout] ---- src/lib.rs - send_message (line 45) stdout ----
[INFO] [stdout] Test executable failed (exit code 101).
[INFO] [stdout] 
[INFO] [stdout] stderr:
[INFO] [stdout] thread 'main' panicked at 'Could not connect to projectFly socket!', src/lib.rs:29:9
[INFO] [stdout] stack backtrace:
[INFO] [stdout]    0:     0x563c2f6dd720 - std::backtrace_rs::backtrace::libunwind::trace::h34055254b57d8e79
[INFO] [stdout]                                at /rustc/a178d0322ce20e33eac124758e837cbd80a6f633/library/std/src/../../backtrace/src/backtrace/libunwind.rs:90:5
[INFO] [stdout]    1:     0x563c2f6dd720 - std::backtrace_rs::backtrace::trace_unsynchronized::h8f1e3fbd9afff6ec
[INFO] [stdout]                                at /rustc/a178d0322ce20e33eac124758e837cbd80a6f633/library/std/src/../../backtrace/src/backtrace/mod.rs:66:5
[INFO] [stdout]    2:     0x563c2f6dd720 - std::sys_common::backtrace::_print_fmt::h3a99a796b770c360
[INFO] [stdout]                                at /rustc/a178d0322ce20e33eac124758e837cbd80a6f633/library/std/src/sys_common/backtrace.rs:67:5
[INFO] [stdout]    3:     0x563c2f6dd720 - <std::sys_common::backtrace::_print::DisplayBacktrace as core::fmt::Display>::fmt::h32d1f94a80615d18
[INFO] [stdout]                                at /rustc/a178d0322ce20e33eac124758e837cbd80a6f633/library/std/src/sys_common/backtrace.rs:46:22
[INFO] [stdout]    4:     0x563c2f6f6ebc - core::fmt::write::h306731c068f7162c
[INFO] [stdout]                                at /rustc/a178d0322ce20e33eac124758e837cbd80a6f633/library/core/src/fmt/mod.rs:1110:17
[INFO] [stdout]    5:     0x563c2f6dc185 - std::io::Write::write_fmt::hd2fa90334eee2a21
[INFO] [stdout]                                at /rustc/a178d0322ce20e33eac124758e837cbd80a6f633/library/std/src/io/mod.rs:1588:15
[INFO] [stdout]    6:     0x563c2f6df34b - std::sys_common::backtrace::_print::h5abaa2601a852287
[INFO] [stdout]                                at /rustc/a178d0322ce20e33eac124758e837cbd80a6f633/library/std/src/sys_common/backtrace.rs:49:5
[INFO] [stdout]    7:     0x563c2f6df34b - std::sys_common::backtrace::print::h8d81445442bb638f
[INFO] [stdout]                                at /rustc/a178d0322ce20e33eac124758e837cbd80a6f633/library/std/src/sys_common/backtrace.rs:36:9
[INFO] [stdout]    8:     0x563c2f6df34b - std::panicking::default_hook::{{closure}}::hcfe804496a9fa747
[INFO] [stdout]                                at /rustc/a178d0322ce20e33eac124758e837cbd80a6f633/library/std/src/panicking.rs:208:50
[INFO] [stdout]    9:     0x563c2f6dee21 - std::panicking::default_hook::hbea8e3ccf2ba8901
[INFO] [stdout]                                at /rustc/a178d0322ce20e33eac124758e837cbd80a6f633/library/std/src/panicking.rs:225:9
[INFO] [stdout]   10:     0x563c2f6dfa14 - std::panicking::rust_panic_with_hook::h7ee9e1a2d0f8975a
[INFO] [stdout]                                at /rustc/a178d0322ce20e33eac124758e837cbd80a6f633/library/std/src/panicking.rs:622:17
[INFO] [stdout]   11:     0x563c2f6cf163 - std::panicking::begin_panic::{{closure}}::ha9f2834986fc353d
[INFO] [stdout]                                at /rustc/a178d0322ce20e33eac124758e837cbd80a6f633/library/std/src/panicking.rs:542:9
[INFO] [stdout]   12:     0x563c2f6ce299 - std::sys_common::backtrace::__rust_end_short_backtrace::h7ab81cbae7af8441
[INFO] [stdout]                                at /rustc/a178d0322ce20e33eac124758e837cbd80a6f633/library/std/src/sys_common/backtrace.rs:141:18
[INFO] [stdout]   13:     0x563c2f6cf099 - std::panicking::begin_panic::h2d7f076f1ababf9f
[INFO] [stdout]                                at /rustc/a178d0322ce20e33eac124758e837cbd80a6f633/library/std/src/panicking.rs:541:12
[INFO] [stdout]   14:     0x563c2f6c1ab7 - pfly_rust::init::h15ff9e5e191627db
[INFO] [stdout]                                at /opt/rustwide/workdir/src/lib.rs:29:9
[INFO] [stdout]   15:     0x563c2f6c17da - rust_out::main::_doctest_main_src_lib_rs_45_0::h56ade72088dab45c
[INFO] [stdout]   16:     0x563c2f6c17c6 - rust_out::main::h2a38bb51b9580a7d
[INFO] [stdout]   17:     0x563c2f6c1763 - core::ops::function::FnOnce::call_once::hb73b95e6982fd3f0
[INFO] [stdout]   18:     0x563c2f6c1659 - std::sys_common::backtrace::__rust_begin_short_backtrace::h8371d112165838d3
[INFO] [stdout]   19:     0x563c2f6c16c9 - std::rt::lang_start::{{closure}}::h783adf50233ec5ec
[INFO] [stdout]   20:     0x563c2f6dff19 - core::ops::function::impls::<impl core::ops::function::FnOnce<A> for &F>::call_once::h2aabc384aab89b7b
[INFO] [stdout]                                at /rustc/a178d0322ce20e33eac124758e837cbd80a6f633/library/core/src/ops/function.rs:259:13
[INFO] [stdout]   21:     0x563c2f6dff19 - std::panicking::try::do_call::hc5fcacb7a85fc7b1
[INFO] [stdout]                                at /rustc/a178d0322ce20e33eac124758e837cbd80a6f633/library/std/src/panicking.rs:401:40
[INFO] [stdout]   22:     0x563c2f6dff19 - std::panicking::try::hb5d9603af3abbe3a
[INFO] [stdout]                                at /rustc/a178d0322ce20e33eac124758e837cbd80a6f633/library/std/src/panicking.rs:365:19
[INFO] [stdout]   23:     0x563c2f6dff19 - std::panic::catch_unwind::h98fe6ac3925e64b4
[INFO] [stdout]                                at /rustc/a178d0322ce20e33eac124758e837cbd80a6f633/library/std/src/panic.rs:434:14
[INFO] [stdout]   24:     0x563c2f6dff19 - std::rt::lang_start_internal::h22ac7383c516f93e
[INFO] [stdout]                                at /rustc/a178d0322ce20e33eac124758e837cbd80a6f633/library/std/src/rt.rs:34:21
[INFO] [stdout]   25:     0x563c2f6c16b1 - std::rt::lang_start::h11b9716471e37ff8
[INFO] [stdout]   26:     0x563c2f6c18c3 - main
[INFO] [stdout]   27:     0x7fee4a3850b3 - __libc_start_main
[INFO] [stdout]   28:     0x563c2f6c158e - _start
[INFO] [stdout]   29:                0x0 - <unknown>
[INFO] [stdout] 
[INFO] [stdout] 
[INFO] [stdout] ---- src/lib.rs - init (line 21) stdout ----
[INFO] [stdout] Test executable failed (exit code 101).
[INFO] [stdout] 
[INFO] [stdout] stderr:
[INFO] [stdout] thread 'main' panicked at 'Could not connect to projectFly socket!', src/lib.rs:29:9
[INFO] [stdout] stack backtrace:
[INFO] [stdout]    0:     0x557c47042da0 - std::backtrace_rs::backtrace::libunwind::trace::h34055254b57d8e79
[INFO] [stdout]                                at /rustc/a178d0322ce20e33eac124758e837cbd80a6f633/library/std/src/../../backtrace/src/backtrace/libunwind.rs:90:5
[INFO] [stdout]    1:     0x557c47042da0 - std::backtrace_rs::backtrace::trace_unsynchronized::h8f1e3fbd9afff6ec
[INFO] [stdout]                                at /rustc/a178d0322ce20e33eac124758e837cbd80a6f633/library/std/src/../../backtrace/src/backtrace/mod.rs:66:5
[INFO] [stdout]    2:     0x557c47042da0 - std::sys_common::backtrace::_print_fmt::h3a99a796b770c360
[INFO] [stdout]                                at /rustc/a178d0322ce20e33eac124758e837cbd80a6f633/library/std/src/sys_common/backtrace.rs:67:5
[INFO] [stdout]    3:     0x557c47042da0 - <std::sys_common::backtrace::_print::DisplayBacktrace as core::fmt::Display>::fmt::h32d1f94a80615d18
[INFO] [stdout]                                at /rustc/a178d0322ce20e33eac124758e837cbd80a6f633/library/std/src/sys_common/backtrace.rs:46:22
[INFO] [stdout]    4:     0x557c4705c53c - core::fmt::write::h306731c068f7162c
[INFO] [stdout]                                at /rustc/a178d0322ce20e33eac124758e837cbd80a6f633/library/core/src/fmt/mod.rs:1110:17
[INFO] [stdout]    5:     0x557c47041805 - std::io::Write::write_fmt::hd2fa90334eee2a21
[INFO] [stdout]                                at /rustc/a178d0322ce20e33eac124758e837cbd80a6f633/library/std/src/io/mod.rs:1588:15
[INFO] [stdout]    6:     0x557c470449cb - std::sys_common::backtrace::_print::h5abaa2601a852287
[INFO] [stdout]                                at /rustc/a178d0322ce20e33eac124758e837cbd80a6f633/library/std/src/sys_common/backtrace.rs:49:5
[INFO] [stdout]    7:     0x557c470449cb - std::sys_common::backtrace::print::h8d81445442bb638f
[INFO] [stdout]                                at /rustc/a178d0322ce20e33eac124758e837cbd80a6f633/library/std/src/sys_common/backtrace.rs:36:9
[INFO] [stdout]    8:     0x557c470449cb - std::panicking::default_hook::{{closure}}::hcfe804496a9fa747
[INFO] [stdout]                                at /rustc/a178d0322ce20e33eac124758e837cbd80a6f633/library/std/src/panicking.rs:208:50
[INFO] [stdout]    9:     0x557c470444a1 - std::panicking::default_hook::hbea8e3ccf2ba8901
[INFO] [stdout]                                at /rustc/a178d0322ce20e33eac124758e837cbd80a6f633/library/std/src/panicking.rs:225:9
[INFO] [stdout]   10:     0x557c47045094 - std::panicking::rust_panic_with_hook::h7ee9e1a2d0f8975a
[INFO] [stdout]                                at /rustc/a178d0322ce20e33eac124758e837cbd80a6f633/library/std/src/panicking.rs:622:17
[INFO] [stdout]   11:     0x557c470348a3 - std::panicking::begin_panic::{{closure}}::ha9f2834986fc353d
[INFO] [stdout]                                at /rustc/a178d0322ce20e33eac124758e837cbd80a6f633/library/std/src/panicking.rs:542:9
[INFO] [stdout]   12:     0x557c47033c79 - std::sys_common::backtrace::__rust_end_short_backtrace::h7ab81cbae7af8441
[INFO] [stdout]                                at /rustc/a178d0322ce20e33eac124758e837cbd80a6f633/library/std/src/sys_common/backtrace.rs:141:18
[INFO] [stdout]   13:     0x557c470347d9 - std::panicking::begin_panic::h2d7f076f1ababf9f
[INFO] [stdout]                                at /rustc/a178d0322ce20e33eac124758e837cbd80a6f633/library/std/src/panicking.rs:541:12
[INFO] [stdout]   14:     0x557c4702e9f7 - pfly_rust::init::h15ff9e5e191627db
[INFO] [stdout]                                at /opt/rustwide/workdir/src/lib.rs:29:9
[INFO] [stdout]   15:     0x557c4702e7d7 - rust_out::main::_doctest_main_src_lib_rs_21_0::h435286c11a47db4e
[INFO] [stdout]   16:     0x557c4702e7c6 - rust_out::main::h2a38bb51b9580a7d
[INFO] [stdout]   17:     0x557c4702e763 - core::ops::function::FnOnce::call_once::hb73b95e6982fd3f0
[INFO] [stdout]   18:     0x557c4702e659 - std::sys_common::backtrace::__rust_begin_short_backtrace::h8371d112165838d3
[INFO] [stdout]   19:     0x557c4702e6c9 - std::rt::lang_start::{{closure}}::h783adf50233ec5ec
[INFO] [stdout]   20:     0x557c47045599 - core::ops::function::impls::<impl core::ops::function::FnOnce<A> for &F>::call_once::h2aabc384aab89b7b
[INFO] [stdout]                                at /rustc/a178d0322ce20e33eac124758e837cbd80a6f633/library/core/src/ops/function.rs:259:13
[INFO] [stdout]   21:     0x557c47045599 - std::panicking::try::do_call::hc5fcacb7a85fc7b1
[INFO] [stdout]                                at /rustc/a178d0322ce20e33eac124758e837cbd80a6f633/library/std/src/panicking.rs:401:40
[INFO] [stdout]   22:     0x557c47045599 - std::panicking::try::hb5d9603af3abbe3a
[INFO] [stdout]                                at /rustc/a178d0322ce20e33eac124758e837cbd80a6f633/library/std/src/panicking.rs:365:19
[INFO] [stdout]   23:     0x557c47045599 - std::panic::catch_unwind::h98fe6ac3925e64b4
[INFO] [stdout]                                at /rustc/a178d0322ce20e33eac124758e837cbd80a6f633/library/std/src/panic.rs:434:14
[INFO] [stdout]   24:     0x557c47045599 - std::rt::lang_start_internal::h22ac7383c516f93e
[INFO] [stdout]                                at /rustc/a178d0322ce20e33eac124758e837cbd80a6f633/library/std/src/rt.rs:34:21
[INFO] [stdout]   25:     0x557c4702e6b1 - std::rt::lang_start::h11b9716471e37ff8
[INFO] [stdout]   26:     0x557c4702e803 - main
[INFO] [stdout]   27:     0x7fb194e8b0b3 - __libc_start_main
[INFO] [stdout]   28:     0x557c4702e58e - _start
[INFO] [stdout]   29:                0x0 - <unknown>
[INFO] [stdout] 
[INFO] [stdout] 
[INFO] [stdout] 
[INFO] [stdout] failures:
[INFO] [stdout]     src/lib.rs - init (line 21)
[INFO] [stdout]     src/lib.rs - send_message (line 45)
[INFO] [stdout] 
[INFO] [stdout] test result: FAILED. 0 passed; 2 failed; 0 ignored; 0 measured; 0 filtered out; finished in 0.61s
[INFO] [stdout] 
[INFO] [stderr] error: test failed, to rerun pass '--doc'
[INFO] running `Command { std: "docker" "inspect" "dccdf46e6be46d28929bd301ee937141ac727ddd9c76e1b561cc3f8994cd5716", kill_on_drop: false }`
[INFO] running `Command { std: "docker" "rm" "-f" "dccdf46e6be46d28929bd301ee937141ac727ddd9c76e1b561cc3f8994cd5716", kill_on_drop: false }`
[INFO] [stdout] dccdf46e6be46d28929bd301ee937141ac727ddd9c76e1b561cc3f8994cd5716
