[INFO] fetching crate pegnetd 0.1.2...
[INFO] testing pegnetd-0.1.2 against 1.54.0 for beta-1.55-1
[INFO] extracting crate pegnetd 0.1.2 into /workspace/builds/worker-2/source
[INFO] validating manifest of crates.io crate pegnetd 0.1.2 on toolchain 1.54.0
[INFO] running `Command { std: "/workspace/cargo-home/bin/cargo" "+1.54.0" "metadata" "--manifest-path" "Cargo.toml" "--no-deps", kill_on_drop: false }`
[INFO] started tweaking crates.io crate pegnetd 0.1.2
[INFO] finished tweaking crates.io crate pegnetd 0.1.2
[INFO] tweaked toml for crates.io crate pegnetd 0.1.2 written to /workspace/builds/worker-2/source/Cargo.toml
[INFO] crate crates.io crate pegnetd 0.1.2 already has a lockfile, it will not be regenerated
[INFO] running `Command { std: "/workspace/cargo-home/bin/cargo" "+1.54.0" "fetch" "--manifest-path" "Cargo.toml", kill_on_drop: false }`
[INFO] [stderr]     Blocking waiting for file lock on package cache
[INFO] running `Command { std: "docker" "create" "-v" "/var/lib/crater-agent-workspace/builds/worker-2/target:/opt/rustwide/target:rw,Z" "-v" "/var/lib/crater-agent-workspace/builds/worker-2/source:/opt/rustwide/workdir:ro,Z" "-v" "/var/lib/crater-agent-workspace/cargo-home:/opt/rustwide/cargo-home:ro,Z" "-v" "/var/lib/crater-agent-workspace/rustup-home:/opt/rustwide/rustup-home:ro,Z" "-e" "SOURCE_DIR=/opt/rustwide/workdir" "-e" "CARGO_TARGET_DIR=/opt/rustwide/target" "-e" "CARGO_HOME=/opt/rustwide/cargo-home" "-e" "RUSTUP_HOME=/opt/rustwide/rustup-home" "-w" "/opt/rustwide/workdir" "-m" "1610612736" "--user" "0:0" "--network" "none" "ghcr.io/rust-lang/crates-build-env/linux@sha256:34b6a614d2c27851fe6cbf88fbd1137609cefab8b10d0615aaeb6fd47975d74e" "/opt/rustwide/cargo-home/bin/cargo" "+1.54.0" "metadata" "--no-deps" "--format-version=1", kill_on_drop: false }`
[INFO] [stderr] WARNING: Your kernel does not support swap limit capabilities or the cgroup is not mounted. Memory limited without swap.
[INFO] [stdout] 67b737013338d2aaa31cacf3c75e19038e69dd9940fe023a40ce5ebd513a5dd2
[INFO] running `Command { std: "docker" "start" "-a" "67b737013338d2aaa31cacf3c75e19038e69dd9940fe023a40ce5ebd513a5dd2", kill_on_drop: false }`
[INFO] running `Command { std: "docker" "inspect" "67b737013338d2aaa31cacf3c75e19038e69dd9940fe023a40ce5ebd513a5dd2", kill_on_drop: false }`
[INFO] running `Command { std: "docker" "rm" "-f" "67b737013338d2aaa31cacf3c75e19038e69dd9940fe023a40ce5ebd513a5dd2", kill_on_drop: false }`
[INFO] [stdout] 67b737013338d2aaa31cacf3c75e19038e69dd9940fe023a40ce5ebd513a5dd2
[INFO] running `Command { std: "docker" "create" "-v" "/var/lib/crater-agent-workspace/builds/worker-2/target:/opt/rustwide/target:rw,Z" "-v" "/var/lib/crater-agent-workspace/builds/worker-2/source:/opt/rustwide/workdir:ro,Z" "-v" "/var/lib/crater-agent-workspace/cargo-home:/opt/rustwide/cargo-home:ro,Z" "-v" "/var/lib/crater-agent-workspace/rustup-home:/opt/rustwide/rustup-home:ro,Z" "-e" "SOURCE_DIR=/opt/rustwide/workdir" "-e" "CARGO_TARGET_DIR=/opt/rustwide/target" "-e" "CARGO_INCREMENTAL=0" "-e" "RUST_BACKTRACE=full" "-e" "RUSTFLAGS=--cap-lints=warn" "-e" "CARGO_HOME=/opt/rustwide/cargo-home" "-e" "RUSTUP_HOME=/opt/rustwide/rustup-home" "-w" "/opt/rustwide/workdir" "-m" "1610612736" "--user" "0:0" "--network" "none" "ghcr.io/rust-lang/crates-build-env/linux@sha256:34b6a614d2c27851fe6cbf88fbd1137609cefab8b10d0615aaeb6fd47975d74e" "/opt/rustwide/cargo-home/bin/cargo" "+1.54.0" "build" "--frozen" "--message-format=json", kill_on_drop: false }`
[INFO] [stdout] accb0cc28879a6f06d884726b7b7b8493f4735c82ed133e6c244ce81b2d854d4
[INFO] [stderr] WARNING: Your kernel does not support swap limit capabilities or the cgroup is not mounted. Memory limited without swap.
[INFO] running `Command { std: "docker" "start" "-a" "accb0cc28879a6f06d884726b7b7b8493f4735c82ed133e6c244ce81b2d854d4", kill_on_drop: false }`
[INFO] [stderr]    Compiling syn v1.0.8
[INFO] [stderr]    Compiling futures-core-preview v0.3.0-alpha.19
[INFO] [stderr]    Compiling futures-sink-preview v0.3.0-alpha.19
[INFO] [stderr]    Compiling openssl v0.10.25
[INFO] [stderr]    Compiling tower-service v0.3.0-alpha.2
[INFO] [stderr]    Compiling encoding_rs v0.8.20
[INFO] [stderr]    Compiling lazy_static v1.4.0
[INFO] [stderr]    Compiling openssl-sys v0.9.52
[INFO] [stderr]    Compiling num_cpus v1.11.1
[INFO] [stderr]    Compiling mio v0.6.19
[INFO] [stderr]    Compiling parking_lot_core v0.6.2
[INFO] [stderr]    Compiling http v0.1.19
[INFO] [stderr]    Compiling string v0.2.1
[INFO] [stderr]    Compiling crossbeam-utils v0.7.0
[INFO] [stderr]    Compiling crossbeam-utils v0.6.6
[INFO] [stderr]    Compiling tracing-core v0.1.7
[INFO] [stderr]    Compiling futures-channel-preview v0.3.0-alpha.19
[INFO] [stderr]    Compiling parking_lot v0.9.0
[INFO] [stderr]    Compiling crossbeam-queue v0.1.2
[INFO] [stderr]    Compiling crossbeam-channel v0.3.9
[INFO] [stderr]    Compiling futures-util-preview v0.3.0-alpha.19
[INFO] [stderr]    Compiling crossbeam-epoch v0.8.0
[INFO] [stderr]    Compiling mio-uds v0.6.7
[INFO] [stderr]    Compiling crossbeam-deque v0.7.2
[INFO] [stderr]    Compiling native-tls v0.2.3
[INFO] [stderr]    Compiling http-body v0.2.0-alpha.3
[INFO] [stderr]    Compiling tokio-sync v0.2.0-alpha.6
[INFO] [stderr]    Compiling pin-project-internal v0.4.5
[INFO] [stderr]    Compiling tracing-attributes v0.1.5
[INFO] [stderr]    Compiling serde_derive v1.0.102
[INFO] [stderr]    Compiling tokio-macros v0.2.0-alpha.6
[INFO] [stderr]    Compiling tracing v0.1.10
[INFO] [stderr]    Compiling tokio-executor v0.2.0-alpha.6
[INFO] [stderr]    Compiling pin-project v0.4.5
[INFO] [stderr]    Compiling tokio-io v0.2.0-alpha.6
[INFO] [stderr]    Compiling tokio-codec v0.2.0-alpha.6
[INFO] [stderr]    Compiling tower-make v0.3.0-alpha.2a
[INFO] [stderr]    Compiling tokio-tls v0.3.0-alpha.6
[INFO] [stderr]    Compiling tokio-timer v0.3.0-alpha.6
[INFO] [stderr]    Compiling tokio-fs v0.2.0-alpha.6
[INFO] [stderr]    Compiling tokio-net v0.2.0-alpha.6
[INFO] [stderr]    Compiling h2 v0.2.0-alpha.3
[INFO] [stderr]    Compiling tokio v0.2.0-alpha.6
[INFO] [stderr]    Compiling serde v1.0.102
[INFO] [stderr]    Compiling hyper v0.13.0-alpha.4
[INFO] [stderr]    Compiling hyper-tls v0.4.0-alpha.4
[INFO] [stderr]    Compiling serde_json v1.0.41
[INFO] [stderr]    Compiling serde_urlencoded v0.6.1
[INFO] [stderr]    Compiling reqwest v0.10.0-alpha.2
[INFO] [stderr]    Compiling pegnetd v0.1.2 (/opt/rustwide/workdir)
[INFO] [stderr]     Finished dev [unoptimized + debuginfo] target(s) in 40.26s
[INFO] running `Command { std: "docker" "inspect" "accb0cc28879a6f06d884726b7b7b8493f4735c82ed133e6c244ce81b2d854d4", kill_on_drop: false }`
[INFO] running `Command { std: "docker" "rm" "-f" "accb0cc28879a6f06d884726b7b7b8493f4735c82ed133e6c244ce81b2d854d4", kill_on_drop: false }`
[INFO] [stdout] accb0cc28879a6f06d884726b7b7b8493f4735c82ed133e6c244ce81b2d854d4
[INFO] running `Command { std: "docker" "create" "-v" "/var/lib/crater-agent-workspace/builds/worker-2/target:/opt/rustwide/target:rw,Z" "-v" "/var/lib/crater-agent-workspace/builds/worker-2/source:/opt/rustwide/workdir:ro,Z" "-v" "/var/lib/crater-agent-workspace/cargo-home:/opt/rustwide/cargo-home:ro,Z" "-v" "/var/lib/crater-agent-workspace/rustup-home:/opt/rustwide/rustup-home:ro,Z" "-e" "SOURCE_DIR=/opt/rustwide/workdir" "-e" "CARGO_TARGET_DIR=/opt/rustwide/target" "-e" "CARGO_INCREMENTAL=0" "-e" "RUST_BACKTRACE=full" "-e" "RUSTFLAGS=--cap-lints=warn" "-e" "CARGO_HOME=/opt/rustwide/cargo-home" "-e" "RUSTUP_HOME=/opt/rustwide/rustup-home" "-w" "/opt/rustwide/workdir" "-m" "1610612736" "--user" "0:0" "--network" "none" "ghcr.io/rust-lang/crates-build-env/linux@sha256:34b6a614d2c27851fe6cbf88fbd1137609cefab8b10d0615aaeb6fd47975d74e" "/opt/rustwide/cargo-home/bin/cargo" "+1.54.0" "test" "--frozen" "--no-run" "--message-format=json", kill_on_drop: false }`
[INFO] [stdout] b8cdf4839bb3db564fac9a3095b5a6a316c467430005eed75634aad7c4164b73
[INFO] [stderr] WARNING: Your kernel does not support swap limit capabilities or the cgroup is not mounted. Memory limited without swap.
[INFO] running `Command { std: "docker" "start" "-a" "b8cdf4839bb3db564fac9a3095b5a6a316c467430005eed75634aad7c4164b73", kill_on_drop: false }`
[INFO] [stderr]    Compiling pegnetd v0.1.2 (/opt/rustwide/workdir)
[INFO] [stderr]     Finished test [unoptimized + debuginfo] target(s) in 4.28s
[INFO] running `Command { std: "docker" "inspect" "b8cdf4839bb3db564fac9a3095b5a6a316c467430005eed75634aad7c4164b73", kill_on_drop: false }`
[INFO] running `Command { std: "docker" "rm" "-f" "b8cdf4839bb3db564fac9a3095b5a6a316c467430005eed75634aad7c4164b73", kill_on_drop: false }`
[INFO] [stdout] b8cdf4839bb3db564fac9a3095b5a6a316c467430005eed75634aad7c4164b73
[INFO] running `Command { std: "docker" "create" "-v" "/var/lib/crater-agent-workspace/builds/worker-2/target:/opt/rustwide/target:rw,Z" "-v" "/var/lib/crater-agent-workspace/builds/worker-2/source:/opt/rustwide/workdir:ro,Z" "-v" "/var/lib/crater-agent-workspace/cargo-home:/opt/rustwide/cargo-home:ro,Z" "-v" "/var/lib/crater-agent-workspace/rustup-home:/opt/rustwide/rustup-home:ro,Z" "-e" "SOURCE_DIR=/opt/rustwide/workdir" "-e" "CARGO_TARGET_DIR=/opt/rustwide/target" "-e" "CARGO_INCREMENTAL=0" "-e" "RUST_BACKTRACE=full" "-e" "RUSTFLAGS=--cap-lints=warn" "-e" "CARGO_HOME=/opt/rustwide/cargo-home" "-e" "RUSTUP_HOME=/opt/rustwide/rustup-home" "-w" "/opt/rustwide/workdir" "-m" "1610612736" "--user" "0:0" "--network" "none" "ghcr.io/rust-lang/crates-build-env/linux@sha256:34b6a614d2c27851fe6cbf88fbd1137609cefab8b10d0615aaeb6fd47975d74e" "/opt/rustwide/cargo-home/bin/cargo" "+1.54.0" "test" "--frozen", kill_on_drop: false }`
[INFO] [stdout] 6e279c6ccccfe6157a19a91db5b18027005738c32d52cea3dc599f6bdc49c9dc
[INFO] [stderr] WARNING: Your kernel does not support swap limit capabilities or the cgroup is not mounted. Memory limited without swap.
[INFO] running `Command { std: "docker" "start" "-a" "6e279c6ccccfe6157a19a91db5b18027005738c32d52cea3dc599f6bdc49c9dc", kill_on_drop: false }`
[INFO] [stderr]     Finished test [unoptimized + debuginfo] target(s) in 0.07s
[INFO] [stderr]      Running unittests (/opt/rustwide/target/debug/deps/pegnetd-2393256b92be7242)
[INFO] [stdout] 
[INFO] [stdout] running 0 tests
[INFO] [stdout] 
[INFO] [stdout] test result: ok. 0 passed; 0 failed; 0 ignored; 0 measured; 0 filtered out; finished in 0.00s
[INFO] [stdout] 
[INFO] [stderr]    Doc-tests pegnetd
[INFO] [stdout] 
[INFO] [stdout] running 1 test
[INFO] [stdout] test src/api.rs - api::transactions (line 123) ... FAILED
[INFO] [stdout] 
[INFO] [stdout] failures:
[INFO] [stdout] 
[INFO] [stdout] ---- src/api.rs - api::transactions (line 123) stdout ----
[INFO] [stdout] error[E0433]: failed to resolve: use of undeclared type `Pegnetd`
[INFO] [stdout]  --> src/api.rs:124:11
[INFO] [stdout]   |
[INFO] [stdout] 3 | let api = Pegnetd::open_node();
[INFO] [stdout]   |           ^^^^^^^ not found in this scope
[INFO] [stdout]   |
[INFO] [stdout] help: consider importing this struct
[INFO] [stdout]   |
[INFO] [stdout] 2 | use pegnetd::Pegnetd;
[INFO] [stdout]   |
[INFO] [stdout] 
[INFO] [stdout] error[E0422]: cannot find struct, variant or union type `TxParams` in this scope
[INFO] [stdout]  --> src/api.rs:126:16
[INFO] [stdout]   |
[INFO] [stdout] 5 |   let params = TxParams{
[INFO] [stdout]   |                ^^^^^^^^ not found in this scope
[INFO] [stdout]   |
[INFO] [stdout] help: consider importing this struct
[INFO] [stdout]   |
[INFO] [stdout] 2 | use pegnetd::TxParams;
[INFO] [stdout]   |
[INFO] [stdout] 
[INFO] [stdout] error[E0425]: cannot find function `transactions` in this scope
[INFO] [stdout]  --> src/api.rs:130:18
[INFO] [stdout]   |
[INFO] [stdout] 9 |   let response = transactions(&api, params).await;
[INFO] [stdout]   |                  ^^^^^^^^^^^^ not found in this scope
[INFO] [stdout]   |
[INFO] [stdout] help: consider importing this function
[INFO] [stdout]   |
[INFO] [stdout] 2 | use pegnetd::transactions;
[INFO] [stdout]   |
[INFO] [stdout] 
[INFO] [stdout] error[E0728]: `await` is only allowed inside `async` functions and blocks
[INFO] [stdout]  --> src/api.rs:130:18
[INFO] [stdout]   |
[INFO] [stdout] 2 | fn main() { #[allow(non_snake_case)] fn _doctest_main_src_api_rs_123_0() {
[INFO] [stdout]   |                                         ------------------------------ this is not `async`
[INFO] [stdout] ...
[INFO] [stdout] 9 |   let response = transactions(&api, params).await;
[INFO] [stdout]   |                  ^^^^^^^^^^^^^^^^^^^^^^^^^^^^^^^^ only allowed inside `async` functions and blocks
[INFO] [stdout] 
[INFO] [stdout] error: aborting due to 4 previous errors
[INFO] [stdout] 
[INFO] [stdout] Some errors have detailed explanations: E0422, E0425, E0433, E0728.
[INFO] [stdout] For more information about an error, try `rustc --explain E0422`.
[INFO] [stdout] Couldn't compile the test.
[INFO] [stdout] 
[INFO] [stdout] failures:
[INFO] [stdout]     src/api.rs - api::transactions (line 123)
[INFO] [stdout] 
[INFO] [stdout] test result: FAILED. 0 passed; 1 failed; 0 ignored; 0 measured; 0 filtered out; finished in 0.71s
[INFO] [stdout] 
[INFO] [stderr] error: test failed, to rerun pass '--doc'
[INFO] running `Command { std: "docker" "inspect" "6e279c6ccccfe6157a19a91db5b18027005738c32d52cea3dc599f6bdc49c9dc", kill_on_drop: false }`
[INFO] running `Command { std: "docker" "rm" "-f" "6e279c6ccccfe6157a19a91db5b18027005738c32d52cea3dc599f6bdc49c9dc", kill_on_drop: false }`
[INFO] [stdout] 6e279c6ccccfe6157a19a91db5b18027005738c32d52cea3dc599f6bdc49c9dc
