[INFO] fetching crate pdf-canvas 0.6.0...
[INFO] testing pdf-canvas-0.6.0 against beta-2021-08-01 for beta-1.55-1
[INFO] extracting crate pdf-canvas 0.6.0 into /workspace/builds/worker-2/source
[INFO] validating manifest of crates.io crate pdf-canvas 0.6.0 on toolchain beta-2021-08-01
[INFO] running `Command { std: "/workspace/cargo-home/bin/cargo" "+beta-2021-08-01" "metadata" "--manifest-path" "Cargo.toml" "--no-deps", kill_on_drop: false }`
[INFO] started tweaking crates.io crate pdf-canvas 0.6.0
[INFO] finished tweaking crates.io crate pdf-canvas 0.6.0
[INFO] tweaked toml for crates.io crate pdf-canvas 0.6.0 written to /workspace/builds/worker-2/source/Cargo.toml
[INFO] running `Command { std: "/workspace/cargo-home/bin/cargo" "+beta-2021-08-01" "generate-lockfile" "--manifest-path" "Cargo.toml" "-Zno-index-update", kill_on_drop: false }`
[INFO] [stderr]     Blocking waiting for file lock on package cache
[INFO] running `Command { std: "/workspace/cargo-home/bin/cargo" "+beta-2021-08-01" "fetch" "--manifest-path" "Cargo.toml", kill_on_drop: false }`
[INFO] running `Command { std: "docker" "create" "-v" "/var/lib/crater-agent-workspace/builds/worker-2/target:/opt/rustwide/target:rw,Z" "-v" "/var/lib/crater-agent-workspace/builds/worker-2/source:/opt/rustwide/workdir:ro,Z" "-v" "/var/lib/crater-agent-workspace/cargo-home:/opt/rustwide/cargo-home:ro,Z" "-v" "/var/lib/crater-agent-workspace/rustup-home:/opt/rustwide/rustup-home:ro,Z" "-e" "SOURCE_DIR=/opt/rustwide/workdir" "-e" "CARGO_TARGET_DIR=/opt/rustwide/target" "-e" "CARGO_HOME=/opt/rustwide/cargo-home" "-e" "RUSTUP_HOME=/opt/rustwide/rustup-home" "-w" "/opt/rustwide/workdir" "-m" "1610612736" "--user" "0:0" "--network" "none" "ghcr.io/rust-lang/crates-build-env/linux@sha256:34b6a614d2c27851fe6cbf88fbd1137609cefab8b10d0615aaeb6fd47975d74e" "/opt/rustwide/cargo-home/bin/cargo" "+beta-2021-08-01" "metadata" "--no-deps" "--format-version=1", kill_on_drop: false }`
[INFO] [stdout] 6774c31ff20a566b2d0c43782391742116f08ca5d2b4f75c25294f53ac81df74
[INFO] [stderr] WARNING: Your kernel does not support swap limit capabilities or the cgroup is not mounted. Memory limited without swap.
[INFO] running `Command { std: "docker" "start" "-a" "6774c31ff20a566b2d0c43782391742116f08ca5d2b4f75c25294f53ac81df74", kill_on_drop: false }`
[INFO] running `Command { std: "docker" "inspect" "6774c31ff20a566b2d0c43782391742116f08ca5d2b4f75c25294f53ac81df74", kill_on_drop: false }`
[INFO] running `Command { std: "docker" "rm" "-f" "6774c31ff20a566b2d0c43782391742116f08ca5d2b4f75c25294f53ac81df74", kill_on_drop: false }`
[INFO] [stdout] 6774c31ff20a566b2d0c43782391742116f08ca5d2b4f75c25294f53ac81df74
[INFO] running `Command { std: "docker" "create" "-v" "/var/lib/crater-agent-workspace/builds/worker-2/target:/opt/rustwide/target:rw,Z" "-v" "/var/lib/crater-agent-workspace/builds/worker-2/source:/opt/rustwide/workdir:ro,Z" "-v" "/var/lib/crater-agent-workspace/cargo-home:/opt/rustwide/cargo-home:ro,Z" "-v" "/var/lib/crater-agent-workspace/rustup-home:/opt/rustwide/rustup-home:ro,Z" "-e" "SOURCE_DIR=/opt/rustwide/workdir" "-e" "CARGO_TARGET_DIR=/opt/rustwide/target" "-e" "CARGO_INCREMENTAL=0" "-e" "RUST_BACKTRACE=full" "-e" "RUSTFLAGS=--cap-lints=warn" "-e" "CARGO_HOME=/opt/rustwide/cargo-home" "-e" "RUSTUP_HOME=/opt/rustwide/rustup-home" "-w" "/opt/rustwide/workdir" "-m" "1610612736" "--user" "0:0" "--network" "none" "ghcr.io/rust-lang/crates-build-env/linux@sha256:34b6a614d2c27851fe6cbf88fbd1137609cefab8b10d0615aaeb6fd47975d74e" "/opt/rustwide/cargo-home/bin/cargo" "+beta-2021-08-01" "build" "--frozen" "--message-format=json", kill_on_drop: false }`
[INFO] [stderr] WARNING: Your kernel does not support swap limit capabilities or the cgroup is not mounted. Memory limited without swap.
[INFO] [stdout] e4b58a1907225908a78fbbf337c43ded3f16ccfcd233bcd97750a504c0c176f0
[INFO] running `Command { std: "docker" "start" "-a" "e4b58a1907225908a78fbbf337c43ded3f16ccfcd233bcd97750a504c0c176f0", kill_on_drop: false }`
[INFO] [stderr]    Compiling pdf-canvas v0.6.0 (/opt/rustwide/workdir)
[INFO] [stdout] warning: use of deprecated constant `std::sync::ONCE_INIT`: the `new` function is now preferred
[INFO] [stdout]    --> src/encoding.rs:122:1
[INFO] [stdout]     |
[INFO] [stdout] 122 | / lazy_static! {
[INFO] [stdout] 123 | |     pub static ref WIN_ANSI_ENCODING: Encoding = {
[INFO] [stdout] 124 | |         let mut codes = BTreeMap::new();
[INFO] [stdout] 125 | |         // /WinAnsiEncoding is kind of close to first byte of unicode
[INFO] [stdout] ...   |
[INFO] [stdout] 668 | |     };
[INFO] [stdout] 669 | | }
[INFO] [stdout]     | |_^
[INFO] [stdout]     |
[INFO] [stdout]     = note: `#[warn(deprecated)]` on by default
[INFO] [stdout]     = note: this warning originates in the macro `__lazy_static_create` (in Nightly builds, run with -Z macro-backtrace for more info)
[INFO] [stdout] 
[INFO] [stdout] 
[INFO] [stdout] warning: use of deprecated constant `std::sync::ONCE_INIT`: the `new` function is now preferred
[INFO] [stdout]    --> src/encoding.rs:122:1
[INFO] [stdout]     |
[INFO] [stdout] 122 | / lazy_static! {
[INFO] [stdout] 123 | |     pub static ref WIN_ANSI_ENCODING: Encoding = {
[INFO] [stdout] 124 | |         let mut codes = BTreeMap::new();
[INFO] [stdout] 125 | |         // /WinAnsiEncoding is kind of close to first byte of unicode
[INFO] [stdout] ...   |
[INFO] [stdout] 668 | |     };
[INFO] [stdout] 669 | | }
[INFO] [stdout]     | |_^
[INFO] [stdout]     |
[INFO] [stdout]     = note: this warning originates in the macro `__lazy_static_create` (in Nightly builds, run with -Z macro-backtrace for more info)
[INFO] [stdout] 
[INFO] [stdout] 
[INFO] [stdout] warning: use of deprecated constant `std::sync::ONCE_INIT`: the `new` function is now preferred
[INFO] [stdout]    --> src/encoding.rs:122:1
[INFO] [stdout]     |
[INFO] [stdout] 122 | / lazy_static! {
[INFO] [stdout] 123 | |     pub static ref WIN_ANSI_ENCODING: Encoding = {
[INFO] [stdout] 124 | |         let mut codes = BTreeMap::new();
[INFO] [stdout] 125 | |         // /WinAnsiEncoding is kind of close to first byte of unicode
[INFO] [stdout] ...   |
[INFO] [stdout] 668 | |     };
[INFO] [stdout] 669 | | }
[INFO] [stdout]     | |_^
[INFO] [stdout]     |
[INFO] [stdout]     = note: this warning originates in the macro `__lazy_static_create` (in Nightly builds, run with -Z macro-backtrace for more info)
[INFO] [stdout] 
[INFO] [stdout] 
[INFO] [stdout] warning: 3 warnings emitted
[INFO] [stdout] 
[INFO] [stdout] 
[INFO] [stdout] warning: trait objects without an explicit `dyn` are deprecated
[INFO] [stdout]   --> src/outline.rs:33:22
[INFO] [stdout]    |
[INFO] [stdout] 33 |         output: &mut Write,
[INFO] [stdout]    |                      ^^^^^ help: use `dyn`: `dyn Write`
[INFO] [stdout]    |
[INFO] [stdout]    = note: `#[warn(bare_trait_objects)]` on by default
[INFO] [stdout]    = warning: this is accepted in the current edition (Rust 2015) but is a hard error in Rust 2021!
[INFO] [stdout]    = note: for more information, see issue #80165 <https://github.com/rust-lang/rust/issues/80165>
[INFO] [stdout] 
[INFO] [stdout] 
[INFO] [stdout] warning: trait objects without an explicit `dyn` are deprecated
[INFO] [stdout]   --> src/canvas.rs:18:21
[INFO] [stdout]    |
[INFO] [stdout] 18 |     output: &'a mut Write,
[INFO] [stdout]    |                     ^^^^^ help: use `dyn`: `dyn Write`
[INFO] [stdout]    |
[INFO] [stdout]    = warning: this is accepted in the current edition (Rust 2015) but is a hard error in Rust 2021!
[INFO] [stdout]    = note: for more information, see issue #80165 <https://github.com/rust-lang/rust/issues/80165>
[INFO] [stdout] 
[INFO] [stdout] 
[INFO] [stdout] warning: trait objects without an explicit `dyn` are deprecated
[INFO] [stdout]   --> src/canvas.rs:25:21
[INFO] [stdout]    |
[INFO] [stdout] 25 |     output: &'a mut Write,
[INFO] [stdout]    |                     ^^^^^ help: use `dyn`: `dyn Write`
[INFO] [stdout]    |
[INFO] [stdout]    = warning: this is accepted in the current edition (Rust 2015) but is a hard error in Rust 2021!
[INFO] [stdout]    = note: for more information, see issue #80165 <https://github.com/rust-lang/rust/issues/80165>
[INFO] [stdout] 
[INFO] [stdout] 
[INFO] [stdout] warning: trait objects without an explicit `dyn` are deprecated
[INFO] [stdout]   --> src/textobject.rs:37:21
[INFO] [stdout]    |
[INFO] [stdout] 37 |     output: &'a mut Write,
[INFO] [stdout]    |                     ^^^^^ help: use `dyn`: `dyn Write`
[INFO] [stdout]    |
[INFO] [stdout]    = warning: this is accepted in the current edition (Rust 2015) but is a hard error in Rust 2021!
[INFO] [stdout]    = note: for more information, see issue #80165 <https://github.com/rust-lang/rust/issues/80165>
[INFO] [stdout] 
[INFO] [stdout] 
[INFO] [stdout] warning: trait objects without an explicit `dyn` are deprecated
[INFO] [stdout]   --> src/textobject.rs:42:40
[INFO] [stdout]    |
[INFO] [stdout] 42 | pub fn create_text_object(output: &mut Write) -> TextObject {
[INFO] [stdout]    |                                        ^^^^^ help: use `dyn`: `dyn Write`
[INFO] [stdout]    |
[INFO] [stdout]    = warning: this is accepted in the current edition (Rust 2015) but is a hard error in Rust 2021!
[INFO] [stdout]    = note: for more information, see issue #80165 <https://github.com/rust-lang/rust/issues/80165>
[INFO] [stdout] 
[INFO] [stdout] 
[INFO] [stdout] warning: use of deprecated constant `std::sync::ONCE_INIT`: the `new` function is now preferred
[INFO] [stdout]   --> /opt/rustwide/target/debug/build/pdf-canvas-0f4c70390ebe2820/out/metrics_data.rs:19:1
[INFO] [stdout]    |
[INFO] [stdout] 19 | / lazy_static! {
[INFO] [stdout] 20 | |   static ref METRICS_COURIER: FontMetrics = FontMetrics::from_slice(&[(32, 600), (33, 600), (34, 600), (35, 600), (36, 600), (37, 600), (...
[INFO] [stdout] 21 | |   static ref METRICS_COURIER_BOLD: FontMetrics = FontMetrics::from_slice(&[(32, 600), (33, 600), (34, 600), (35, 600), (36, 600), (37, 60...
[INFO] [stdout] 22 | |   static ref METRICS_COURIER_OBLIQUE: FontMetrics = FontMetrics::from_slice(&[(32, 600), (33, 600), (34, 600), (35, 600), (36, 600), (37,...
[INFO] [stdout] ...  |
[INFO] [stdout] 33 | |   static ref METRICS_ZAPFDINGBATS: FontMetrics = FontMetrics::from_slice(&[(32, 278), (33, 974), (34, 961), (35, 974), (36, 980), (37, 71...
[INFO] [stdout] 34 | | }
[INFO] [stdout]    | |_^
[INFO] [stdout]    |
[INFO] [stdout]    = note: `#[warn(deprecated)]` on by default
[INFO] [stdout]    = note: this warning originates in the macro `__lazy_static_create` (in Nightly builds, run with -Z macro-backtrace for more info)
[INFO] [stdout] 
[INFO] [stdout] 
[INFO] [stdout] warning: use of deprecated constant `std::sync::ONCE_INIT`: the `new` function is now preferred
[INFO] [stdout]   --> /opt/rustwide/target/debug/build/pdf-canvas-0f4c70390ebe2820/out/metrics_data.rs:19:1
[INFO] [stdout]    |
[INFO] [stdout] 19 | / lazy_static! {
[INFO] [stdout] 20 | |   static ref METRICS_COURIER: FontMetrics = FontMetrics::from_slice(&[(32, 600), (33, 600), (34, 600), (35, 600), (36, 600), (37, 600), (...
[INFO] [stdout] 21 | |   static ref METRICS_COURIER_BOLD: FontMetrics = FontMetrics::from_slice(&[(32, 600), (33, 600), (34, 600), (35, 600), (36, 600), (37, 60...
[INFO] [stdout] 22 | |   static ref METRICS_COURIER_OBLIQUE: FontMetrics = FontMetrics::from_slice(&[(32, 600), (33, 600), (34, 600), (35, 600), (36, 600), (37,...
[INFO] [stdout] ...  |
[INFO] [stdout] 33 | |   static ref METRICS_ZAPFDINGBATS: FontMetrics = FontMetrics::from_slice(&[(32, 278), (33, 974), (34, 961), (35, 974), (36, 980), (37, 71...
[INFO] [stdout] 34 | | }
[INFO] [stdout]    | |_^
[INFO] [stdout]    |
[INFO] [stdout]    = note: this warning originates in the macro `__lazy_static_create` (in Nightly builds, run with -Z macro-backtrace for more info)
[INFO] [stdout] 
[INFO] [stdout] 
[INFO] [stdout] warning: use of deprecated constant `std::sync::ONCE_INIT`: the `new` function is now preferred
[INFO] [stdout]   --> /opt/rustwide/target/debug/build/pdf-canvas-0f4c70390ebe2820/out/metrics_data.rs:19:1
[INFO] [stdout]    |
[INFO] [stdout] 19 | / lazy_static! {
[INFO] [stdout] 20 | |   static ref METRICS_COURIER: FontMetrics = FontMetrics::from_slice(&[(32, 600), (33, 600), (34, 600), (35, 600), (36, 600), (37, 600), (...
[INFO] [stdout] 21 | |   static ref METRICS_COURIER_BOLD: FontMetrics = FontMetrics::from_slice(&[(32, 600), (33, 600), (34, 600), (35, 600), (36, 600), (37, 60...
[INFO] [stdout] 22 | |   static ref METRICS_COURIER_OBLIQUE: FontMetrics = FontMetrics::from_slice(&[(32, 600), (33, 600), (34, 600), (35, 600), (36, 600), (37,...
[INFO] [stdout] ...  |
[INFO] [stdout] 33 | |   static ref METRICS_ZAPFDINGBATS: FontMetrics = FontMetrics::from_slice(&[(32, 278), (33, 974), (34, 961), (35, 974), (36, 980), (37, 71...
[INFO] [stdout] 34 | | }
[INFO] [stdout]    | |_^
[INFO] [stdout]    |
[INFO] [stdout]    = note: this warning originates in the macro `__lazy_static_create` (in Nightly builds, run with -Z macro-backtrace for more info)
[INFO] [stdout] 
[INFO] [stdout] 
[INFO] [stdout] warning: use of deprecated constant `std::sync::ONCE_INIT`: the `new` function is now preferred
[INFO] [stdout]   --> /opt/rustwide/target/debug/build/pdf-canvas-0f4c70390ebe2820/out/metrics_data.rs:19:1
[INFO] [stdout]    |
[INFO] [stdout] 19 | / lazy_static! {
[INFO] [stdout] 20 | |   static ref METRICS_COURIER: FontMetrics = FontMetrics::from_slice(&[(32, 600), (33, 600), (34, 600), (35, 600), (36, 600), (37, 600), (...
[INFO] [stdout] 21 | |   static ref METRICS_COURIER_BOLD: FontMetrics = FontMetrics::from_slice(&[(32, 600), (33, 600), (34, 600), (35, 600), (36, 600), (37, 60...
[INFO] [stdout] 22 | |   static ref METRICS_COURIER_OBLIQUE: FontMetrics = FontMetrics::from_slice(&[(32, 600), (33, 600), (34, 600), (35, 600), (36, 600), (37,...
[INFO] [stdout] ...  |
[INFO] [stdout] 33 | |   static ref METRICS_ZAPFDINGBATS: FontMetrics = FontMetrics::from_slice(&[(32, 278), (33, 974), (34, 961), (35, 974), (36, 980), (37, 71...
[INFO] [stdout] 34 | | }
[INFO] [stdout]    | |_^
[INFO] [stdout]    |
[INFO] [stdout]    = note: this warning originates in the macro `__lazy_static_create` (in Nightly builds, run with -Z macro-backtrace for more info)
[INFO] [stdout] 
[INFO] [stdout] 
[INFO] [stdout] warning: use of deprecated constant `std::sync::ONCE_INIT`: the `new` function is now preferred
[INFO] [stdout]   --> /opt/rustwide/target/debug/build/pdf-canvas-0f4c70390ebe2820/out/metrics_data.rs:19:1
[INFO] [stdout]    |
[INFO] [stdout] 19 | / lazy_static! {
[INFO] [stdout] 20 | |   static ref METRICS_COURIER: FontMetrics = FontMetrics::from_slice(&[(32, 600), (33, 600), (34, 600), (35, 600), (36, 600), (37, 600), (...
[INFO] [stdout] 21 | |   static ref METRICS_COURIER_BOLD: FontMetrics = FontMetrics::from_slice(&[(32, 600), (33, 600), (34, 600), (35, 600), (36, 600), (37, 60...
[INFO] [stdout] 22 | |   static ref METRICS_COURIER_OBLIQUE: FontMetrics = FontMetrics::from_slice(&[(32, 600), (33, 600), (34, 600), (35, 600), (36, 600), (37,...
[INFO] [stdout] ...  |
[INFO] [stdout] 33 | |   static ref METRICS_ZAPFDINGBATS: FontMetrics = FontMetrics::from_slice(&[(32, 278), (33, 974), (34, 961), (35, 974), (36, 980), (37, 71...
[INFO] [stdout] 34 | | }
[INFO] [stdout]    | |_^
[INFO] [stdout]    |
[INFO] [stdout]    = note: this warning originates in the macro `__lazy_static_create` (in Nightly builds, run with -Z macro-backtrace for more info)
[INFO] [stdout] 
[INFO] [stdout] 
[INFO] [stdout] warning: use of deprecated constant `std::sync::ONCE_INIT`: the `new` function is now preferred
[INFO] [stdout]   --> /opt/rustwide/target/debug/build/pdf-canvas-0f4c70390ebe2820/out/metrics_data.rs:19:1
[INFO] [stdout]    |
[INFO] [stdout] 19 | / lazy_static! {
[INFO] [stdout] 20 | |   static ref METRICS_COURIER: FontMetrics = FontMetrics::from_slice(&[(32, 600), (33, 600), (34, 600), (35, 600), (36, 600), (37, 600), (...
[INFO] [stdout] 21 | |   static ref METRICS_COURIER_BOLD: FontMetrics = FontMetrics::from_slice(&[(32, 600), (33, 600), (34, 600), (35, 600), (36, 600), (37, 60...
[INFO] [stdout] 22 | |   static ref METRICS_COURIER_OBLIQUE: FontMetrics = FontMetrics::from_slice(&[(32, 600), (33, 600), (34, 600), (35, 600), (36, 600), (37,...
[INFO] [stdout] ...  |
[INFO] [stdout] 33 | |   static ref METRICS_ZAPFDINGBATS: FontMetrics = FontMetrics::from_slice(&[(32, 278), (33, 974), (34, 961), (35, 974), (36, 980), (37, 71...
[INFO] [stdout] 34 | | }
[INFO] [stdout]    | |_^
[INFO] [stdout]    |
[INFO] [stdout]    = note: this warning originates in the macro `__lazy_static_create` (in Nightly builds, run with -Z macro-backtrace for more info)
[INFO] [stdout] 
[INFO] [stdout] 
[INFO] [stdout] warning: use of deprecated constant `std::sync::ONCE_INIT`: the `new` function is now preferred
[INFO] [stdout]   --> /opt/rustwide/target/debug/build/pdf-canvas-0f4c70390ebe2820/out/metrics_data.rs:19:1
[INFO] [stdout]    |
[INFO] [stdout] 19 | / lazy_static! {
[INFO] [stdout] 20 | |   static ref METRICS_COURIER: FontMetrics = FontMetrics::from_slice(&[(32, 600), (33, 600), (34, 600), (35, 600), (36, 600), (37, 600), (...
[INFO] [stdout] 21 | |   static ref METRICS_COURIER_BOLD: FontMetrics = FontMetrics::from_slice(&[(32, 600), (33, 600), (34, 600), (35, 600), (36, 600), (37, 60...
[INFO] [stdout] 22 | |   static ref METRICS_COURIER_OBLIQUE: FontMetrics = FontMetrics::from_slice(&[(32, 600), (33, 600), (34, 600), (35, 600), (36, 600), (37,...
[INFO] [stdout] ...  |
[INFO] [stdout] 33 | |   static ref METRICS_ZAPFDINGBATS: FontMetrics = FontMetrics::from_slice(&[(32, 278), (33, 974), (34, 961), (35, 974), (36, 980), (37, 71...
[INFO] [stdout] 34 | | }
[INFO] [stdout]    | |_^
[INFO] [stdout]    |
[INFO] [stdout]    = note: this warning originates in the macro `__lazy_static_create` (in Nightly builds, run with -Z macro-backtrace for more info)
[INFO] [stdout] 
[INFO] [stdout] 
[INFO] [stdout] warning: use of deprecated constant `std::sync::ONCE_INIT`: the `new` function is now preferred
[INFO] [stdout]   --> /opt/rustwide/target/debug/build/pdf-canvas-0f4c70390ebe2820/out/metrics_data.rs:19:1
[INFO] [stdout]    |
[INFO] [stdout] 19 | / lazy_static! {
[INFO] [stdout] 20 | |   static ref METRICS_COURIER: FontMetrics = FontMetrics::from_slice(&[(32, 600), (33, 600), (34, 600), (35, 600), (36, 600), (37, 600), (...
[INFO] [stdout] 21 | |   static ref METRICS_COURIER_BOLD: FontMetrics = FontMetrics::from_slice(&[(32, 600), (33, 600), (34, 600), (35, 600), (36, 600), (37, 60...
[INFO] [stdout] 22 | |   static ref METRICS_COURIER_OBLIQUE: FontMetrics = FontMetrics::from_slice(&[(32, 600), (33, 600), (34, 600), (35, 600), (36, 600), (37,...
[INFO] [stdout] ...  |
[INFO] [stdout] 33 | |   static ref METRICS_ZAPFDINGBATS: FontMetrics = FontMetrics::from_slice(&[(32, 278), (33, 974), (34, 961), (35, 974), (36, 980), (37, 71...
[INFO] [stdout] 34 | | }
[INFO] [stdout]    | |_^
[INFO] [stdout]    |
[INFO] [stdout]    = note: this warning originates in the macro `__lazy_static_create` (in Nightly builds, run with -Z macro-backtrace for more info)
[INFO] [stdout] 
[INFO] [stdout] 
[INFO] [stdout] warning: use of deprecated constant `std::sync::ONCE_INIT`: the `new` function is now preferred
[INFO] [stdout]   --> /opt/rustwide/target/debug/build/pdf-canvas-0f4c70390ebe2820/out/metrics_data.rs:19:1
[INFO] [stdout]    |
[INFO] [stdout] 19 | / lazy_static! {
[INFO] [stdout] 20 | |   static ref METRICS_COURIER: FontMetrics = FontMetrics::from_slice(&[(32, 600), (33, 600), (34, 600), (35, 600), (36, 600), (37, 600), (...
[INFO] [stdout] 21 | |   static ref METRICS_COURIER_BOLD: FontMetrics = FontMetrics::from_slice(&[(32, 600), (33, 600), (34, 600), (35, 600), (36, 600), (37, 60...
[INFO] [stdout] 22 | |   static ref METRICS_COURIER_OBLIQUE: FontMetrics = FontMetrics::from_slice(&[(32, 600), (33, 600), (34, 600), (35, 600), (36, 600), (37,...
[INFO] [stdout] ...  |
[INFO] [stdout] 33 | |   static ref METRICS_ZAPFDINGBATS: FontMetrics = FontMetrics::from_slice(&[(32, 278), (33, 974), (34, 961), (35, 974), (36, 980), (37, 71...
[INFO] [stdout] 34 | | }
[INFO] [stdout]    | |_^
[INFO] [stdout]    |
[INFO] [stdout]    = note: this warning originates in the macro `__lazy_static_create` (in Nightly builds, run with -Z macro-backtrace for more info)
[INFO] [stdout] 
[INFO] [stdout] 
[INFO] [stdout] warning: use of deprecated constant `std::sync::ONCE_INIT`: the `new` function is now preferred
[INFO] [stdout]   --> /opt/rustwide/target/debug/build/pdf-canvas-0f4c70390ebe2820/out/metrics_data.rs:19:1
[INFO] [stdout]    |
[INFO] [stdout] 19 | / lazy_static! {
[INFO] [stdout] 20 | |   static ref METRICS_COURIER: FontMetrics = FontMetrics::from_slice(&[(32, 600), (33, 600), (34, 600), (35, 600), (36, 600), (37, 600), (...
[INFO] [stdout] 21 | |   static ref METRICS_COURIER_BOLD: FontMetrics = FontMetrics::from_slice(&[(32, 600), (33, 600), (34, 600), (35, 600), (36, 600), (37, 60...
[INFO] [stdout] 22 | |   static ref METRICS_COURIER_OBLIQUE: FontMetrics = FontMetrics::from_slice(&[(32, 600), (33, 600), (34, 600), (35, 600), (36, 600), (37,...
[INFO] [stdout] ...  |
[INFO] [stdout] 33 | |   static ref METRICS_ZAPFDINGBATS: FontMetrics = FontMetrics::from_slice(&[(32, 278), (33, 974), (34, 961), (35, 974), (36, 980), (37, 71...
[INFO] [stdout] 34 | | }
[INFO] [stdout]    | |_^
[INFO] [stdout]    |
[INFO] [stdout]    = note: this warning originates in the macro `__lazy_static_create` (in Nightly builds, run with -Z macro-backtrace for more info)
[INFO] [stdout] 
[INFO] [stdout] 
[INFO] [stdout] warning: use of deprecated constant `std::sync::ONCE_INIT`: the `new` function is now preferred
[INFO] [stdout]   --> /opt/rustwide/target/debug/build/pdf-canvas-0f4c70390ebe2820/out/metrics_data.rs:19:1
[INFO] [stdout]    |
[INFO] [stdout] 19 | / lazy_static! {
[INFO] [stdout] 20 | |   static ref METRICS_COURIER: FontMetrics = FontMetrics::from_slice(&[(32, 600), (33, 600), (34, 600), (35, 600), (36, 600), (37, 600), (...
[INFO] [stdout] 21 | |   static ref METRICS_COURIER_BOLD: FontMetrics = FontMetrics::from_slice(&[(32, 600), (33, 600), (34, 600), (35, 600), (36, 600), (37, 60...
[INFO] [stdout] 22 | |   static ref METRICS_COURIER_OBLIQUE: FontMetrics = FontMetrics::from_slice(&[(32, 600), (33, 600), (34, 600), (35, 600), (36, 600), (37,...
[INFO] [stdout] ...  |
[INFO] [stdout] 33 | |   static ref METRICS_ZAPFDINGBATS: FontMetrics = FontMetrics::from_slice(&[(32, 278), (33, 974), (34, 961), (35, 974), (36, 980), (37, 71...
[INFO] [stdout] 34 | | }
[INFO] [stdout]    | |_^
[INFO] [stdout]    |
[INFO] [stdout]    = note: this warning originates in the macro `__lazy_static_create` (in Nightly builds, run with -Z macro-backtrace for more info)
[INFO] [stdout] 
[INFO] [stdout] 
[INFO] [stdout] warning: use of deprecated constant `std::sync::ONCE_INIT`: the `new` function is now preferred
[INFO] [stdout]   --> /opt/rustwide/target/debug/build/pdf-canvas-0f4c70390ebe2820/out/metrics_data.rs:19:1
[INFO] [stdout]    |
[INFO] [stdout] 19 | / lazy_static! {
[INFO] [stdout] 20 | |   static ref METRICS_COURIER: FontMetrics = FontMetrics::from_slice(&[(32, 600), (33, 600), (34, 600), (35, 600), (36, 600), (37, 600), (...
[INFO] [stdout] 21 | |   static ref METRICS_COURIER_BOLD: FontMetrics = FontMetrics::from_slice(&[(32, 600), (33, 600), (34, 600), (35, 600), (36, 600), (37, 60...
[INFO] [stdout] 22 | |   static ref METRICS_COURIER_OBLIQUE: FontMetrics = FontMetrics::from_slice(&[(32, 600), (33, 600), (34, 600), (35, 600), (36, 600), (37,...
[INFO] [stdout] ...  |
[INFO] [stdout] 33 | |   static ref METRICS_ZAPFDINGBATS: FontMetrics = FontMetrics::from_slice(&[(32, 278), (33, 974), (34, 961), (35, 974), (36, 980), (37, 71...
[INFO] [stdout] 34 | | }
[INFO] [stdout]    | |_^
[INFO] [stdout]    |
[INFO] [stdout]    = note: this warning originates in the macro `__lazy_static_create` (in Nightly builds, run with -Z macro-backtrace for more info)
[INFO] [stdout] 
[INFO] [stdout] 
[INFO] [stdout] warning: use of deprecated constant `std::sync::ONCE_INIT`: the `new` function is now preferred
[INFO] [stdout]   --> /opt/rustwide/target/debug/build/pdf-canvas-0f4c70390ebe2820/out/metrics_data.rs:19:1
[INFO] [stdout]    |
[INFO] [stdout] 19 | / lazy_static! {
[INFO] [stdout] 20 | |   static ref METRICS_COURIER: FontMetrics = FontMetrics::from_slice(&[(32, 600), (33, 600), (34, 600), (35, 600), (36, 600), (37, 600), (...
[INFO] [stdout] 21 | |   static ref METRICS_COURIER_BOLD: FontMetrics = FontMetrics::from_slice(&[(32, 600), (33, 600), (34, 600), (35, 600), (36, 600), (37, 60...
[INFO] [stdout] 22 | |   static ref METRICS_COURIER_OBLIQUE: FontMetrics = FontMetrics::from_slice(&[(32, 600), (33, 600), (34, 600), (35, 600), (36, 600), (37,...
[INFO] [stdout] ...  |
[INFO] [stdout] 33 | |   static ref METRICS_ZAPFDINGBATS: FontMetrics = FontMetrics::from_slice(&[(32, 278), (33, 974), (34, 961), (35, 974), (36, 980), (37, 71...
[INFO] [stdout] 34 | | }
[INFO] [stdout]    | |_^
[INFO] [stdout]    |
[INFO] [stdout]    = note: this warning originates in the macro `__lazy_static_create` (in Nightly builds, run with -Z macro-backtrace for more info)
[INFO] [stdout] 
[INFO] [stdout] 
[INFO] [stdout] warning: use of deprecated constant `std::sync::ONCE_INIT`: the `new` function is now preferred
[INFO] [stdout]   --> /opt/rustwide/target/debug/build/pdf-canvas-0f4c70390ebe2820/out/metrics_data.rs:19:1
[INFO] [stdout]    |
[INFO] [stdout] 19 | / lazy_static! {
[INFO] [stdout] 20 | |   static ref METRICS_COURIER: FontMetrics = FontMetrics::from_slice(&[(32, 600), (33, 600), (34, 600), (35, 600), (36, 600), (37, 600), (...
[INFO] [stdout] 21 | |   static ref METRICS_COURIER_BOLD: FontMetrics = FontMetrics::from_slice(&[(32, 600), (33, 600), (34, 600), (35, 600), (36, 600), (37, 60...
[INFO] [stdout] 22 | |   static ref METRICS_COURIER_OBLIQUE: FontMetrics = FontMetrics::from_slice(&[(32, 600), (33, 600), (34, 600), (35, 600), (36, 600), (37,...
[INFO] [stdout] ...  |
[INFO] [stdout] 33 | |   static ref METRICS_ZAPFDINGBATS: FontMetrics = FontMetrics::from_slice(&[(32, 278), (33, 974), (34, 961), (35, 974), (36, 980), (37, 71...
[INFO] [stdout] 34 | | }
[INFO] [stdout]    | |_^
[INFO] [stdout]    |
[INFO] [stdout]    = note: this warning originates in the macro `__lazy_static_create` (in Nightly builds, run with -Z macro-backtrace for more info)
[INFO] [stdout] 
[INFO] [stdout] 
[INFO] [stdout] warning: use of deprecated constant `std::sync::ONCE_INIT`: the `new` function is now preferred
[INFO] [stdout]    --> src/encoding.rs:122:1
[INFO] [stdout]     |
[INFO] [stdout] 122 | / lazy_static! {
[INFO] [stdout] 123 | |     pub static ref WIN_ANSI_ENCODING: Encoding = {
[INFO] [stdout] 124 | |         let mut codes = BTreeMap::new();
[INFO] [stdout] 125 | |         // /WinAnsiEncoding is kind of close to first byte of unicode
[INFO] [stdout] ...   |
[INFO] [stdout] 668 | |     };
[INFO] [stdout] 669 | | }
[INFO] [stdout]     | |_^
[INFO] [stdout]     |
[INFO] [stdout]     = note: this warning originates in the macro `__lazy_static_create` (in Nightly builds, run with -Z macro-backtrace for more info)
[INFO] [stdout] 
[INFO] [stdout] 
[INFO] [stdout] warning: use of deprecated constant `std::sync::ONCE_INIT`: the `new` function is now preferred
[INFO] [stdout]    --> src/encoding.rs:122:1
[INFO] [stdout]     |
[INFO] [stdout] 122 | / lazy_static! {
[INFO] [stdout] 123 | |     pub static ref WIN_ANSI_ENCODING: Encoding = {
[INFO] [stdout] 124 | |         let mut codes = BTreeMap::new();
[INFO] [stdout] 125 | |         // /WinAnsiEncoding is kind of close to first byte of unicode
[INFO] [stdout] ...   |
[INFO] [stdout] 668 | |     };
[INFO] [stdout] 669 | | }
[INFO] [stdout]     | |_^
[INFO] [stdout]     |
[INFO] [stdout]     = note: this warning originates in the macro `__lazy_static_create` (in Nightly builds, run with -Z macro-backtrace for more info)
[INFO] [stdout] 
[INFO] [stdout] 
[INFO] [stdout] warning: use of deprecated constant `std::sync::ONCE_INIT`: the `new` function is now preferred
[INFO] [stdout]    --> src/encoding.rs:122:1
[INFO] [stdout]     |
[INFO] [stdout] 122 | / lazy_static! {
[INFO] [stdout] 123 | |     pub static ref WIN_ANSI_ENCODING: Encoding = {
[INFO] [stdout] 124 | |         let mut codes = BTreeMap::new();
[INFO] [stdout] 125 | |         // /WinAnsiEncoding is kind of close to first byte of unicode
[INFO] [stdout] ...   |
[INFO] [stdout] 668 | |     };
[INFO] [stdout] 669 | | }
[INFO] [stdout]     | |_^
[INFO] [stdout]     |
[INFO] [stdout]     = note: this warning originates in the macro `__lazy_static_create` (in Nightly builds, run with -Z macro-backtrace for more info)
[INFO] [stdout] 
[INFO] [stdout] 
[INFO] [stdout] warning: 22 warnings emitted
[INFO] [stdout] 
[INFO] [stdout] 
[INFO] [stderr]     Finished dev [unoptimized + debuginfo] target(s) in 3.78s
[INFO] running `Command { std: "docker" "inspect" "e4b58a1907225908a78fbbf337c43ded3f16ccfcd233bcd97750a504c0c176f0", kill_on_drop: false }`
[INFO] running `Command { std: "docker" "rm" "-f" "e4b58a1907225908a78fbbf337c43ded3f16ccfcd233bcd97750a504c0c176f0", kill_on_drop: false }`
[INFO] [stdout] e4b58a1907225908a78fbbf337c43ded3f16ccfcd233bcd97750a504c0c176f0
[INFO] running `Command { std: "docker" "create" "-v" "/var/lib/crater-agent-workspace/builds/worker-2/target:/opt/rustwide/target:rw,Z" "-v" "/var/lib/crater-agent-workspace/builds/worker-2/source:/opt/rustwide/workdir:ro,Z" "-v" "/var/lib/crater-agent-workspace/cargo-home:/opt/rustwide/cargo-home:ro,Z" "-v" "/var/lib/crater-agent-workspace/rustup-home:/opt/rustwide/rustup-home:ro,Z" "-e" "SOURCE_DIR=/opt/rustwide/workdir" "-e" "CARGO_TARGET_DIR=/opt/rustwide/target" "-e" "CARGO_INCREMENTAL=0" "-e" "RUST_BACKTRACE=full" "-e" "RUSTFLAGS=--cap-lints=warn" "-e" "CARGO_HOME=/opt/rustwide/cargo-home" "-e" "RUSTUP_HOME=/opt/rustwide/rustup-home" "-w" "/opt/rustwide/workdir" "-m" "1610612736" "--user" "0:0" "--network" "none" "ghcr.io/rust-lang/crates-build-env/linux@sha256:34b6a614d2c27851fe6cbf88fbd1137609cefab8b10d0615aaeb6fd47975d74e" "/opt/rustwide/cargo-home/bin/cargo" "+beta-2021-08-01" "test" "--frozen" "--no-run" "--message-format=json", kill_on_drop: false }`
[INFO] [stdout] ce93aec9aecc810c5be59185935ac9f2c9e7f4df61faae94216ac8691973353c
[INFO] [stderr] WARNING: Your kernel does not support swap limit capabilities or the cgroup is not mounted. Memory limited without swap.
[INFO] running `Command { std: "docker" "start" "-a" "ce93aec9aecc810c5be59185935ac9f2c9e7f4df61faae94216ac8691973353c", kill_on_drop: false }`
[INFO] [stdout] warning: use of deprecated constant `std::sync::ONCE_INIT`: the `new` function is now preferred
[INFO] [stdout]    --> src/encoding.rs:122:1
[INFO] [stdout]     |
[INFO] [stdout] 122 | / lazy_static! {
[INFO] [stdout] 123 | |     pub static ref WIN_ANSI_ENCODING: Encoding = {
[INFO] [stdout] 124 | |         let mut codes = BTreeMap::new();
[INFO] [stdout] 125 | |         // /WinAnsiEncoding is kind of close to first byte of unicode
[INFO] [stdout] ...   |
[INFO] [stdout] 668 | |     };
[INFO] [stdout] 669 | | }
[INFO] [stdout]     | |_^
[INFO] [stdout]     |
[INFO] [stdout]     = note: `#[warn(deprecated)]` on by default
[INFO] [stdout]     = note: this warning originates in the macro `__lazy_static_create` (in Nightly builds, run with -Z macro-backtrace for more info)
[INFO] [stdout] 
[INFO] [stdout] 
[INFO] [stdout] warning: use of deprecated constant `std::sync::ONCE_INIT`: the `new` function is now preferred
[INFO] [stdout]    --> src/encoding.rs:122:1
[INFO] [stdout]     |
[INFO] [stdout] 122 | / lazy_static! {
[INFO] [stdout] 123 | |     pub static ref WIN_ANSI_ENCODING: Encoding = {
[INFO] [stdout] 124 | |         let mut codes = BTreeMap::new();
[INFO] [stdout] 125 | |         // /WinAnsiEncoding is kind of close to first byte of unicode
[INFO] [stdout] ...   |
[INFO] [stdout] 668 | |     };
[INFO] [stdout] 669 | | }
[INFO] [stdout]     | |_^
[INFO] [stdout]     |
[INFO] [stdout]     = note: this warning originates in the macro `__lazy_static_create` (in Nightly builds, run with -Z macro-backtrace for more info)
[INFO] [stdout] 
[INFO] [stdout] 
[INFO] [stdout] warning: use of deprecated constant `std::sync::ONCE_INIT`: the `new` function is now preferred
[INFO] [stdout]    --> src/encoding.rs:122:1
[INFO] [stdout]     |
[INFO] [stdout] 122 | / lazy_static! {
[INFO] [stdout] 123 | |     pub static ref WIN_ANSI_ENCODING: Encoding = {
[INFO] [stdout] 124 | |         let mut codes = BTreeMap::new();
[INFO] [stdout] 125 | |         // /WinAnsiEncoding is kind of close to first byte of unicode
[INFO] [stdout] ...   |
[INFO] [stdout] 668 | |     };
[INFO] [stdout] 669 | | }
[INFO] [stdout]     | |_^
[INFO] [stdout]     |
[INFO] [stdout]     = note: this warning originates in the macro `__lazy_static_create` (in Nightly builds, run with -Z macro-backtrace for more info)
[INFO] [stdout] 
[INFO] [stdout] 
[INFO] [stdout] warning: 3 warnings emitted
[INFO] [stdout] 
[INFO] [stdout] 
[INFO] [stdout] warning: trait objects without an explicit `dyn` are deprecated
[INFO] [stdout]   --> src/outline.rs:33:22
[INFO] [stdout]    |
[INFO] [stdout] 33 |         output: &mut Write,
[INFO] [stdout]    |                      ^^^^^ help: use `dyn`: `dyn Write`
[INFO] [stdout]    |
[INFO] [stdout]    = note: `#[warn(bare_trait_objects)]` on by default
[INFO] [stdout]    = warning: this is accepted in the current edition (Rust 2015) but is a hard error in Rust 2021!
[INFO] [stdout]    = note: for more information, see issue #80165 <https://github.com/rust-lang/rust/issues/80165>
[INFO] [stdout] 
[INFO] [stdout] 
[INFO] [stdout] warning: trait objects without an explicit `dyn` are deprecated
[INFO] [stdout]   --> src/canvas.rs:18:21
[INFO] [stdout]    |
[INFO] [stdout] 18 |     output: &'a mut Write,
[INFO] [stdout]    |                     ^^^^^ help: use `dyn`: `dyn Write`
[INFO] [stdout]    |
[INFO] [stdout]    = warning: this is accepted in the current edition (Rust 2015) but is a hard error in Rust 2021!
[INFO] [stdout]    = note: for more information, see issue #80165 <https://github.com/rust-lang/rust/issues/80165>
[INFO] [stdout] 
[INFO] [stdout] 
[INFO] [stdout] warning: trait objects without an explicit `dyn` are deprecated
[INFO] [stdout]   --> src/canvas.rs:25:21
[INFO] [stdout]    |
[INFO] [stdout] 25 |     output: &'a mut Write,
[INFO] [stdout]    |                     ^^^^^ help: use `dyn`: `dyn Write`
[INFO] [stdout]    |
[INFO] [stdout]    = warning: this is accepted in the current edition (Rust 2015) but is a hard error in Rust 2021!
[INFO] [stdout]    = note: for more information, see issue #80165 <https://github.com/rust-lang/rust/issues/80165>
[INFO] [stdout] 
[INFO] [stdout] 
[INFO] [stdout] warning: trait objects without an explicit `dyn` are deprecated
[INFO] [stdout]   --> src/textobject.rs:37:21
[INFO] [stdout]    |
[INFO] [stdout] 37 |     output: &'a mut Write,
[INFO] [stdout]    |                     ^^^^^ help: use `dyn`: `dyn Write`
[INFO] [stdout]    |
[INFO] [stdout]    = warning: this is accepted in the current edition (Rust 2015) but is a hard error in Rust 2021!
[INFO] [stdout]    = note: for more information, see issue #80165 <https://github.com/rust-lang/rust/issues/80165>
[INFO] [stdout] 
[INFO] [stdout] 
[INFO] [stdout] warning: trait objects without an explicit `dyn` are deprecated
[INFO] [stdout]   --> src/textobject.rs:42:40
[INFO] [stdout]    |
[INFO] [stdout] 42 | pub fn create_text_object(output: &mut Write) -> TextObject {
[INFO] [stdout]    |                                        ^^^^^ help: use `dyn`: `dyn Write`
[INFO] [stdout]    |
[INFO] [stdout]    = warning: this is accepted in the current edition (Rust 2015) but is a hard error in Rust 2021!
[INFO] [stdout]    = note: for more information, see issue #80165 <https://github.com/rust-lang/rust/issues/80165>
[INFO] [stdout] 
[INFO] [stdout] 
[INFO] [stdout] warning: use of deprecated constant `std::sync::ONCE_INIT`: the `new` function is now preferred
[INFO] [stdout]   --> /opt/rustwide/target/debug/build/pdf-canvas-0f4c70390ebe2820/out/metrics_data.rs:19:1
[INFO] [stdout]    |
[INFO] [stdout] 19 | / lazy_static! {
[INFO] [stdout] 20 | |   static ref METRICS_COURIER: FontMetrics = FontMetrics::from_slice(&[(32, 600), (33, 600), (34, 600), (35, 600), (36, 600), (37, 600), (...
[INFO] [stdout] 21 | |   static ref METRICS_COURIER_BOLD: FontMetrics = FontMetrics::from_slice(&[(32, 600), (33, 600), (34, 600), (35, 600), (36, 600), (37, 60...
[INFO] [stdout] 22 | |   static ref METRICS_COURIER_OBLIQUE: FontMetrics = FontMetrics::from_slice(&[(32, 600), (33, 600), (34, 600), (35, 600), (36, 600), (37,...
[INFO] [stdout] ...  |
[INFO] [stdout] 33 | |   static ref METRICS_ZAPFDINGBATS: FontMetrics = FontMetrics::from_slice(&[(32, 278), (33, 974), (34, 961), (35, 974), (36, 980), (37, 71...
[INFO] [stdout] 34 | | }
[INFO] [stdout]    | |_^
[INFO] [stdout]    |
[INFO] [stdout]    = note: `#[warn(deprecated)]` on by default
[INFO] [stdout]    = note: this warning originates in the macro `__lazy_static_create` (in Nightly builds, run with -Z macro-backtrace for more info)
[INFO] [stdout] 
[INFO] [stdout] 
[INFO] [stdout] warning: use of deprecated constant `std::sync::ONCE_INIT`: the `new` function is now preferred
[INFO] [stdout]   --> /opt/rustwide/target/debug/build/pdf-canvas-0f4c70390ebe2820/out/metrics_data.rs:19:1
[INFO] [stdout]    |
[INFO] [stdout] 19 | / lazy_static! {
[INFO] [stdout] 20 | |   static ref METRICS_COURIER: FontMetrics = FontMetrics::from_slice(&[(32, 600), (33, 600), (34, 600), (35, 600), (36, 600), (37, 600), (...
[INFO] [stdout] 21 | |   static ref METRICS_COURIER_BOLD: FontMetrics = FontMetrics::from_slice(&[(32, 600), (33, 600), (34, 600), (35, 600), (36, 600), (37, 60...
[INFO] [stdout] 22 | |   static ref METRICS_COURIER_OBLIQUE: FontMetrics = FontMetrics::from_slice(&[(32, 600), (33, 600), (34, 600), (35, 600), (36, 600), (37,...
[INFO] [stdout] ...  |
[INFO] [stdout] 33 | |   static ref METRICS_ZAPFDINGBATS: FontMetrics = FontMetrics::from_slice(&[(32, 278), (33, 974), (34, 961), (35, 974), (36, 980), (37, 71...
[INFO] [stdout] 34 | | }
[INFO] [stdout]    | |_^
[INFO] [stdout]    |
[INFO] [stdout]    = note: this warning originates in the macro `__lazy_static_create` (in Nightly builds, run with -Z macro-backtrace for more info)
[INFO] [stdout] 
[INFO] [stdout] 
[INFO] [stdout] warning: use of deprecated constant `std::sync::ONCE_INIT`: the `new` function is now preferred
[INFO] [stdout]   --> /opt/rustwide/target/debug/build/pdf-canvas-0f4c70390ebe2820/out/metrics_data.rs:19:1
[INFO] [stdout]    |
[INFO] [stdout] 19 | / lazy_static! {
[INFO] [stdout] 20 | |   static ref METRICS_COURIER: FontMetrics = FontMetrics::from_slice(&[(32, 600), (33, 600), (34, 600), (35, 600), (36, 600), (37, 600), (...
[INFO] [stdout] 21 | |   static ref METRICS_COURIER_BOLD: FontMetrics = FontMetrics::from_slice(&[(32, 600), (33, 600), (34, 600), (35, 600), (36, 600), (37, 60...
[INFO] [stdout] 22 | |   static ref METRICS_COURIER_OBLIQUE: FontMetrics = FontMetrics::from_slice(&[(32, 600), (33, 600), (34, 600), (35, 600), (36, 600), (37,...
[INFO] [stdout] ...  |
[INFO] [stdout] 33 | |   static ref METRICS_ZAPFDINGBATS: FontMetrics = FontMetrics::from_slice(&[(32, 278), (33, 974), (34, 961), (35, 974), (36, 980), (37, 71...
[INFO] [stdout] 34 | | }
[INFO] [stdout]    | |_^
[INFO] [stdout]    |
[INFO] [stdout]    = note: this warning originates in the macro `__lazy_static_create` (in Nightly builds, run with -Z macro-backtrace for more info)
[INFO] [stdout] 
[INFO] [stdout] 
[INFO] [stdout] warning: use of deprecated constant `std::sync::ONCE_INIT`: the `new` function is now preferred
[INFO] [stdout]   --> /opt/rustwide/target/debug/build/pdf-canvas-0f4c70390ebe2820/out/metrics_data.rs:19:1
[INFO] [stdout]    |
[INFO] [stdout] 19 | / lazy_static! {
[INFO] [stdout] 20 | |   static ref METRICS_COURIER: FontMetrics = FontMetrics::from_slice(&[(32, 600), (33, 600), (34, 600), (35, 600), (36, 600), (37, 600), (...
[INFO] [stdout] 21 | |   static ref METRICS_COURIER_BOLD: FontMetrics = FontMetrics::from_slice(&[(32, 600), (33, 600), (34, 600), (35, 600), (36, 600), (37, 60...
[INFO] [stdout] 22 | |   static ref METRICS_COURIER_OBLIQUE: FontMetrics = FontMetrics::from_slice(&[(32, 600), (33, 600), (34, 600), (35, 600), (36, 600), (37,...
[INFO] [stdout] ...  |
[INFO] [stdout] 33 | |   static ref METRICS_ZAPFDINGBATS: FontMetrics = FontMetrics::from_slice(&[(32, 278), (33, 974), (34, 961), (35, 974), (36, 980), (37, 71...
[INFO] [stdout] 34 | | }
[INFO] [stdout]    | |_^
[INFO] [stdout]    |
[INFO] [stdout]    = note: this warning originates in the macro `__lazy_static_create` (in Nightly builds, run with -Z macro-backtrace for more info)
[INFO] [stdout] 
[INFO] [stdout] 
[INFO] [stdout] warning: use of deprecated constant `std::sync::ONCE_INIT`: the `new` function is now preferred
[INFO] [stdout]   --> /opt/rustwide/target/debug/build/pdf-canvas-0f4c70390ebe2820/out/metrics_data.rs:19:1
[INFO] [stdout]    |
[INFO] [stdout] 19 | / lazy_static! {
[INFO] [stdout] 20 | |   static ref METRICS_COURIER: FontMetrics = FontMetrics::from_slice(&[(32, 600), (33, 600), (34, 600), (35, 600), (36, 600), (37, 600), (...
[INFO] [stdout] 21 | |   static ref METRICS_COURIER_BOLD: FontMetrics = FontMetrics::from_slice(&[(32, 600), (33, 600), (34, 600), (35, 600), (36, 600), (37, 60...
[INFO] [stdout] 22 | |   static ref METRICS_COURIER_OBLIQUE: FontMetrics = FontMetrics::from_slice(&[(32, 600), (33, 600), (34, 600), (35, 600), (36, 600), (37,...
[INFO] [stdout] ...  |
[INFO] [stdout] 33 | |   static ref METRICS_ZAPFDINGBATS: FontMetrics = FontMetrics::from_slice(&[(32, 278), (33, 974), (34, 961), (35, 974), (36, 980), (37, 71...
[INFO] [stdout] 34 | | }
[INFO] [stdout]    | |_^
[INFO] [stdout]    |
[INFO] [stdout]    = note: this warning originates in the macro `__lazy_static_create` (in Nightly builds, run with -Z macro-backtrace for more info)
[INFO] [stdout] 
[INFO] [stdout] 
[INFO] [stdout] warning: use of deprecated constant `std::sync::ONCE_INIT`: the `new` function is now preferred
[INFO] [stdout]   --> /opt/rustwide/target/debug/build/pdf-canvas-0f4c70390ebe2820/out/metrics_data.rs:19:1
[INFO] [stdout]    |
[INFO] [stdout] 19 | / lazy_static! {
[INFO] [stdout] 20 | |   static ref METRICS_COURIER: FontMetrics = FontMetrics::from_slice(&[(32, 600), (33, 600), (34, 600), (35, 600), (36, 600), (37, 600), (...
[INFO] [stdout] 21 | |   static ref METRICS_COURIER_BOLD: FontMetrics = FontMetrics::from_slice(&[(32, 600), (33, 600), (34, 600), (35, 600), (36, 600), (37, 60...
[INFO] [stdout] 22 | |   static ref METRICS_COURIER_OBLIQUE: FontMetrics = FontMetrics::from_slice(&[(32, 600), (33, 600), (34, 600), (35, 600), (36, 600), (37,...
[INFO] [stdout] ...  |
[INFO] [stdout] 33 | |   static ref METRICS_ZAPFDINGBATS: FontMetrics = FontMetrics::from_slice(&[(32, 278), (33, 974), (34, 961), (35, 974), (36, 980), (37, 71...
[INFO] [stdout] 34 | | }
[INFO] [stdout]    | |_^
[INFO] [stdout]    |
[INFO] [stdout]    = note: this warning originates in the macro `__lazy_static_create` (in Nightly builds, run with -Z macro-backtrace for more info)
[INFO] [stdout] 
[INFO] [stdout] 
[INFO] [stdout] warning: use of deprecated constant `std::sync::ONCE_INIT`: the `new` function is now preferred
[INFO] [stdout]   --> /opt/rustwide/target/debug/build/pdf-canvas-0f4c70390ebe2820/out/metrics_data.rs:19:1
[INFO] [stdout]    |
[INFO] [stdout] 19 | / lazy_static! {
[INFO] [stdout] 20 | |   static ref METRICS_COURIER: FontMetrics = FontMetrics::from_slice(&[(32, 600), (33, 600), (34, 600), (35, 600), (36, 600), (37, 600), (...
[INFO] [stdout] 21 | |   static ref METRICS_COURIER_BOLD: FontMetrics = FontMetrics::from_slice(&[(32, 600), (33, 600), (34, 600), (35, 600), (36, 600), (37, 60...
[INFO] [stdout] 22 | |   static ref METRICS_COURIER_OBLIQUE: FontMetrics = FontMetrics::from_slice(&[(32, 600), (33, 600), (34, 600), (35, 600), (36, 600), (37,...
[INFO] [stdout] ...  |
[INFO] [stdout] 33 | |   static ref METRICS_ZAPFDINGBATS: FontMetrics = FontMetrics::from_slice(&[(32, 278), (33, 974), (34, 961), (35, 974), (36, 980), (37, 71...
[INFO] [stdout] 34 | | }
[INFO] [stdout]    | |_^
[INFO] [stdout]    |
[INFO] [stdout]    = note: this warning originates in the macro `__lazy_static_create` (in Nightly builds, run with -Z macro-backtrace for more info)
[INFO] [stdout] 
[INFO] [stdout] 
[INFO] [stdout] warning: use of deprecated constant `std::sync::ONCE_INIT`: the `new` function is now preferred
[INFO] [stdout]   --> /opt/rustwide/target/debug/build/pdf-canvas-0f4c70390ebe2820/out/metrics_data.rs:19:1
[INFO] [stdout]    |
[INFO] [stdout] 19 | / lazy_static! {
[INFO] [stdout] 20 | |   static ref METRICS_COURIER: FontMetrics = FontMetrics::from_slice(&[(32, 600), (33, 600), (34, 600), (35, 600), (36, 600), (37, 600), (...
[INFO] [stdout] 21 | |   static ref METRICS_COURIER_BOLD: FontMetrics = FontMetrics::from_slice(&[(32, 600), (33, 600), (34, 600), (35, 600), (36, 600), (37, 60...
[INFO] [stdout] 22 | |   static ref METRICS_COURIER_OBLIQUE: FontMetrics = FontMetrics::from_slice(&[(32, 600), (33, 600), (34, 600), (35, 600), (36, 600), (37,...
[INFO] [stdout] ...  |
[INFO] [stdout] 33 | |   static ref METRICS_ZAPFDINGBATS: FontMetrics = FontMetrics::from_slice(&[(32, 278), (33, 974), (34, 961), (35, 974), (36, 980), (37, 71...
[INFO] [stdout] 34 | | }
[INFO] [stdout]    | |_^
[INFO] [stdout]    |
[INFO] [stdout]    = note: this warning originates in the macro `__lazy_static_create` (in Nightly builds, run with -Z macro-backtrace for more info)
[INFO] [stdout] 
[INFO] [stdout] 
[INFO] [stdout] warning: use of deprecated constant `std::sync::ONCE_INIT`: the `new` function is now preferred
[INFO] [stdout]   --> /opt/rustwide/target/debug/build/pdf-canvas-0f4c70390ebe2820/out/metrics_data.rs:19:1
[INFO] [stdout]    |
[INFO] [stdout] 19 | / lazy_static! {
[INFO] [stdout] 20 | |   static ref METRICS_COURIER: FontMetrics = FontMetrics::from_slice(&[(32, 600), (33, 600), (34, 600), (35, 600), (36, 600), (37, 600), (...
[INFO] [stdout] 21 | |   static ref METRICS_COURIER_BOLD: FontMetrics = FontMetrics::from_slice(&[(32, 600), (33, 600), (34, 600), (35, 600), (36, 600), (37, 60...
[INFO] [stdout] 22 | |   static ref METRICS_COURIER_OBLIQUE: FontMetrics = FontMetrics::from_slice(&[(32, 600), (33, 600), (34, 600), (35, 600), (36, 600), (37,...
[INFO] [stdout] ...  |
[INFO] [stdout] 33 | |   static ref METRICS_ZAPFDINGBATS: FontMetrics = FontMetrics::from_slice(&[(32, 278), (33, 974), (34, 961), (35, 974), (36, 980), (37, 71...
[INFO] [stdout] 34 | | }
[INFO] [stdout]    | |_^
[INFO] [stdout]    |
[INFO] [stdout]    = note: this warning originates in the macro `__lazy_static_create` (in Nightly builds, run with -Z macro-backtrace for more info)
[INFO] [stdout] 
[INFO] [stdout] 
[INFO] [stdout] warning: use of deprecated constant `std::sync::ONCE_INIT`: the `new` function is now preferred
[INFO] [stdout]   --> /opt/rustwide/target/debug/build/pdf-canvas-0f4c70390ebe2820/out/metrics_data.rs:19:1
[INFO] [stdout]    |
[INFO] [stdout] 19 | / lazy_static! {
[INFO] [stdout] 20 | |   static ref METRICS_COURIER: FontMetrics = FontMetrics::from_slice(&[(32, 600), (33, 600), (34, 600), (35, 600), (36, 600), (37, 600), (...
[INFO] [stdout] 21 | |   static ref METRICS_COURIER_BOLD: FontMetrics = FontMetrics::from_slice(&[(32, 600), (33, 600), (34, 600), (35, 600), (36, 600), (37, 60...
[INFO] [stdout] 22 | |   static ref METRICS_COURIER_OBLIQUE: FontMetrics = FontMetrics::from_slice(&[(32, 600), (33, 600), (34, 600), (35, 600), (36, 600), (37,...
[INFO] [stdout] ...  |
[INFO] [stdout] 33 | |   static ref METRICS_ZAPFDINGBATS: FontMetrics = FontMetrics::from_slice(&[(32, 278), (33, 974), (34, 961), (35, 974), (36, 980), (37, 71...
[INFO] [stdout] 34 | | }
[INFO] [stdout]    | |_^
[INFO] [stdout]    |
[INFO] [stdout]    = note: this warning originates in the macro `__lazy_static_create` (in Nightly builds, run with -Z macro-backtrace for more info)
[INFO] [stdout] 
[INFO] [stdout] 
[INFO] [stdout] warning: use of deprecated constant `std::sync::ONCE_INIT`: the `new` function is now preferred
[INFO] [stdout]   --> /opt/rustwide/target/debug/build/pdf-canvas-0f4c70390ebe2820/out/metrics_data.rs:19:1
[INFO] [stdout]    |
[INFO] [stdout] 19 | / lazy_static! {
[INFO] [stdout] 20 | |   static ref METRICS_COURIER: FontMetrics = FontMetrics::from_slice(&[(32, 600), (33, 600), (34, 600), (35, 600), (36, 600), (37, 600), (...
[INFO] [stdout] 21 | |   static ref METRICS_COURIER_BOLD: FontMetrics = FontMetrics::from_slice(&[(32, 600), (33, 600), (34, 600), (35, 600), (36, 600), (37, 60...
[INFO] [stdout] 22 | |   static ref METRICS_COURIER_OBLIQUE: FontMetrics = FontMetrics::from_slice(&[(32, 600), (33, 600), (34, 600), (35, 600), (36, 600), (37,...
[INFO] [stdout] ...  |
[INFO] [stdout] 33 | |   static ref METRICS_ZAPFDINGBATS: FontMetrics = FontMetrics::from_slice(&[(32, 278), (33, 974), (34, 961), (35, 974), (36, 980), (37, 71...
[INFO] [stdout] 34 | | }
[INFO] [stdout]    | |_^
[INFO] [stdout]    |
[INFO] [stdout]    = note: this warning originates in the macro `__lazy_static_create` (in Nightly builds, run with -Z macro-backtrace for more info)
[INFO] [stdout] 
[INFO] [stdout] 
[INFO] [stdout] warning: use of deprecated constant `std::sync::ONCE_INIT`: the `new` function is now preferred
[INFO] [stdout]   --> /opt/rustwide/target/debug/build/pdf-canvas-0f4c70390ebe2820/out/metrics_data.rs:19:1
[INFO] [stdout]    |
[INFO] [stdout] 19 | / lazy_static! {
[INFO] [stdout] 20 | |   static ref METRICS_COURIER: FontMetrics = FontMetrics::from_slice(&[(32, 600), (33, 600), (34, 600), (35, 600), (36, 600), (37, 600), (...
[INFO] [stdout] 21 | |   static ref METRICS_COURIER_BOLD: FontMetrics = FontMetrics::from_slice(&[(32, 600), (33, 600), (34, 600), (35, 600), (36, 600), (37, 60...
[INFO] [stdout] 22 | |   static ref METRICS_COURIER_OBLIQUE: FontMetrics = FontMetrics::from_slice(&[(32, 600), (33, 600), (34, 600), (35, 600), (36, 600), (37,...
[INFO] [stdout] ...  |
[INFO] [stdout] 33 | |   static ref METRICS_ZAPFDINGBATS: FontMetrics = FontMetrics::from_slice(&[(32, 278), (33, 974), (34, 961), (35, 974), (36, 980), (37, 71...
[INFO] [stdout] 34 | | }
[INFO] [stdout]    | |_^
[INFO] [stdout]    |
[INFO] [stdout]    = note: this warning originates in the macro `__lazy_static_create` (in Nightly builds, run with -Z macro-backtrace for more info)
[INFO] [stdout] 
[INFO] [stdout] 
[INFO] [stdout] warning: use of deprecated constant `std::sync::ONCE_INIT`: the `new` function is now preferred
[INFO] [stdout]   --> /opt/rustwide/target/debug/build/pdf-canvas-0f4c70390ebe2820/out/metrics_data.rs:19:1
[INFO] [stdout]    |
[INFO] [stdout] 19 | / lazy_static! {
[INFO] [stdout] 20 | |   static ref METRICS_COURIER: FontMetrics = FontMetrics::from_slice(&[(32, 600), (33, 600), (34, 600), (35, 600), (36, 600), (37, 600), (...
[INFO] [stdout] 21 | |   static ref METRICS_COURIER_BOLD: FontMetrics = FontMetrics::from_slice(&[(32, 600), (33, 600), (34, 600), (35, 600), (36, 600), (37, 60...
[INFO] [stdout] 22 | |   static ref METRICS_COURIER_OBLIQUE: FontMetrics = FontMetrics::from_slice(&[(32, 600), (33, 600), (34, 600), (35, 600), (36, 600), (37,...
[INFO] [stdout] ...  |
[INFO] [stdout] 33 | |   static ref METRICS_ZAPFDINGBATS: FontMetrics = FontMetrics::from_slice(&[(32, 278), (33, 974), (34, 961), (35, 974), (36, 980), (37, 71...
[INFO] [stdout] 34 | | }
[INFO] [stdout]    | |_^
[INFO] [stdout]    |
[INFO] [stdout]    = note: this warning originates in the macro `__lazy_static_create` (in Nightly builds, run with -Z macro-backtrace for more info)
[INFO] [stdout] 
[INFO] [stdout] 
[INFO] [stdout] warning: use of deprecated constant `std::sync::ONCE_INIT`: the `new` function is now preferred
[INFO] [stdout]   --> /opt/rustwide/target/debug/build/pdf-canvas-0f4c70390ebe2820/out/metrics_data.rs:19:1
[INFO] [stdout]    |
[INFO] [stdout] 19 | / lazy_static! {
[INFO] [stdout] 20 | |   static ref METRICS_COURIER: FontMetrics = FontMetrics::from_slice(&[(32, 600), (33, 600), (34, 600), (35, 600), (36, 600), (37, 600), (...
[INFO] [stdout] 21 | |   static ref METRICS_COURIER_BOLD: FontMetrics = FontMetrics::from_slice(&[(32, 600), (33, 600), (34, 600), (35, 600), (36, 600), (37, 60...
[INFO] [stdout] 22 | |   static ref METRICS_COURIER_OBLIQUE: FontMetrics = FontMetrics::from_slice(&[(32, 600), (33, 600), (34, 600), (35, 600), (36, 600), (37,...
[INFO] [stdout] ...  |
[INFO] [stdout] 33 | |   static ref METRICS_ZAPFDINGBATS: FontMetrics = FontMetrics::from_slice(&[(32, 278), (33, 974), (34, 961), (35, 974), (36, 980), (37, 71...
[INFO] [stdout] 34 | | }
[INFO] [stdout]    | |_^
[INFO] [stdout]    |
[INFO] [stdout]    = note: this warning originates in the macro `__lazy_static_create` (in Nightly builds, run with -Z macro-backtrace for more info)
[INFO] [stdout] 
[INFO] [stdout] 
[INFO] [stdout] warning: use of deprecated constant `std::sync::ONCE_INIT`: the `new` function is now preferred
[INFO] [stdout]    --> src/encoding.rs:122:1
[INFO] [stdout]     |
[INFO] [stdout] 122 | / lazy_static! {
[INFO] [stdout] 123 | |     pub static ref WIN_ANSI_ENCODING: Encoding = {
[INFO] [stdout] 124 | |         let mut codes = BTreeMap::new();
[INFO] [stdout] 125 | |         // /WinAnsiEncoding is kind of close to first byte of unicode
[INFO] [stdout] ...   |
[INFO] [stdout] 668 | |     };
[INFO] [stdout] 669 | | }
[INFO] [stdout]     | |_^
[INFO] [stdout]     |
[INFO] [stdout]     = note: this warning originates in the macro `__lazy_static_create` (in Nightly builds, run with -Z macro-backtrace for more info)
[INFO] [stdout] 
[INFO] [stdout] 
[INFO] [stdout] warning: use of deprecated constant `std::sync::ONCE_INIT`: the `new` function is now preferred
[INFO] [stdout]    --> src/encoding.rs:122:1
[INFO] [stdout]     |
[INFO] [stdout] 122 | / lazy_static! {
[INFO] [stdout] 123 | |     pub static ref WIN_ANSI_ENCODING: Encoding = {
[INFO] [stdout] 124 | |         let mut codes = BTreeMap::new();
[INFO] [stdout] 125 | |         // /WinAnsiEncoding is kind of close to first byte of unicode
[INFO] [stdout] ...   |
[INFO] [stdout] 668 | |     };
[INFO] [stdout] 669 | | }
[INFO] [stdout]     | |_^
[INFO] [stdout]     |
[INFO] [stdout]     = note: this warning originates in the macro `__lazy_static_create` (in Nightly builds, run with -Z macro-backtrace for more info)
[INFO] [stdout] 
[INFO] [stdout] 
[INFO] [stdout] warning: use of deprecated constant `std::sync::ONCE_INIT`: the `new` function is now preferred
[INFO] [stdout]    --> src/encoding.rs:122:1
[INFO] [stdout]     |
[INFO] [stdout] 122 | / lazy_static! {
[INFO] [stdout] 123 | |     pub static ref WIN_ANSI_ENCODING: Encoding = {
[INFO] [stdout] 124 | |         let mut codes = BTreeMap::new();
[INFO] [stdout] 125 | |         // /WinAnsiEncoding is kind of close to first byte of unicode
[INFO] [stdout] ...   |
[INFO] [stdout] 668 | |     };
[INFO] [stdout] 669 | | }
[INFO] [stdout]     | |_^
[INFO] [stdout]     |
[INFO] [stdout]     = note: this warning originates in the macro `__lazy_static_create` (in Nightly builds, run with -Z macro-backtrace for more info)
[INFO] [stdout] 
[INFO] [stdout] 
[INFO] [stdout] warning: 22 warnings emitted
[INFO] [stdout] 
[INFO] [stdout] 
[INFO] [stderr]    Compiling pdf-canvas v0.6.0 (/opt/rustwide/workdir)
[INFO] [stdout] warning: trait objects without an explicit `dyn` are deprecated
[INFO] [stdout]   --> src/outline.rs:33:22
[INFO] [stdout]    |
[INFO] [stdout] 33 |         output: &mut Write,
[INFO] [stdout]    |                      ^^^^^ help: use `dyn`: `dyn Write`
[INFO] [stdout]    |
[INFO] [stdout]    = note: `#[warn(bare_trait_objects)]` on by default
[INFO] [stdout]    = warning: this is accepted in the current edition (Rust 2015) but is a hard error in Rust 2021!
[INFO] [stdout]    = note: for more information, see issue #80165 <https://github.com/rust-lang/rust/issues/80165>
[INFO] [stdout] 
[INFO] [stdout] 
[INFO] [stdout] warning: trait objects without an explicit `dyn` are deprecated
[INFO] [stdout]   --> src/canvas.rs:18:21
[INFO] [stdout]    |
[INFO] [stdout] 18 |     output: &'a mut Write,
[INFO] [stdout]    |                     ^^^^^ help: use `dyn`: `dyn Write`
[INFO] [stdout]    |
[INFO] [stdout]    = warning: this is accepted in the current edition (Rust 2015) but is a hard error in Rust 2021!
[INFO] [stdout]    = note: for more information, see issue #80165 <https://github.com/rust-lang/rust/issues/80165>
[INFO] [stdout] 
[INFO] [stdout] 
[INFO] [stdout] warning: trait objects without an explicit `dyn` are deprecated
[INFO] [stdout]   --> src/canvas.rs:25:21
[INFO] [stdout]    |
[INFO] [stdout] 25 |     output: &'a mut Write,
[INFO] [stdout]    |                     ^^^^^ help: use `dyn`: `dyn Write`
[INFO] [stdout]    |
[INFO] [stdout]    = warning: this is accepted in the current edition (Rust 2015) but is a hard error in Rust 2021!
[INFO] [stdout]    = note: for more information, see issue #80165 <https://github.com/rust-lang/rust/issues/80165>
[INFO] [stdout] 
[INFO] [stdout] 
[INFO] [stdout] warning: trait objects without an explicit `dyn` are deprecated
[INFO] [stdout]   --> src/textobject.rs:37:21
[INFO] [stdout]    |
[INFO] [stdout] 37 |     output: &'a mut Write,
[INFO] [stdout]    |                     ^^^^^ help: use `dyn`: `dyn Write`
[INFO] [stdout]    |
[INFO] [stdout]    = warning: this is accepted in the current edition (Rust 2015) but is a hard error in Rust 2021!
[INFO] [stdout]    = note: for more information, see issue #80165 <https://github.com/rust-lang/rust/issues/80165>
[INFO] [stdout] 
[INFO] [stdout] 
[INFO] [stdout] warning: trait objects without an explicit `dyn` are deprecated
[INFO] [stdout]   --> src/textobject.rs:42:40
[INFO] [stdout]    |
[INFO] [stdout] 42 | pub fn create_text_object(output: &mut Write) -> TextObject {
[INFO] [stdout]    |                                        ^^^^^ help: use `dyn`: `dyn Write`
[INFO] [stdout]    |
[INFO] [stdout]    = warning: this is accepted in the current edition (Rust 2015) but is a hard error in Rust 2021!
[INFO] [stdout]    = note: for more information, see issue #80165 <https://github.com/rust-lang/rust/issues/80165>
[INFO] [stdout] 
[INFO] [stdout] 
[INFO] [stdout] warning: use of deprecated constant `std::sync::ONCE_INIT`: the `new` function is now preferred
[INFO] [stdout]   --> /opt/rustwide/target/debug/build/pdf-canvas-0f4c70390ebe2820/out/metrics_data.rs:19:1
[INFO] [stdout]    |
[INFO] [stdout] 19 | / lazy_static! {
[INFO] [stdout] 20 | |   static ref METRICS_COURIER: FontMetrics = FontMetrics::from_slice(&[(32, 600), (33, 600), (34, 600), (35, 600), (36, 600), (37, 600), (...
[INFO] [stdout] 21 | |   static ref METRICS_COURIER_BOLD: FontMetrics = FontMetrics::from_slice(&[(32, 600), (33, 600), (34, 600), (35, 600), (36, 600), (37, 60...
[INFO] [stdout] 22 | |   static ref METRICS_COURIER_OBLIQUE: FontMetrics = FontMetrics::from_slice(&[(32, 600), (33, 600), (34, 600), (35, 600), (36, 600), (37,...
[INFO] [stdout] ...  |
[INFO] [stdout] 33 | |   static ref METRICS_ZAPFDINGBATS: FontMetrics = FontMetrics::from_slice(&[(32, 278), (33, 974), (34, 961), (35, 974), (36, 980), (37, 71...
[INFO] [stdout] 34 | | }
[INFO] [stdout]    | |_^
[INFO] [stdout]    |
[INFO] [stdout]    = note: `#[warn(deprecated)]` on by default
[INFO] [stdout]    = note: this warning originates in the macro `__lazy_static_create` (in Nightly builds, run with -Z macro-backtrace for more info)
[INFO] [stdout] 
[INFO] [stdout] 
[INFO] [stdout] warning: use of deprecated constant `std::sync::ONCE_INIT`: the `new` function is now preferred
[INFO] [stdout]   --> /opt/rustwide/target/debug/build/pdf-canvas-0f4c70390ebe2820/out/metrics_data.rs:19:1
[INFO] [stdout]    |
[INFO] [stdout] 19 | / lazy_static! {
[INFO] [stdout] 20 | |   static ref METRICS_COURIER: FontMetrics = FontMetrics::from_slice(&[(32, 600), (33, 600), (34, 600), (35, 600), (36, 600), (37, 600), (...
[INFO] [stdout] 21 | |   static ref METRICS_COURIER_BOLD: FontMetrics = FontMetrics::from_slice(&[(32, 600), (33, 600), (34, 600), (35, 600), (36, 600), (37, 60...
[INFO] [stdout] 22 | |   static ref METRICS_COURIER_OBLIQUE: FontMetrics = FontMetrics::from_slice(&[(32, 600), (33, 600), (34, 600), (35, 600), (36, 600), (37,...
[INFO] [stdout] ...  |
[INFO] [stdout] 33 | |   static ref METRICS_ZAPFDINGBATS: FontMetrics = FontMetrics::from_slice(&[(32, 278), (33, 974), (34, 961), (35, 974), (36, 980), (37, 71...
[INFO] [stdout] 34 | | }
[INFO] [stdout]    | |_^
[INFO] [stdout]    |
[INFO] [stdout]    = note: this warning originates in the macro `__lazy_static_create` (in Nightly builds, run with -Z macro-backtrace for more info)
[INFO] [stdout] 
[INFO] [stdout] 
[INFO] [stdout] warning: use of deprecated constant `std::sync::ONCE_INIT`: the `new` function is now preferred
[INFO] [stdout]   --> /opt/rustwide/target/debug/build/pdf-canvas-0f4c70390ebe2820/out/metrics_data.rs:19:1
[INFO] [stdout]    |
[INFO] [stdout] 19 | / lazy_static! {
[INFO] [stdout] 20 | |   static ref METRICS_COURIER: FontMetrics = FontMetrics::from_slice(&[(32, 600), (33, 600), (34, 600), (35, 600), (36, 600), (37, 600), (...
[INFO] [stdout] 21 | |   static ref METRICS_COURIER_BOLD: FontMetrics = FontMetrics::from_slice(&[(32, 600), (33, 600), (34, 600), (35, 600), (36, 600), (37, 60...
[INFO] [stdout] 22 | |   static ref METRICS_COURIER_OBLIQUE: FontMetrics = FontMetrics::from_slice(&[(32, 600), (33, 600), (34, 600), (35, 600), (36, 600), (37,...
[INFO] [stdout] ...  |
[INFO] [stdout] 33 | |   static ref METRICS_ZAPFDINGBATS: FontMetrics = FontMetrics::from_slice(&[(32, 278), (33, 974), (34, 961), (35, 974), (36, 980), (37, 71...
[INFO] [stdout] 34 | | }
[INFO] [stdout]    | |_^
[INFO] [stdout]    |
[INFO] [stdout]    = note: this warning originates in the macro `__lazy_static_create` (in Nightly builds, run with -Z macro-backtrace for more info)
[INFO] [stdout] 
[INFO] [stdout] 
[INFO] [stdout] warning: use of deprecated constant `std::sync::ONCE_INIT`: the `new` function is now preferred
[INFO] [stdout]   --> /opt/rustwide/target/debug/build/pdf-canvas-0f4c70390ebe2820/out/metrics_data.rs:19:1
[INFO] [stdout]    |
[INFO] [stdout] 19 | / lazy_static! {
[INFO] [stdout] 20 | |   static ref METRICS_COURIER: FontMetrics = FontMetrics::from_slice(&[(32, 600), (33, 600), (34, 600), (35, 600), (36, 600), (37, 600), (...
[INFO] [stdout] 21 | |   static ref METRICS_COURIER_BOLD: FontMetrics = FontMetrics::from_slice(&[(32, 600), (33, 600), (34, 600), (35, 600), (36, 600), (37, 60...
[INFO] [stdout] 22 | |   static ref METRICS_COURIER_OBLIQUE: FontMetrics = FontMetrics::from_slice(&[(32, 600), (33, 600), (34, 600), (35, 600), (36, 600), (37,...
[INFO] [stdout] ...  |
[INFO] [stdout] 33 | |   static ref METRICS_ZAPFDINGBATS: FontMetrics = FontMetrics::from_slice(&[(32, 278), (33, 974), (34, 961), (35, 974), (36, 980), (37, 71...
[INFO] [stdout] 34 | | }
[INFO] [stdout]    | |_^
[INFO] [stdout]    |
[INFO] [stdout]    = note: this warning originates in the macro `__lazy_static_create` (in Nightly builds, run with -Z macro-backtrace for more info)
[INFO] [stdout] 
[INFO] [stdout] 
[INFO] [stdout] warning: use of deprecated constant `std::sync::ONCE_INIT`: the `new` function is now preferred
[INFO] [stdout]   --> /opt/rustwide/target/debug/build/pdf-canvas-0f4c70390ebe2820/out/metrics_data.rs:19:1
[INFO] [stdout]    |
[INFO] [stdout] 19 | / lazy_static! {
[INFO] [stdout] 20 | |   static ref METRICS_COURIER: FontMetrics = FontMetrics::from_slice(&[(32, 600), (33, 600), (34, 600), (35, 600), (36, 600), (37, 600), (...
[INFO] [stdout] 21 | |   static ref METRICS_COURIER_BOLD: FontMetrics = FontMetrics::from_slice(&[(32, 600), (33, 600), (34, 600), (35, 600), (36, 600), (37, 60...
[INFO] [stdout] 22 | |   static ref METRICS_COURIER_OBLIQUE: FontMetrics = FontMetrics::from_slice(&[(32, 600), (33, 600), (34, 600), (35, 600), (36, 600), (37,...
[INFO] [stdout] ...  |
[INFO] [stdout] 33 | |   static ref METRICS_ZAPFDINGBATS: FontMetrics = FontMetrics::from_slice(&[(32, 278), (33, 974), (34, 961), (35, 974), (36, 980), (37, 71...
[INFO] [stdout] 34 | | }
[INFO] [stdout]    | |_^
[INFO] [stdout]    |
[INFO] [stdout]    = note: this warning originates in the macro `__lazy_static_create` (in Nightly builds, run with -Z macro-backtrace for more info)
[INFO] [stdout] 
[INFO] [stdout] 
[INFO] [stdout] warning: use of deprecated constant `std::sync::ONCE_INIT`: the `new` function is now preferred
[INFO] [stdout]   --> /opt/rustwide/target/debug/build/pdf-canvas-0f4c70390ebe2820/out/metrics_data.rs:19:1
[INFO] [stdout]    |
[INFO] [stdout] 19 | / lazy_static! {
[INFO] [stdout] 20 | |   static ref METRICS_COURIER: FontMetrics = FontMetrics::from_slice(&[(32, 600), (33, 600), (34, 600), (35, 600), (36, 600), (37, 600), (...
[INFO] [stdout] 21 | |   static ref METRICS_COURIER_BOLD: FontMetrics = FontMetrics::from_slice(&[(32, 600), (33, 600), (34, 600), (35, 600), (36, 600), (37, 60...
[INFO] [stdout] 22 | |   static ref METRICS_COURIER_OBLIQUE: FontMetrics = FontMetrics::from_slice(&[(32, 600), (33, 600), (34, 600), (35, 600), (36, 600), (37,...
[INFO] [stdout] ...  |
[INFO] [stdout] 33 | |   static ref METRICS_ZAPFDINGBATS: FontMetrics = FontMetrics::from_slice(&[(32, 278), (33, 974), (34, 961), (35, 974), (36, 980), (37, 71...
[INFO] [stdout] 34 | | }
[INFO] [stdout]    | |_^
[INFO] [stdout]    |
[INFO] [stdout]    = note: this warning originates in the macro `__lazy_static_create` (in Nightly builds, run with -Z macro-backtrace for more info)
[INFO] [stdout] 
[INFO] [stdout] 
[INFO] [stdout] warning: use of deprecated constant `std::sync::ONCE_INIT`: the `new` function is now preferred
[INFO] [stdout]   --> /opt/rustwide/target/debug/build/pdf-canvas-0f4c70390ebe2820/out/metrics_data.rs:19:1
[INFO] [stdout]    |
[INFO] [stdout] 19 | / lazy_static! {
[INFO] [stdout] 20 | |   static ref METRICS_COURIER: FontMetrics = FontMetrics::from_slice(&[(32, 600), (33, 600), (34, 600), (35, 600), (36, 600), (37, 600), (...
[INFO] [stdout] 21 | |   static ref METRICS_COURIER_BOLD: FontMetrics = FontMetrics::from_slice(&[(32, 600), (33, 600), (34, 600), (35, 600), (36, 600), (37, 60...
[INFO] [stdout] 22 | |   static ref METRICS_COURIER_OBLIQUE: FontMetrics = FontMetrics::from_slice(&[(32, 600), (33, 600), (34, 600), (35, 600), (36, 600), (37,...
[INFO] [stdout] ...  |
[INFO] [stdout] 33 | |   static ref METRICS_ZAPFDINGBATS: FontMetrics = FontMetrics::from_slice(&[(32, 278), (33, 974), (34, 961), (35, 974), (36, 980), (37, 71...
[INFO] [stdout] 34 | | }
[INFO] [stdout]    | |_^
[INFO] [stdout]    |
[INFO] [stdout]    = note: this warning originates in the macro `__lazy_static_create` (in Nightly builds, run with -Z macro-backtrace for more info)
[INFO] [stdout] 
[INFO] [stdout] 
[INFO] [stdout] warning: use of deprecated constant `std::sync::ONCE_INIT`: the `new` function is now preferred
[INFO] [stdout]   --> /opt/rustwide/target/debug/build/pdf-canvas-0f4c70390ebe2820/out/metrics_data.rs:19:1
[INFO] [stdout]    |
[INFO] [stdout] 19 | / lazy_static! {
[INFO] [stdout] 20 | |   static ref METRICS_COURIER: FontMetrics = FontMetrics::from_slice(&[(32, 600), (33, 600), (34, 600), (35, 600), (36, 600), (37, 600), (...
[INFO] [stdout] 21 | |   static ref METRICS_COURIER_BOLD: FontMetrics = FontMetrics::from_slice(&[(32, 600), (33, 600), (34, 600), (35, 600), (36, 600), (37, 60...
[INFO] [stdout] 22 | |   static ref METRICS_COURIER_OBLIQUE: FontMetrics = FontMetrics::from_slice(&[(32, 600), (33, 600), (34, 600), (35, 600), (36, 600), (37,...
[INFO] [stdout] ...  |
[INFO] [stdout] 33 | |   static ref METRICS_ZAPFDINGBATS: FontMetrics = FontMetrics::from_slice(&[(32, 278), (33, 974), (34, 961), (35, 974), (36, 980), (37, 71...
[INFO] [stdout] 34 | | }
[INFO] [stdout]    | |_^
[INFO] [stdout]    |
[INFO] [stdout]    = note: this warning originates in the macro `__lazy_static_create` (in Nightly builds, run with -Z macro-backtrace for more info)
[INFO] [stdout] 
[INFO] [stdout] 
[INFO] [stdout] warning: use of deprecated constant `std::sync::ONCE_INIT`: the `new` function is now preferred
[INFO] [stdout]   --> /opt/rustwide/target/debug/build/pdf-canvas-0f4c70390ebe2820/out/metrics_data.rs:19:1
[INFO] [stdout]    |
[INFO] [stdout] 19 | / lazy_static! {
[INFO] [stdout] 20 | |   static ref METRICS_COURIER: FontMetrics = FontMetrics::from_slice(&[(32, 600), (33, 600), (34, 600), (35, 600), (36, 600), (37, 600), (...
[INFO] [stdout] 21 | |   static ref METRICS_COURIER_BOLD: FontMetrics = FontMetrics::from_slice(&[(32, 600), (33, 600), (34, 600), (35, 600), (36, 600), (37, 60...
[INFO] [stdout] 22 | |   static ref METRICS_COURIER_OBLIQUE: FontMetrics = FontMetrics::from_slice(&[(32, 600), (33, 600), (34, 600), (35, 600), (36, 600), (37,...
[INFO] [stdout] ...  |
[INFO] [stdout] 33 | |   static ref METRICS_ZAPFDINGBATS: FontMetrics = FontMetrics::from_slice(&[(32, 278), (33, 974), (34, 961), (35, 974), (36, 980), (37, 71...
[INFO] [stdout] 34 | | }
[INFO] [stdout]    | |_^
[INFO] [stdout]    |
[INFO] [stdout]    = note: this warning originates in the macro `__lazy_static_create` (in Nightly builds, run with -Z macro-backtrace for more info)
[INFO] [stdout] 
[INFO] [stdout] 
[INFO] [stdout] warning: use of deprecated constant `std::sync::ONCE_INIT`: the `new` function is now preferred
[INFO] [stdout]   --> /opt/rustwide/target/debug/build/pdf-canvas-0f4c70390ebe2820/out/metrics_data.rs:19:1
[INFO] [stdout]    |
[INFO] [stdout] 19 | / lazy_static! {
[INFO] [stdout] 20 | |   static ref METRICS_COURIER: FontMetrics = FontMetrics::from_slice(&[(32, 600), (33, 600), (34, 600), (35, 600), (36, 600), (37, 600), (...
[INFO] [stdout] 21 | |   static ref METRICS_COURIER_BOLD: FontMetrics = FontMetrics::from_slice(&[(32, 600), (33, 600), (34, 600), (35, 600), (36, 600), (37, 60...
[INFO] [stdout] 22 | |   static ref METRICS_COURIER_OBLIQUE: FontMetrics = FontMetrics::from_slice(&[(32, 600), (33, 600), (34, 600), (35, 600), (36, 600), (37,...
[INFO] [stdout] ...  |
[INFO] [stdout] 33 | |   static ref METRICS_ZAPFDINGBATS: FontMetrics = FontMetrics::from_slice(&[(32, 278), (33, 974), (34, 961), (35, 974), (36, 980), (37, 71...
[INFO] [stdout] 34 | | }
[INFO] [stdout]    | |_^
[INFO] [stdout]    |
[INFO] [stdout]    = note: this warning originates in the macro `__lazy_static_create` (in Nightly builds, run with -Z macro-backtrace for more info)
[INFO] [stdout] 
[INFO] [stdout] 
[INFO] [stdout] warning: use of deprecated constant `std::sync::ONCE_INIT`: the `new` function is now preferred
[INFO] [stdout]   --> /opt/rustwide/target/debug/build/pdf-canvas-0f4c70390ebe2820/out/metrics_data.rs:19:1
[INFO] [stdout]    |
[INFO] [stdout] 19 | / lazy_static! {
[INFO] [stdout] 20 | |   static ref METRICS_COURIER: FontMetrics = FontMetrics::from_slice(&[(32, 600), (33, 600), (34, 600), (35, 600), (36, 600), (37, 600), (...
[INFO] [stdout] 21 | |   static ref METRICS_COURIER_BOLD: FontMetrics = FontMetrics::from_slice(&[(32, 600), (33, 600), (34, 600), (35, 600), (36, 600), (37, 60...
[INFO] [stdout] 22 | |   static ref METRICS_COURIER_OBLIQUE: FontMetrics = FontMetrics::from_slice(&[(32, 600), (33, 600), (34, 600), (35, 600), (36, 600), (37,...
[INFO] [stdout] ...  |
[INFO] [stdout] 33 | |   static ref METRICS_ZAPFDINGBATS: FontMetrics = FontMetrics::from_slice(&[(32, 278), (33, 974), (34, 961), (35, 974), (36, 980), (37, 71...
[INFO] [stdout] 34 | | }
[INFO] [stdout]    | |_^
[INFO] [stdout]    |
[INFO] [stdout]    = note: this warning originates in the macro `__lazy_static_create` (in Nightly builds, run with -Z macro-backtrace for more info)
[INFO] [stdout] 
[INFO] [stdout] 
[INFO] [stdout] warning: use of deprecated constant `std::sync::ONCE_INIT`: the `new` function is now preferred
[INFO] [stdout]   --> /opt/rustwide/target/debug/build/pdf-canvas-0f4c70390ebe2820/out/metrics_data.rs:19:1
[INFO] [stdout]    |
[INFO] [stdout] 19 | / lazy_static! {
[INFO] [stdout] 20 | |   static ref METRICS_COURIER: FontMetrics = FontMetrics::from_slice(&[(32, 600), (33, 600), (34, 600), (35, 600), (36, 600), (37, 600), (...
[INFO] [stdout] 21 | |   static ref METRICS_COURIER_BOLD: FontMetrics = FontMetrics::from_slice(&[(32, 600), (33, 600), (34, 600), (35, 600), (36, 600), (37, 60...
[INFO] [stdout] 22 | |   static ref METRICS_COURIER_OBLIQUE: FontMetrics = FontMetrics::from_slice(&[(32, 600), (33, 600), (34, 600), (35, 600), (36, 600), (37,...
[INFO] [stdout] ...  |
[INFO] [stdout] 33 | |   static ref METRICS_ZAPFDINGBATS: FontMetrics = FontMetrics::from_slice(&[(32, 278), (33, 974), (34, 961), (35, 974), (36, 980), (37, 71...
[INFO] [stdout] 34 | | }
[INFO] [stdout]    | |_^
[INFO] [stdout]    |
[INFO] [stdout]    = note: this warning originates in the macro `__lazy_static_create` (in Nightly builds, run with -Z macro-backtrace for more info)
[INFO] [stdout] 
[INFO] [stdout] 
[INFO] [stdout] warning: use of deprecated constant `std::sync::ONCE_INIT`: the `new` function is now preferred
[INFO] [stdout]   --> /opt/rustwide/target/debug/build/pdf-canvas-0f4c70390ebe2820/out/metrics_data.rs:19:1
[INFO] [stdout]    |
[INFO] [stdout] 19 | / lazy_static! {
[INFO] [stdout] 20 | |   static ref METRICS_COURIER: FontMetrics = FontMetrics::from_slice(&[(32, 600), (33, 600), (34, 600), (35, 600), (36, 600), (37, 600), (...
[INFO] [stdout] 21 | |   static ref METRICS_COURIER_BOLD: FontMetrics = FontMetrics::from_slice(&[(32, 600), (33, 600), (34, 600), (35, 600), (36, 600), (37, 60...
[INFO] [stdout] 22 | |   static ref METRICS_COURIER_OBLIQUE: FontMetrics = FontMetrics::from_slice(&[(32, 600), (33, 600), (34, 600), (35, 600), (36, 600), (37,...
[INFO] [stdout] ...  |
[INFO] [stdout] 33 | |   static ref METRICS_ZAPFDINGBATS: FontMetrics = FontMetrics::from_slice(&[(32, 278), (33, 974), (34, 961), (35, 974), (36, 980), (37, 71...
[INFO] [stdout] 34 | | }
[INFO] [stdout]    | |_^
[INFO] [stdout]    |
[INFO] [stdout]    = note: this warning originates in the macro `__lazy_static_create` (in Nightly builds, run with -Z macro-backtrace for more info)
[INFO] [stdout] 
[INFO] [stdout] 
[INFO] [stdout] warning: use of deprecated constant `std::sync::ONCE_INIT`: the `new` function is now preferred
[INFO] [stdout]   --> /opt/rustwide/target/debug/build/pdf-canvas-0f4c70390ebe2820/out/metrics_data.rs:19:1
[INFO] [stdout]    |
[INFO] [stdout] 19 | / lazy_static! {
[INFO] [stdout] 20 | |   static ref METRICS_COURIER: FontMetrics = FontMetrics::from_slice(&[(32, 600), (33, 600), (34, 600), (35, 600), (36, 600), (37, 600), (...
[INFO] [stdout] 21 | |   static ref METRICS_COURIER_BOLD: FontMetrics = FontMetrics::from_slice(&[(32, 600), (33, 600), (34, 600), (35, 600), (36, 600), (37, 60...
[INFO] [stdout] 22 | |   static ref METRICS_COURIER_OBLIQUE: FontMetrics = FontMetrics::from_slice(&[(32, 600), (33, 600), (34, 600), (35, 600), (36, 600), (37,...
[INFO] [stdout] ...  |
[INFO] [stdout] 33 | |   static ref METRICS_ZAPFDINGBATS: FontMetrics = FontMetrics::from_slice(&[(32, 278), (33, 974), (34, 961), (35, 974), (36, 980), (37, 71...
[INFO] [stdout] 34 | | }
[INFO] [stdout]    | |_^
[INFO] [stdout]    |
[INFO] [stdout]    = note: this warning originates in the macro `__lazy_static_create` (in Nightly builds, run with -Z macro-backtrace for more info)
[INFO] [stdout] 
[INFO] [stdout] 
[INFO] [stdout] warning: use of deprecated constant `std::sync::ONCE_INIT`: the `new` function is now preferred
[INFO] [stdout]    --> src/encoding.rs:122:1
[INFO] [stdout]     |
[INFO] [stdout] 122 | / lazy_static! {
[INFO] [stdout] 123 | |     pub static ref WIN_ANSI_ENCODING: Encoding = {
[INFO] [stdout] 124 | |         let mut codes = BTreeMap::new();
[INFO] [stdout] 125 | |         // /WinAnsiEncoding is kind of close to first byte of unicode
[INFO] [stdout] ...   |
[INFO] [stdout] 668 | |     };
[INFO] [stdout] 669 | | }
[INFO] [stdout]     | |_^
[INFO] [stdout]     |
[INFO] [stdout]     = note: this warning originates in the macro `__lazy_static_create` (in Nightly builds, run with -Z macro-backtrace for more info)
[INFO] [stdout] 
[INFO] [stdout] 
[INFO] [stdout] warning: use of deprecated constant `std::sync::ONCE_INIT`: the `new` function is now preferred
[INFO] [stdout]    --> src/encoding.rs:122:1
[INFO] [stdout]     |
[INFO] [stdout] 122 | / lazy_static! {
[INFO] [stdout] 123 | |     pub static ref WIN_ANSI_ENCODING: Encoding = {
[INFO] [stdout] 124 | |         let mut codes = BTreeMap::new();
[INFO] [stdout] 125 | |         // /WinAnsiEncoding is kind of close to first byte of unicode
[INFO] [stdout] ...   |
[INFO] [stdout] 668 | |     };
[INFO] [stdout] 669 | | }
[INFO] [stdout]     | |_^
[INFO] [stdout]     |
[INFO] [stdout]     = note: this warning originates in the macro `__lazy_static_create` (in Nightly builds, run with -Z macro-backtrace for more info)
[INFO] [stdout] 
[INFO] [stdout] 
[INFO] [stdout] warning: use of deprecated constant `std::sync::ONCE_INIT`: the `new` function is now preferred
[INFO] [stdout]    --> src/encoding.rs:122:1
[INFO] [stdout]     |
[INFO] [stdout] 122 | / lazy_static! {
[INFO] [stdout] 123 | |     pub static ref WIN_ANSI_ENCODING: Encoding = {
[INFO] [stdout] 124 | |         let mut codes = BTreeMap::new();
[INFO] [stdout] 125 | |         // /WinAnsiEncoding is kind of close to first byte of unicode
[INFO] [stdout] ...   |
[INFO] [stdout] 668 | |     };
[INFO] [stdout] 669 | | }
[INFO] [stdout]     | |_^
[INFO] [stdout]     |
[INFO] [stdout]     = note: this warning originates in the macro `__lazy_static_create` (in Nightly builds, run with -Z macro-backtrace for more info)
[INFO] [stdout] 
[INFO] [stdout] 
[INFO] [stdout] warning: 22 warnings emitted
[INFO] [stdout] 
[INFO] [stdout] 
[INFO] [stderr]     Finished test [unoptimized + debuginfo] target(s) in 2.52s
[INFO] running `Command { std: "docker" "inspect" "ce93aec9aecc810c5be59185935ac9f2c9e7f4df61faae94216ac8691973353c", kill_on_drop: false }`
[INFO] running `Command { std: "docker" "rm" "-f" "ce93aec9aecc810c5be59185935ac9f2c9e7f4df61faae94216ac8691973353c", kill_on_drop: false }`
[INFO] [stdout] ce93aec9aecc810c5be59185935ac9f2c9e7f4df61faae94216ac8691973353c
[INFO] running `Command { std: "docker" "create" "-v" "/var/lib/crater-agent-workspace/builds/worker-2/target:/opt/rustwide/target:rw,Z" "-v" "/var/lib/crater-agent-workspace/builds/worker-2/source:/opt/rustwide/workdir:ro,Z" "-v" "/var/lib/crater-agent-workspace/cargo-home:/opt/rustwide/cargo-home:ro,Z" "-v" "/var/lib/crater-agent-workspace/rustup-home:/opt/rustwide/rustup-home:ro,Z" "-e" "SOURCE_DIR=/opt/rustwide/workdir" "-e" "CARGO_TARGET_DIR=/opt/rustwide/target" "-e" "CARGO_INCREMENTAL=0" "-e" "RUST_BACKTRACE=full" "-e" "RUSTFLAGS=--cap-lints=warn" "-e" "CARGO_HOME=/opt/rustwide/cargo-home" "-e" "RUSTUP_HOME=/opt/rustwide/rustup-home" "-w" "/opt/rustwide/workdir" "-m" "1610612736" "--user" "0:0" "--network" "none" "ghcr.io/rust-lang/crates-build-env/linux@sha256:34b6a614d2c27851fe6cbf88fbd1137609cefab8b10d0615aaeb6fd47975d74e" "/opt/rustwide/cargo-home/bin/cargo" "+beta-2021-08-01" "test" "--frozen", kill_on_drop: false }`
[INFO] [stdout] 7d61e384361d9d68973673c74ac65e6e5f85b0701a938f78934e6146a5564d3f
[INFO] [stderr] WARNING: Your kernel does not support swap limit capabilities or the cgroup is not mounted. Memory limited without swap.
[INFO] running `Command { std: "docker" "start" "-a" "7d61e384361d9d68973673c74ac65e6e5f85b0701a938f78934e6146a5564d3f", kill_on_drop: false }`
[INFO] [stderr] warning: use of deprecated constant `std::sync::ONCE_INIT`: the `new` function is now preferred
[INFO] [stderr]    --> src/encoding.rs:122:1
[INFO] [stderr]     |
[INFO] [stderr] 122 | / lazy_static! {
[INFO] [stderr] 123 | |     pub static ref WIN_ANSI_ENCODING: Encoding = {
[INFO] [stderr] 124 | |         let mut codes = BTreeMap::new();
[INFO] [stderr] 125 | |         // /WinAnsiEncoding is kind of close to first byte of unicode
[INFO] [stderr] ...   |
[INFO] [stderr] 668 | |     };
[INFO] [stderr] 669 | | }
[INFO] [stderr]     | |_^
[INFO] [stderr]     |
[INFO] [stderr]     = note: `#[warn(deprecated)]` on by default
[INFO] [stderr]     = note: this warning originates in the macro `__lazy_static_create` (in Nightly builds, run with -Z macro-backtrace for more info)
[INFO] [stderr] 
[INFO] [stderr] warning: use of deprecated constant `std::sync::ONCE_INIT`: the `new` function is now preferred
[INFO] [stderr]    --> src/encoding.rs:122:1
[INFO] [stderr]     |
[INFO] [stderr] 122 | / lazy_static! {
[INFO] [stderr] 123 | |     pub static ref WIN_ANSI_ENCODING: Encoding = {
[INFO] [stderr] 124 | |         let mut codes = BTreeMap::new();
[INFO] [stderr] 125 | |         // /WinAnsiEncoding is kind of close to first byte of unicode
[INFO] [stderr] ...   |
[INFO] [stderr] 668 | |     };
[INFO] [stderr] 669 | | }
[INFO] [stderr]     | |_^
[INFO] [stderr]     |
[INFO] [stderr]     = note: this warning originates in the macro `__lazy_static_create` (in Nightly builds, run with -Z macro-backtrace for more info)
[INFO] [stderr] 
[INFO] [stderr] warning: `pdf-canvas` (build script) generated 3 warnings (1 duplicate)
[INFO] [stderr] warning: trait objects without an explicit `dyn` are deprecated
[INFO] [stderr]   --> src/outline.rs:33:22
[INFO] [stderr]    |
[INFO] [stderr] 33 |         output: &mut Write,
[INFO] [stderr]    |                      ^^^^^ help: use `dyn`: `dyn Write`
[INFO] [stderr]    |
[INFO] [stderr]    = note: `#[warn(bare_trait_objects)]` on by default
[INFO] [stderr]    = warning: this is accepted in the current edition (Rust 2015) but is a hard error in Rust 2021!
[INFO] [stderr]    = note: for more information, see issue #80165 <https://github.com/rust-lang/rust/issues/80165>
[INFO] [stderr] 
[INFO] [stderr] warning: trait objects without an explicit `dyn` are deprecated
[INFO] [stderr]   --> src/canvas.rs:18:21
[INFO] [stderr]    |
[INFO] [stderr] 18 |     output: &'a mut Write,
[INFO] [stderr]    |                     ^^^^^ help: use `dyn`: `dyn Write`
[INFO] [stderr]    |
[INFO] [stderr]    = warning: this is accepted in the current edition (Rust 2015) but is a hard error in Rust 2021!
[INFO] [stderr]    = note: for more information, see issue #80165 <https://github.com/rust-lang/rust/issues/80165>
[INFO] [stderr] 
[INFO] [stderr] warning: trait objects without an explicit `dyn` are deprecated
[INFO] [stderr]   --> src/canvas.rs:25:21
[INFO] [stderr]    |
[INFO] [stderr] 25 |     output: &'a mut Write,
[INFO] [stderr]    |                     ^^^^^ help: use `dyn`: `dyn Write`
[INFO] [stderr]    |
[INFO] [stderr]    = warning: this is accepted in the current edition (Rust 2015) but is a hard error in Rust 2021!
[INFO] [stderr]    = note: for more information, see issue #80165 <https://github.com/rust-lang/rust/issues/80165>
[INFO] [stderr] 
[INFO] [stderr] warning: trait objects without an explicit `dyn` are deprecated
[INFO] [stderr]   --> src/textobject.rs:37:21
[INFO] [stderr]    |
[INFO] [stderr] 37 |     output: &'a mut Write,
[INFO] [stderr]    |                     ^^^^^ help: use `dyn`: `dyn Write`
[INFO] [stderr]    |
[INFO] [stderr]    = warning: this is accepted in the current edition (Rust 2015) but is a hard error in Rust 2021!
[INFO] [stderr]    = note: for more information, see issue #80165 <https://github.com/rust-lang/rust/issues/80165>
[INFO] [stderr] 
[INFO] [stderr] warning: trait objects without an explicit `dyn` are deprecated
[INFO] [stderr]   --> src/textobject.rs:42:40
[INFO] [stderr]    |
[INFO] [stderr] 42 | pub fn create_text_object(output: &mut Write) -> TextObject {
[INFO] [stderr]    |                                        ^^^^^ help: use `dyn`: `dyn Write`
[INFO] [stderr]    |
[INFO] [stderr]    = warning: this is accepted in the current edition (Rust 2015) but is a hard error in Rust 2021!
[INFO] [stderr]    = note: for more information, see issue #80165 <https://github.com/rust-lang/rust/issues/80165>
[INFO] [stderr] 
[INFO] [stderr] warning: use of deprecated constant `std::sync::ONCE_INIT`: the `new` function is now preferred
[INFO] [stderr]   --> /opt/rustwide/target/debug/build/pdf-canvas-0f4c70390ebe2820/out/metrics_data.rs:19:1
[INFO] [stderr]    |
[INFO] [stderr] 19 | / lazy_static! {
[INFO] [stderr] 20 | |   static ref METRICS_COURIER: FontMetrics = FontMetrics::from_slice(&[(32, 600), (33, 600), (34, 600), (35, 600), (36, 600), (37, 600), (...
[INFO] [stderr] 21 | |   static ref METRICS_COURIER_BOLD: FontMetrics = FontMetrics::from_slice(&[(32, 600), (33, 600), (34, 600), (35, 600), (36, 600), (37, 60...
[INFO] [stderr] 22 | |   static ref METRICS_COURIER_OBLIQUE: FontMetrics = FontMetrics::from_slice(&[(32, 600), (33, 600), (34, 600), (35, 600), (36, 600), (37,...
[INFO] [stderr] ...  |
[INFO] [stderr] 33 | |   static ref METRICS_ZAPFDINGBATS: FontMetrics = FontMetrics::from_slice(&[(32, 278), (33, 974), (34, 961), (35, 974), (36, 980), (37, 71...
[INFO] [stderr] 34 | | }
[INFO] [stderr]    | |_^
[INFO] [stderr]    |
[INFO] [stderr]    = note: `#[warn(deprecated)]` on by default
[INFO] [stderr]    = note: this warning originates in the macro `__lazy_static_create` (in Nightly builds, run with -Z macro-backtrace for more info)
[INFO] [stderr] 
[INFO] [stderr] warning: use of deprecated constant `std::sync::ONCE_INIT`: the `new` function is now preferred
[INFO] [stderr]   --> /opt/rustwide/target/debug/build/pdf-canvas-0f4c70390ebe2820/out/metrics_data.rs:19:1
[INFO] [stderr]    |
[INFO] [stderr] 19 | / lazy_static! {
[INFO] [stderr] 20 | |   static ref METRICS_COURIER: FontMetrics = FontMetrics::from_slice(&[(32, 600), (33, 600), (34, 600), (35, 600), (36, 600), (37, 600), (...
[INFO] [stderr] 21 | |   static ref METRICS_COURIER_BOLD: FontMetrics = FontMetrics::from_slice(&[(32, 600), (33, 600), (34, 600), (35, 600), (36, 600), (37, 60...
[INFO] [stderr] 22 | |   static ref METRICS_COURIER_OBLIQUE: FontMetrics = FontMetrics::from_slice(&[(32, 600), (33, 600), (34, 600), (35, 600), (36, 600), (37,...
[INFO] [stderr] ...  |
[INFO] [stderr] 33 | |   static ref METRICS_ZAPFDINGBATS: FontMetrics = FontMetrics::from_slice(&[(32, 278), (33, 974), (34, 961), (35, 974), (36, 980), (37, 71...
[INFO] [stderr] 34 | | }
[INFO] [stderr]    | |_^
[INFO] [stderr]    |
[INFO] [stderr]    = note: this warning originates in the macro `__lazy_static_create` (in Nightly builds, run with -Z macro-backtrace for more info)
[INFO] [stderr] 
[INFO] [stderr] warning: `pdf-canvas` (lib) generated 22 warnings (15 duplicates)
[INFO] [stderr] warning: `pdf-canvas` (lib test) generated 22 warnings (22 duplicates)
[INFO] [stderr]     Finished test [unoptimized + debuginfo] target(s) in 0.02s
[INFO] [stderr]      Running unittests (/opt/rustwide/target/debug/deps/pdf_canvas-202eae62e3e764c9)
[INFO] [stdout] 
[INFO] [stdout] running 5 tests
[INFO] [stdout] test graphicsstate::test_matrix_mul_b ... ok
[INFO] [stdout] test graphicsstate::test_matrix_mul_c ... ok
[INFO] [stdout] test graphicsstate::test_matrix_mul_a ... ok
[INFO] [stdout] test encoding::test_get_winansi_points ... ok
[INFO] [stdout] test graphicsstate::test_matrix_mul_d ... ok
[INFO] [stdout] 
[INFO] [stdout] test result: ok. 5 passed; 0 failed; 0 ignored; 0 measured; 0 filtered out; finished in 0.01s
[INFO] [stdout] 
[INFO] [stderr]      Running tests/lib.rs (/opt/rustwide/target/debug/deps/lib-74585564fcffd338)
[INFO] [stdout] 
[INFO] [stdout] running 1 test
[INFO] [stdout] test metrics_for_long_string ... ok
[INFO] [stdout] 
[INFO] [stdout] test result: ok. 1 passed; 0 failed; 0 ignored; 0 measured; 0 filtered out; finished in 0.02s
[INFO] [stdout] 
[INFO] [stderr]    Doc-tests pdf-canvas
[INFO] [stdout] 
[INFO] [stdout] running 13 tests
[INFO] [stdout] test src/graphicsstate.rs - graphicsstate::Color::gray (line 59) ... ok
[INFO] [stdout] test src/encoding.rs - encoding::Encoding::get_code (line 38) ... ok
[INFO] [stdout] test src/fontsource.rs - fontsource::FontSource::get_width_raw (line 72) ... ok
[INFO] [stdout] test src/graphicsstate.rs - graphicsstate::Color::rgb (line 45) ... ok
[INFO] [stdout] test src/graphicsstate.rs - graphicsstate::Matrix (line 77) ... FAILED
[INFO] [stdout] test src/textobject.rs - textobject::TextObject (line 16) ... FAILED
[INFO] [stdout] test src/encoding.rs - encoding::Encoding::encode_string (line 76) ... ok
[INFO] [stdout] test src/encoding.rs - encoding::Encoding (line 12) ... ok
[INFO] [stdout] test src/textobject.rs - textobject::TextObject::show_adjusted (line 133) ... FAILED
[INFO] [stdout] test src/fontsource.rs - fontsource::FontSource::pdf_name (line 47) ... ok
[INFO] [stdout] test src/encoding.rs - encoding::Encoding::encode_char (line 59) ... ok
[INFO] [stdout] test src/fontsource.rs - fontsource::FontSource::get_width (line 59) ... ok
[INFO] [stdout] test src/lib.rs - (line 9) ... FAILED
[INFO] [stdout] 
[INFO] [stdout] failures:
[INFO] [stdout] 
[INFO] [stdout] ---- src/graphicsstate.rs - graphicsstate::Matrix (line 77) stdout ----
[INFO] [stdout] Test executable failed (exit code 101).
[INFO] [stdout] 
[INFO] [stdout] stderr:
[INFO] [stdout] thread 'main' panicked at 'called `Result::unwrap()` on an `Err` value: Os { code: 30, kind: ReadOnlyFilesystem, message: "Read-only file system" }', src/graphicsstate.rs:6:43
[INFO] [stdout] stack backtrace:
[INFO] [stdout]    0:     0x55adf0993ca0 - std::backtrace_rs::backtrace::libunwind::trace::hff4d1766e93f64f1
[INFO] [stdout]                                at /rustc/53fd98ca776cb875bc9e5514f56b52eb74f9e7a9/library/std/src/../../backtrace/src/backtrace/libunwind.rs:90:5
[INFO] [stdout]    1:     0x55adf0993ca0 - std::backtrace_rs::backtrace::trace_unsynchronized::h56bbc8eb78770bcb
[INFO] [stdout]                                at /rustc/53fd98ca776cb875bc9e5514f56b52eb74f9e7a9/library/std/src/../../backtrace/src/backtrace/mod.rs:66:5
[INFO] [stdout]    2:     0x55adf0993ca0 - std::sys_common::backtrace::_print_fmt::h5c8e75464faca780
[INFO] [stdout]                                at /rustc/53fd98ca776cb875bc9e5514f56b52eb74f9e7a9/library/std/src/sys_common/backtrace.rs:67:5
[INFO] [stdout]    3:     0x55adf0993ca0 - <std::sys_common::backtrace::_print::DisplayBacktrace as core::fmt::Display>::fmt::h48b88277def8b362
[INFO] [stdout]                                at /rustc/53fd98ca776cb875bc9e5514f56b52eb74f9e7a9/library/std/src/sys_common/backtrace.rs:46:22
[INFO] [stdout]    4:     0x55adf09b1fbc - core::fmt::write::h3381b3176fe2b3d3
[INFO] [stdout]                                at /rustc/53fd98ca776cb875bc9e5514f56b52eb74f9e7a9/library/core/src/fmt/mod.rs:1115:17
[INFO] [stdout]    5:     0x55adf09926d5 - std::io::Write::write_fmt::hd42607e5d8e44db0
[INFO] [stdout]                                at /rustc/53fd98ca776cb875bc9e5514f56b52eb74f9e7a9/library/std/src/io/mod.rs:1665:15
[INFO] [stdout]    6:     0x55adf09958db - std::sys_common::backtrace::_print::ha537687d6c17dd0d
[INFO] [stdout]                                at /rustc/53fd98ca776cb875bc9e5514f56b52eb74f9e7a9/library/std/src/sys_common/backtrace.rs:49:5
[INFO] [stdout]    7:     0x55adf09958db - std::sys_common::backtrace::print::h61376ae57d131d72
[INFO] [stdout]                                at /rustc/53fd98ca776cb875bc9e5514f56b52eb74f9e7a9/library/std/src/sys_common/backtrace.rs:36:9
[INFO] [stdout]    8:     0x55adf09958db - std::panicking::default_hook::{{closure}}::h0f7208c0b9644a54
[INFO] [stdout]                                at /rustc/53fd98ca776cb875bc9e5514f56b52eb74f9e7a9/library/std/src/panicking.rs:208:50
[INFO] [stdout]    9:     0x55adf09953b1 - std::panicking::default_hook::hdac7fc06578c14ce
[INFO] [stdout]                                at /rustc/53fd98ca776cb875bc9e5514f56b52eb74f9e7a9/library/std/src/panicking.rs:225:9
[INFO] [stdout]   10:     0x55adf0995fa4 - std::panicking::rust_panic_with_hook::h72b21c283da3d1ef
[INFO] [stdout]                                at /rustc/53fd98ca776cb875bc9e5514f56b52eb74f9e7a9/library/std/src/panicking.rs:622:17
[INFO] [stdout]   11:     0x55adf0995a87 - std::panicking::begin_panic_handler::{{closure}}::he5778f1729cff84a
[INFO] [stdout]                                at /rustc/53fd98ca776cb875bc9e5514f56b52eb74f9e7a9/library/std/src/panicking.rs:519:13
[INFO] [stdout]   12:     0x55adf099417c - std::sys_common::backtrace::__rust_end_short_backtrace::h2d11ca8b453b4b1d
[INFO] [stdout]                                at /rustc/53fd98ca776cb875bc9e5514f56b52eb74f9e7a9/library/std/src/sys_common/backtrace.rs:141:18
[INFO] [stdout]   13:     0x55adf09959e9 - rust_begin_unwind
[INFO] [stdout]                                at /rustc/53fd98ca776cb875bc9e5514f56b52eb74f9e7a9/library/std/src/panicking.rs:515:5
[INFO] [stdout]   14:     0x55adf091be91 - core::panicking::panic_fmt::hf9de31d4acbce4db
[INFO] [stdout]                                at /rustc/53fd98ca776cb875bc9e5514f56b52eb74f9e7a9/library/core/src/panicking.rs:92:14
[INFO] [stdout]   15:     0x55adf091bf83 - core::result::unwrap_failed::ha0c84e81219e5878
[INFO] [stdout]                                at /rustc/53fd98ca776cb875bc9e5514f56b52eb74f9e7a9/library/core/src/result.rs:1599:5
[INFO] [stdout]   16:     0x55adf091fedb - core::result::Result<T,E>::unwrap::h4633a657f1848367
[INFO] [stdout]   17:     0x55adf09225f2 - rust_out::main::_doctest_main_src_graphicsstate_rs_77_0::h336f06442877003f
[INFO] [stdout]   18:     0x55adf09225a6 - rust_out::main::h61823b600df25383
[INFO] [stdout]   19:     0x55adf091f433 - core::ops::function::FnOnce::call_once::h3d07824a44777914
[INFO] [stdout]   20:     0x55adf091f029 - std::sys_common::backtrace::__rust_begin_short_backtrace::h1ee1ba859d3174aa
[INFO] [stdout]   21:     0x55adf091f1e9 - std::rt::lang_start::{{closure}}::hee9719d6b6efb7fa
[INFO] [stdout]   22:     0x55adf09964aa - core::ops::function::impls::<impl core::ops::function::FnOnce<A> for &F>::call_once::ha88a7d1a4d24e549
[INFO] [stdout]                                at /rustc/53fd98ca776cb875bc9e5514f56b52eb74f9e7a9/library/core/src/ops/function.rs:259:13
[INFO] [stdout]   23:     0x55adf09964aa - std::panicking::try::do_call::hd3b1d7740607ccc7
[INFO] [stdout]                                at /rustc/53fd98ca776cb875bc9e5514f56b52eb74f9e7a9/library/std/src/panicking.rs:401:40
[INFO] [stdout]   24:     0x55adf09964aa - std::panicking::try::h0ee8c65ac7461507
[INFO] [stdout]                                at /rustc/53fd98ca776cb875bc9e5514f56b52eb74f9e7a9/library/std/src/panicking.rs:365:19
[INFO] [stdout]   25:     0x55adf09964aa - std::panic::catch_unwind::head47f0de4ccd838
[INFO] [stdout]                                at /rustc/53fd98ca776cb875bc9e5514f56b52eb74f9e7a9/library/std/src/panic.rs:434:14
[INFO] [stdout]   26:     0x55adf09964aa - std::rt::lang_start_internal::{{closure}}::hbc7de8ec820ac085
[INFO] [stdout]                                at /rustc/53fd98ca776cb875bc9e5514f56b52eb74f9e7a9/library/std/src/rt.rs:45:48
[INFO] [stdout]   27:     0x55adf09964aa - std::panicking::try::do_call::h2609e52e8bad4a7b
[INFO] [stdout]                                at /rustc/53fd98ca776cb875bc9e5514f56b52eb74f9e7a9/library/std/src/panicking.rs:401:40
[INFO] [stdout]   28:     0x55adf09964aa - std::panicking::try::hd0929f0b603e0389
[INFO] [stdout]                                at /rustc/53fd98ca776cb875bc9e5514f56b52eb74f9e7a9/library/std/src/panicking.rs:365:19
[INFO] [stdout]   29:     0x55adf09964aa - std::panic::catch_unwind::h27902b81c3e47571
[INFO] [stdout]                                at /rustc/53fd98ca776cb875bc9e5514f56b52eb74f9e7a9/library/std/src/panic.rs:434:14
[INFO] [stdout]   30:     0x55adf09964aa - std::rt::lang_start_internal::h3fb2d794dd391e3e
[INFO] [stdout]                                at /rustc/53fd98ca776cb875bc9e5514f56b52eb74f9e7a9/library/std/src/rt.rs:45:20
[INFO] [stdout]   31:     0x55adf091f1c1 - std::rt::lang_start::h0745d281d96e0cdb
[INFO] [stdout]   32:     0x55adf0922c43 - main
[INFO] [stdout]   33:     0x7f9b1dc6c0b3 - __libc_start_main
[INFO] [stdout]   34:     0x55adf091c64e - _start
[INFO] [stdout]   35:                0x0 - <unknown>
[INFO] [stdout] 
[INFO] [stdout] 
[INFO] [stdout] ---- src/textobject.rs - textobject::TextObject (line 16) stdout ----
[INFO] [stdout] Test executable failed (exit code 101).
[INFO] [stdout] 
[INFO] [stdout] stderr:
[INFO] [stdout] thread 'main' panicked at 'called `Result::unwrap()` on an `Err` value: Os { code: 30, kind: ReadOnlyFilesystem, message: "Read-only file system" }', src/textobject.rs:6:43
[INFO] [stdout] stack backtrace:
[INFO] [stdout]    0:     0x55d16f374590 - std::backtrace_rs::backtrace::libunwind::trace::hff4d1766e93f64f1
[INFO] [stdout]                                at /rustc/53fd98ca776cb875bc9e5514f56b52eb74f9e7a9/library/std/src/../../backtrace/src/backtrace/libunwind.rs:90:5
[INFO] [stdout]    1:     0x55d16f374590 - std::backtrace_rs::backtrace::trace_unsynchronized::h56bbc8eb78770bcb
[INFO] [stdout]                                at /rustc/53fd98ca776cb875bc9e5514f56b52eb74f9e7a9/library/std/src/../../backtrace/src/backtrace/mod.rs:66:5
[INFO] [stdout]    2:     0x55d16f374590 - std::sys_common::backtrace::_print_fmt::h5c8e75464faca780
[INFO] [stdout]                                at /rustc/53fd98ca776cb875bc9e5514f56b52eb74f9e7a9/library/std/src/sys_common/backtrace.rs:67:5
[INFO] [stdout]    3:     0x55d16f374590 - <std::sys_common::backtrace::_print::DisplayBacktrace as core::fmt::Display>::fmt::h48b88277def8b362
[INFO] [stdout]                                at /rustc/53fd98ca776cb875bc9e5514f56b52eb74f9e7a9/library/std/src/sys_common/backtrace.rs:46:22
[INFO] [stdout]    4:     0x55d16f3928ac - core::fmt::write::h3381b3176fe2b3d3
[INFO] [stdout]                                at /rustc/53fd98ca776cb875bc9e5514f56b52eb74f9e7a9/library/core/src/fmt/mod.rs:1115:17
[INFO] [stdout]    5:     0x55d16f372fc5 - std::io::Write::write_fmt::hd42607e5d8e44db0
[INFO] [stdout]                                at /rustc/53fd98ca776cb875bc9e5514f56b52eb74f9e7a9/library/std/src/io/mod.rs:1665:15
[INFO] [stdout]    6:     0x55d16f3761cb - std::sys_common::backtrace::_print::ha537687d6c17dd0d
[INFO] [stdout]                                at /rustc/53fd98ca776cb875bc9e5514f56b52eb74f9e7a9/library/std/src/sys_common/backtrace.rs:49:5
[INFO] [stdout]    7:     0x55d16f3761cb - std::sys_common::backtrace::print::h61376ae57d131d72
[INFO] [stdout]                                at /rustc/53fd98ca776cb875bc9e5514f56b52eb74f9e7a9/library/std/src/sys_common/backtrace.rs:36:9
[INFO] [stdout]    8:     0x55d16f3761cb - std::panicking::default_hook::{{closure}}::h0f7208c0b9644a54
[INFO] [stdout]                                at /rustc/53fd98ca776cb875bc9e5514f56b52eb74f9e7a9/library/std/src/panicking.rs:208:50
[INFO] [stdout]    9:     0x55d16f375ca1 - std::panicking::default_hook::hdac7fc06578c14ce
[INFO] [stdout]                                at /rustc/53fd98ca776cb875bc9e5514f56b52eb74f9e7a9/library/std/src/panicking.rs:225:9
[INFO] [stdout]   10:     0x55d16f376894 - std::panicking::rust_panic_with_hook::h72b21c283da3d1ef
[INFO] [stdout]                                at /rustc/53fd98ca776cb875bc9e5514f56b52eb74f9e7a9/library/std/src/panicking.rs:622:17
[INFO] [stdout]   11:     0x55d16f376377 - std::panicking::begin_panic_handler::{{closure}}::he5778f1729cff84a
[INFO] [stdout]                                at /rustc/53fd98ca776cb875bc9e5514f56b52eb74f9e7a9/library/std/src/panicking.rs:519:13
[INFO] [stdout]   12:     0x55d16f374a6c - std::sys_common::backtrace::__rust_end_short_backtrace::h2d11ca8b453b4b1d
[INFO] [stdout]                                at /rustc/53fd98ca776cb875bc9e5514f56b52eb74f9e7a9/library/std/src/sys_common/backtrace.rs:141:18
[INFO] [stdout]   13:     0x55d16f3762d9 - rust_begin_unwind
[INFO] [stdout]                                at /rustc/53fd98ca776cb875bc9e5514f56b52eb74f9e7a9/library/std/src/panicking.rs:515:5
[INFO] [stdout]   14:     0x55d16f2eae91 - core::panicking::panic_fmt::hf9de31d4acbce4db
[INFO] [stdout]                                at /rustc/53fd98ca776cb875bc9e5514f56b52eb74f9e7a9/library/core/src/panicking.rs:92:14
[INFO] [stdout]   15:     0x55d16f2eaf83 - core::result::unwrap_failed::ha0c84e81219e5878
[INFO] [stdout]                                at /rustc/53fd98ca776cb875bc9e5514f56b52eb74f9e7a9/library/core/src/result.rs:1599:5
[INFO] [stdout]   16:     0x55d16f2ef4fb - core::result::Result<T,E>::unwrap::h4633a657f1848367
[INFO] [stdout]   17:     0x55d16f2f1c12 - rust_out::main::_doctest_main_src_textobject_rs_16_0::h69acd9e2e6ba7c36
[INFO] [stdout]   18:     0x55d16f2f1bc6 - rust_out::main::h61823b600df25383
[INFO] [stdout]   19:     0x55d16f2eea53 - core::ops::function::FnOnce::call_once::h3d07824a44777914
[INFO] [stdout]   20:     0x55d16f2ee649 - std::sys_common::backtrace::__rust_begin_short_backtrace::h1ee1ba859d3174aa
[INFO] [stdout]   21:     0x55d16f2ee809 - std::rt::lang_start::{{closure}}::hee9719d6b6efb7fa
[INFO] [stdout]   22:     0x55d16f376d9a - core::ops::function::impls::<impl core::ops::function::FnOnce<A> for &F>::call_once::ha88a7d1a4d24e549
[INFO] [stdout]                                at /rustc/53fd98ca776cb875bc9e5514f56b52eb74f9e7a9/library/core/src/ops/function.rs:259:13
[INFO] [stdout]   23:     0x55d16f376d9a - std::panicking::try::do_call::hd3b1d7740607ccc7
[INFO] [stdout]                                at /rustc/53fd98ca776cb875bc9e5514f56b52eb74f9e7a9/library/std/src/panicking.rs:401:40
[INFO] [stdout]   24:     0x55d16f376d9a - std::panicking::try::h0ee8c65ac7461507
[INFO] [stdout]                                at /rustc/53fd98ca776cb875bc9e5514f56b52eb74f9e7a9/library/std/src/panicking.rs:365:19
[INFO] [stdout]   25:     0x55d16f376d9a - std::panic::catch_unwind::head47f0de4ccd838
[INFO] [stdout]                                at /rustc/53fd98ca776cb875bc9e5514f56b52eb74f9e7a9/library/std/src/panic.rs:434:14
[INFO] [stdout]   26:     0x55d16f376d9a - std::rt::lang_start_internal::{{closure}}::hbc7de8ec820ac085
[INFO] [stdout]                                at /rustc/53fd98ca776cb875bc9e5514f56b52eb74f9e7a9/library/std/src/rt.rs:45:48
[INFO] [stdout]   27:     0x55d16f376d9a - std::panicking::try::do_call::h2609e52e8bad4a7b
[INFO] [stdout]                                at /rustc/53fd98ca776cb875bc9e5514f56b52eb74f9e7a9/library/std/src/panicking.rs:401:40
[INFO] [stdout]   28:     0x55d16f376d9a - std::panicking::try::hd0929f0b603e0389
[INFO] [stdout]                                at /rustc/53fd98ca776cb875bc9e5514f56b52eb74f9e7a9/library/std/src/panicking.rs:365:19
[INFO] [stdout]   29:     0x55d16f376d9a - std::panic::catch_unwind::h27902b81c3e47571
[INFO] [stdout]                                at /rustc/53fd98ca776cb875bc9e5514f56b52eb74f9e7a9/library/std/src/panic.rs:434:14
[INFO] [stdout]   30:     0x55d16f376d9a - std::rt::lang_start_internal::h3fb2d794dd391e3e
[INFO] [stdout]                                at /rustc/53fd98ca776cb875bc9e5514f56b52eb74f9e7a9/library/std/src/rt.rs:45:20
[INFO] [stdout]   31:     0x55d16f2ee7e1 - std::rt::lang_start::h0745d281d96e0cdb
[INFO] [stdout]   32:     0x55d16f2f25f3 - main
[INFO] [stdout]   33:     0x7f9c13fb80b3 - __libc_start_main
[INFO] [stdout]   34:     0x55d16f2eb64e - _start
[INFO] [stdout]   35:                0x0 - <unknown>
[INFO] [stdout] 
[INFO] [stdout] 
[INFO] [stdout] ---- src/textobject.rs - textobject::TextObject::show_adjusted (line 133) stdout ----
[INFO] [stdout] Test executable failed (exit code 101).
[INFO] [stdout] 
[INFO] [stdout] stderr:
[INFO] [stdout] thread 'main' panicked at 'called `Result::unwrap()` on an `Err` value: Os { code: 30, kind: ReadOnlyFilesystem, message: "Read-only file system" }', src/textobject.rs:6:43
[INFO] [stdout] stack backtrace:
[INFO] [stdout]    0:     0x55f9dcd0aed0 - std::backtrace_rs::backtrace::libunwind::trace::hff4d1766e93f64f1
[INFO] [stdout]                                at /rustc/53fd98ca776cb875bc9e5514f56b52eb74f9e7a9/library/std/src/../../backtrace/src/backtrace/libunwind.rs:90:5
[INFO] [stdout]    1:     0x55f9dcd0aed0 - std::backtrace_rs::backtrace::trace_unsynchronized::h56bbc8eb78770bcb
[INFO] [stdout]                                at /rustc/53fd98ca776cb875bc9e5514f56b52eb74f9e7a9/library/std/src/../../backtrace/src/backtrace/mod.rs:66:5
[INFO] [stdout]    2:     0x55f9dcd0aed0 - std::sys_common::backtrace::_print_fmt::h5c8e75464faca780
[INFO] [stdout]                                at /rustc/53fd98ca776cb875bc9e5514f56b52eb74f9e7a9/library/std/src/sys_common/backtrace.rs:67:5
[INFO] [stdout]    3:     0x55f9dcd0aed0 - <std::sys_common::backtrace::_print::DisplayBacktrace as core::fmt::Display>::fmt::h48b88277def8b362
[INFO] [stdout]                                at /rustc/53fd98ca776cb875bc9e5514f56b52eb74f9e7a9/library/std/src/sys_common/backtrace.rs:46:22
[INFO] [stdout]    4:     0x55f9dcd291ec - core::fmt::write::h3381b3176fe2b3d3
[INFO] [stdout]                                at /rustc/53fd98ca776cb875bc9e5514f56b52eb74f9e7a9/library/core/src/fmt/mod.rs:1115:17
[INFO] [stdout]    5:     0x55f9dcd09905 - std::io::Write::write_fmt::hd42607e5d8e44db0
[INFO] [stdout]                                at /rustc/53fd98ca776cb875bc9e5514f56b52eb74f9e7a9/library/std/src/io/mod.rs:1665:15
[INFO] [stdout]    6:     0x55f9dcd0cb0b - std::sys_common::backtrace::_print::ha537687d6c17dd0d
[INFO] [stdout]                                at /rustc/53fd98ca776cb875bc9e5514f56b52eb74f9e7a9/library/std/src/sys_common/backtrace.rs:49:5
[INFO] [stdout]    7:     0x55f9dcd0cb0b - std::sys_common::backtrace::print::h61376ae57d131d72
[INFO] [stdout]                                at /rustc/53fd98ca776cb875bc9e5514f56b52eb74f9e7a9/library/std/src/sys_common/backtrace.rs:36:9
[INFO] [stdout]    8:     0x55f9dcd0cb0b - std::panicking::default_hook::{{closure}}::h0f7208c0b9644a54
[INFO] [stdout]                                at /rustc/53fd98ca776cb875bc9e5514f56b52eb74f9e7a9/library/std/src/panicking.rs:208:50
[INFO] [stdout]    9:     0x55f9dcd0c5e1 - std::panicking::default_hook::hdac7fc06578c14ce
[INFO] [stdout]                                at /rustc/53fd98ca776cb875bc9e5514f56b52eb74f9e7a9/library/std/src/panicking.rs:225:9
[INFO] [stdout]   10:     0x55f9dcd0d1d4 - std::panicking::rust_panic_with_hook::h72b21c283da3d1ef
[INFO] [stdout]                                at /rustc/53fd98ca776cb875bc9e5514f56b52eb74f9e7a9/library/std/src/panicking.rs:622:17
[INFO] [stdout]   11:     0x55f9dcd0ccb7 - std::panicking::begin_panic_handler::{{closure}}::he5778f1729cff84a
[INFO] [stdout]                                at /rustc/53fd98ca776cb875bc9e5514f56b52eb74f9e7a9/library/std/src/panicking.rs:519:13
[INFO] [stdout]   12:     0x55f9dcd0b3ac - std::sys_common::backtrace::__rust_end_short_backtrace::h2d11ca8b453b4b1d
[INFO] [stdout]                                at /rustc/53fd98ca776cb875bc9e5514f56b52eb74f9e7a9/library/std/src/sys_common/backtrace.rs:141:18
[INFO] [stdout]   13:     0x55f9dcd0cc19 - rust_begin_unwind
[INFO] [stdout]                                at /rustc/53fd98ca776cb875bc9e5514f56b52eb74f9e7a9/library/std/src/panicking.rs:515:5
[INFO] [stdout]   14:     0x55f9dcc81e91 - core::panicking::panic_fmt::hf9de31d4acbce4db
[INFO] [stdout]                                at /rustc/53fd98ca776cb875bc9e5514f56b52eb74f9e7a9/library/core/src/panicking.rs:92:14
[INFO] [stdout]   15:     0x55f9dcc81f83 - core::result::unwrap_failed::ha0c84e81219e5878
[INFO] [stdout]                                at /rustc/53fd98ca776cb875bc9e5514f56b52eb74f9e7a9/library/core/src/result.rs:1599:5
[INFO] [stdout]   16:     0x55f9dcc864fb - core::result::Result<T,E>::unwrap::h4633a657f1848367
[INFO] [stdout]   17:     0x55f9dcc88c12 - rust_out::main::_doctest_main_src_textobject_rs_133_0::hcb6e7a28dd0cf08f
[INFO] [stdout]   18:     0x55f9dcc88bc6 - rust_out::main::h61823b600df25383
[INFO] [stdout]   19:     0x55f9dcc85a53 - core::ops::function::FnOnce::call_once::h3d07824a44777914
[INFO] [stdout]   20:     0x55f9dcc85649 - std::sys_common::backtrace::__rust_begin_short_backtrace::h1ee1ba859d3174aa
[INFO] [stdout]   21:     0x55f9dcc85809 - std::rt::lang_start::{{closure}}::hee9719d6b6efb7fa
[INFO] [stdout]   22:     0x55f9dcd0d6da - core::ops::function::impls::<impl core::ops::function::FnOnce<A> for &F>::call_once::ha88a7d1a4d24e549
[INFO] [stdout]                                at /rustc/53fd98ca776cb875bc9e5514f56b52eb74f9e7a9/library/core/src/ops/function.rs:259:13
[INFO] [stdout]   23:     0x55f9dcd0d6da - std::panicking::try::do_call::hd3b1d7740607ccc7
[INFO] [stdout]                                at /rustc/53fd98ca776cb875bc9e5514f56b52eb74f9e7a9/library/std/src/panicking.rs:401:40
[INFO] [stdout]   24:     0x55f9dcd0d6da - std::panicking::try::h0ee8c65ac7461507
[INFO] [stdout]                                at /rustc/53fd98ca776cb875bc9e5514f56b52eb74f9e7a9/library/std/src/panicking.rs:365:19
[INFO] [stdout]   25:     0x55f9dcd0d6da - std::panic::catch_unwind::head47f0de4ccd838
[INFO] [stdout]                                at /rustc/53fd98ca776cb875bc9e5514f56b52eb74f9e7a9/library/std/src/panic.rs:434:14
[INFO] [stdout]   26:     0x55f9dcd0d6da - std::rt::lang_start_internal::{{closure}}::hbc7de8ec820ac085
[INFO] [stdout]                                at /rustc/53fd98ca776cb875bc9e5514f56b52eb74f9e7a9/library/std/src/rt.rs:45:48
[INFO] [stdout]   27:     0x55f9dcd0d6da - std::panicking::try::do_call::h2609e52e8bad4a7b
[INFO] [stdout]                                at /rustc/53fd98ca776cb875bc9e5514f56b52eb74f9e7a9/library/std/src/panicking.rs:401:40
[INFO] [stdout]   28:     0x55f9dcd0d6da - std::panicking::try::hd0929f0b603e0389
[INFO] [stdout]                                at /rustc/53fd98ca776cb875bc9e5514f56b52eb74f9e7a9/library/std/src/panicking.rs:365:19
[INFO] [stdout]   29:     0x55f9dcd0d6da - std::panic::catch_unwind::h27902b81c3e47571
[INFO] [stdout]                                at /rustc/53fd98ca776cb875bc9e5514f56b52eb74f9e7a9/library/std/src/panic.rs:434:14
[INFO] [stdout]   30:     0x55f9dcd0d6da - std::rt::lang_start_internal::h3fb2d794dd391e3e
[INFO] [stdout]                                at /rustc/53fd98ca776cb875bc9e5514f56b52eb74f9e7a9/library/std/src/rt.rs:45:20
[INFO] [stdout]   31:     0x55f9dcc857e1 - std::rt::lang_start::h0745d281d96e0cdb
[INFO] [stdout]   32:     0x55f9dcc88fb3 - main
[INFO] [stdout]   33:     0x7f7b712770b3 - __libc_start_main
[INFO] [stdout]   34:     0x55f9dcc8264e - _start
[INFO] [stdout]   35:                0x0 - <unknown>
[INFO] [stdout] 
[INFO] [stdout] 
[INFO] [stdout] ---- src/lib.rs - (line 9) stdout ----
[INFO] [stdout] Test executable failed (exit code 101).
[INFO] [stdout] 
[INFO] [stdout] stderr:
[INFO] [stdout] thread 'main' panicked at 'Create pdf file: Os { code: 30, kind: ReadOnlyFilesystem, message: "Read-only file system" }', src/lib.rs:8:6
[INFO] [stdout] stack backtrace:
[INFO] [stdout]    0:     0x55d06c5c68c0 - std::backtrace_rs::backtrace::libunwind::trace::hff4d1766e93f64f1
[INFO] [stdout]                                at /rustc/53fd98ca776cb875bc9e5514f56b52eb74f9e7a9/library/std/src/../../backtrace/src/backtrace/libunwind.rs:90:5
[INFO] [stdout]    1:     0x55d06c5c68c0 - std::backtrace_rs::backtrace::trace_unsynchronized::h56bbc8eb78770bcb
[INFO] [stdout]                                at /rustc/53fd98ca776cb875bc9e5514f56b52eb74f9e7a9/library/std/src/../../backtrace/src/backtrace/mod.rs:66:5
[INFO] [stdout]    2:     0x55d06c5c68c0 - std::sys_common::backtrace::_print_fmt::h5c8e75464faca780
[INFO] [stdout]                                at /rustc/53fd98ca776cb875bc9e5514f56b52eb74f9e7a9/library/std/src/sys_common/backtrace.rs:67:5
[INFO] [stdout]    3:     0x55d06c5c68c0 - <std::sys_common::backtrace::_print::DisplayBacktrace as core::fmt::Display>::fmt::h48b88277def8b362
[INFO] [stdout]                                at /rustc/53fd98ca776cb875bc9e5514f56b52eb74f9e7a9/library/std/src/sys_common/backtrace.rs:46:22
[INFO] [stdout]    4:     0x55d06c5e4bdc - core::fmt::write::h3381b3176fe2b3d3
[INFO] [stdout]                                at /rustc/53fd98ca776cb875bc9e5514f56b52eb74f9e7a9/library/core/src/fmt/mod.rs:1115:17
[INFO] [stdout]    5:     0x55d06c5c52f5 - std::io::Write::write_fmt::hd42607e5d8e44db0
[INFO] [stdout]                                at /rustc/53fd98ca776cb875bc9e5514f56b52eb74f9e7a9/library/std/src/io/mod.rs:1665:15
[INFO] [stdout]    6:     0x55d06c5c84fb - std::sys_common::backtrace::_print::ha537687d6c17dd0d
[INFO] [stdout]                                at /rustc/53fd98ca776cb875bc9e5514f56b52eb74f9e7a9/library/std/src/sys_common/backtrace.rs:49:5
[INFO] [stdout]    7:     0x55d06c5c84fb - std::sys_common::backtrace::print::h61376ae57d131d72
[INFO] [stdout]                                at /rustc/53fd98ca776cb875bc9e5514f56b52eb74f9e7a9/library/std/src/sys_common/backtrace.rs:36:9
[INFO] [stdout]    8:     0x55d06c5c84fb - std::panicking::default_hook::{{closure}}::h0f7208c0b9644a54
[INFO] [stdout]                                at /rustc/53fd98ca776cb875bc9e5514f56b52eb74f9e7a9/library/std/src/panicking.rs:208:50
[INFO] [stdout]    9:     0x55d06c5c7fd1 - std::panicking::default_hook::hdac7fc06578c14ce
[INFO] [stdout]                                at /rustc/53fd98ca776cb875bc9e5514f56b52eb74f9e7a9/library/std/src/panicking.rs:225:9
[INFO] [stdout]   10:     0x55d06c5c8bc4 - std::panicking::rust_panic_with_hook::h72b21c283da3d1ef
[INFO] [stdout]                                at /rustc/53fd98ca776cb875bc9e5514f56b52eb74f9e7a9/library/std/src/panicking.rs:622:17
[INFO] [stdout]   11:     0x55d06c5c86a7 - std::panicking::begin_panic_handler::{{closure}}::he5778f1729cff84a
[INFO] [stdout]                                at /rustc/53fd98ca776cb875bc9e5514f56b52eb74f9e7a9/library/std/src/panicking.rs:519:13
[INFO] [stdout]   12:     0x55d06c5c6d9c - std::sys_common::backtrace::__rust_end_short_backtrace::h2d11ca8b453b4b1d
[INFO] [stdout]                                at /rustc/53fd98ca776cb875bc9e5514f56b52eb74f9e7a9/library/std/src/sys_common/backtrace.rs:141:18
[INFO] [stdout]   13:     0x55d06c5c8609 - rust_begin_unwind
[INFO] [stdout]                                at /rustc/53fd98ca776cb875bc9e5514f56b52eb74f9e7a9/library/std/src/panicking.rs:515:5
[INFO] [stdout]   14:     0x55d06c53be91 - core::panicking::panic_fmt::hf9de31d4acbce4db
[INFO] [stdout]                                at /rustc/53fd98ca776cb875bc9e5514f56b52eb74f9e7a9/library/core/src/panicking.rs:92:14
[INFO] [stdout]   15:     0x55d06c53bf83 - core::result::unwrap_failed::ha0c84e81219e5878
[INFO] [stdout]                                at /rustc/53fd98ca776cb875bc9e5514f56b52eb74f9e7a9/library/core/src/result.rs:1599:5
[INFO] [stdout]   16:     0x55d06c540003 - core::result::Result<T,E>::expect::h45d319ab2e9efe3b
[INFO] [stdout]   17:     0x55d06c54267e - rust_out::main::_doctest_main_src_lib_rs_9_0::hc4a5691c877e93a2
[INFO] [stdout]   18:     0x55d06c542626 - rust_out::main::h61823b600df25383
[INFO] [stdout]   19:     0x55d06c53f4b3 - core::ops::function::FnOnce::call_once::h3d07824a44777914
[INFO] [stdout]   20:     0x55d06c53f0a9 - std::sys_common::backtrace::__rust_begin_short_backtrace::h1ee1ba859d3174aa
[INFO] [stdout]   21:     0x55d06c53f269 - std::rt::lang_start::{{closure}}::hee9719d6b6efb7fa
[INFO] [stdout]   22:     0x55d06c5c90ca - core::ops::function::impls::<impl core::ops::function::FnOnce<A> for &F>::call_once::ha88a7d1a4d24e549
[INFO] [stdout]                                at /rustc/53fd98ca776cb875bc9e5514f56b52eb74f9e7a9/library/core/src/ops/function.rs:259:13
[INFO] [stdout]   23:     0x55d06c5c90ca - std::panicking::try::do_call::hd3b1d7740607ccc7
[INFO] [stdout]                                at /rustc/53fd98ca776cb875bc9e5514f56b52eb74f9e7a9/library/std/src/panicking.rs:401:40
[INFO] [stdout]   24:     0x55d06c5c90ca - std::panicking::try::h0ee8c65ac7461507
[INFO] [stdout]                                at /rustc/53fd98ca776cb875bc9e5514f56b52eb74f9e7a9/library/std/src/panicking.rs:365:19
[INFO] [stdout]   25:     0x55d06c5c90ca - std::panic::catch_unwind::head47f0de4ccd838
[INFO] [stdout]                                at /rustc/53fd98ca776cb875bc9e5514f56b52eb74f9e7a9/library/std/src/panic.rs:434:14
[INFO] [stdout]   26:     0x55d06c5c90ca - std::rt::lang_start_internal::{{closure}}::hbc7de8ec820ac085
[INFO] [stdout]                                at /rustc/53fd98ca776cb875bc9e5514f56b52eb74f9e7a9/library/std/src/rt.rs:45:48
[INFO] [stdout]   27:     0x55d06c5c90ca - std::panicking::try::do_call::h2609e52e8bad4a7b
[INFO] [stdout]                                at /rustc/53fd98ca776cb875bc9e5514f56b52eb74f9e7a9/library/std/src/panicking.rs:401:40
[INFO] [stdout]   28:     0x55d06c5c90ca - std::panicking::try::hd0929f0b603e0389
[INFO] [stdout]                                at /rustc/53fd98ca776cb875bc9e5514f56b52eb74f9e7a9/library/std/src/panicking.rs:365:19
[INFO] [stdout]   29:     0x55d06c5c90ca - std::panic::catch_unwind::h27902b81c3e47571
[INFO] [stdout]                                at /rustc/53fd98ca776cb875bc9e5514f56b52eb74f9e7a9/library/std/src/panic.rs:434:14
[INFO] [stdout]   30:     0x55d06c5c90ca - std::rt::lang_start_internal::h3fb2d794dd391e3e
[INFO] [stdout]                                at /rustc/53fd98ca776cb875bc9e5514f56b52eb74f9e7a9/library/std/src/rt.rs:45:20
[INFO] [stdout]   31:     0x55d06c53f241 - std::rt::lang_start::h0745d281d96e0cdb
[INFO] [stdout]   32:     0x55d06c542c43 - main
[INFO] [stdout]   33:     0x7f5e3839d0b3 - __libc_start_main
[INFO] [stdout]   34:     0x55d06c53c64e - _start
[INFO] [stdout]   35:                0x0 - <unknown>
[INFO] [stdout] 
[INFO] [stdout] 
[INFO] [stdout] 
[INFO] [stdout] failures:
[INFO] [stdout]     src/graphicsstate.rs - graphicsstate::Matrix (line 77)
[INFO] [stdout]     src/lib.rs - (line 9)
[INFO] [stdout]     src/textobject.rs - textobject::TextObject (line 16)
[INFO] [stdout]     src/textobject.rs - textobject::TextObject::show_adjusted (line 133)
[INFO] [stdout] 
[INFO] [stdout] test result: FAILED. 9 passed; 4 failed; 0 ignored; 0 measured; 0 filtered out; finished in 2.54s
[INFO] [stdout] 
[INFO] [stderr] error: test failed, to rerun pass '--doc'
[INFO] running `Command { std: "docker" "inspect" "7d61e384361d9d68973673c74ac65e6e5f85b0701a938f78934e6146a5564d3f", kill_on_drop: false }`
[INFO] running `Command { std: "docker" "rm" "-f" "7d61e384361d9d68973673c74ac65e6e5f85b0701a938f78934e6146a5564d3f", kill_on_drop: false }`
[INFO] [stdout] 7d61e384361d9d68973673c74ac65e6e5f85b0701a938f78934e6146a5564d3f
