[INFO] fetching crate pdbtbx 0.7.0...
[INFO] testing pdbtbx-0.7.0 against 1.54.0 for beta-1.55-1
[INFO] extracting crate pdbtbx 0.7.0 into /workspace/builds/worker-5/source
[INFO] validating manifest of crates.io crate pdbtbx 0.7.0 on toolchain 1.54.0
[INFO] running `Command { std: "/workspace/cargo-home/bin/cargo" "+1.54.0" "metadata" "--manifest-path" "Cargo.toml" "--no-deps", kill_on_drop: false }`
[INFO] started tweaking crates.io crate pdbtbx 0.7.0
[INFO] finished tweaking crates.io crate pdbtbx 0.7.0
[INFO] tweaked toml for crates.io crate pdbtbx 0.7.0 written to /workspace/builds/worker-5/source/Cargo.toml
[INFO] running `Command { std: "/workspace/cargo-home/bin/cargo" "+1.54.0" "generate-lockfile" "--manifest-path" "Cargo.toml" "-Zno-index-update", kill_on_drop: false }`
[INFO] running `Command { std: "/workspace/cargo-home/bin/cargo" "+1.54.0" "fetch" "--manifest-path" "Cargo.toml", kill_on_drop: false }`
[INFO] running `Command { std: "docker" "create" "-v" "/var/lib/crater-agent-workspace/builds/worker-5/target:/opt/rustwide/target:rw,Z" "-v" "/var/lib/crater-agent-workspace/builds/worker-5/source:/opt/rustwide/workdir:ro,Z" "-v" "/var/lib/crater-agent-workspace/cargo-home:/opt/rustwide/cargo-home:ro,Z" "-v" "/var/lib/crater-agent-workspace/rustup-home:/opt/rustwide/rustup-home:ro,Z" "-e" "SOURCE_DIR=/opt/rustwide/workdir" "-e" "CARGO_TARGET_DIR=/opt/rustwide/target" "-e" "CARGO_HOME=/opt/rustwide/cargo-home" "-e" "RUSTUP_HOME=/opt/rustwide/rustup-home" "-w" "/opt/rustwide/workdir" "-m" "1610612736" "--user" "0:0" "--network" "none" "ghcr.io/rust-lang/crates-build-env/linux@sha256:34b6a614d2c27851fe6cbf88fbd1137609cefab8b10d0615aaeb6fd47975d74e" "/opt/rustwide/cargo-home/bin/cargo" "+1.54.0" "metadata" "--no-deps" "--format-version=1", kill_on_drop: false }`
[INFO] [stderr] WARNING: Your kernel does not support swap limit capabilities or the cgroup is not mounted. Memory limited without swap.
[INFO] [stdout] d3542602ee29c0dd6ea4dfc7e2298534649f837d7dd7529defa1fb4f6678dead
[INFO] running `Command { std: "docker" "start" "-a" "d3542602ee29c0dd6ea4dfc7e2298534649f837d7dd7529defa1fb4f6678dead", kill_on_drop: false }`
[INFO] running `Command { std: "docker" "inspect" "d3542602ee29c0dd6ea4dfc7e2298534649f837d7dd7529defa1fb4f6678dead", kill_on_drop: false }`
[INFO] running `Command { std: "docker" "rm" "-f" "d3542602ee29c0dd6ea4dfc7e2298534649f837d7dd7529defa1fb4f6678dead", kill_on_drop: false }`
[INFO] [stdout] d3542602ee29c0dd6ea4dfc7e2298534649f837d7dd7529defa1fb4f6678dead
[INFO] running `Command { std: "docker" "create" "-v" "/var/lib/crater-agent-workspace/builds/worker-5/target:/opt/rustwide/target:rw,Z" "-v" "/var/lib/crater-agent-workspace/builds/worker-5/source:/opt/rustwide/workdir:ro,Z" "-v" "/var/lib/crater-agent-workspace/cargo-home:/opt/rustwide/cargo-home:ro,Z" "-v" "/var/lib/crater-agent-workspace/rustup-home:/opt/rustwide/rustup-home:ro,Z" "-e" "SOURCE_DIR=/opt/rustwide/workdir" "-e" "CARGO_TARGET_DIR=/opt/rustwide/target" "-e" "CARGO_INCREMENTAL=0" "-e" "RUST_BACKTRACE=full" "-e" "RUSTFLAGS=--cap-lints=warn" "-e" "CARGO_HOME=/opt/rustwide/cargo-home" "-e" "RUSTUP_HOME=/opt/rustwide/rustup-home" "-w" "/opt/rustwide/workdir" "-m" "1610612736" "--user" "0:0" "--network" "none" "ghcr.io/rust-lang/crates-build-env/linux@sha256:34b6a614d2c27851fe6cbf88fbd1137609cefab8b10d0615aaeb6fd47975d74e" "/opt/rustwide/cargo-home/bin/cargo" "+1.54.0" "build" "--frozen" "--message-format=json", kill_on_drop: false }`
[INFO] [stderr] WARNING: Your kernel does not support swap limit capabilities or the cgroup is not mounted. Memory limited without swap.
[INFO] [stdout] 37cf09c54ca164c360b6c1b37205ea4666c8be6dda4fa07bceadbb36a229e165
[INFO] running `Command { std: "docker" "start" "-a" "37cf09c54ca164c360b6c1b37205ea4666c8be6dda4fa07bceadbb36a229e165", kill_on_drop: false }`
[INFO] [stderr]    Compiling lazy_static v1.4.0
[INFO] [stderr]    Compiling cfg-if v1.0.0
[INFO] [stderr]    Compiling scopeguard v1.1.0
[INFO] [stderr]    Compiling either v1.6.1
[INFO] [stderr]    Compiling crossbeam-utils v0.8.5
[INFO] [stderr]    Compiling memoffset v0.6.4
[INFO] [stderr]    Compiling crossbeam-epoch v0.9.5
[INFO] [stderr]    Compiling libc v0.2.98
[INFO] [stderr]    Compiling rayon-core v1.9.1
[INFO] [stderr]    Compiling quote v0.6.13
[INFO] [stderr]    Compiling rayon v1.5.1
[INFO] [stderr]    Compiling doc-cfg v0.1.0
[INFO] [stderr]    Compiling crossbeam-channel v0.5.1
[INFO] [stderr]    Compiling crossbeam-deque v0.8.1
[INFO] [stderr]    Compiling num_cpus v1.13.0
[INFO] [stderr]    Compiling pdbtbx v0.7.0 (/opt/rustwide/workdir)
[INFO] [stderr]     Finished dev [optimized + debuginfo] target(s) in 33.20s
[INFO] running `Command { std: "docker" "inspect" "37cf09c54ca164c360b6c1b37205ea4666c8be6dda4fa07bceadbb36a229e165", kill_on_drop: false }`
[INFO] running `Command { std: "docker" "rm" "-f" "37cf09c54ca164c360b6c1b37205ea4666c8be6dda4fa07bceadbb36a229e165", kill_on_drop: false }`
[INFO] [stdout] 37cf09c54ca164c360b6c1b37205ea4666c8be6dda4fa07bceadbb36a229e165
[INFO] running `Command { std: "docker" "create" "-v" "/var/lib/crater-agent-workspace/builds/worker-5/target:/opt/rustwide/target:rw,Z" "-v" "/var/lib/crater-agent-workspace/builds/worker-5/source:/opt/rustwide/workdir:ro,Z" "-v" "/var/lib/crater-agent-workspace/cargo-home:/opt/rustwide/cargo-home:ro,Z" "-v" "/var/lib/crater-agent-workspace/rustup-home:/opt/rustwide/rustup-home:ro,Z" "-e" "SOURCE_DIR=/opt/rustwide/workdir" "-e" "CARGO_TARGET_DIR=/opt/rustwide/target" "-e" "CARGO_INCREMENTAL=0" "-e" "RUST_BACKTRACE=full" "-e" "RUSTFLAGS=--cap-lints=warn" "-e" "CARGO_HOME=/opt/rustwide/cargo-home" "-e" "RUSTUP_HOME=/opt/rustwide/rustup-home" "-w" "/opt/rustwide/workdir" "-m" "1610612736" "--user" "0:0" "--network" "none" "ghcr.io/rust-lang/crates-build-env/linux@sha256:34b6a614d2c27851fe6cbf88fbd1137609cefab8b10d0615aaeb6fd47975d74e" "/opt/rustwide/cargo-home/bin/cargo" "+1.54.0" "test" "--frozen" "--no-run" "--message-format=json", kill_on_drop: false }`
[INFO] [stdout] b34cb53ada9de5d66ec1ac15f0db61e7ffab10e7cb2800a2ff676e48ca697783
[INFO] [stderr] WARNING: Your kernel does not support swap limit capabilities or the cgroup is not mounted. Memory limited without swap.
[INFO] running `Command { std: "docker" "start" "-a" "b34cb53ada9de5d66ec1ac15f0db61e7ffab10e7cb2800a2ff676e48ca697783", kill_on_drop: false }`
[INFO] [stderr]    Compiling itoa v0.4.7
[INFO] [stderr]    Compiling serde v1.0.127
[INFO] [stderr]    Compiling ryu v1.0.5
[INFO] [stderr]    Compiling serde_json v1.0.66
[INFO] [stderr]    Compiling pdbtbx v0.7.0 (/opt/rustwide/workdir)
[INFO] [stderr]     Finished test [optimized + debuginfo] target(s) in 13.14s
[INFO] running `Command { std: "docker" "inspect" "b34cb53ada9de5d66ec1ac15f0db61e7ffab10e7cb2800a2ff676e48ca697783", kill_on_drop: false }`
[INFO] running `Command { std: "docker" "rm" "-f" "b34cb53ada9de5d66ec1ac15f0db61e7ffab10e7cb2800a2ff676e48ca697783", kill_on_drop: false }`
[INFO] [stdout] b34cb53ada9de5d66ec1ac15f0db61e7ffab10e7cb2800a2ff676e48ca697783
[INFO] running `Command { std: "docker" "create" "-v" "/var/lib/crater-agent-workspace/builds/worker-5/target:/opt/rustwide/target:rw,Z" "-v" "/var/lib/crater-agent-workspace/builds/worker-5/source:/opt/rustwide/workdir:ro,Z" "-v" "/var/lib/crater-agent-workspace/cargo-home:/opt/rustwide/cargo-home:ro,Z" "-v" "/var/lib/crater-agent-workspace/rustup-home:/opt/rustwide/rustup-home:ro,Z" "-e" "SOURCE_DIR=/opt/rustwide/workdir" "-e" "CARGO_TARGET_DIR=/opt/rustwide/target" "-e" "CARGO_INCREMENTAL=0" "-e" "RUST_BACKTRACE=full" "-e" "RUSTFLAGS=--cap-lints=warn" "-e" "CARGO_HOME=/opt/rustwide/cargo-home" "-e" "RUSTUP_HOME=/opt/rustwide/rustup-home" "-w" "/opt/rustwide/workdir" "-m" "1610612736" "--user" "0:0" "--network" "none" "ghcr.io/rust-lang/crates-build-env/linux@sha256:34b6a614d2c27851fe6cbf88fbd1137609cefab8b10d0615aaeb6fd47975d74e" "/opt/rustwide/cargo-home/bin/cargo" "+1.54.0" "test" "--frozen", kill_on_drop: false }`
[INFO] [stdout] aedb7f22cfd3b3bd4b8c2a6883259c6bc5abc8d709237d81a4089940317eacfe
[INFO] [stderr] WARNING: Your kernel does not support swap limit capabilities or the cgroup is not mounted. Memory limited without swap.
[INFO] running `Command { std: "docker" "start" "-a" "aedb7f22cfd3b3bd4b8c2a6883259c6bc5abc8d709237d81a4089940317eacfe", kill_on_drop: false }`
[INFO] [stderr]     Finished test [optimized + debuginfo] target(s) in 0.03s
[INFO] [stdout] 
[INFO] [stderr]      Running unittests (/opt/rustwide/target/debug/deps/pdbtbx-e9ad1d1607e16618)
[INFO] [stdout] running 113 tests
[INFO] [stdout] test error::pdberror::tests::create_full_line_error ... ok
[INFO] [stdout] test read::mmcif::lexer::tests::classify_char_test ... ok
[INFO] [stdout] test read::mmcif::lexer::tests::parse_char_string_double_missing_quote ... ok
[INFO] [stdout] test error::pdberror::tests::create_range_error ... ok
[INFO] [stdout] test read::mmcif::lexer::tests::parse_char_string_single_quoted ... ok
[INFO] [stdout] test read::mmcif::lexer::tests::parse_char_string_simple ... ok
[INFO] [stdout] test read::mmcif::lexer::tests::parse_data_block_test ... ok
[INFO] [stdout] test read::mmcif::lexer::tests::parse_char_string_single_missing_quote ... ok
[INFO] [stdout] test read::mmcif::lexer::tests::parse_data_item_or_save_frame_save_frame ... ok
[INFO] [stdout] test read::mmcif::lexer::tests::parse_data_single_item_numeric ... ok
[INFO] [stdout] test read::mmcif::lexer::tests::parse_data_item_loop ... ok
[INFO] [stdout] test read::mmcif::lexer::tests::parse_data_single_item_numeric_no_leading_zero ... ok
[INFO] [stdout] test read::mmcif::lexer::tests::parse_data_single_item_string ... ok
[INFO] [stdout] test read::mmcif::lexer::tests::parse_identifier_test1 ... ok
[INFO] [stdout] test read::mmcif::lexer::tests::parse_enclosed_test ... ok
[INFO] [stdout] test read::mmcif::lexer::tests::parse_identifier_test0 ... ok
[INFO] [stdout] test read::mmcif::lexer::tests::parse_invalid_data_block_test ... ok
[INFO] [stdout] test read::mmcif::lexer::tests::parse_numeric_float_exp ... ok
[INFO] [stdout] test read::mmcif::lexer::tests::parse_invalid_data_item_loop ... ok
[INFO] [stdout] test read::mmcif::lexer::tests::parse_invalid_save_frame ... ok
[INFO] [stdout] test read::mmcif::lexer::tests::parse_numeric_float_huge_uncertainty ... ok
[INFO] [stdout] test read::mmcif::lexer::tests::parse_char_string_double_quoted ... ok
[INFO] [stdout] test read::mmcif::lexer::tests::parse_numeric_float_no_decimal ... ok
[INFO] [stdout] test read::mmcif::lexer::tests::parse_numeric_float_no_decimal_exp ... ok
[INFO] [stdout] test read::mmcif::lexer::tests::parse_numeric_float_no_integer ... ok
[INFO] [stdout] test read::mmcif::lexer::tests::parse_char_string_invalid_quoted ... ok
[INFO] [stdout] test read::mmcif::lexer::tests::parse_numeric_float_no_integer_exp ... ok
[INFO] [stdout] test read::mmcif::lexer::tests::parse_numeric_float_no_integer_negative_exp ... ok
[INFO] [stdout] test read::mmcif::lexer::tests::parse_numeric_float_uncertainty ... ok
[INFO] [stdout] test read::mmcif::lexer::tests::parse_numeric_float_no_integer_positive_exp ... ok
[INFO] [stdout] test read::mmcif::lexer::tests::parse_numeric_integer ... ok
[INFO] [stdout] test read::mmcif::lexer::tests::parse_numeric_missing_numbers0 ... ok
[INFO] [stdout] test error::pdberror::tests::create_empty_error ... ok
[INFO] [stdout] test error::pdberror::tests::ordering_and_equality ... ok
[INFO] [stdout] test read::mmcif::lexer::tests::parse_numeric_missing_numbers2 ... ok
[INFO] [stdout] test read::general::tests::open_invalid ... ok
[INFO] [stdout] test read::general::tests::open_not_existing ... ok
[INFO] [stdout] test read::mmcif::lexer::tests::parse_value_inapplicable ... ok
[INFO] [stdout] test read::mmcif::lexer::tests::parse_data_single_item_multiline_string ... ok
[INFO] [stdout] test read::mmcif::lexer::tests::parse_value_multiline_text_with_newlines ... ok
[INFO] [stdout] test read::mmcif::lexer::tests::parse_value_multiline_text_with_semicolon ... ok
[INFO] [stdout] test read::mmcif::lexer::tests::parse_data_item_or_save_frame_data_item ... ok
[INFO] [stdout] test read::mmcif::lexer::tests::skip_to_eol_test_n ... ok
[INFO] [stdout] test read::mmcif::lexer::tests::skip_to_eol_test_nr ... ok
[INFO] [stdout] test read::mmcif::lexer::tests::trim_comments_and_whitespace_test ... ok
[INFO] [stdout] test read::mmcif::lexer::tests::start_with_false ... ok
[INFO] [stdout] test read::mmcif::lexer::tests::trim_whitespace_newlines ... ok
[INFO] [stdout] test read::mmcif::lexer::tests::trim_whitespace_only_spaces ... ok
[INFO] [stdout] test read::mmcif::lexer::tests::trim_whitespace_tabs_and_spaces ... ok
[INFO] [stdout] test save::mmcif::tests::test_print_float ... ok
[INFO] [stdout] test structs::atom::tests::check_display ... ok
[INFO] [stdout] test structs::atom::tests::check_radii ... ok
[INFO] [stdout] test read::mmcif::lexer::tests::start_with_true ... ok
[INFO] [stdout] test structs::atom::tests::check_equality ... ok
[INFO] [stdout] test structs::atom::tests::check_setters ... ok
[INFO] [stdout] test read::mmcif::lexer::tests::skip_to_eol_test_rn ... ok
[INFO] [stdout] test structs::atom::tests::distance ... ok
[INFO] [stdout] test structs::atom::tests::set_name ... ok
[INFO] [stdout] test structs::atom::tests::set_element ... ok
[INFO] [stdout] test structs::chain::tests::test_id_validation ... ok
[INFO] [stdout] test structs::chain::tests::ordering_and_equality ... ok
[INFO] [stdout] test read::mmcif::lexer::tests::skip_to_eol_test_r ... ok
[INFO] [stdout] test read::mmcif::lexer::tests::skip_to_eol_test_end ... ok
[INFO] [stdout] test structs::chain::tests::test_empty_chain ... ok
[INFO] [stdout] test structs::conformer::tests::check_display ... ok
[INFO] [stdout] test structs::conformer::tests::ordering_and_equality ... ok
[INFO] [stdout] test structs::conformer::tests::test_atom ... ok
[INFO] [stdout] test structs::conformer::tests::test_empty ... ok
[INFO] [stdout] test structs::database_reference::tests::check_sequence_position ... ok
[INFO] [stdout] test structs::atom::tests::distance_all_axes ... ok
[INFO] [stdout] test read::mmcif::lexer::tests::parse_value_unknown ... ok
[INFO] [stdout] test read::mmcif::lexer::tests::parse_numeric_float_uncertainty_missing_bracket ... ok
[INFO] [stdout] test structs::chain::tests::test_residue ... ok
[INFO] [stdout] test read::mmcif::lexer::tests::parse_numeric_missing_numbers1 ... ok
[INFO] [stdout] test read::mmcif::lexer::tests::parse_value_multiline_text_missing_end ... ok
[INFO] [stdout] test structs::atom::tests::invalid_new_values ... ok
[INFO] [stdout] test read::mmcif::lexer::tests::parse_data_single_missing_value ... ok
[INFO] [stdout] test structs::chain::tests::check_display ... ok
[INFO] [stdout] test structs::model::tests::test_display ... ok
[INFO] [stdout] test structs::database_reference::tests::check_sequence_difference ... ok
[INFO] [stdout] test read::mmcif::lexer::tests::parse_value_multiline_text ... ok
[INFO] [stdout] test structs::model::tests::test_equality ... ok
[INFO] [stdout] test structs::model::tests::test_children ... ok
[INFO] [stdout] test structs::model::tests::test_remove ... ok
[INFO] [stdout] test structs::mtrix::tests::test_debug ... ok
[INFO] [stdout] test structs::pdb::tests::sort_atoms ... ok
[INFO] [stdout] test structs::residue::tests::check_display ... ok
[INFO] [stdout] test structs::helper::tests::number_to_base26_test ... ok
[INFO] [stdout] test structs::mtrix::tests::test_accessors ... ok
[INFO] [stdout] test structs::residue::tests::test_join ... ok
[INFO] [stdout] test read::mmcif::lexer::tests::parse_value_numeric ... ok
[INFO] [stdout] test structs::conformer::tests::test_text_validation ... ok
[INFO] [stdout] test structs::database_reference::tests::check_database_reference ... ok
[INFO] [stdout] test structs::mtrix::tests::test_equality ... ok
[INFO] [stdout] test structs::helper::tests::correct_examples ... ok
[INFO] [stdout] test structs::helper::tests::incorrect_examples ... ok
[INFO] [stdout] test transformation::tests::multiply_translation ... ok
[INFO] [stdout] test structs::pdb::tests::binary_lookup ... ok
[INFO] [stdout] test transformation::tests::rot_x ... ok
[INFO] [stdout] test structs::residue::tests::test_empty ... ok
[INFO] [stdout] test transformation::tests::rot_z ... ok
[INFO] [stdout] test structs::unit_cell::tests::equality ... ok
[INFO] [stdout] test transformation::tests::rot_y ... ok
[INFO] [stderr]    Doc-tests pdbtbx
[INFO] [stdout] test structs::residue::tests::test_conformer ... ok
[INFO] [stdout] test structs::residue::tests::test_text_validation ... ok
[INFO] [stdout] test structs::residue::tests::ordering_and_equality ... ok
[INFO] [stdout] test transformation::tests::translation ... ok
[INFO] [stdout] test transformation::tests::combination ... ok
[INFO] [stdout] test transformation::tests::identity ... ok
[INFO] [stdout] test structs::symmetry::tests::both_creations ... ok
[INFO] [stdout] test transformation::tests::magnification ... ok
[INFO] [stdout] test structs::symmetry::tests::symbol_invariant ... ok
[INFO] [stdout] test transformation::tests::matrix ... ok
[INFO] [stdout] 
[INFO] [stdout] test result: ok. 113 passed; 0 failed; 0 ignored; 0 measured; 0 filtered out; finished in 0.02s
[INFO] [stdout] 
[INFO] [stdout] 
[INFO] [stdout] running 2 tests
[INFO] [stdout] test src/lib.rs - (line 26) ... FAILED
[INFO] [stdout] test src/lib.rs - (line 68) ... FAILED
[INFO] [stdout] 
[INFO] [stdout] failures:
[INFO] [stdout] 
[INFO] [stdout] ---- src/lib.rs - (line 26) stdout ----
[INFO] [stdout] Test executable failed (exit code 101).
[INFO] [stdout] 
[INFO] [stdout] stderr:
[INFO] [stdout] thread 'main' panicked at 'called `Result::unwrap()` on an `Err` value: [BreakingError: Could not open file
[INFO] [stdout] 
[INFO] [stdout]      |
[INFO] [stdout]      | example-pdbs/1ubq.pdb
[INFO] [stdout]      |
[INFO] [stdout] 
[INFO] [stdout] Could not open the specified file, make sure the path is correct, you have permission, and that it is not open in another program.
[INFO] [stdout] ]', src/lib.rs:8:7
[INFO] [stdout] stack backtrace:
[INFO] [stdout]    0:     0x55908355eb30 - std::backtrace_rs::backtrace::libunwind::trace::h34055254b57d8e79
[INFO] [stdout]                                at /rustc/a178d0322ce20e33eac124758e837cbd80a6f633/library/std/src/../../backtrace/src/backtrace/libunwind.rs:90:5
[INFO] [stdout]    1:     0x55908355eb30 - std::backtrace_rs::backtrace::trace_unsynchronized::h8f1e3fbd9afff6ec
[INFO] [stdout]                                at /rustc/a178d0322ce20e33eac124758e837cbd80a6f633/library/std/src/../../backtrace/src/backtrace/mod.rs:66:5
[INFO] [stdout]    2:     0x55908355eb30 - std::sys_common::backtrace::_print_fmt::h3a99a796b770c360
[INFO] [stdout]                                at /rustc/a178d0322ce20e33eac124758e837cbd80a6f633/library/std/src/sys_common/backtrace.rs:67:5
[INFO] [stdout]    3:     0x55908355eb30 - <std::sys_common::backtrace::_print::DisplayBacktrace as core::fmt::Display>::fmt::h32d1f94a80615d18
[INFO] [stdout]                                at /rustc/a178d0322ce20e33eac124758e837cbd80a6f633/library/std/src/sys_common/backtrace.rs:46:22
[INFO] [stdout]    4:     0x55908357e23c - core::fmt::write::h306731c068f7162c
[INFO] [stdout]                                at /rustc/a178d0322ce20e33eac124758e837cbd80a6f633/library/core/src/fmt/mod.rs:1110:17
[INFO] [stdout]    5:     0x55908355d3b5 - std::io::Write::write_fmt::hd2fa90334eee2a21
[INFO] [stdout]                                at /rustc/a178d0322ce20e33eac124758e837cbd80a6f633/library/std/src/io/mod.rs:1588:15
[INFO] [stdout]    6:     0x55908356075b - std::sys_common::backtrace::_print::h5abaa2601a852287
[INFO] [stdout]                                at /rustc/a178d0322ce20e33eac124758e837cbd80a6f633/library/std/src/sys_common/backtrace.rs:49:5
[INFO] [stdout]    7:     0x55908356075b - std::sys_common::backtrace::print::h8d81445442bb638f
[INFO] [stdout]                                at /rustc/a178d0322ce20e33eac124758e837cbd80a6f633/library/std/src/sys_common/backtrace.rs:36:9
[INFO] [stdout]    8:     0x55908356075b - std::panicking::default_hook::{{closure}}::hcfe804496a9fa747
[INFO] [stdout]                                at /rustc/a178d0322ce20e33eac124758e837cbd80a6f633/library/std/src/panicking.rs:208:50
[INFO] [stdout]    9:     0x559083560231 - std::panicking::default_hook::hbea8e3ccf2ba8901
[INFO] [stdout]                                at /rustc/a178d0322ce20e33eac124758e837cbd80a6f633/library/std/src/panicking.rs:225:9
[INFO] [stdout]   10:     0x559083560e24 - std::panicking::rust_panic_with_hook::h7ee9e1a2d0f8975a
[INFO] [stdout]                                at /rustc/a178d0322ce20e33eac124758e837cbd80a6f633/library/std/src/panicking.rs:622:17
[INFO] [stdout]   11:     0x559083560907 - std::panicking::begin_panic_handler::{{closure}}::h8ab3b4491718b2c7
[INFO] [stdout]                                at /rustc/a178d0322ce20e33eac124758e837cbd80a6f633/library/std/src/panicking.rs:519:13
[INFO] [stdout]   12:     0x55908355f02c - std::sys_common::backtrace::__rust_end_short_backtrace::hd489062ffa586a9f
[INFO] [stdout]                                at /rustc/a178d0322ce20e33eac124758e837cbd80a6f633/library/std/src/sys_common/backtrace.rs:141:18
[INFO] [stdout]   13:     0x559083560869 - rust_begin_unwind
[INFO] [stdout]                                at /rustc/a178d0322ce20e33eac124758e837cbd80a6f633/library/std/src/panicking.rs:515:5
[INFO] [stdout]   14:     0x559083504621 - core::panicking::panic_fmt::hca6330e3e14086b4
[INFO] [stdout]                                at /rustc/a178d0322ce20e33eac124758e837cbd80a6f633/library/core/src/panicking.rs:92:14
[INFO] [stdout]   15:     0x559083504713 - core::result::unwrap_failed::h6160d2b4bfbb0e87
[INFO] [stdout]                                at /rustc/a178d0322ce20e33eac124758e837cbd80a6f633/library/core/src/result.rs:1355:5
[INFO] [stdout]   16:     0x5590835092f4 - core::result::Result<T,E>::unwrap::h7836d4edc1658f17
[INFO] [stdout]   17:     0x55908350bc65 - rust_out::main::_doctest_main_src_lib_rs_26_0::heebb57d8be8f56fb
[INFO] [stdout]   18:     0x55908350bc06 - rust_out::main::h2a38bb51b9580a7d
[INFO] [stdout]   19:     0x559083506633 - core::ops::function::FnOnce::call_once::hb73b95e6982fd3f0
[INFO] [stdout]   20:     0x559083506059 - std::sys_common::backtrace::__rust_begin_short_backtrace::h8371d112165838d3
[INFO] [stdout]   21:     0x5590835060c9 - std::rt::lang_start::{{closure}}::h783adf50233ec5ec
[INFO] [stdout]   22:     0x559083561329 - core::ops::function::impls::<impl core::ops::function::FnOnce<A> for &F>::call_once::h2aabc384aab89b7b
[INFO] [stdout]                                at /rustc/a178d0322ce20e33eac124758e837cbd80a6f633/library/core/src/ops/function.rs:259:13
[INFO] [stdout]   23:     0x559083561329 - std::panicking::try::do_call::hc5fcacb7a85fc7b1
[INFO] [stdout]                                at /rustc/a178d0322ce20e33eac124758e837cbd80a6f633/library/std/src/panicking.rs:401:40
[INFO] [stdout]   24:     0x559083561329 - std::panicking::try::hb5d9603af3abbe3a
[INFO] [stdout]                                at /rustc/a178d0322ce20e33eac124758e837cbd80a6f633/library/std/src/panicking.rs:365:19
[INFO] [stdout]   25:     0x559083561329 - std::panic::catch_unwind::h98fe6ac3925e64b4
[INFO] [stdout]                                at /rustc/a178d0322ce20e33eac124758e837cbd80a6f633/library/std/src/panic.rs:434:14
[INFO] [stdout]   26:     0x559083561329 - std::rt::lang_start_internal::h22ac7383c516f93e
[INFO] [stdout]                                at /rustc/a178d0322ce20e33eac124758e837cbd80a6f633/library/std/src/rt.rs:34:21
[INFO] [stdout]   27:     0x5590835060b1 - std::rt::lang_start::h11b9716471e37ff8
[INFO] [stdout]   28:     0x55908350bfc3 - main
[INFO] [stdout]   29:     0x7ff5e02700b3 - __libc_start_main
[INFO] [stdout]   30:     0x559083504dfe - _start
[INFO] [stdout]   31:                0x0 - <unknown>
[INFO] [stdout] 
[INFO] [stdout] 
[INFO] [stdout] ---- src/lib.rs - (line 68) stdout ----
[INFO] [stdout] Test executable failed (exit code 101).
[INFO] [stdout] 
[INFO] [stdout] stderr:
[INFO] [stdout] thread 'main' panicked at 'called `Result::unwrap()` on an `Err` value: [BreakingError: Could not open file
[INFO] [stdout] 
[INFO] [stdout]      |
[INFO] [stdout]      | example-pdbs/1ubq.pdb
[INFO] [stdout]      |
[INFO] [stdout] 
[INFO] [stdout] Could not open the specified file, make sure the path is correct, you have permission, and that it is not open in another program.
[INFO] [stdout] ]', src/lib.rs:5:97
[INFO] [stdout] stack backtrace:
[INFO] [stdout]    0:     0x55df66b3b900 - std::backtrace_rs::backtrace::libunwind::trace::h34055254b57d8e79
[INFO] [stdout]                                at /rustc/a178d0322ce20e33eac124758e837cbd80a6f633/library/std/src/../../backtrace/src/backtrace/libunwind.rs:90:5
[INFO] [stdout]    1:     0x55df66b3b900 - std::backtrace_rs::backtrace::trace_unsynchronized::h8f1e3fbd9afff6ec
[INFO] [stdout]                                at /rustc/a178d0322ce20e33eac124758e837cbd80a6f633/library/std/src/../../backtrace/src/backtrace/mod.rs:66:5
[INFO] [stdout]    2:     0x55df66b3b900 - std::sys_common::backtrace::_print_fmt::h3a99a796b770c360
[INFO] [stdout]                                at /rustc/a178d0322ce20e33eac124758e837cbd80a6f633/library/std/src/sys_common/backtrace.rs:67:5
[INFO] [stdout]    3:     0x55df66b3b900 - <std::sys_common::backtrace::_print::DisplayBacktrace as core::fmt::Display>::fmt::h32d1f94a80615d18
[INFO] [stdout]                                at /rustc/a178d0322ce20e33eac124758e837cbd80a6f633/library/std/src/sys_common/backtrace.rs:46:22
[INFO] [stdout]    4:     0x55df66b5afdc - core::fmt::write::h306731c068f7162c
[INFO] [stdout]                                at /rustc/a178d0322ce20e33eac124758e837cbd80a6f633/library/core/src/fmt/mod.rs:1110:17
[INFO] [stdout]    5:     0x55df66b3a1e5 - std::io::Write::write_fmt::hd2fa90334eee2a21
[INFO] [stdout]                                at /rustc/a178d0322ce20e33eac124758e837cbd80a6f633/library/std/src/io/mod.rs:1588:15
[INFO] [stdout]    6:     0x55df66b3d52b - std::sys_common::backtrace::_print::h5abaa2601a852287
[INFO] [stdout]                                at /rustc/a178d0322ce20e33eac124758e837cbd80a6f633/library/std/src/sys_common/backtrace.rs:49:5
[INFO] [stdout]    7:     0x55df66b3d52b - std::sys_common::backtrace::print::h8d81445442bb638f
[INFO] [stdout]                                at /rustc/a178d0322ce20e33eac124758e837cbd80a6f633/library/std/src/sys_common/backtrace.rs:36:9
[INFO] [stdout]    8:     0x55df66b3d52b - std::panicking::default_hook::{{closure}}::hcfe804496a9fa747
[INFO] [stdout]                                at /rustc/a178d0322ce20e33eac124758e837cbd80a6f633/library/std/src/panicking.rs:208:50
[INFO] [stdout]    9:     0x55df66b3d001 - std::panicking::default_hook::hbea8e3ccf2ba8901
[INFO] [stdout]                                at /rustc/a178d0322ce20e33eac124758e837cbd80a6f633/library/std/src/panicking.rs:225:9
[INFO] [stdout]   10:     0x55df66b3dbf4 - std::panicking::rust_panic_with_hook::h7ee9e1a2d0f8975a
[INFO] [stdout]                                at /rustc/a178d0322ce20e33eac124758e837cbd80a6f633/library/std/src/panicking.rs:622:17
[INFO] [stdout]   11:     0x55df66b3d6d7 - std::panicking::begin_panic_handler::{{closure}}::h8ab3b4491718b2c7
[INFO] [stdout]                                at /rustc/a178d0322ce20e33eac124758e837cbd80a6f633/library/std/src/panicking.rs:519:13
[INFO] [stdout]   12:     0x55df66b3bdfc - std::sys_common::backtrace::__rust_end_short_backtrace::hd489062ffa586a9f
[INFO] [stdout]                                at /rustc/a178d0322ce20e33eac124758e837cbd80a6f633/library/std/src/sys_common/backtrace.rs:141:18
[INFO] [stdout]   13:     0x55df66b3d639 - rust_begin_unwind
[INFO] [stdout]                                at /rustc/a178d0322ce20e33eac124758e837cbd80a6f633/library/std/src/panicking.rs:515:5
[INFO] [stdout]   14:     0x55df66aee481 - core::panicking::panic_fmt::hca6330e3e14086b4
[INFO] [stdout]                                at /rustc/a178d0322ce20e33eac124758e837cbd80a6f633/library/core/src/panicking.rs:92:14
[INFO] [stdout]   15:     0x55df66aee573 - core::result::unwrap_failed::h6160d2b4bfbb0e87
[INFO] [stdout]                                at /rustc/a178d0322ce20e33eac124758e837cbd80a6f633/library/core/src/result.rs:1355:5
[INFO] [stdout]   16:     0x55df66af3b94 - core::result::Result<T,E>::unwrap::h7836d4edc1658f17
[INFO] [stdout]   17:     0x55df66af5e63 - rust_out::main::_doctest_main_src_lib_rs_68_0::h3c4ba876e5ce5c74
[INFO] [stdout]   18:     0x55df66af5e06 - rust_out::main::h2a38bb51b9580a7d
[INFO] [stdout]   19:     0x55df66af0c23 - core::ops::function::FnOnce::call_once::hb73b95e6982fd3f0
[INFO] [stdout]   20:     0x55df66af0589 - std::sys_common::backtrace::__rust_begin_short_backtrace::h8371d112165838d3
[INFO] [stdout]   21:     0x55df66af05f9 - std::rt::lang_start::{{closure}}::h783adf50233ec5ec
[INFO] [stdout]   22:     0x55df66b3e0f9 - core::ops::function::impls::<impl core::ops::function::FnOnce<A> for &F>::call_once::h2aabc384aab89b7b
[INFO] [stdout]                                at /rustc/a178d0322ce20e33eac124758e837cbd80a6f633/library/core/src/ops/function.rs:259:13
[INFO] [stdout]   23:     0x55df66b3e0f9 - std::panicking::try::do_call::hc5fcacb7a85fc7b1
[INFO] [stdout]                                at /rustc/a178d0322ce20e33eac124758e837cbd80a6f633/library/std/src/panicking.rs:401:40
[INFO] [stdout]   24:     0x55df66b3e0f9 - std::panicking::try::hb5d9603af3abbe3a
[INFO] [stdout]                                at /rustc/a178d0322ce20e33eac124758e837cbd80a6f633/library/std/src/panicking.rs:365:19
[INFO] [stdout]   25:     0x55df66b3e0f9 - std::panic::catch_unwind::h98fe6ac3925e64b4
[INFO] [stdout]                                at /rustc/a178d0322ce20e33eac124758e837cbd80a6f633/library/std/src/panic.rs:434:14
[INFO] [stdout]   26:     0x55df66b3e0f9 - std::rt::lang_start_internal::h22ac7383c516f93e
[INFO] [stdout]                                at /rustc/a178d0322ce20e33eac124758e837cbd80a6f633/library/std/src/rt.rs:34:21
[INFO] [stdout]   27:     0x55df66af05e1 - std::rt::lang_start::h11b9716471e37ff8
[INFO] [stdout]   28:     0x55df66af6843 - main
[INFO] [stdout]   29:     0x7fb2d03d50b3 - __libc_start_main
[INFO] [stdout]   30:     0x55df66aeec5e - _start
[INFO] [stdout]   31:                0x0 - <unknown>
[INFO] [stdout] 
[INFO] [stdout] 
[INFO] [stdout] 
[INFO] [stdout] failures:
[INFO] [stdout]     src/lib.rs - (line 26)
[INFO] [stdout]     src/lib.rs - (line 68)
[INFO] [stdout] 
[INFO] [stdout] test result: FAILED. 0 passed; 2 failed; 0 ignored; 0 measured; 0 filtered out; finished in 1.56s
[INFO] [stdout] 
[INFO] [stderr] error: test failed, to rerun pass '--doc'
[INFO] running `Command { std: "docker" "inspect" "aedb7f22cfd3b3bd4b8c2a6883259c6bc5abc8d709237d81a4089940317eacfe", kill_on_drop: false }`
[INFO] running `Command { std: "docker" "rm" "-f" "aedb7f22cfd3b3bd4b8c2a6883259c6bc5abc8d709237d81a4089940317eacfe", kill_on_drop: false }`
[INFO] [stdout] aedb7f22cfd3b3bd4b8c2a6883259c6bc5abc8d709237d81a4089940317eacfe
