[INFO] fetching crate pcf8563 0.1.1...
[INFO] testing pcf8563-0.1.1 against 1.54.0 for beta-1.55-1
[INFO] extracting crate pcf8563 0.1.1 into /workspace/builds/worker-5/source
[INFO] validating manifest of crates.io crate pcf8563 0.1.1 on toolchain 1.54.0
[INFO] running `Command { std: "/workspace/cargo-home/bin/cargo" "+1.54.0" "metadata" "--manifest-path" "Cargo.toml" "--no-deps", kill_on_drop: false }`
[INFO] started tweaking crates.io crate pcf8563 0.1.1
[INFO] finished tweaking crates.io crate pcf8563 0.1.1
[INFO] tweaked toml for crates.io crate pcf8563 0.1.1 written to /workspace/builds/worker-5/source/Cargo.toml
[INFO] running `Command { std: "/workspace/cargo-home/bin/cargo" "+1.54.0" "generate-lockfile" "--manifest-path" "Cargo.toml" "-Zno-index-update", kill_on_drop: false }`
[INFO] running `Command { std: "/workspace/cargo-home/bin/cargo" "+1.54.0" "fetch" "--manifest-path" "Cargo.toml", kill_on_drop: false }`
[INFO] [stderr]     Blocking waiting for file lock on package cache
[INFO] running `Command { std: "docker" "create" "-v" "/var/lib/crater-agent-workspace/builds/worker-5/target:/opt/rustwide/target:rw,Z" "-v" "/var/lib/crater-agent-workspace/builds/worker-5/source:/opt/rustwide/workdir:ro,Z" "-v" "/var/lib/crater-agent-workspace/cargo-home:/opt/rustwide/cargo-home:ro,Z" "-v" "/var/lib/crater-agent-workspace/rustup-home:/opt/rustwide/rustup-home:ro,Z" "-e" "SOURCE_DIR=/opt/rustwide/workdir" "-e" "CARGO_TARGET_DIR=/opt/rustwide/target" "-e" "CARGO_HOME=/opt/rustwide/cargo-home" "-e" "RUSTUP_HOME=/opt/rustwide/rustup-home" "-w" "/opt/rustwide/workdir" "-m" "1610612736" "--user" "0:0" "--network" "none" "ghcr.io/rust-lang/crates-build-env/linux@sha256:34b6a614d2c27851fe6cbf88fbd1137609cefab8b10d0615aaeb6fd47975d74e" "/opt/rustwide/cargo-home/bin/cargo" "+1.54.0" "metadata" "--no-deps" "--format-version=1", kill_on_drop: false }`
[INFO] [stderr] WARNING: Your kernel does not support swap limit capabilities or the cgroup is not mounted. Memory limited without swap.
[INFO] [stdout] 5a8483e7d8c62f88b216b814b457572409cd41cf2ba984a1c92bd65287a1652c
[INFO] running `Command { std: "docker" "start" "-a" "5a8483e7d8c62f88b216b814b457572409cd41cf2ba984a1c92bd65287a1652c", kill_on_drop: false }`
[INFO] running `Command { std: "docker" "inspect" "5a8483e7d8c62f88b216b814b457572409cd41cf2ba984a1c92bd65287a1652c", kill_on_drop: false }`
[INFO] running `Command { std: "docker" "rm" "-f" "5a8483e7d8c62f88b216b814b457572409cd41cf2ba984a1c92bd65287a1652c", kill_on_drop: false }`
[INFO] [stdout] 5a8483e7d8c62f88b216b814b457572409cd41cf2ba984a1c92bd65287a1652c
[INFO] running `Command { std: "docker" "create" "-v" "/var/lib/crater-agent-workspace/builds/worker-5/target:/opt/rustwide/target:rw,Z" "-v" "/var/lib/crater-agent-workspace/builds/worker-5/source:/opt/rustwide/workdir:ro,Z" "-v" "/var/lib/crater-agent-workspace/cargo-home:/opt/rustwide/cargo-home:ro,Z" "-v" "/var/lib/crater-agent-workspace/rustup-home:/opt/rustwide/rustup-home:ro,Z" "-e" "SOURCE_DIR=/opt/rustwide/workdir" "-e" "CARGO_TARGET_DIR=/opt/rustwide/target" "-e" "CARGO_INCREMENTAL=0" "-e" "RUST_BACKTRACE=full" "-e" "RUSTFLAGS=--cap-lints=warn" "-e" "CARGO_HOME=/opt/rustwide/cargo-home" "-e" "RUSTUP_HOME=/opt/rustwide/rustup-home" "-w" "/opt/rustwide/workdir" "-m" "1610612736" "--user" "0:0" "--network" "none" "ghcr.io/rust-lang/crates-build-env/linux@sha256:34b6a614d2c27851fe6cbf88fbd1137609cefab8b10d0615aaeb6fd47975d74e" "/opt/rustwide/cargo-home/bin/cargo" "+1.54.0" "build" "--frozen" "--message-format=json", kill_on_drop: false }`
[INFO] [stdout] 448dc66a75d296a40654a7a7780600e7040e5089d1eecb971caa51a3b558bed4
[INFO] [stderr] WARNING: Your kernel does not support swap limit capabilities or the cgroup is not mounted. Memory limited without swap.
[INFO] running `Command { std: "docker" "start" "-a" "448dc66a75d296a40654a7a7780600e7040e5089d1eecb971caa51a3b558bed4", kill_on_drop: false }`
[INFO] [stderr]    Compiling pcf8563 v0.1.1 (/opt/rustwide/workdir)
[INFO] [stderr]     Finished dev [unoptimized + debuginfo] target(s) in 0.99s
[INFO] running `Command { std: "docker" "inspect" "448dc66a75d296a40654a7a7780600e7040e5089d1eecb971caa51a3b558bed4", kill_on_drop: false }`
[INFO] running `Command { std: "docker" "rm" "-f" "448dc66a75d296a40654a7a7780600e7040e5089d1eecb971caa51a3b558bed4", kill_on_drop: false }`
[INFO] [stdout] 448dc66a75d296a40654a7a7780600e7040e5089d1eecb971caa51a3b558bed4
[INFO] running `Command { std: "docker" "create" "-v" "/var/lib/crater-agent-workspace/builds/worker-5/target:/opt/rustwide/target:rw,Z" "-v" "/var/lib/crater-agent-workspace/builds/worker-5/source:/opt/rustwide/workdir:ro,Z" "-v" "/var/lib/crater-agent-workspace/cargo-home:/opt/rustwide/cargo-home:ro,Z" "-v" "/var/lib/crater-agent-workspace/rustup-home:/opt/rustwide/rustup-home:ro,Z" "-e" "SOURCE_DIR=/opt/rustwide/workdir" "-e" "CARGO_TARGET_DIR=/opt/rustwide/target" "-e" "CARGO_INCREMENTAL=0" "-e" "RUST_BACKTRACE=full" "-e" "RUSTFLAGS=--cap-lints=warn" "-e" "CARGO_HOME=/opt/rustwide/cargo-home" "-e" "RUSTUP_HOME=/opt/rustwide/rustup-home" "-w" "/opt/rustwide/workdir" "-m" "1610612736" "--user" "0:0" "--network" "none" "ghcr.io/rust-lang/crates-build-env/linux@sha256:34b6a614d2c27851fe6cbf88fbd1137609cefab8b10d0615aaeb6fd47975d74e" "/opt/rustwide/cargo-home/bin/cargo" "+1.54.0" "test" "--frozen" "--no-run" "--message-format=json", kill_on_drop: false }`
[INFO] [stdout] ac23a73bf5e837dba079e54757efd84d6784eac2b66246ed03ba8e9fd351d264
[INFO] [stderr] WARNING: Your kernel does not support swap limit capabilities or the cgroup is not mounted. Memory limited without swap.
[INFO] running `Command { std: "docker" "start" "-a" "ac23a73bf5e837dba079e54757efd84d6784eac2b66246ed03ba8e9fd351d264", kill_on_drop: false }`
[INFO] [stderr]    Compiling embedded-hal-mock v0.2.0
[INFO] [stderr]    Compiling pcf8563 v0.1.1 (/opt/rustwide/workdir)
[INFO] [stdout] warning: unused import: `embedded_hal_mock as hal`
[INFO] [stdout]    --> src/lib.rs:335:9
[INFO] [stdout]     |
[INFO] [stdout] 335 |     use embedded_hal_mock as hal;
[INFO] [stdout]     |         ^^^^^^^^^^^^^^^^^^^^^^^^
[INFO] [stdout]     |
[INFO] [stdout]     = note: `#[warn(unused_imports)]` on by default
[INFO] [stdout] 
[INFO] [stdout] 
[INFO] [stderr]     Finished test [unoptimized + debuginfo] target(s) in 1.05s
[INFO] [stdout] warning: 1 warning emitted
[INFO] [stdout] 
[INFO] [stdout] 
[INFO] running `Command { std: "docker" "inspect" "ac23a73bf5e837dba079e54757efd84d6784eac2b66246ed03ba8e9fd351d264", kill_on_drop: false }`
[INFO] running `Command { std: "docker" "rm" "-f" "ac23a73bf5e837dba079e54757efd84d6784eac2b66246ed03ba8e9fd351d264", kill_on_drop: false }`
[INFO] [stdout] ac23a73bf5e837dba079e54757efd84d6784eac2b66246ed03ba8e9fd351d264
[INFO] running `Command { std: "docker" "create" "-v" "/var/lib/crater-agent-workspace/builds/worker-5/target:/opt/rustwide/target:rw,Z" "-v" "/var/lib/crater-agent-workspace/builds/worker-5/source:/opt/rustwide/workdir:ro,Z" "-v" "/var/lib/crater-agent-workspace/cargo-home:/opt/rustwide/cargo-home:ro,Z" "-v" "/var/lib/crater-agent-workspace/rustup-home:/opt/rustwide/rustup-home:ro,Z" "-e" "SOURCE_DIR=/opt/rustwide/workdir" "-e" "CARGO_TARGET_DIR=/opt/rustwide/target" "-e" "CARGO_INCREMENTAL=0" "-e" "RUST_BACKTRACE=full" "-e" "RUSTFLAGS=--cap-lints=warn" "-e" "CARGO_HOME=/opt/rustwide/cargo-home" "-e" "RUSTUP_HOME=/opt/rustwide/rustup-home" "-w" "/opt/rustwide/workdir" "-m" "1610612736" "--user" "0:0" "--network" "none" "ghcr.io/rust-lang/crates-build-env/linux@sha256:34b6a614d2c27851fe6cbf88fbd1137609cefab8b10d0615aaeb6fd47975d74e" "/opt/rustwide/cargo-home/bin/cargo" "+1.54.0" "test" "--frozen", kill_on_drop: false }`
[INFO] [stderr] WARNING: Your kernel does not support swap limit capabilities or the cgroup is not mounted. Memory limited without swap.
[INFO] [stdout] e338a08d9d8fa5a02db283ecd27b1e06532f9f935e1a1e0e7eda0e0a1225921f
[INFO] running `Command { std: "docker" "start" "-a" "e338a08d9d8fa5a02db283ecd27b1e06532f9f935e1a1e0e7eda0e0a1225921f", kill_on_drop: false }`
[INFO] [stderr] warning: unused import: `embedded_hal_mock as hal`
[INFO] [stderr]    --> src/lib.rs:335:9
[INFO] [stderr]     |
[INFO] [stderr] 335 |     use embedded_hal_mock as hal;
[INFO] [stderr]     |         ^^^^^^^^^^^^^^^^^^^^^^^^
[INFO] [stderr]     |
[INFO] [stderr]     = note: `#[warn(unused_imports)]` on by default
[INFO] [stderr] 
[INFO] [stderr] warning: 1 warning emitted
[INFO] [stderr] 
[INFO] [stderr]     Finished test [unoptimized + debuginfo] target(s) in 0.01s
[INFO] [stderr]      Running unittests (/opt/rustwide/target/debug/deps/pcf8563-e611f18ed9624e02)
[INFO] [stdout] 
[INFO] [stdout] running 2 tests
[INFO] [stdout] test tests::can_convert_decode_bcd ... ok
[INFO] [stdout] test tests::can_convert_encode_bcd ... ok
[INFO] [stdout] 
[INFO] [stdout] test result: ok. 2 passed; 0 failed; 0 ignored; 0 measured; 0 filtered out; finished in 0.00s
[INFO] [stdout] 
[INFO] [stderr]    Doc-tests pcf8563
[INFO] [stdout] 
[INFO] [stdout] running 8 tests
[INFO] [stdout] test src/lib.rs - (line 39) ... FAILED
[INFO] [stdout] test src/lib.rs - (line 95) ... FAILED
[INFO] [stdout] test src/lib.rs - (line 67) ... FAILED
[INFO] [stdout] test src/lib.rs - (line 49) ... FAILED
[INFO] [stdout] test src/lib.rs - (line 168) ... FAILED
[INFO] [stdout] test src/lib.rs - (line 139) ... FAILED
[INFO] [stdout] test src/lib.rs - (line 118) ... FAILED
[INFO] [stdout] test src/lib.rs - (line 108) ... FAILED
[INFO] [stdout] 
[INFO] [stdout] failures:
[INFO] [stdout] 
[INFO] [stdout] ---- src/lib.rs - (line 39) stdout ----
[INFO] [stdout] error[E0433]: failed to resolve: use of undeclared type `PCF`
[INFO] [stdout]  --> src/lib.rs:42:15
[INFO] [stdout]   |
[INFO] [stdout] 6 | let mut rtc = PCF::new(i2c);
[INFO] [stdout]   |               ^^^ use of undeclared type `PCF`
[INFO] [stdout] 
[INFO] [stdout] error[E0425]: cannot find value `i2c` in this scope
[INFO] [stdout]  --> src/lib.rs:42:24
[INFO] [stdout]   |
[INFO] [stdout] 6 | let mut rtc = PCF::new(i2c);
[INFO] [stdout]   |                        ^^^ not found in this scope
[INFO] [stdout] 
[INFO] [stdout] error: aborting due to 2 previous errors
[INFO] [stdout] 
[INFO] [stdout] Some errors have detailed explanations: E0425, E0433.
[INFO] [stdout] For more information about an error, try `rustc --explain E0425`.
[INFO] [stdout] Couldn't compile the test.
[INFO] [stdout] ---- src/lib.rs - (line 95) stdout ----
[INFO] [stdout] error[E0433]: failed to resolve: use of undeclared type `Control`
[INFO] [stdout]  --> src/lib.rs:100:27
[INFO] [stdout]   |
[INFO] [stdout] 7 | rtc.control_alarm_minutes(Control::On).unwrap();
[INFO] [stdout]   |                           ^^^^^^^ use of undeclared type `Control`
[INFO] [stdout] 
[INFO] [stdout] error[E0433]: failed to resolve: use of undeclared type `Control`
[INFO] [stdout]  --> src/lib.rs:101:25
[INFO] [stdout]   |
[INFO] [stdout] 8 | rtc.control_alarm_hours(Control::On).unwrap();
[INFO] [stdout]   |                         ^^^^^^^ use of undeclared type `Control`
[INFO] [stdout] 
[INFO] [stdout] error[E0433]: failed to resolve: use of undeclared type `Control`
[INFO] [stdout]  --> src/lib.rs:102:29
[INFO] [stdout]   |
[INFO] [stdout] 9 | rtc.control_alarm_interrupt(Control::On).unwrap();
[INFO] [stdout]   |                             ^^^^^^^ use of undeclared type `Control`
[INFO] [stdout] 
[INFO] [stdout] error[E0425]: cannot find value `rtc` in this scope
[INFO] [stdout]  --> src/lib.rs:98:1
[INFO] [stdout]   |
[INFO] [stdout] 5 | rtc.set_alarm_minutes(25).unwrap();
[INFO] [stdout]   | ^^^ not found in this scope
[INFO] [stdout] 
[INFO] [stdout] error[E0425]: cannot find value `rtc` in this scope
[INFO] [stdout]  --> src/lib.rs:99:1
[INFO] [stdout]   |
[INFO] [stdout] 6 | rtc.set_alarm_hours(9).unwrap();
[INFO] [stdout]   | ^^^ not found in this scope
[INFO] [stdout] 
[INFO] [stdout] error[E0425]: cannot find value `rtc` in this scope
[INFO] [stdout]  --> src/lib.rs:100:1
[INFO] [stdout]   |
[INFO] [stdout] 7 | rtc.control_alarm_minutes(Control::On).unwrap();
[INFO] [stdout]   | ^^^ not found in this scope
[INFO] [stdout] 
[INFO] [stdout] error[E0425]: cannot find value `rtc` in this scope
[INFO] [stdout]  --> src/lib.rs:101:1
[INFO] [stdout]   |
[INFO] [stdout] 8 | rtc.control_alarm_hours(Control::On).unwrap();
[INFO] [stdout]   | ^^^ not found in this scope
[INFO] [stdout] 
[INFO] [stdout] error[E0425]: cannot find value `rtc` in this scope
[INFO] [stdout]  --> src/lib.rs:102:1
[INFO] [stdout]   |
[INFO] [stdout] 9 | rtc.control_alarm_interrupt(Control::On).unwrap();
[INFO] [stdout]   | ^^^ not found in this scope
[INFO] [stdout] 
[INFO] [stdout] error: aborting due to 8 previous errors
[INFO] [stdout] 
[INFO] [stdout] Some errors have detailed explanations: E0425, E0433.
[INFO] [stdout] For more information about an error, try `rustc --explain E0425`.
[INFO] [stdout] Couldn't compile the test.
[INFO] [stdout] ---- src/lib.rs - (line 67) stdout ----
[INFO] [stdout] error[E0433]: failed to resolve: use of undeclared type `PCF8563`
[INFO] [stdout]  --> src/lib.rs:69:15
[INFO] [stdout]   |
[INFO] [stdout] 4 | let mut rtc = PCF8563::new(i2c);
[INFO] [stdout]   |               ^^^^^^^ not found in this scope
[INFO] [stdout]   |
[INFO] [stdout] help: consider importing this struct
[INFO] [stdout]   |
[INFO] [stdout] 3 | use pcf8563::PCF8563;
[INFO] [stdout]   |
[INFO] [stdout] 
[INFO] [stdout] error[E0425]: cannot find value `i2c` in this scope
[INFO] [stdout]  --> src/lib.rs:69:28
[INFO] [stdout]   |
[INFO] [stdout] 4 | let mut rtc = PCF8563::new(i2c);
[INFO] [stdout]   |                            ^^^ not found in this scope
[INFO] [stdout] 
[INFO] [stdout] error[E0422]: cannot find struct, variant or union type `DateTime` in this scope
[INFO] [stdout]  --> src/lib.rs:71:11
[INFO] [stdout]   |
[INFO] [stdout] 6 | let now = DateTime {
[INFO] [stdout]   |           ^^^^^^^^ not found in this scope
[INFO] [stdout]   |
[INFO] [stdout] help: consider importing this struct
[INFO] [stdout]   |
[INFO] [stdout] 3 | use pcf8563::DateTime;
[INFO] [stdout]   |
[INFO] [stdout] 
[INFO] [stdout] error: aborting due to 3 previous errors
[INFO] [stdout] 
[INFO] [stdout] Some errors have detailed explanations: E0422, E0425, E0433.
[INFO] [stdout] For more information about an error, try `rustc --explain E0422`.
[INFO] [stdout] Couldn't compile the test.
[INFO] [stdout] ---- src/lib.rs - (line 49) stdout ----
[INFO] [stdout] error[E0425]: cannot find value `rtc` in this scope
[INFO] [stdout]  --> src/lib.rs:50:1
[INFO] [stdout]   |
[INFO] [stdout] 3 | rtc.rtc_init().unwrap();
[INFO] [stdout]   | ^^^ not found in this scope
[INFO] [stdout] 
[INFO] [stdout] error: aborting due to previous error
[INFO] [stdout] 
[INFO] [stdout] For more information about this error, try `rustc --explain E0425`.
[INFO] [stdout] Couldn't compile the test.
[INFO] [stdout] ---- src/lib.rs - (line 168) stdout ----
[INFO] [stdout] error[E0433]: failed to resolve: use of undeclared type `ClkoutFreq`
[INFO] [stdout]  --> src/lib.rs:169:26
[INFO] [stdout]   |
[INFO] [stdout] 3 | rtc.set_clkout_frequency(ClkoutFreq::Clkout_1024Hz).unwrap(); // set the frequency
[INFO] [stdout]   |                          ^^^^^^^^^^ use of undeclared type `ClkoutFreq`
[INFO] [stdout] 
[INFO] [stdout] error[E0433]: failed to resolve: use of undeclared type `Control`
[INFO] [stdout]  --> src/lib.rs:170:20
[INFO] [stdout]   |
[INFO] [stdout] 4 | rtc.control_clkout(Control::On).unwrap(); // enable the clock output
[INFO] [stdout]   |                    ^^^^^^^ use of undeclared type `Control`
[INFO] [stdout] 
[INFO] [stdout] error[E0425]: cannot find value `rtc` in this scope
[INFO] [stdout]  --> src/lib.rs:169:1
[INFO] [stdout]   |
[INFO] [stdout] 3 | rtc.set_clkout_frequency(ClkoutFreq::Clkout_1024Hz).unwrap(); // set the frequency
[INFO] [stdout]   | ^^^ not found in this scope
[INFO] [stdout] 
[INFO] [stdout] error[E0425]: cannot find value `rtc` in this scope
[INFO] [stdout]  --> src/lib.rs:170:1
[INFO] [stdout]   |
[INFO] [stdout] 4 | rtc.control_clkout(Control::On).unwrap(); // enable the clock output
[INFO] [stdout]   | ^^^ not found in this scope
[INFO] [stdout] 
[INFO] [stdout] error: aborting due to 4 previous errors
[INFO] [stdout] 
[INFO] [stdout] Some errors have detailed explanations: E0425, E0433.
[INFO] [stdout] For more information about an error, try `rustc --explain E0425`.
[INFO] [stdout] Couldn't compile the test.
[INFO] [stdout] ---- src/lib.rs - (line 139) stdout ----
[INFO] [stdout] error[E0433]: failed to resolve: use of undeclared type `TimerFreq`
[INFO] [stdout]  --> src/lib.rs:140:25
[INFO] [stdout]   |
[INFO] [stdout] 3 | rtc.set_timer_frequency(TimerFreq::Timer_1Hz).unwrap(); // set frequency to 1 Hz
[INFO] [stdout]   |                         ^^^^^^^^^ use of undeclared type `TimerFreq`
[INFO] [stdout] 
[INFO] [stdout] error[E0433]: failed to resolve: use of undeclared type `Control`
[INFO] [stdout]  --> src/lib.rs:142:29
[INFO] [stdout]   |
[INFO] [stdout] 5 | rtc.control_timer_interrupt(Control::On).unwrap(); // enable timer interrupt
[INFO] [stdout]   |                             ^^^^^^^ use of undeclared type `Control`
[INFO] [stdout] 
[INFO] [stdout] error[E0433]: failed to resolve: use of undeclared type `Control`
[INFO] [stdout]  --> src/lib.rs:143:19
[INFO] [stdout]   |
[INFO] [stdout] 6 | rtc.control_timer(Control::On).unwrap(); // start the timer
[INFO] [stdout]   |                   ^^^^^^^ use of undeclared type `Control`
[INFO] [stdout] 
[INFO] [stdout] error[E0433]: failed to resolve: use of undeclared type `Control`
[INFO] [stdout]   --> src/lib.rs:147:19
[INFO] [stdout]    |
[INFO] [stdout] 10 | rtc.control_timer(Control::Off).unwrap(); // disable the timer
[INFO] [stdout]    |                   ^^^^^^^ use of undeclared type `Control`
[INFO] [stdout] 
[INFO] [stdout] error[E0425]: cannot find value `rtc` in this scope
[INFO] [stdout]  --> src/lib.rs:140:1
[INFO] [stdout]   |
[INFO] [stdout] 3 | rtc.set_timer_frequency(TimerFreq::Timer_1Hz).unwrap(); // set frequency to 1 Hz
[INFO] [stdout]   | ^^^ not found in this scope
[INFO] [stdout] 
[INFO] [stdout] error[E0425]: cannot find value `rtc` in this scope
[INFO] [stdout]  --> src/lib.rs:141:1
[INFO] [stdout]   |
[INFO] [stdout] 4 | rtc.set_timer(30).unwrap(); // set timer to 30 ticks 
[INFO] [stdout]   | ^^^ not found in this scope
[INFO] [stdout] 
[INFO] [stdout] error[E0425]: cannot find value `rtc` in this scope
[INFO] [stdout]  --> src/lib.rs:142:1
[INFO] [stdout]   |
[INFO] [stdout] 5 | rtc.control_timer_interrupt(Control::On).unwrap(); // enable timer interrupt
[INFO] [stdout]   | ^^^ not found in this scope
[INFO] [stdout] 
[INFO] [stdout] error[E0425]: cannot find value `rtc` in this scope
[INFO] [stdout]  --> src/lib.rs:143:1
[INFO] [stdout]   |
[INFO] [stdout] 6 | rtc.control_timer(Control::On).unwrap(); // start the timer
[INFO] [stdout]   | ^^^ not found in this scope
[INFO] [stdout] 
[INFO] [stdout] error[E0425]: cannot find value `rtc` in this scope
[INFO] [stdout]   --> src/lib.rs:147:1
[INFO] [stdout]    |
[INFO] [stdout] 10 | rtc.control_timer(Control::Off).unwrap(); // disable the timer
[INFO] [stdout]    | ^^^ not found in this scope
[INFO] [stdout] 
[INFO] [stdout] error[E0425]: cannot find value `rtc` in this scope
[INFO] [stdout]   --> src/lib.rs:148:1
[INFO] [stdout]    |
[INFO] [stdout] 11 | rtc.clear_timer_flag().unwrap(); // clear the timer flag
[INFO] [stdout]    | ^^^ not found in this scope
[INFO] [stdout] 
[INFO] [stdout] error: aborting due to 10 previous errors
[INFO] [stdout] 
[INFO] [stdout] Some errors have detailed explanations: E0425, E0433.
[INFO] [stdout] For more information about an error, try `rustc --explain E0425`.
[INFO] [stdout] Couldn't compile the test.
[INFO] [stdout] ---- src/lib.rs - (line 118) stdout ----
[INFO] [stdout] error[E0425]: cannot find value `rtc` in this scope
[INFO] [stdout]  --> src/lib.rs:119:1
[INFO] [stdout]   |
[INFO] [stdout] 3 | rtc.disable_all_alarms().unwrap();
[INFO] [stdout]   | ^^^ not found in this scope
[INFO] [stdout] 
[INFO] [stdout] error: aborting due to previous error
[INFO] [stdout] 
[INFO] [stdout] For more information about this error, try `rustc --explain E0425`.
[INFO] [stdout] Couldn't compile the test.
[INFO] [stdout] ---- src/lib.rs - (line 108) stdout ----
[INFO] [stdout] error[E0425]: cannot find value `rtc` in this scope
[INFO] [stdout]  --> src/lib.rs:109:4
[INFO] [stdout]   |
[INFO] [stdout] 3 | if rtc.get_alarm_flag().unwrap() {
[INFO] [stdout]   |    ^^^ not found in this scope
[INFO] [stdout] 
[INFO] [stdout] error[E0425]: cannot find value `rtc` in this scope
[INFO] [stdout]  --> src/lib.rs:110:5
[INFO] [stdout]   |
[INFO] [stdout] 4 |     rtc.clear_alarm_flag().unwrap()
[INFO] [stdout]   |     ^^^ not found in this scope
[INFO] [stdout] 
[INFO] [stdout] error: aborting due to 2 previous errors
[INFO] [stdout] 
[INFO] [stdout] For more information about this error, try `rustc --explain E0425`.
[INFO] [stdout] Couldn't compile the test.
[INFO] [stdout] 
[INFO] [stdout] failures:
[INFO] [stdout]     src/lib.rs - (line 108)
[INFO] [stdout]     src/lib.rs - (line 118)
[INFO] [stdout]     src/lib.rs - (line 139)
[INFO] [stdout]     src/lib.rs - (line 168)
[INFO] [stdout]     src/lib.rs - (line 39)
[INFO] [stdout]     src/lib.rs - (line 49)
[INFO] [stdout]     src/lib.rs - (line 67)
[INFO] [stdout]     src/lib.rs - (line 95)
[INFO] [stdout] 
[INFO] [stdout] test result: FAILED. 0 passed; 8 failed; 0 ignored; 0 measured; 0 filtered out; finished in 0.72s
[INFO] [stdout] 
[INFO] [stderr] error: test failed, to rerun pass '--doc'
[INFO] running `Command { std: "docker" "inspect" "e338a08d9d8fa5a02db283ecd27b1e06532f9f935e1a1e0e7eda0e0a1225921f", kill_on_drop: false }`
[INFO] running `Command { std: "docker" "rm" "-f" "e338a08d9d8fa5a02db283ecd27b1e06532f9f935e1a1e0e7eda0e0a1225921f", kill_on_drop: false }`
[INFO] [stdout] e338a08d9d8fa5a02db283ecd27b1e06532f9f935e1a1e0e7eda0e0a1225921f
