[INFO] fetching crate pathfinder 0.6.5...
[INFO] testing pathfinder-0.6.5 against beta-2021-08-01 for beta-1.55-1
[INFO] extracting crate pathfinder 0.6.5 into /workspace/builds/worker-68/source
[INFO] validating manifest of crates.io crate pathfinder 0.6.5 on toolchain beta-2021-08-01
[INFO] running `Command { std: "/workspace/cargo-home/bin/cargo" "+beta-2021-08-01" "metadata" "--manifest-path" "Cargo.toml" "--no-deps", kill_on_drop: false }`
[INFO] started tweaking crates.io crate pathfinder 0.6.5
[INFO] finished tweaking crates.io crate pathfinder 0.6.5
[INFO] tweaked toml for crates.io crate pathfinder 0.6.5 written to /workspace/builds/worker-68/source/Cargo.toml
[INFO] running `Command { std: "/workspace/cargo-home/bin/cargo" "+beta-2021-08-01" "generate-lockfile" "--manifest-path" "Cargo.toml" "-Zno-index-update", kill_on_drop: false }`
[INFO] [stderr]     Blocking waiting for file lock on package cache
[INFO] running `Command { std: "/workspace/cargo-home/bin/cargo" "+beta-2021-08-01" "fetch" "--manifest-path" "Cargo.toml", kill_on_drop: false }`
[INFO] [stderr]     Blocking waiting for file lock on package cache
[INFO] [stderr]     Blocking waiting for file lock on package cache
[INFO] running `Command { std: "docker" "create" "-v" "/var/lib/crater-agent-workspace/builds/worker-68/target:/opt/rustwide/target:rw,Z" "-v" "/var/lib/crater-agent-workspace/builds/worker-68/source:/opt/rustwide/workdir:ro,Z" "-v" "/var/lib/crater-agent-workspace/cargo-home:/opt/rustwide/cargo-home:ro,Z" "-v" "/var/lib/crater-agent-workspace/rustup-home:/opt/rustwide/rustup-home:ro,Z" "-e" "SOURCE_DIR=/opt/rustwide/workdir" "-e" "CARGO_TARGET_DIR=/opt/rustwide/target" "-e" "CARGO_HOME=/opt/rustwide/cargo-home" "-e" "RUSTUP_HOME=/opt/rustwide/rustup-home" "-w" "/opt/rustwide/workdir" "-m" "1610612736" "--user" "0:0" "--network" "none" "ghcr.io/rust-lang/crates-build-env/linux@sha256:34b6a614d2c27851fe6cbf88fbd1137609cefab8b10d0615aaeb6fd47975d74e" "/opt/rustwide/cargo-home/bin/cargo" "+beta-2021-08-01" "metadata" "--no-deps" "--format-version=1", kill_on_drop: false }`
[INFO] [stdout] d48f923b9f261490daaf4be2e84c081d9ccaa69d888f11b96cff0e1fe42fe0c2
[INFO] running `Command { std: "docker" "start" "-a" "d48f923b9f261490daaf4be2e84c081d9ccaa69d888f11b96cff0e1fe42fe0c2", kill_on_drop: false }`
[INFO] running `Command { std: "docker" "inspect" "d48f923b9f261490daaf4be2e84c081d9ccaa69d888f11b96cff0e1fe42fe0c2", kill_on_drop: false }`
[INFO] running `Command { std: "docker" "rm" "-f" "d48f923b9f261490daaf4be2e84c081d9ccaa69d888f11b96cff0e1fe42fe0c2", kill_on_drop: false }`
[INFO] [stdout] d48f923b9f261490daaf4be2e84c081d9ccaa69d888f11b96cff0e1fe42fe0c2
[INFO] running `Command { std: "docker" "create" "-v" "/var/lib/crater-agent-workspace/builds/worker-68/target:/opt/rustwide/target:rw,Z" "-v" "/var/lib/crater-agent-workspace/builds/worker-68/source:/opt/rustwide/workdir:ro,Z" "-v" "/var/lib/crater-agent-workspace/cargo-home:/opt/rustwide/cargo-home:ro,Z" "-v" "/var/lib/crater-agent-workspace/rustup-home:/opt/rustwide/rustup-home:ro,Z" "-e" "SOURCE_DIR=/opt/rustwide/workdir" "-e" "CARGO_TARGET_DIR=/opt/rustwide/target" "-e" "CARGO_INCREMENTAL=0" "-e" "RUST_BACKTRACE=full" "-e" "RUSTFLAGS=--cap-lints=warn" "-e" "CARGO_HOME=/opt/rustwide/cargo-home" "-e" "RUSTUP_HOME=/opt/rustwide/rustup-home" "-w" "/opt/rustwide/workdir" "-m" "1610612736" "--user" "0:0" "--network" "none" "ghcr.io/rust-lang/crates-build-env/linux@sha256:34b6a614d2c27851fe6cbf88fbd1137609cefab8b10d0615aaeb6fd47975d74e" "/opt/rustwide/cargo-home/bin/cargo" "+beta-2021-08-01" "build" "--frozen" "--message-format=json", kill_on_drop: false }`
[INFO] [stdout] 951cf0bd4054ed586555826e78db59973d5e21387f1bb537bbe2f91bbef0d04f
[INFO] running `Command { std: "docker" "start" "-a" "951cf0bd4054ed586555826e78db59973d5e21387f1bb537bbe2f91bbef0d04f", kill_on_drop: false }`
[INFO] [stderr]     Blocking waiting for file lock on package cache
[INFO] [stderr]     Blocking waiting for file lock on package cache
[INFO] [stderr]    Compiling crossbeam-utils v0.8.5
[INFO] [stderr]    Compiling autocfg v0.1.7
[INFO] [stderr]    Compiling rand_core v0.4.2
[INFO] [stderr]    Compiling crossbeam-epoch v0.9.5
[INFO] [stderr]    Compiling rayon-core v1.9.1
[INFO] [stderr]    Compiling syn v0.15.44
[INFO] [stderr]    Compiling adler32 v1.2.0
[INFO] [stderr]    Compiling num-derive v0.2.5
[INFO] [stderr]    Compiling lzw v0.10.0
[INFO] [stderr]    Compiling color_quant v1.1.0
[INFO] [stderr]    Compiling scoped_threadpool v0.1.9
[INFO] [stderr]    Compiling pythagoras v0.1.1
[INFO] [stderr]    Compiling memoffset v0.6.4
[INFO] [stderr]    Compiling rayon v1.5.1
[INFO] [stderr]    Compiling num-rational v0.2.4
[INFO] [stderr]    Compiling num-traits v0.2.14
[INFO] [stderr]    Compiling num-iter v0.1.42
[INFO] [stderr]    Compiling num_cpus v1.13.0
[INFO] [stderr]    Compiling inflate v0.4.5
[INFO] [stderr]    Compiling deflate v0.7.20
[INFO] [stderr]    Compiling gif v0.10.3
[INFO] [stderr]    Compiling rand_core v0.3.1
[INFO] [stderr]    Compiling rand_jitter v0.1.4
[INFO] [stderr]    Compiling rand_os v0.1.3
[INFO] [stderr]    Compiling rand_chacha v0.1.1
[INFO] [stderr]    Compiling rand_pcg v0.1.2
[INFO] [stderr]    Compiling rand v0.6.5
[INFO] [stderr]    Compiling rand_xorshift v0.1.1
[INFO] [stderr]    Compiling rand_hc v0.1.0
[INFO] [stderr]    Compiling rand_isaac v0.1.1
[INFO] [stderr]    Compiling num-integer v0.1.44
[INFO] [stderr]    Compiling crossbeam-channel v0.5.1
[INFO] [stderr]    Compiling crossbeam-deque v0.8.1
[INFO] [stderr]    Compiling png v0.14.1
[INFO] [stderr]    Compiling jpeg-decoder v0.1.22
[INFO] [stderr]    Compiling tiff v0.2.2
[INFO] [stderr]    Compiling image v0.21.3
[INFO] [stderr]    Compiling pathfinder v0.6.5 (/opt/rustwide/workdir)
[INFO] [stdout] warning: trait objects without an explicit `dyn` are deprecated
[INFO] [stdout]   --> src/coordinate/mod.rs:19:48
[INFO] [stdout]    |
[INFO] [stdout] 19 | pub fn from_list<T>(list: &[(i16, i16)], get: &Fn(Coordinate, usize) -> T) -> Vec<T> {
[INFO] [stdout]    |                                                ^^^^^^^^^^^^^^^^^^^^^^^^^^ help: use `dyn`: `dyn Fn(Coordinate, usize) -> T`
[INFO] [stdout]    |
[INFO] [stdout]    = note: `#[warn(bare_trait_objects)]` on by default
[INFO] [stdout]    = warning: this is accepted in the current edition (Rust 2018) but is a hard error in Rust 2021!
[INFO] [stdout]    = note: for more information, see issue #80165 <https://github.com/rust-lang/rust/issues/80165>
[INFO] [stdout] 
[INFO] [stdout] 
[INFO] [stdout] warning: trait objects without an explicit `dyn` are deprecated
[INFO] [stdout]   --> src/coordinate/mod.rs:56:56
[INFO] [stdout]    |
[INFO] [stdout] 56 | pub fn calc(start: Coordinate, variable: usize, call: &Fn(usize) -> Coordinate) -> Coordinate {
[INFO] [stdout]    |                                                        ^^^^^^^^^^^^^^^^^^^^^^^ help: use `dyn`: `dyn Fn(usize) -> Coordinate`
[INFO] [stdout]    |
[INFO] [stdout]    = warning: this is accepted in the current edition (Rust 2018) but is a hard error in Rust 2021!
[INFO] [stdout]    = note: for more information, see issue #80165 <https://github.com/rust-lang/rust/issues/80165>
[INFO] [stdout] 
[INFO] [stdout] 
[INFO] [stdout] warning: trait objects without an explicit `dyn` are deprecated
[INFO] [stdout]   --> src/data/mod.rs:20:25
[INFO] [stdout]    |
[INFO] [stdout] 20 |     pub lambda_tag: &'a Fn(&str) -> bool,
[INFO] [stdout]    |                         ^^^^^^^^^^^^^^^^ help: use `dyn`: `dyn Fn(&str) -> bool`
[INFO] [stdout]    |
[INFO] [stdout]    = warning: this is accepted in the current edition (Rust 2018) but is a hard error in Rust 2021!
[INFO] [stdout]    = note: for more information, see issue #80165 <https://github.com/rust-lang/rust/issues/80165>
[INFO] [stdout] 
[INFO] [stdout] 
[INFO] [stdout] warning: trait objects without an explicit `dyn` are deprecated
[INFO] [stdout]   --> src/data/mod.rs:27:42
[INFO] [stdout]    |
[INFO] [stdout] 27 | pub fn convert_file(path: &str, lambda: &Fn(&str) -> bool) -> Result<Vec<Group>, io::Error> {
[INFO] [stdout]    |                                          ^^^^^^^^^^^^^^^^ help: use `dyn`: `dyn Fn(&str) -> bool`
[INFO] [stdout]    |
[INFO] [stdout]    = warning: this is accepted in the current edition (Rust 2018) but is a hard error in Rust 2021!
[INFO] [stdout]    = note: for more information, see issue #80165 <https://github.com/rust-lang/rust/issues/80165>
[INFO] [stdout] 
[INFO] [stdout] 
[INFO] [stdout] warning: trait objects without an explicit `dyn` are deprecated
[INFO] [stdout]   --> src/data/mod.rs:46:40
[INFO] [stdout]    |
[INFO] [stdout] 46 | pub fn convert(content: &str, lambda: &Fn(&str) -> bool) -> Vec<Group> {
[INFO] [stdout]    |                                        ^^^^^^^^^^^^^^^^ help: use `dyn`: `dyn Fn(&str) -> bool`
[INFO] [stdout]    |
[INFO] [stdout]    = warning: this is accepted in the current edition (Rust 2018) but is a hard error in Rust 2021!
[INFO] [stdout]    = note: for more information, see issue #80165 <https://github.com/rust-lang/rust/issues/80165>
[INFO] [stdout] 
[INFO] [stdout] 
[INFO] [stdout] warning: trait objects without an explicit `dyn` are deprecated
[INFO] [stdout]   --> src/data/mod.rs:59:25
[INFO] [stdout]    |
[INFO] [stdout] 59 |         lambda_tag: &'a Fn(&str) -> bool,
[INFO] [stdout]    |                         ^^^^^^^^^^^^^^^^ help: use `dyn`: `dyn Fn(&str) -> bool`
[INFO] [stdout]    |
[INFO] [stdout]    = warning: this is accepted in the current edition (Rust 2018) but is a hard error in Rust 2021!
[INFO] [stdout]    = note: for more information, see issue #80165 <https://github.com/rust-lang/rust/issues/80165>
[INFO] [stdout] 
[INFO] [stdout] 
[INFO] [stdout] warning: trait objects without an explicit `dyn` are deprecated
[INFO] [stdout]   --> src/map/gif.rs:15:20
[INFO] [stdout]    |
[INFO] [stdout] 15 |     predicate: &'a Fn(&T) -> T,
[INFO] [stdout]    |                    ^^^^^^^^^^^ help: use `dyn`: `dyn Fn(&T) -> T`
[INFO] [stdout]    |
[INFO] [stdout]    = warning: this is accepted in the current edition (Rust 2018) but is a hard error in Rust 2021!
[INFO] [stdout]    = note: for more information, see issue #80165 <https://github.com/rust-lang/rust/issues/80165>
[INFO] [stdout] 
[INFO] [stdout] 
[INFO] [stdout] warning: trait objects without an explicit `dyn` are deprecated
[INFO] [stdout]   --> src/map/gif.rs:19:58
[INFO] [stdout]    |
[INFO] [stdout] 19 |     pub fn new(interval: u8, map: Vec<T>, predicate: &'a Fn(&T) -> T) -> Self {
[INFO] [stdout]    |                                                          ^^^^^^^^^^^ help: use `dyn`: `dyn Fn(&T) -> T`
[INFO] [stdout]    |
[INFO] [stdout]    = warning: this is accepted in the current edition (Rust 2018) but is a hard error in Rust 2021!
[INFO] [stdout]    = note: for more information, see issue #80165 <https://github.com/rust-lang/rust/issues/80165>
[INFO] [stdout] 
[INFO] [stdout] 
[INFO] [stdout] warning: trait objects without an explicit `dyn` are deprecated
[INFO] [stdout]    --> src/map/gif.rs:101:24
[INFO] [stdout]     |
[INFO] [stdout] 101 |         predicate: &'a Fn(&Node) -> Node,
[INFO] [stdout]     |                        ^^^^^^^^^^^^^^^^^ help: use `dyn`: `dyn Fn(&Node) -> Node`
[INFO] [stdout]     |
[INFO] [stdout]     = warning: this is accepted in the current edition (Rust 2018) but is a hard error in Rust 2021!
[INFO] [stdout]     = note: for more information, see issue #80165 <https://github.com/rust-lang/rust/issues/80165>
[INFO] [stdout] 
[INFO] [stdout] 
[INFO] [stdout] warning: trait objects without an explicit `dyn` are deprecated
[INFO] [stdout]   --> src/map/network.rs:30:17
[INFO] [stdout]    |
[INFO] [stdout] 30 |     algorithm: &Fn(&Network<Node>, Node, Node) -> io::Result<Vec<Node>>,
[INFO] [stdout]    |                 ^^^^^^^^^^^^^^^^^^^^^^^^^^^^^^^^^^^^^^^^^^^^^^^^^^^^^^^ help: use `dyn`: `dyn Fn(&Network<Node>, Node, Node) -> io::Result<Vec<Node>>`
[INFO] [stdout]    |
[INFO] [stdout]    = warning: this is accepted in the current edition (Rust 2018) but is a hard error in Rust 2021!
[INFO] [stdout]    = note: for more information, see issue #80165 <https://github.com/rust-lang/rust/issues/80165>
[INFO] [stdout] 
[INFO] [stdout] 
[INFO] [stdout] warning: unnecessary parentheses around type
[INFO] [stdout]   --> src/map/mod.rs:19:46
[INFO] [stdout]    |
[INFO] [stdout] 19 | ) -> (image::ImageBuffer<Rgba<u8>, Vec<u8>>, (Coordinate)) {
[INFO] [stdout]    |                                              ^^^^^^^^^^^^ help: remove these parentheses
[INFO] [stdout]    |
[INFO] [stdout]    = note: `#[warn(unused_parens)]` on by default
[INFO] [stdout] 
[INFO] [stdout] 
[INFO] [stdout] warning: trait objects without an explicit `dyn` are deprecated
[INFO] [stdout]    --> src/tools/mod.rs:190:17
[INFO] [stdout]     |
[INFO] [stdout] 190 |     plot_kind: &Fn(Coordinate, Coordinate) -> Vec<Coordinate>,
[INFO] [stdout]     |                 ^^^^^^^^^^^^^^^^^^^^^^^^^^^^^^^^^^^^^^^^^^^^^ help: use `dyn`: `dyn Fn(Coordinate, Coordinate) -> Vec<Coordinate>`
[INFO] [stdout]     |
[INFO] [stdout]     = warning: this is accepted in the current edition (Rust 2018) but is a hard error in Rust 2021!
[INFO] [stdout]     = note: for more information, see issue #80165 <https://github.com/rust-lang/rust/issues/80165>
[INFO] [stdout] 
[INFO] [stdout] 
[INFO] [stdout] warning: trait objects without an explicit `dyn` are deprecated
[INFO] [stdout]    --> src/lib.rs:838:13
[INFO] [stdout]     |
[INFO] [stdout] 838 |         f: &Fn(Coordinate, Coordinate) -> bool,
[INFO] [stdout]     |             ^^^^^^^^^^^^^^^^^^^^^^^^^^^^^^^^^^ help: use `dyn`: `dyn Fn(Coordinate, Coordinate) -> bool`
[INFO] [stdout]     |
[INFO] [stdout]     = warning: this is accepted in the current edition (Rust 2018) but is a hard error in Rust 2021!
[INFO] [stdout]     = note: for more information, see issue #80165 <https://github.com/rust-lang/rust/issues/80165>
[INFO] [stdout] 
[INFO] [stdout] 
[INFO] [stdout] warning: trait objects without an explicit `dyn` are deprecated
[INFO] [stdout]     --> src/lib.rs:1224:35
[INFO] [stdout]      |
[INFO] [stdout] 1224 |     pub fn each(&mut self, func: &Fn(&mut Node)) {
[INFO] [stdout]      |                                   ^^^^^^^^^^^^^ help: use `dyn`: `dyn Fn(&mut Node)`
[INFO] [stdout]      |
[INFO] [stdout]      = warning: this is accepted in the current edition (Rust 2018) but is a hard error in Rust 2021!
[INFO] [stdout]      = note: for more information, see issue #80165 <https://github.com/rust-lang/rust/issues/80165>
[INFO] [stdout] 
[INFO] [stdout] 
[INFO] [stdout] warning: trait objects without an explicit `dyn` are deprecated
[INFO] [stdout]     --> src/lib.rs:1245:30
[INFO] [stdout]      |
[INFO] [stdout] 1245 |     pub fn all(&self, func: &Fn(&Node) -> bool) -> bool {
[INFO] [stdout]      |                              ^^^^^^^^^^^^^^^^^ help: use `dyn`: `dyn Fn(&Node) -> bool`
[INFO] [stdout]      |
[INFO] [stdout]      = warning: this is accepted in the current edition (Rust 2018) but is a hard error in Rust 2021!
[INFO] [stdout]      = note: for more information, see issue #80165 <https://github.com/rust-lang/rust/issues/80165>
[INFO] [stdout] 
[INFO] [stdout] 
[INFO] [stdout] warning: trait objects without an explicit `dyn` are deprecated
[INFO] [stdout]     --> src/lib.rs:1269:30
[INFO] [stdout]      |
[INFO] [stdout] 1269 |     pub fn any(&self, func: &Fn(&Node) -> bool) -> bool {
[INFO] [stdout]      |                              ^^^^^^^^^^^^^^^^^ help: use `dyn`: `dyn Fn(&Node) -> bool`
[INFO] [stdout]      |
[INFO] [stdout]      = warning: this is accepted in the current edition (Rust 2018) but is a hard error in Rust 2021!
[INFO] [stdout]      = note: for more information, see issue #80165 <https://github.com/rust-lang/rust/issues/80165>
[INFO] [stdout] 
[INFO] [stdout] 
[INFO] [stdout] warning: trait objects without an explicit `dyn` are deprecated
[INFO] [stdout]     --> src/lib.rs:1301:40
[INFO] [stdout]      |
[INFO] [stdout] 1301 |     pub fn node_plot(&mut self, calc: &Fn(usize) -> Coordinate) {
[INFO] [stdout]      |                                        ^^^^^^^^^^^^^^^^^^^^^^^ help: use `dyn`: `dyn Fn(usize) -> Coordinate`
[INFO] [stdout]      |
[INFO] [stdout]      = warning: this is accepted in the current edition (Rust 2018) but is a hard error in Rust 2021!
[INFO] [stdout]      = note: for more information, see issue #80165 <https://github.com/rust-lang/rust/issues/80165>
[INFO] [stdout] 
[INFO] [stdout] 
[INFO] [stdout] warning: trait objects without an explicit `dyn` are deprecated
[INFO] [stdout]     --> src/lib.rs:1536:18
[INFO] [stdout]      |
[INFO] [stdout] 1536 |         filter: &Fn(&T) -> bool,
[INFO] [stdout]      |                  ^^^^^^^^^^^^^^ help: use `dyn`: `dyn Fn(&T) -> bool`
[INFO] [stdout]      |
[INFO] [stdout]      = warning: this is accepted in the current edition (Rust 2018) but is a hard error in Rust 2021!
[INFO] [stdout]      = note: for more information, see issue #80165 <https://github.com/rust-lang/rust/issues/80165>
[INFO] [stdout] 
[INFO] [stdout] 
[INFO] [stdout] warning: trait objects without an explicit `dyn` are deprecated
[INFO] [stdout]     --> src/lib.rs:1569:18
[INFO] [stdout]      |
[INFO] [stdout] 1569 |         filter: &Fn(&T) -> bool,
[INFO] [stdout]      |                  ^^^^^^^^^^^^^^ help: use `dyn`: `dyn Fn(&T) -> bool`
[INFO] [stdout]      |
[INFO] [stdout]      = warning: this is accepted in the current edition (Rust 2018) but is a hard error in Rust 2021!
[INFO] [stdout]      = note: for more information, see issue #80165 <https://github.com/rust-lang/rust/issues/80165>
[INFO] [stdout] 
[INFO] [stdout] 
[INFO] [stdout] warning: 19 warnings emitted
[INFO] [stdout] 
[INFO] [stdout] 
[INFO] [stderr]     Finished dev [unoptimized + debuginfo] target(s) in 15.02s
[INFO] running `Command { std: "docker" "inspect" "951cf0bd4054ed586555826e78db59973d5e21387f1bb537bbe2f91bbef0d04f", kill_on_drop: false }`
[INFO] running `Command { std: "docker" "rm" "-f" "951cf0bd4054ed586555826e78db59973d5e21387f1bb537bbe2f91bbef0d04f", kill_on_drop: false }`
[INFO] [stdout] 951cf0bd4054ed586555826e78db59973d5e21387f1bb537bbe2f91bbef0d04f
[INFO] running `Command { std: "docker" "create" "-v" "/var/lib/crater-agent-workspace/builds/worker-68/target:/opt/rustwide/target:rw,Z" "-v" "/var/lib/crater-agent-workspace/builds/worker-68/source:/opt/rustwide/workdir:ro,Z" "-v" "/var/lib/crater-agent-workspace/cargo-home:/opt/rustwide/cargo-home:ro,Z" "-v" "/var/lib/crater-agent-workspace/rustup-home:/opt/rustwide/rustup-home:ro,Z" "-e" "SOURCE_DIR=/opt/rustwide/workdir" "-e" "CARGO_TARGET_DIR=/opt/rustwide/target" "-e" "CARGO_INCREMENTAL=0" "-e" "RUST_BACKTRACE=full" "-e" "RUSTFLAGS=--cap-lints=warn" "-e" "CARGO_HOME=/opt/rustwide/cargo-home" "-e" "RUSTUP_HOME=/opt/rustwide/rustup-home" "-w" "/opt/rustwide/workdir" "-m" "1610612736" "--user" "0:0" "--network" "none" "ghcr.io/rust-lang/crates-build-env/linux@sha256:34b6a614d2c27851fe6cbf88fbd1137609cefab8b10d0615aaeb6fd47975d74e" "/opt/rustwide/cargo-home/bin/cargo" "+beta-2021-08-01" "test" "--frozen" "--no-run" "--message-format=json", kill_on_drop: false }`
[INFO] [stdout] b8106c375a167bda38c1fc8b76b20f3fab951dc1a4e6bb4bf99e8ec879d38377
[INFO] running `Command { std: "docker" "start" "-a" "b8106c375a167bda38c1fc8b76b20f3fab951dc1a4e6bb4bf99e8ec879d38377", kill_on_drop: false }`
[INFO] [stdout] warning: trait objects without an explicit `dyn` are deprecated
[INFO] [stdout]   --> src/coordinate/mod.rs:19:48
[INFO] [stdout]    |
[INFO] [stdout] 19 | pub fn from_list<T>(list: &[(i16, i16)], get: &Fn(Coordinate, usize) -> T) -> Vec<T> {
[INFO] [stdout]    |                                                ^^^^^^^^^^^^^^^^^^^^^^^^^^ help: use `dyn`: `dyn Fn(Coordinate, usize) -> T`
[INFO] [stdout]    |
[INFO] [stdout]    = note: `#[warn(bare_trait_objects)]` on by default
[INFO] [stdout]    = warning: this is accepted in the current edition (Rust 2018) but is a hard error in Rust 2021!
[INFO] [stdout]    = note: for more information, see issue #80165 <https://github.com/rust-lang/rust/issues/80165>
[INFO] [stdout] 
[INFO] [stdout] 
[INFO] [stdout] warning: trait objects without an explicit `dyn` are deprecated
[INFO] [stdout]   --> src/coordinate/mod.rs:56:56
[INFO] [stdout]    |
[INFO] [stdout] 56 | pub fn calc(start: Coordinate, variable: usize, call: &Fn(usize) -> Coordinate) -> Coordinate {
[INFO] [stdout]    |                                                        ^^^^^^^^^^^^^^^^^^^^^^^ help: use `dyn`: `dyn Fn(usize) -> Coordinate`
[INFO] [stdout]    |
[INFO] [stdout]    = warning: this is accepted in the current edition (Rust 2018) but is a hard error in Rust 2021!
[INFO] [stdout]    = note: for more information, see issue #80165 <https://github.com/rust-lang/rust/issues/80165>
[INFO] [stdout] 
[INFO] [stdout] 
[INFO] [stdout] warning: trait objects without an explicit `dyn` are deprecated
[INFO] [stdout]   --> src/data/mod.rs:20:25
[INFO] [stdout]    |
[INFO] [stdout] 20 |     pub lambda_tag: &'a Fn(&str) -> bool,
[INFO] [stdout]    |                         ^^^^^^^^^^^^^^^^ help: use `dyn`: `dyn Fn(&str) -> bool`
[INFO] [stdout]    |
[INFO] [stdout]    = warning: this is accepted in the current edition (Rust 2018) but is a hard error in Rust 2021!
[INFO] [stdout]    = note: for more information, see issue #80165 <https://github.com/rust-lang/rust/issues/80165>
[INFO] [stdout] 
[INFO] [stdout] 
[INFO] [stderr]    Compiling pathfinder v0.6.5 (/opt/rustwide/workdir)
[INFO] [stdout] warning: trait objects without an explicit `dyn` are deprecated
[INFO] [stdout]   --> src/data/mod.rs:27:42
[INFO] [stdout]    |
[INFO] [stdout] 27 | pub fn convert_file(path: &str, lambda: &Fn(&str) -> bool) -> Result<Vec<Group>, io::Error> {
[INFO] [stdout]    |                                          ^^^^^^^^^^^^^^^^ help: use `dyn`: `dyn Fn(&str) -> bool`
[INFO] [stdout]    |
[INFO] [stdout]    = warning: this is accepted in the current edition (Rust 2018) but is a hard error in Rust 2021!
[INFO] [stdout]    = note: for more information, see issue #80165 <https://github.com/rust-lang/rust/issues/80165>
[INFO] [stdout] 
[INFO] [stdout] 
[INFO] [stdout] warning: trait objects without an explicit `dyn` are deprecated
[INFO] [stdout]   --> src/data/mod.rs:46:40
[INFO] [stdout]    |
[INFO] [stdout] 46 | pub fn convert(content: &str, lambda: &Fn(&str) -> bool) -> Vec<Group> {
[INFO] [stdout]    |                                        ^^^^^^^^^^^^^^^^ help: use `dyn`: `dyn Fn(&str) -> bool`
[INFO] [stdout]    |
[INFO] [stdout]    = warning: this is accepted in the current edition (Rust 2018) but is a hard error in Rust 2021!
[INFO] [stdout]    = note: for more information, see issue #80165 <https://github.com/rust-lang/rust/issues/80165>
[INFO] [stdout] 
[INFO] [stdout] 
[INFO] [stdout] warning: trait objects without an explicit `dyn` are deprecated
[INFO] [stdout]   --> src/data/mod.rs:59:25
[INFO] [stdout]    |
[INFO] [stdout] 59 |         lambda_tag: &'a Fn(&str) -> bool,
[INFO] [stdout]    |                         ^^^^^^^^^^^^^^^^ help: use `dyn`: `dyn Fn(&str) -> bool`
[INFO] [stdout]    |
[INFO] [stdout]    = warning: this is accepted in the current edition (Rust 2018) but is a hard error in Rust 2021!
[INFO] [stdout]    = note: for more information, see issue #80165 <https://github.com/rust-lang/rust/issues/80165>
[INFO] [stdout] 
[INFO] [stdout] 
[INFO] [stdout] warning: trait objects without an explicit `dyn` are deprecated
[INFO] [stdout]   --> src/map/gif.rs:15:20
[INFO] [stdout]    |
[INFO] [stdout] 15 |     predicate: &'a Fn(&T) -> T,
[INFO] [stdout]    |                    ^^^^^^^^^^^ help: use `dyn`: `dyn Fn(&T) -> T`
[INFO] [stdout]    |
[INFO] [stdout]    = warning: this is accepted in the current edition (Rust 2018) but is a hard error in Rust 2021!
[INFO] [stdout]    = note: for more information, see issue #80165 <https://github.com/rust-lang/rust/issues/80165>
[INFO] [stdout] 
[INFO] [stdout] 
[INFO] [stdout] warning: trait objects without an explicit `dyn` are deprecated
[INFO] [stdout]   --> src/map/gif.rs:19:58
[INFO] [stdout]    |
[INFO] [stdout] 19 |     pub fn new(interval: u8, map: Vec<T>, predicate: &'a Fn(&T) -> T) -> Self {
[INFO] [stdout]    |                                                          ^^^^^^^^^^^ help: use `dyn`: `dyn Fn(&T) -> T`
[INFO] [stdout]    |
[INFO] [stdout]    = warning: this is accepted in the current edition (Rust 2018) but is a hard error in Rust 2021!
[INFO] [stdout]    = note: for more information, see issue #80165 <https://github.com/rust-lang/rust/issues/80165>
[INFO] [stdout] 
[INFO] [stdout] 
[INFO] [stdout] warning: trait objects without an explicit `dyn` are deprecated
[INFO] [stdout]    --> src/map/gif.rs:101:24
[INFO] [stdout]     |
[INFO] [stdout] 101 |         predicate: &'a Fn(&Node) -> Node,
[INFO] [stdout]     |                        ^^^^^^^^^^^^^^^^^ help: use `dyn`: `dyn Fn(&Node) -> Node`
[INFO] [stdout]     |
[INFO] [stdout]     = warning: this is accepted in the current edition (Rust 2018) but is a hard error in Rust 2021!
[INFO] [stdout]     = note: for more information, see issue #80165 <https://github.com/rust-lang/rust/issues/80165>
[INFO] [stdout] 
[INFO] [stdout] 
[INFO] [stdout] warning: trait objects without an explicit `dyn` are deprecated
[INFO] [stdout]   --> src/map/network.rs:30:17
[INFO] [stdout]    |
[INFO] [stdout] 30 |     algorithm: &Fn(&Network<Node>, Node, Node) -> io::Result<Vec<Node>>,
[INFO] [stdout]    |                 ^^^^^^^^^^^^^^^^^^^^^^^^^^^^^^^^^^^^^^^^^^^^^^^^^^^^^^^ help: use `dyn`: `dyn Fn(&Network<Node>, Node, Node) -> io::Result<Vec<Node>>`
[INFO] [stdout]    |
[INFO] [stdout]    = warning: this is accepted in the current edition (Rust 2018) but is a hard error in Rust 2021!
[INFO] [stdout]    = note: for more information, see issue #80165 <https://github.com/rust-lang/rust/issues/80165>
[INFO] [stdout] 
[INFO] [stdout] 
[INFO] [stdout] warning: unnecessary parentheses around type
[INFO] [stdout]   --> src/map/mod.rs:19:46
[INFO] [stdout]    |
[INFO] [stdout] 19 | ) -> (image::ImageBuffer<Rgba<u8>, Vec<u8>>, (Coordinate)) {
[INFO] [stdout]    |                                              ^^^^^^^^^^^^ help: remove these parentheses
[INFO] [stdout]    |
[INFO] [stdout]    = note: `#[warn(unused_parens)]` on by default
[INFO] [stdout] 
[INFO] [stdout] 
[INFO] [stdout] warning: trait objects without an explicit `dyn` are deprecated
[INFO] [stdout]    --> src/tools/mod.rs:190:17
[INFO] [stdout]     |
[INFO] [stdout] 190 |     plot_kind: &Fn(Coordinate, Coordinate) -> Vec<Coordinate>,
[INFO] [stdout]     |                 ^^^^^^^^^^^^^^^^^^^^^^^^^^^^^^^^^^^^^^^^^^^^^ help: use `dyn`: `dyn Fn(Coordinate, Coordinate) -> Vec<Coordinate>`
[INFO] [stdout]     |
[INFO] [stdout]     = warning: this is accepted in the current edition (Rust 2018) but is a hard error in Rust 2021!
[INFO] [stdout]     = note: for more information, see issue #80165 <https://github.com/rust-lang/rust/issues/80165>
[INFO] [stdout] 
[INFO] [stdout] 
[INFO] [stdout] warning: trait objects without an explicit `dyn` are deprecated
[INFO] [stdout]    --> src/lib.rs:838:13
[INFO] [stdout]     |
[INFO] [stdout] 838 |         f: &Fn(Coordinate, Coordinate) -> bool,
[INFO] [stdout]     |             ^^^^^^^^^^^^^^^^^^^^^^^^^^^^^^^^^^ help: use `dyn`: `dyn Fn(Coordinate, Coordinate) -> bool`
[INFO] [stdout]     |
[INFO] [stdout]     = warning: this is accepted in the current edition (Rust 2018) but is a hard error in Rust 2021!
[INFO] [stdout]     = note: for more information, see issue #80165 <https://github.com/rust-lang/rust/issues/80165>
[INFO] [stdout] 
[INFO] [stdout] 
[INFO] [stdout] warning: trait objects without an explicit `dyn` are deprecated
[INFO] [stdout]     --> src/lib.rs:1224:35
[INFO] [stdout]      |
[INFO] [stdout] 1224 |     pub fn each(&mut self, func: &Fn(&mut Node)) {
[INFO] [stdout]      |                                   ^^^^^^^^^^^^^ help: use `dyn`: `dyn Fn(&mut Node)`
[INFO] [stdout]      |
[INFO] [stdout]      = warning: this is accepted in the current edition (Rust 2018) but is a hard error in Rust 2021!
[INFO] [stdout]      = note: for more information, see issue #80165 <https://github.com/rust-lang/rust/issues/80165>
[INFO] [stdout] 
[INFO] [stdout] 
[INFO] [stdout] warning: trait objects without an explicit `dyn` are deprecated
[INFO] [stdout]     --> src/lib.rs:1245:30
[INFO] [stdout]      |
[INFO] [stdout] 1245 |     pub fn all(&self, func: &Fn(&Node) -> bool) -> bool {
[INFO] [stdout]      |                              ^^^^^^^^^^^^^^^^^ help: use `dyn`: `dyn Fn(&Node) -> bool`
[INFO] [stdout]      |
[INFO] [stdout]      = warning: this is accepted in the current edition (Rust 2018) but is a hard error in Rust 2021!
[INFO] [stdout]      = note: for more information, see issue #80165 <https://github.com/rust-lang/rust/issues/80165>
[INFO] [stdout] 
[INFO] [stdout] 
[INFO] [stdout] warning: trait objects without an explicit `dyn` are deprecated
[INFO] [stdout]     --> src/lib.rs:1269:30
[INFO] [stdout]      |
[INFO] [stdout] 1269 |     pub fn any(&self, func: &Fn(&Node) -> bool) -> bool {
[INFO] [stdout]      |                              ^^^^^^^^^^^^^^^^^ help: use `dyn`: `dyn Fn(&Node) -> bool`
[INFO] [stdout]      |
[INFO] [stdout]      = warning: this is accepted in the current edition (Rust 2018) but is a hard error in Rust 2021!
[INFO] [stdout]      = note: for more information, see issue #80165 <https://github.com/rust-lang/rust/issues/80165>
[INFO] [stdout] 
[INFO] [stdout] 
[INFO] [stdout] warning: trait objects without an explicit `dyn` are deprecated
[INFO] [stdout]     --> src/lib.rs:1301:40
[INFO] [stdout]      |
[INFO] [stdout] 1301 |     pub fn node_plot(&mut self, calc: &Fn(usize) -> Coordinate) {
[INFO] [stdout]      |                                        ^^^^^^^^^^^^^^^^^^^^^^^ help: use `dyn`: `dyn Fn(usize) -> Coordinate`
[INFO] [stdout]      |
[INFO] [stdout]      = warning: this is accepted in the current edition (Rust 2018) but is a hard error in Rust 2021!
[INFO] [stdout]      = note: for more information, see issue #80165 <https://github.com/rust-lang/rust/issues/80165>
[INFO] [stdout] 
[INFO] [stdout] 
[INFO] [stdout] warning: trait objects without an explicit `dyn` are deprecated
[INFO] [stdout]     --> src/lib.rs:1536:18
[INFO] [stdout]      |
[INFO] [stdout] 1536 |         filter: &Fn(&T) -> bool,
[INFO] [stdout]      |                  ^^^^^^^^^^^^^^ help: use `dyn`: `dyn Fn(&T) -> bool`
[INFO] [stdout]      |
[INFO] [stdout]      = warning: this is accepted in the current edition (Rust 2018) but is a hard error in Rust 2021!
[INFO] [stdout]      = note: for more information, see issue #80165 <https://github.com/rust-lang/rust/issues/80165>
[INFO] [stdout] 
[INFO] [stdout] 
[INFO] [stdout] warning: trait objects without an explicit `dyn` are deprecated
[INFO] [stdout]     --> src/lib.rs:1569:18
[INFO] [stdout]      |
[INFO] [stdout] 1569 |         filter: &Fn(&T) -> bool,
[INFO] [stdout]      |                  ^^^^^^^^^^^^^^ help: use `dyn`: `dyn Fn(&T) -> bool`
[INFO] [stdout]      |
[INFO] [stdout]      = warning: this is accepted in the current edition (Rust 2018) but is a hard error in Rust 2021!
[INFO] [stdout]      = note: for more information, see issue #80165 <https://github.com/rust-lang/rust/issues/80165>
[INFO] [stdout] 
[INFO] [stdout] 
[INFO] [stdout] warning: 19 warnings emitted
[INFO] [stdout] 
[INFO] [stdout] 
[INFO] [stdout] warning: trait objects without an explicit `dyn` are deprecated
[INFO] [stdout]   --> src/coordinate/mod.rs:19:48
[INFO] [stdout]    |
[INFO] [stdout] 19 | pub fn from_list<T>(list: &[(i16, i16)], get: &Fn(Coordinate, usize) -> T) -> Vec<T> {
[INFO] [stdout]    |                                                ^^^^^^^^^^^^^^^^^^^^^^^^^^ help: use `dyn`: `dyn Fn(Coordinate, usize) -> T`
[INFO] [stdout]    |
[INFO] [stdout]    = note: `#[warn(bare_trait_objects)]` on by default
[INFO] [stdout]    = warning: this is accepted in the current edition (Rust 2018) but is a hard error in Rust 2021!
[INFO] [stdout]    = note: for more information, see issue #80165 <https://github.com/rust-lang/rust/issues/80165>
[INFO] [stdout] 
[INFO] [stdout] 
[INFO] [stdout] warning: trait objects without an explicit `dyn` are deprecated
[INFO] [stdout]   --> src/coordinate/mod.rs:56:56
[INFO] [stdout]    |
[INFO] [stdout] 56 | pub fn calc(start: Coordinate, variable: usize, call: &Fn(usize) -> Coordinate) -> Coordinate {
[INFO] [stdout]    |                                                        ^^^^^^^^^^^^^^^^^^^^^^^ help: use `dyn`: `dyn Fn(usize) -> Coordinate`
[INFO] [stdout]    |
[INFO] [stdout]    = warning: this is accepted in the current edition (Rust 2018) but is a hard error in Rust 2021!
[INFO] [stdout]    = note: for more information, see issue #80165 <https://github.com/rust-lang/rust/issues/80165>
[INFO] [stdout] 
[INFO] [stdout] 
[INFO] [stdout] warning: trait objects without an explicit `dyn` are deprecated
[INFO] [stdout]   --> src/data/mod.rs:20:25
[INFO] [stdout]    |
[INFO] [stdout] 20 |     pub lambda_tag: &'a Fn(&str) -> bool,
[INFO] [stdout]    |                         ^^^^^^^^^^^^^^^^ help: use `dyn`: `dyn Fn(&str) -> bool`
[INFO] [stdout]    |
[INFO] [stdout]    = warning: this is accepted in the current edition (Rust 2018) but is a hard error in Rust 2021!
[INFO] [stdout]    = note: for more information, see issue #80165 <https://github.com/rust-lang/rust/issues/80165>
[INFO] [stdout] 
[INFO] [stdout] 
[INFO] [stdout] warning: trait objects without an explicit `dyn` are deprecated
[INFO] [stdout]   --> src/data/mod.rs:27:42
[INFO] [stdout]    |
[INFO] [stdout] 27 | pub fn convert_file(path: &str, lambda: &Fn(&str) -> bool) -> Result<Vec<Group>, io::Error> {
[INFO] [stdout]    |                                          ^^^^^^^^^^^^^^^^ help: use `dyn`: `dyn Fn(&str) -> bool`
[INFO] [stdout]    |
[INFO] [stdout]    = warning: this is accepted in the current edition (Rust 2018) but is a hard error in Rust 2021!
[INFO] [stdout]    = note: for more information, see issue #80165 <https://github.com/rust-lang/rust/issues/80165>
[INFO] [stdout] 
[INFO] [stdout] 
[INFO] [stdout] warning: trait objects without an explicit `dyn` are deprecated
[INFO] [stdout]   --> src/data/mod.rs:46:40
[INFO] [stdout]    |
[INFO] [stdout] 46 | pub fn convert(content: &str, lambda: &Fn(&str) -> bool) -> Vec<Group> {
[INFO] [stdout]    |                                        ^^^^^^^^^^^^^^^^ help: use `dyn`: `dyn Fn(&str) -> bool`
[INFO] [stdout]    |
[INFO] [stdout]    = warning: this is accepted in the current edition (Rust 2018) but is a hard error in Rust 2021!
[INFO] [stdout]    = note: for more information, see issue #80165 <https://github.com/rust-lang/rust/issues/80165>
[INFO] [stdout] 
[INFO] [stdout] 
[INFO] [stdout] warning: trait objects without an explicit `dyn` are deprecated
[INFO] [stdout]   --> src/data/mod.rs:59:25
[INFO] [stdout]    |
[INFO] [stdout] 59 |         lambda_tag: &'a Fn(&str) -> bool,
[INFO] [stdout]    |                         ^^^^^^^^^^^^^^^^ help: use `dyn`: `dyn Fn(&str) -> bool`
[INFO] [stdout]    |
[INFO] [stdout]    = warning: this is accepted in the current edition (Rust 2018) but is a hard error in Rust 2021!
[INFO] [stdout]    = note: for more information, see issue #80165 <https://github.com/rust-lang/rust/issues/80165>
[INFO] [stdout] 
[INFO] [stdout] 
[INFO] [stdout] warning: trait objects without an explicit `dyn` are deprecated
[INFO] [stdout]   --> src/map/gif.rs:15:20
[INFO] [stdout]    |
[INFO] [stdout] 15 |     predicate: &'a Fn(&T) -> T,
[INFO] [stdout]    |                    ^^^^^^^^^^^ help: use `dyn`: `dyn Fn(&T) -> T`
[INFO] [stdout]    |
[INFO] [stdout]    = warning: this is accepted in the current edition (Rust 2018) but is a hard error in Rust 2021!
[INFO] [stdout]    = note: for more information, see issue #80165 <https://github.com/rust-lang/rust/issues/80165>
[INFO] [stdout] 
[INFO] [stdout] 
[INFO] [stdout] warning: trait objects without an explicit `dyn` are deprecated
[INFO] [stdout]   --> src/map/gif.rs:19:58
[INFO] [stdout]    |
[INFO] [stdout] 19 |     pub fn new(interval: u8, map: Vec<T>, predicate: &'a Fn(&T) -> T) -> Self {
[INFO] [stdout]    |                                                          ^^^^^^^^^^^ help: use `dyn`: `dyn Fn(&T) -> T`
[INFO] [stdout]    |
[INFO] [stdout]    = warning: this is accepted in the current edition (Rust 2018) but is a hard error in Rust 2021!
[INFO] [stdout]    = note: for more information, see issue #80165 <https://github.com/rust-lang/rust/issues/80165>
[INFO] [stdout] 
[INFO] [stdout] 
[INFO] [stdout] warning: trait objects without an explicit `dyn` are deprecated
[INFO] [stdout]    --> src/map/gif.rs:101:24
[INFO] [stdout]     |
[INFO] [stdout] 101 |         predicate: &'a Fn(&Node) -> Node,
[INFO] [stdout]     |                        ^^^^^^^^^^^^^^^^^ help: use `dyn`: `dyn Fn(&Node) -> Node`
[INFO] [stdout]     |
[INFO] [stdout]     = warning: this is accepted in the current edition (Rust 2018) but is a hard error in Rust 2021!
[INFO] [stdout]     = note: for more information, see issue #80165 <https://github.com/rust-lang/rust/issues/80165>
[INFO] [stdout] 
[INFO] [stdout] 
[INFO] [stdout] warning: trait objects without an explicit `dyn` are deprecated
[INFO] [stdout]    --> src/map/gif.rs:181:22
[INFO] [stdout]     |
[INFO] [stdout] 181 |     fn define(case: &Fn(Gif) -> std::io::Result<()>) {
[INFO] [stdout]     |                      ^^^^^^^^^^^^^^^^^^^^^^^^^^^^^^ help: use `dyn`: `dyn Fn(Gif) -> std::io::Result<()>`
[INFO] [stdout]     |
[INFO] [stdout]     = warning: this is accepted in the current edition (Rust 2018) but is a hard error in Rust 2021!
[INFO] [stdout]     = note: for more information, see issue #80165 <https://github.com/rust-lang/rust/issues/80165>
[INFO] [stdout] 
[INFO] [stdout] 
[INFO] [stdout] warning: trait objects without an explicit `dyn` are deprecated
[INFO] [stdout]   --> src/map/network.rs:30:17
[INFO] [stdout]    |
[INFO] [stdout] 30 |     algorithm: &Fn(&Network<Node>, Node, Node) -> io::Result<Vec<Node>>,
[INFO] [stdout]    |                 ^^^^^^^^^^^^^^^^^^^^^^^^^^^^^^^^^^^^^^^^^^^^^^^^^^^^^^^ help: use `dyn`: `dyn Fn(&Network<Node>, Node, Node) -> io::Result<Vec<Node>>`
[INFO] [stdout]    |
[INFO] [stdout]    = warning: this is accepted in the current edition (Rust 2018) but is a hard error in Rust 2021!
[INFO] [stdout]    = note: for more information, see issue #80165 <https://github.com/rust-lang/rust/issues/80165>
[INFO] [stdout] 
[INFO] [stdout] 
[INFO] [stdout] warning: unnecessary parentheses around type
[INFO] [stdout]   --> src/map/mod.rs:19:46
[INFO] [stdout]    |
[INFO] [stdout] 19 | ) -> (image::ImageBuffer<Rgba<u8>, Vec<u8>>, (Coordinate)) {
[INFO] [stdout]    |                                              ^^^^^^^^^^^^ help: remove these parentheses
[INFO] [stdout]    |
[INFO] [stdout]    = note: `#[warn(unused_parens)]` on by default
[INFO] [stdout] 
[INFO] [stdout] 
[INFO] [stdout] warning: trait objects without an explicit `dyn` are deprecated
[INFO] [stdout]    --> src/tools/mod.rs:190:17
[INFO] [stdout]     |
[INFO] [stdout] 190 |     plot_kind: &Fn(Coordinate, Coordinate) -> Vec<Coordinate>,
[INFO] [stdout]     |                 ^^^^^^^^^^^^^^^^^^^^^^^^^^^^^^^^^^^^^^^^^^^^^ help: use `dyn`: `dyn Fn(Coordinate, Coordinate) -> Vec<Coordinate>`
[INFO] [stdout]     |
[INFO] [stdout]     = warning: this is accepted in the current edition (Rust 2018) but is a hard error in Rust 2021!
[INFO] [stdout]     = note: for more information, see issue #80165 <https://github.com/rust-lang/rust/issues/80165>
[INFO] [stdout] 
[INFO] [stdout] 
[INFO] [stdout] warning: trait objects without an explicit `dyn` are deprecated
[INFO] [stdout]    --> src/lib.rs:838:13
[INFO] [stdout]     |
[INFO] [stdout] 838 |         f: &Fn(Coordinate, Coordinate) -> bool,
[INFO] [stdout]     |             ^^^^^^^^^^^^^^^^^^^^^^^^^^^^^^^^^^ help: use `dyn`: `dyn Fn(Coordinate, Coordinate) -> bool`
[INFO] [stdout]     |
[INFO] [stdout]     = warning: this is accepted in the current edition (Rust 2018) but is a hard error in Rust 2021!
[INFO] [stdout]     = note: for more information, see issue #80165 <https://github.com/rust-lang/rust/issues/80165>
[INFO] [stdout] 
[INFO] [stdout] 
[INFO] [stdout] warning: trait objects without an explicit `dyn` are deprecated
[INFO] [stdout]     --> src/lib.rs:1224:35
[INFO] [stdout]      |
[INFO] [stdout] 1224 |     pub fn each(&mut self, func: &Fn(&mut Node)) {
[INFO] [stdout]      |                                   ^^^^^^^^^^^^^ help: use `dyn`: `dyn Fn(&mut Node)`
[INFO] [stdout]      |
[INFO] [stdout]      = warning: this is accepted in the current edition (Rust 2018) but is a hard error in Rust 2021!
[INFO] [stdout]      = note: for more information, see issue #80165 <https://github.com/rust-lang/rust/issues/80165>
[INFO] [stdout] 
[INFO] [stdout] 
[INFO] [stdout] warning: trait objects without an explicit `dyn` are deprecated
[INFO] [stdout]     --> src/lib.rs:1245:30
[INFO] [stdout]      |
[INFO] [stdout] 1245 |     pub fn all(&self, func: &Fn(&Node) -> bool) -> bool {
[INFO] [stdout]      |                              ^^^^^^^^^^^^^^^^^ help: use `dyn`: `dyn Fn(&Node) -> bool`
[INFO] [stdout]      |
[INFO] [stdout]      = warning: this is accepted in the current edition (Rust 2018) but is a hard error in Rust 2021!
[INFO] [stdout]      = note: for more information, see issue #80165 <https://github.com/rust-lang/rust/issues/80165>
[INFO] [stdout] 
[INFO] [stdout] 
[INFO] [stdout] warning: trait objects without an explicit `dyn` are deprecated
[INFO] [stdout]     --> src/lib.rs:1269:30
[INFO] [stdout]      |
[INFO] [stdout] 1269 |     pub fn any(&self, func: &Fn(&Node) -> bool) -> bool {
[INFO] [stdout]      |                              ^^^^^^^^^^^^^^^^^ help: use `dyn`: `dyn Fn(&Node) -> bool`
[INFO] [stdout]      |
[INFO] [stdout]      = warning: this is accepted in the current edition (Rust 2018) but is a hard error in Rust 2021!
[INFO] [stdout]      = note: for more information, see issue #80165 <https://github.com/rust-lang/rust/issues/80165>
[INFO] [stdout] 
[INFO] [stdout] 
[INFO] [stdout] warning: trait objects without an explicit `dyn` are deprecated
[INFO] [stdout]     --> src/lib.rs:1301:40
[INFO] [stdout]      |
[INFO] [stdout] 1301 |     pub fn node_plot(&mut self, calc: &Fn(usize) -> Coordinate) {
[INFO] [stdout]      |                                        ^^^^^^^^^^^^^^^^^^^^^^^ help: use `dyn`: `dyn Fn(usize) -> Coordinate`
[INFO] [stdout]      |
[INFO] [stdout]      = warning: this is accepted in the current edition (Rust 2018) but is a hard error in Rust 2021!
[INFO] [stdout]      = note: for more information, see issue #80165 <https://github.com/rust-lang/rust/issues/80165>
[INFO] [stdout] 
[INFO] [stdout] 
[INFO] [stdout] warning: trait objects without an explicit `dyn` are deprecated
[INFO] [stdout]     --> src/lib.rs:1536:18
[INFO] [stdout]      |
[INFO] [stdout] 1536 |         filter: &Fn(&T) -> bool,
[INFO] [stdout]      |                  ^^^^^^^^^^^^^^ help: use `dyn`: `dyn Fn(&T) -> bool`
[INFO] [stdout]      |
[INFO] [stdout]      = warning: this is accepted in the current edition (Rust 2018) but is a hard error in Rust 2021!
[INFO] [stdout]      = note: for more information, see issue #80165 <https://github.com/rust-lang/rust/issues/80165>
[INFO] [stdout] 
[INFO] [stdout] 
[INFO] [stdout] warning: trait objects without an explicit `dyn` are deprecated
[INFO] [stdout]     --> src/lib.rs:1569:18
[INFO] [stdout]      |
[INFO] [stdout] 1569 |         filter: &Fn(&T) -> bool,
[INFO] [stdout]      |                  ^^^^^^^^^^^^^^ help: use `dyn`: `dyn Fn(&T) -> bool`
[INFO] [stdout]      |
[INFO] [stdout]      = warning: this is accepted in the current edition (Rust 2018) but is a hard error in Rust 2021!
[INFO] [stdout]      = note: for more information, see issue #80165 <https://github.com/rust-lang/rust/issues/80165>
[INFO] [stdout] 
[INFO] [stdout] 
[INFO] [stdout] warning: panic message is not a string literal
[INFO] [stdout]    --> src/tests/mod.rs:129:25
[INFO] [stdout]     |
[INFO] [stdout] 129 |                         format!("expected {}, got {}", i, a.get_link_avail_index())
[INFO] [stdout]     |                         ^^^^^^^^^^^^^^^^^^^^^^^^^^^^^^^^^^^^^^^^^^^^^^^^^^^^^^^^^^^
[INFO] [stdout]     |
[INFO] [stdout]     = note: `#[warn(non_fmt_panics)]` on by default
[INFO] [stdout]     = note: this usage of panic!() is deprecated; it will be a hard error in Rust 2021
[INFO] [stdout]     = note: for more information, see <https://doc.rust-lang.org/nightly/edition-guide/rust-2021/panic-macro-consistency.html>
[INFO] [stdout]     = note: the assert!() macro supports formatting, so there's no need for the format!() macro here
[INFO] [stdout] help: remove the `format!(..)` macro call
[INFO] [stdout]     |
[INFO] [stdout] 129 |                         "expected {}, got {}", i, a.get_link_avail_index()
[INFO] [stdout]     |                        --                                                --
[INFO] [stdout] 
[INFO] [stdout] 
[INFO] [stdout] warning: 21 warnings emitted
[INFO] [stdout] 
[INFO] [stdout] 
[INFO] [stderr]     Finished test [unoptimized + debuginfo] target(s) in 3.48s
[INFO] running `Command { std: "docker" "inspect" "b8106c375a167bda38c1fc8b76b20f3fab951dc1a4e6bb4bf99e8ec879d38377", kill_on_drop: false }`
[INFO] running `Command { std: "docker" "rm" "-f" "b8106c375a167bda38c1fc8b76b20f3fab951dc1a4e6bb4bf99e8ec879d38377", kill_on_drop: false }`
[INFO] [stdout] b8106c375a167bda38c1fc8b76b20f3fab951dc1a4e6bb4bf99e8ec879d38377
[INFO] running `Command { std: "docker" "create" "-v" "/var/lib/crater-agent-workspace/builds/worker-68/target:/opt/rustwide/target:rw,Z" "-v" "/var/lib/crater-agent-workspace/builds/worker-68/source:/opt/rustwide/workdir:ro,Z" "-v" "/var/lib/crater-agent-workspace/cargo-home:/opt/rustwide/cargo-home:ro,Z" "-v" "/var/lib/crater-agent-workspace/rustup-home:/opt/rustwide/rustup-home:ro,Z" "-e" "SOURCE_DIR=/opt/rustwide/workdir" "-e" "CARGO_TARGET_DIR=/opt/rustwide/target" "-e" "CARGO_INCREMENTAL=0" "-e" "RUST_BACKTRACE=full" "-e" "RUSTFLAGS=--cap-lints=warn" "-e" "CARGO_HOME=/opt/rustwide/cargo-home" "-e" "RUSTUP_HOME=/opt/rustwide/rustup-home" "-w" "/opt/rustwide/workdir" "-m" "1610612736" "--user" "0:0" "--network" "none" "ghcr.io/rust-lang/crates-build-env/linux@sha256:34b6a614d2c27851fe6cbf88fbd1137609cefab8b10d0615aaeb6fd47975d74e" "/opt/rustwide/cargo-home/bin/cargo" "+beta-2021-08-01" "test" "--frozen", kill_on_drop: false }`
[INFO] [stdout] 4c38271ae31b5c635bea5e72c22abbacfd7304932e598fd9a5307824b8237edd
[INFO] running `Command { std: "docker" "start" "-a" "4c38271ae31b5c635bea5e72c22abbacfd7304932e598fd9a5307824b8237edd", kill_on_drop: false }`
[INFO] [stderr]     Blocking waiting for file lock on package cache
[INFO] [stderr] warning: trait objects without an explicit `dyn` are deprecated
[INFO] [stderr]   --> src/coordinate/mod.rs:19:48
[INFO] [stderr]    |
[INFO] [stderr] 19 | pub fn from_list<T>(list: &[(i16, i16)], get: &Fn(Coordinate, usize) -> T) -> Vec<T> {
[INFO] [stderr]    |                                                ^^^^^^^^^^^^^^^^^^^^^^^^^^ help: use `dyn`: `dyn Fn(Coordinate, usize) -> T`
[INFO] [stderr]    |
[INFO] [stderr]    = note: `#[warn(bare_trait_objects)]` on by default
[INFO] [stderr]    = warning: this is accepted in the current edition (Rust 2018) but is a hard error in Rust 2021!
[INFO] [stderr]    = note: for more information, see issue #80165 <https://github.com/rust-lang/rust/issues/80165>
[INFO] [stderr] 
[INFO] [stderr] warning: trait objects without an explicit `dyn` are deprecated
[INFO] [stderr]   --> src/coordinate/mod.rs:56:56
[INFO] [stderr]    |
[INFO] [stderr] 56 | pub fn calc(start: Coordinate, variable: usize, call: &Fn(usize) -> Coordinate) -> Coordinate {
[INFO] [stderr]    |                                                        ^^^^^^^^^^^^^^^^^^^^^^^ help: use `dyn`: `dyn Fn(usize) -> Coordinate`
[INFO] [stderr]    |
[INFO] [stderr]    = warning: this is accepted in the current edition (Rust 2018) but is a hard error in Rust 2021!
[INFO] [stderr]    = note: for more information, see issue #80165 <https://github.com/rust-lang/rust/issues/80165>
[INFO] [stderr] 
[INFO] [stderr] warning: trait objects without an explicit `dyn` are deprecated
[INFO] [stderr]   --> src/data/mod.rs:20:25
[INFO] [stderr]    |
[INFO] [stderr] 20 |     pub lambda_tag: &'a Fn(&str) -> bool,
[INFO] [stderr]    |                         ^^^^^^^^^^^^^^^^ help: use `dyn`: `dyn Fn(&str) -> bool`
[INFO] [stderr]    |
[INFO] [stderr]    = warning: this is accepted in the current edition (Rust 2018) but is a hard error in Rust 2021!
[INFO] [stderr]    = note: for more information, see issue #80165 <https://github.com/rust-lang/rust/issues/80165>
[INFO] [stderr] 
[INFO] [stderr] warning: trait objects without an explicit `dyn` are deprecated
[INFO] [stderr]   --> src/data/mod.rs:27:42
[INFO] [stderr]    |
[INFO] [stderr] 27 | pub fn convert_file(path: &str, lambda: &Fn(&str) -> bool) -> Result<Vec<Group>, io::Error> {
[INFO] [stderr]    |                                          ^^^^^^^^^^^^^^^^ help: use `dyn`: `dyn Fn(&str) -> bool`
[INFO] [stderr]    |
[INFO] [stderr]    = warning: this is accepted in the current edition (Rust 2018) but is a hard error in Rust 2021!
[INFO] [stderr]    = note: for more information, see issue #80165 <https://github.com/rust-lang/rust/issues/80165>
[INFO] [stderr] 
[INFO] [stderr] warning: trait objects without an explicit `dyn` are deprecated
[INFO] [stderr]   --> src/data/mod.rs:46:40
[INFO] [stderr]    |
[INFO] [stderr] 46 | pub fn convert(content: &str, lambda: &Fn(&str) -> bool) -> Vec<Group> {
[INFO] [stderr]    |                                        ^^^^^^^^^^^^^^^^ help: use `dyn`: `dyn Fn(&str) -> bool`
[INFO] [stderr]    |
[INFO] [stderr]    = warning: this is accepted in the current edition (Rust 2018) but is a hard error in Rust 2021!
[INFO] [stderr]    = note: for more information, see issue #80165 <https://github.com/rust-lang/rust/issues/80165>
[INFO] [stderr] 
[INFO] [stderr] warning: trait objects without an explicit `dyn` are deprecated
[INFO] [stderr]   --> src/data/mod.rs:59:25
[INFO] [stderr]    |
[INFO] [stderr] 59 |         lambda_tag: &'a Fn(&str) -> bool,
[INFO] [stderr]    |                         ^^^^^^^^^^^^^^^^ help: use `dyn`: `dyn Fn(&str) -> bool`
[INFO] [stderr]    |
[INFO] [stderr]    = warning: this is accepted in the current edition (Rust 2018) but is a hard error in Rust 2021!
[INFO] [stderr]    = note: for more information, see issue #80165 <https://github.com/rust-lang/rust/issues/80165>
[INFO] [stderr] 
[INFO] [stderr] warning: trait objects without an explicit `dyn` are deprecated
[INFO] [stderr]   --> src/map/gif.rs:15:20
[INFO] [stderr]    |
[INFO] [stderr] 15 |     predicate: &'a Fn(&T) -> T,
[INFO] [stderr]    |                    ^^^^^^^^^^^ help: use `dyn`: `dyn Fn(&T) -> T`
[INFO] [stderr]    |
[INFO] [stderr]    = warning: this is accepted in the current edition (Rust 2018) but is a hard error in Rust 2021!
[INFO] [stderr]    = note: for more information, see issue #80165 <https://github.com/rust-lang/rust/issues/80165>
[INFO] [stderr] 
[INFO] [stderr] warning: trait objects without an explicit `dyn` are deprecated
[INFO] [stderr]   --> src/map/gif.rs:19:58
[INFO] [stderr]    |
[INFO] [stderr] 19 |     pub fn new(interval: u8, map: Vec<T>, predicate: &'a Fn(&T) -> T) -> Self {
[INFO] [stderr]    |                                                          ^^^^^^^^^^^ help: use `dyn`: `dyn Fn(&T) -> T`
[INFO] [stderr]    |
[INFO] [stderr]    = warning: this is accepted in the current edition (Rust 2018) but is a hard error in Rust 2021!
[INFO] [stderr]    = note: for more information, see issue #80165 <https://github.com/rust-lang/rust/issues/80165>
[INFO] [stderr] 
[INFO] [stderr] warning: trait objects without an explicit `dyn` are deprecated
[INFO] [stderr]    --> src/map/gif.rs:101:24
[INFO] [stderr]     |
[INFO] [stderr] 101 |         predicate: &'a Fn(&Node) -> Node,
[INFO] [stderr]     |                        ^^^^^^^^^^^^^^^^^ help: use `dyn`: `dyn Fn(&Node) -> Node`
[INFO] [stderr]     |
[INFO] [stderr]     = warning: this is accepted in the current edition (Rust 2018) but is a hard error in Rust 2021!
[INFO] [stderr]     = note: for more information, see issue #80165 <https://github.com/rust-lang/rust/issues/80165>
[INFO] [stderr] 
[INFO] [stderr] warning: trait objects without an explicit `dyn` are deprecated
[INFO] [stderr]   --> src/map/network.rs:30:17
[INFO] [stderr]    |
[INFO] [stderr] 30 |     algorithm: &Fn(&Network<Node>, Node, Node) -> io::Result<Vec<Node>>,
[INFO] [stderr]    |                 ^^^^^^^^^^^^^^^^^^^^^^^^^^^^^^^^^^^^^^^^^^^^^^^^^^^^^^^ help: use `dyn`: `dyn Fn(&Network<Node>, Node, Node) -> io::Result<Vec<Node>>`
[INFO] [stderr]    |
[INFO] [stderr]    = warning: this is accepted in the current edition (Rust 2018) but is a hard error in Rust 2021!
[INFO] [stderr]    = note: for more information, see issue #80165 <https://github.com/rust-lang/rust/issues/80165>
[INFO] [stderr] 
[INFO] [stderr] warning: unnecessary parentheses around type
[INFO] [stderr]   --> src/map/mod.rs:19:46
[INFO] [stderr]    |
[INFO] [stderr] 19 | ) -> (image::ImageBuffer<Rgba<u8>, Vec<u8>>, (Coordinate)) {
[INFO] [stderr]    |                                              ^^^^^^^^^^^^ help: remove these parentheses
[INFO] [stderr]    |
[INFO] [stderr]    = note: `#[warn(unused_parens)]` on by default
[INFO] [stderr] 
[INFO] [stderr] warning: trait objects without an explicit `dyn` are deprecated
[INFO] [stderr]    --> src/tools/mod.rs:190:17
[INFO] [stderr]     |
[INFO] [stderr] 190 |     plot_kind: &Fn(Coordinate, Coordinate) -> Vec<Coordinate>,
[INFO] [stderr]     |                 ^^^^^^^^^^^^^^^^^^^^^^^^^^^^^^^^^^^^^^^^^^^^^ help: use `dyn`: `dyn Fn(Coordinate, Coordinate) -> Vec<Coordinate>`
[INFO] [stderr]     |
[INFO] [stderr]     = warning: this is accepted in the current edition (Rust 2018) but is a hard error in Rust 2021!
[INFO] [stderr]     = note: for more information, see issue #80165 <https://github.com/rust-lang/rust/issues/80165>
[INFO] [stderr] 
[INFO] [stderr] warning: trait objects without an explicit `dyn` are deprecated
[INFO] [stderr]    --> src/lib.rs:838:13
[INFO] [stderr]     |
[INFO] [stderr] 838 |         f: &Fn(Coordinate, Coordinate) -> bool,
[INFO] [stderr]     |             ^^^^^^^^^^^^^^^^^^^^^^^^^^^^^^^^^^ help: use `dyn`: `dyn Fn(Coordinate, Coordinate) -> bool`
[INFO] [stderr]     |
[INFO] [stderr]     = warning: this is accepted in the current edition (Rust 2018) but is a hard error in Rust 2021!
[INFO] [stderr]     = note: for more information, see issue #80165 <https://github.com/rust-lang/rust/issues/80165>
[INFO] [stderr] 
[INFO] [stderr] warning: trait objects without an explicit `dyn` are deprecated
[INFO] [stderr]     --> src/lib.rs:1224:35
[INFO] [stderr]      |
[INFO] [stderr] 1224 |     pub fn each(&mut self, func: &Fn(&mut Node)) {
[INFO] [stderr]      |                                   ^^^^^^^^^^^^^ help: use `dyn`: `dyn Fn(&mut Node)`
[INFO] [stderr]      |
[INFO] [stderr]      = warning: this is accepted in the current edition (Rust 2018) but is a hard error in Rust 2021!
[INFO] [stderr]      = note: for more information, see issue #80165 <https://github.com/rust-lang/rust/issues/80165>
[INFO] [stderr] 
[INFO] [stderr] warning: trait objects without an explicit `dyn` are deprecated
[INFO] [stderr]     --> src/lib.rs:1245:30
[INFO] [stderr]      |
[INFO] [stderr] 1245 |     pub fn all(&self, func: &Fn(&Node) -> bool) -> bool {
[INFO] [stderr]      |                              ^^^^^^^^^^^^^^^^^ help: use `dyn`: `dyn Fn(&Node) -> bool`
[INFO] [stderr]      |
[INFO] [stderr]      = warning: this is accepted in the current edition (Rust 2018) but is a hard error in Rust 2021!
[INFO] [stderr]      = note: for more information, see issue #80165 <https://github.com/rust-lang/rust/issues/80165>
[INFO] [stderr] 
[INFO] [stderr] warning: trait objects without an explicit `dyn` are deprecated
[INFO] [stderr]     --> src/lib.rs:1269:30
[INFO] [stderr]      |
[INFO] [stderr] 1269 |     pub fn any(&self, func: &Fn(&Node) -> bool) -> bool {
[INFO] [stderr]      |                              ^^^^^^^^^^^^^^^^^ help: use `dyn`: `dyn Fn(&Node) -> bool`
[INFO] [stderr]      |
[INFO] [stderr]      = warning: this is accepted in the current edition (Rust 2018) but is a hard error in Rust 2021!
[INFO] [stderr]      = note: for more information, see issue #80165 <https://github.com/rust-lang/rust/issues/80165>
[INFO] [stderr] 
[INFO] [stderr] warning: trait objects without an explicit `dyn` are deprecated
[INFO] [stderr]     --> src/lib.rs:1301:40
[INFO] [stderr]      |
[INFO] [stderr] 1301 |     pub fn node_plot(&mut self, calc: &Fn(usize) -> Coordinate) {
[INFO] [stderr]      |                                        ^^^^^^^^^^^^^^^^^^^^^^^ help: use `dyn`: `dyn Fn(usize) -> Coordinate`
[INFO] [stderr]      |
[INFO] [stderr]      = warning: this is accepted in the current edition (Rust 2018) but is a hard error in Rust 2021!
[INFO] [stderr]      = note: for more information, see issue #80165 <https://github.com/rust-lang/rust/issues/80165>
[INFO] [stderr] 
[INFO] [stderr] warning: trait objects without an explicit `dyn` are deprecated
[INFO] [stderr]     --> src/lib.rs:1536:18
[INFO] [stderr]      |
[INFO] [stderr] 1536 |         filter: &Fn(&T) -> bool,
[INFO] [stderr]      |                  ^^^^^^^^^^^^^^ help: use `dyn`: `dyn Fn(&T) -> bool`
[INFO] [stderr]      |
[INFO] [stderr]      = warning: this is accepted in the current edition (Rust 2018) but is a hard error in Rust 2021!
[INFO] [stderr]      = note: for more information, see issue #80165 <https://github.com/rust-lang/rust/issues/80165>
[INFO] [stderr] 
[INFO] [stderr] warning: trait objects without an explicit `dyn` are deprecated
[INFO] [stderr]     --> src/lib.rs:1569:18
[INFO] [stderr]      |
[INFO] [stderr] 1569 |         filter: &Fn(&T) -> bool,
[INFO] [stderr]      |                  ^^^^^^^^^^^^^^ help: use `dyn`: `dyn Fn(&T) -> bool`
[INFO] [stderr]      |
[INFO] [stderr]      = warning: this is accepted in the current edition (Rust 2018) but is a hard error in Rust 2021!
[INFO] [stderr]      = note: for more information, see issue #80165 <https://github.com/rust-lang/rust/issues/80165>
[INFO] [stderr] 
[INFO] [stderr] warning: trait objects without an explicit `dyn` are deprecated
[INFO] [stderr]    --> src/map/gif.rs:181:22
[INFO] [stderr]     |
[INFO] [stderr] 181 |     fn define(case: &Fn(Gif) -> std::io::Result<()>) {
[INFO] [stderr]     |                      ^^^^^^^^^^^^^^^^^^^^^^^^^^^^^^ help: use `dyn`: `dyn Fn(Gif) -> std::io::Result<()>`
[INFO] [stderr]     |
[INFO] [stderr]     = warning: this is accepted in the current edition (Rust 2018) but is a hard error in Rust 2021!
[INFO] [stderr]     = note: for more information, see issue #80165 <https://github.com/rust-lang/rust/issues/80165>
[INFO] [stderr] 
[INFO] [stderr] warning: panic message is not a string literal
[INFO] [stderr]    --> src/tests/mod.rs:129:25
[INFO] [stderr]     |
[INFO] [stderr] 129 |                         format!("expected {}, got {}", i, a.get_link_avail_index())
[INFO] [stderr]     |                         ^^^^^^^^^^^^^^^^^^^^^^^^^^^^^^^^^^^^^^^^^^^^^^^^^^^^^^^^^^^
[INFO] [stderr]     |
[INFO] [stderr]     = note: `#[warn(non_fmt_panics)]` on by default
[INFO] [stderr]     = note: this usage of panic!() is deprecated; it will be a hard error in Rust 2021
[INFO] [stderr]     = note: for more information, see <https://doc.rust-lang.org/nightly/edition-guide/rust-2021/panic-macro-consistency.html>
[INFO] [stderr]     = note: the assert!() macro supports formatting, so there's no need for the format!() macro here
[INFO] [stderr] help: remove the `format!(..)` macro call
[INFO] [stderr]     |
[INFO] [stderr] 129 |                         "expected {}, got {}", i, a.get_link_avail_index()
[INFO] [stderr]     |                        --                                                --
[INFO] [stderr] 
[INFO] [stderr] warning: `pathfinder` (lib) generated 19 warnings
[INFO] [stderr] warning: `pathfinder` (lib test) generated 21 warnings (19 duplicates)
[INFO] [stderr]     Finished test [unoptimized + debuginfo] target(s) in 0.16s
[INFO] [stderr]      Running unittests (/opt/rustwide/target/debug/deps/pathfinder-62912cf7e80cb70a)
[INFO] [stdout] 
[INFO] [stdout] running 86 tests
[INFO] [stdout] test coordinate::tests::test_clone ... ok
[INFO] [stdout] test coordinate::tests::test_clone_macros ... ok
[INFO] [stdout] test coordinate::tests::test_diff_args_placement ... ok
[INFO] [stdout] test coordinate::tests::test_diff ... ok
[INFO] [stdout] test coordinate::tests::test_eq ... ok
[INFO] [stdout] test coordinate::tests::test_eq_macros ... ok
[INFO] [stdout] test coordinate::tests::test_gen_within_radius ... ok
[INFO] [stdout] test coordinate::tests::test_rotate_around_moved_axis_2 ... ok
[INFO] [stdout] test coordinate::tests::test_rotate_around_moved_axis_1 ... ok
[INFO] [stdout] test coordinate::tests::test_rotate_around_no_rotates ... ok
[INFO] [stdout] test coordinate::tests::test_rotate_around_radians_2 ... ok
[INFO] [stdout] test coordinate::tests::test_rotate_around_one_circle ... ok
[INFO] [stdout] test coordinate::tests::test_rotate_around_radians_1 ... ok
[INFO] [stdout] test coordinate::tests::test_gen_radius ... ok
[INFO] [stdout] test coordinate::tests::test_rotate_around_radians_3 ... ok
[INFO] [stdout] test data::tests::test_link_groups ... ok
[INFO] [stdout] test group::tests::test_count_none ... ok
[INFO] [stdout] test group::tests::test_count_some ... ok
[INFO] [stdout] test data::tests::test_convert_inner ... ok
[INFO] [stdout] test group::tests::test_add_node ... ok
[INFO] [stdout] test data::tests::test_convert ... ok
[INFO] [stdout] test macros::tests::cluster ... ok
[INFO] [stdout] test macros::tests::coordinate ... ok
[INFO] [stdout] test macros::tests::cluster_any_type ... ok
[INFO] [stdout] test macros::tests::coordinate_any_type ... ok
[INFO] [stdout] test macros::tests::node ... ok
[INFO] [stdout] test macros::tests::node_any_type ... ok
[INFO] [stdout] test map::network::tests::invalid_network_2 ... ok
[INFO] [stdout] test map::network::tests::simple_network ... ok
[INFO] [stdout] test map::network::tests::invalid_network_1 ... ok
[INFO] [stdout] test map::network::tests::simple_network_end_in_the_middle ... ok
[INFO] [stdout] test map::network::tests::invalid_network_3 ... ok
[INFO] [stdout] test map::tests::test_min_max ... ok
[INFO] [stdout] test node::tests::test_get_node_names_fail ... ok
[INFO] [stdout] test map::tests::test_min_max_2 ... ok
[INFO] [stdout] test map::tests::test_gen_canvas_2 ... ok
[INFO] [stdout] test map::network::tests::simple_network_shortest_leg ... ok
[INFO] [stdout] test map::tests::test_gen_canvas ... ok
[INFO] [stdout] test tests::examples::hello_world ... ok
[INFO] [stdout] test tests::examples::mvp ... ok
[INFO] [stdout] test tests::examples::git_log ... ok
[INFO] [stdout] test tests::examples::hello_world_gif ... ok
[INFO] [stdout] test tests::examples::node_plot ... ok
[INFO] [stdout] test tests::examples::types ... ok
[INFO] [stdout] test tests::from::coordinate_conversion ... ok
[INFO] [stdout] test tests::from::group_conversion ... ok
[INFO] [stdout] test tests::from_list::coordinate ... ok
[INFO] [stdout] test map::network::tests::invalid_network_4 ... ok
[INFO] [stdout] test map::network::tests::invalid_gets ... ok
[INFO] [stdout] test tests::from::node_conversion ... ok
[INFO] [stdout] test map::network::tests::simple_networks_have_same_path ... ok
[INFO] [stdout] test map::network::tests::valid_gets ... ok
[INFO] [stdout] test tests::from_list::group ... ok
[INFO] [stdout] test tests::from_list::node ... ok
[INFO] [stdout] test tests::integration::links::adding_and_disconnecting ... ok
[INFO] [stdout] test tests::integration::links::max_links ... ok
[INFO] [stdout] test tests::integration::links::multiple_disconnects ... ok
[INFO] [stdout] test tests::integration::links::groups_many ... ok
[INFO] [stdout] test tests::integration::links::groups_one ... ok
[INFO] [stdout] test tests::integration::path::group_to_node ... ok
[INFO] [stdout] test tests::integration::path::node_to_group ... ok
[INFO] [stdout] test tests::integration::path::nodes ... ok
[INFO] [stdout] test tests::examples::graph ... ok
[INFO] [stdout] test map::network::tests::simple_network_start_in_the_middle ... ok
[INFO] [stdout] test tools::tests::test_border ... ok
[INFO] [stdout] test tests::integration::rotate::group_children_no_move ... ok
[INFO] [stdout] test tools::tests::test_plot_straight_line ... ok
[INFO] [stdout] test tools::tests::test_seed_rgba ... ok
[INFO] [stdout] test tools::tests::test_plot_start_and_end ... ok
[INFO] [stdout] test tools::tests::test_seed_rgba_consistancy ... ok
[INFO] [stdout] test tools::tests::test_gen_rgba ... ok
[INFO] [stdout] test tests::integration::rotate::group_children_inc2 ... ok
[INFO] [stdout] test tools::tests::test_random_item ... ok
[INFO] [stdout] test tests::integration::rotate::group_children_no_move_incr ... ok
[INFO] [stdout] test tests::integration::rotate::group ... ok
[INFO] [stdout] test tools::tests::test_roll ... ok
[INFO] [stdout] test map::gif::tests::cycles_every_other ... ok
[INFO] [stdout] test tests::examples::city ... ok
[INFO] [stdout] test data::tests::test_convert_file ... FAILED
[INFO] [stdout] test map::gif::tests::test_gif_new ... ok
[INFO] [stdout] test tests::examples::random ... ok
[INFO] [stdout] test map::gif::tests::cycles_predicate ... ok
[INFO] [stdout] test map::gif::tests::cycles_every_frame ... ok
[INFO] [stdout] test tests::examples::ellipse ... ok
[INFO] [stdout] test map::gif::tests::blank_frames ... ok
[INFO] [stdout] test tests::examples::cycles ... ok
[INFO] [stdout] 
[INFO] [stdout] failures:
[INFO] [stdout] 
[INFO] [stdout] ---- data::tests::test_convert_file stdout ----
[INFO] [stdout] thread 'data::tests::test_convert_file' panicked at 'called `Result::unwrap()` on an `Err` value: Os { code: 30, kind: ReadOnlyFilesystem, message: "Read-only file system" }', src/data/mod.rs:165:44
[INFO] [stdout] stack backtrace:
[INFO] [stdout]    0:     0x561dfc01c440 - std::backtrace_rs::backtrace::libunwind::trace::hff4d1766e93f64f1
[INFO] [stdout]                                at /rustc/53fd98ca776cb875bc9e5514f56b52eb74f9e7a9/library/std/src/../../backtrace/src/backtrace/libunwind.rs:90:5
[INFO] [stdout]    1:     0x561dfc01c440 - std::backtrace_rs::backtrace::trace_unsynchronized::h56bbc8eb78770bcb
[INFO] [stdout]                                at /rustc/53fd98ca776cb875bc9e5514f56b52eb74f9e7a9/library/std/src/../../backtrace/src/backtrace/mod.rs:66:5
[INFO] [stdout]    2:     0x561dfc01c440 - std::sys_common::backtrace::_print_fmt::h5c8e75464faca780
[INFO] [stdout]                                at /rustc/53fd98ca776cb875bc9e5514f56b52eb74f9e7a9/library/std/src/sys_common/backtrace.rs:67:5
[INFO] [stdout]    3:     0x561dfc01c440 - <std::sys_common::backtrace::_print::DisplayBacktrace as core::fmt::Display>::fmt::h48b88277def8b362
[INFO] [stdout]                                at /rustc/53fd98ca776cb875bc9e5514f56b52eb74f9e7a9/library/std/src/sys_common/backtrace.rs:46:22
[INFO] [stdout]    4:     0x561dfc03ee1c - core::fmt::write::h3381b3176fe2b3d3
[INFO] [stdout]                                at /rustc/53fd98ca776cb875bc9e5514f56b52eb74f9e7a9/library/core/src/fmt/mod.rs:1115:17
[INFO] [stdout]    5:     0x561dfc0192c5 - std::io::Write::write_fmt::h5f34a676f60246b5
[INFO] [stdout]                                at /rustc/53fd98ca776cb875bc9e5514f56b52eb74f9e7a9/library/std/src/io/mod.rs:1665:15
[INFO] [stdout]    6:     0x561dfc01e5bb - std::sys_common::backtrace::_print::ha537687d6c17dd0d
[INFO] [stdout]                                at /rustc/53fd98ca776cb875bc9e5514f56b52eb74f9e7a9/library/std/src/sys_common/backtrace.rs:49:5
[INFO] [stdout]    7:     0x561dfc01e5bb - std::sys_common::backtrace::print::h61376ae57d131d72
[INFO] [stdout]                                at /rustc/53fd98ca776cb875bc9e5514f56b52eb74f9e7a9/library/std/src/sys_common/backtrace.rs:36:9
[INFO] [stdout]    8:     0x561dfc01e5bb - std::panicking::default_hook::{{closure}}::h0f7208c0b9644a54
[INFO] [stdout]                                at /rustc/53fd98ca776cb875bc9e5514f56b52eb74f9e7a9/library/std/src/panicking.rs:208:50
[INFO] [stdout]    9:     0x561dfc01e0cc - std::panicking::default_hook::hdac7fc06578c14ce
[INFO] [stdout]                                at /rustc/53fd98ca776cb875bc9e5514f56b52eb74f9e7a9/library/std/src/panicking.rs:222:9
[INFO] [stdout]   10:     0x561dfc01ec84 - std::panicking::rust_panic_with_hook::h72b21c283da3d1ef
[INFO] [stdout]                                at /rustc/53fd98ca776cb875bc9e5514f56b52eb74f9e7a9/library/std/src/panicking.rs:622:17
[INFO] [stdout]   11:     0x561dfc01e767 - std::panicking::begin_panic_handler::{{closure}}::he5778f1729cff84a
[INFO] [stdout]                                at /rustc/53fd98ca776cb875bc9e5514f56b52eb74f9e7a9/library/std/src/panicking.rs:519:13
[INFO] [stdout]   12:     0x561dfc01c91c - std::sys_common::backtrace::__rust_end_short_backtrace::h2d11ca8b453b4b1d
[INFO] [stdout]                                at /rustc/53fd98ca776cb875bc9e5514f56b52eb74f9e7a9/library/std/src/sys_common/backtrace.rs:141:18
[INFO] [stdout]   13:     0x561dfc01e6c9 - rust_begin_unwind
[INFO] [stdout]                                at /rustc/53fd98ca776cb875bc9e5514f56b52eb74f9e7a9/library/std/src/panicking.rs:515:5
[INFO] [stdout]   14:     0x561dfbf304c1 - core::panicking::panic_fmt::hf9de31d4acbce4db
[INFO] [stdout]                                at /rustc/53fd98ca776cb875bc9e5514f56b52eb74f9e7a9/library/core/src/panicking.rs:92:14
[INFO] [stdout]   15:     0x561dfbf305b3 - core::result::unwrap_failed::ha0c84e81219e5878
[INFO] [stdout]                                at /rustc/53fd98ca776cb875bc9e5514f56b52eb74f9e7a9/library/core/src/result.rs:1599:5
[INFO] [stdout]   16:     0x561dfbf75cde - core::result::Result<T,E>::unwrap::h8492eac946c18419
[INFO] [stdout]                                at /rustc/53fd98ca776cb875bc9e5514f56b52eb74f9e7a9/library/core/src/result.rs:1281:23
[INFO] [stdout]   17:     0x561dfbf67df6 - pathfinder::data::tests::test_convert_file::h38de15d023fcadc2
[INFO] [stdout]                                at /opt/rustwide/workdir/src/data/mod.rs:165:24
[INFO] [stdout]   18:     0x561dfbf67d9a - pathfinder::data::tests::test_convert_file::{{closure}}::h5d8f0f5d0e3c60c6
[INFO] [stdout]                                at /opt/rustwide/workdir/src/data/mod.rs:163:5
[INFO] [stdout]   19:     0x561dfbf5d0be - core::ops::function::FnOnce::call_once::h82ec7b28bbc453c7
[INFO] [stdout]                                at /rustc/53fd98ca776cb875bc9e5514f56b52eb74f9e7a9/library/core/src/ops/function.rs:227:5
[INFO] [stdout]   20:     0x561dfbfaa4e3 - core::ops::function::FnOnce::call_once::hbb52c4519d3137b0
[INFO] [stdout]                                at /rustc/53fd98ca776cb875bc9e5514f56b52eb74f9e7a9/library/core/src/ops/function.rs:227:5
[INFO] [stdout]   21:     0x561dfbfaa4e3 - test::__rust_begin_short_backtrace::h86fe3a2a5a5121af
[INFO] [stdout]                                at /rustc/53fd98ca776cb875bc9e5514f56b52eb74f9e7a9/library/test/src/lib.rs:578:5
[INFO] [stdout]   22:     0x561dfbfa8f98 - <alloc::boxed::Box<F,A> as core::ops::function::FnOnce<Args>>::call_once::hfd956bc3d57399be
[INFO] [stdout]                                at /rustc/53fd98ca776cb875bc9e5514f56b52eb74f9e7a9/library/alloc/src/boxed.rs:1572:9
[INFO] [stdout]   23:     0x561dfbfa8f98 - <std::panic::AssertUnwindSafe<F> as core::ops::function::FnOnce<()>>::call_once::h40dc93e0ddb5938a
[INFO] [stdout]                                at /rustc/53fd98ca776cb875bc9e5514f56b52eb74f9e7a9/library/std/src/panic.rs:347:9
[INFO] [stdout]   24:     0x561dfbfa8f98 - std::panicking::try::do_call::h90d07750cb47c562
[INFO] [stdout]                                at /rustc/53fd98ca776cb875bc9e5514f56b52eb74f9e7a9/library/std/src/panicking.rs:401:40
[INFO] [stdout]   25:     0x561dfbfa8f98 - std::panicking::try::h063c84733ad2a629
[INFO] [stdout]                                at /rustc/53fd98ca776cb875bc9e5514f56b52eb74f9e7a9/library/std/src/panicking.rs:365:19
[INFO] [stdout]   26:     0x561dfbfa8f98 - std::panic::catch_unwind::h0c464836a84e7c08
[INFO] [stdout]                                at /rustc/53fd98ca776cb875bc9e5514f56b52eb74f9e7a9/library/std/src/panic.rs:434:14
[INFO] [stdout]   27:     0x561dfbfa8f98 - test::run_test_in_process::h5cb06ef620b157fc
[INFO] [stdout]                                at /rustc/53fd98ca776cb875bc9e5514f56b52eb74f9e7a9/library/test/src/lib.rs:601:18
[INFO] [stdout]   28:     0x561dfbfa8f98 - test::run_test::run_test_inner::{{closure}}::h76f677f4b93f9828
[INFO] [stdout]                                at /rustc/53fd98ca776cb875bc9e5514f56b52eb74f9e7a9/library/test/src/lib.rs:493:39
[INFO] [stdout]   29:     0x561dfbf7772d - test::run_test::run_test_inner::{{closure}}::h366d01fe04f4d67a
[INFO] [stdout]                                at /rustc/53fd98ca776cb875bc9e5514f56b52eb74f9e7a9/library/test/src/lib.rs:520:37
[INFO] [stdout]   30:     0x561dfbf7772d - std::sys_common::backtrace::__rust_begin_short_backtrace::h7dfa0de4eb395af2
[INFO] [stdout]                                at /rustc/53fd98ca776cb875bc9e5514f56b52eb74f9e7a9/library/std/src/sys_common/backtrace.rs:125:18
[INFO] [stdout]   31:     0x561dfbf7bef8 - std::thread::Builder::spawn_unchecked::{{closure}}::{{closure}}::hf0a74bb58798037f
[INFO] [stdout]                                at /rustc/53fd98ca776cb875bc9e5514f56b52eb74f9e7a9/library/std/src/thread/mod.rs:476:17
[INFO] [stdout]   32:     0x561dfbf7bef8 - <std::panic::AssertUnwindSafe<F> as core::ops::function::FnOnce<()>>::call_once::hb024e854818586ac
[INFO] [stdout]                                at /rustc/53fd98ca776cb875bc9e5514f56b52eb74f9e7a9/library/std/src/panic.rs:347:9
[INFO] [stdout]   33:     0x561dfbf7bef8 - std::panicking::try::do_call::hb2dd9f1d0d48e41d
[INFO] [stdout]                                at /rustc/53fd98ca776cb875bc9e5514f56b52eb74f9e7a9/library/std/src/panicking.rs:401:40
[INFO] [stdout]   34:     0x561dfbf7bef8 - std::panicking::try::h4717ae7bac8b2bf3
[INFO] [stdout]                                at /rustc/53fd98ca776cb875bc9e5514f56b52eb74f9e7a9/library/std/src/panicking.rs:365:19
[INFO] [stdout]   35:     0x561dfbf7bef8 - std::panic::catch_unwind::h0dc8a061326ce8d8
[INFO] [stdout]                                at /rustc/53fd98ca776cb875bc9e5514f56b52eb74f9e7a9/library/std/src/panic.rs:434:14
[INFO] [stdout]   36:     0x561dfbf7bef8 - std::thread::Builder::spawn_unchecked::{{closure}}::haa369e2d6fd00aa1
[INFO] [stdout]                                at /rustc/53fd98ca776cb875bc9e5514f56b52eb74f9e7a9/library/std/src/thread/mod.rs:475:30
[INFO] [stdout]   37:     0x561dfbf7bef8 - core::ops::function::FnOnce::call_once{{vtable.shim}}::h36dcf3de8b056f17
[INFO] [stdout]                                at /rustc/53fd98ca776cb875bc9e5514f56b52eb74f9e7a9/library/core/src/ops/function.rs:227:5
[INFO] [stdout]   38:     0x561dfc023a07 - <alloc::boxed::Box<F,A> as core::ops::function::FnOnce<Args>>::call_once::h65c29e4642be2358
[INFO] [stdout]                                at /rustc/53fd98ca776cb875bc9e5514f56b52eb74f9e7a9/library/alloc/src/boxed.rs:1572:9
[INFO] [stdout]   39:     0x561dfc023a07 - <alloc::boxed::Box<F,A> as core::ops::function::FnOnce<Args>>::call_once::hd0f8f7fbbd9fffbf
[INFO] [stdout]                                at /rustc/53fd98ca776cb875bc9e5514f56b52eb74f9e7a9/library/alloc/src/boxed.rs:1572:9
[INFO] [stdout]   40:     0x561dfc023a07 - std::sys::unix::thread::Thread::new::thread_start::h2fd22fee3ca77b65
[INFO] [stdout]                                at /rustc/53fd98ca776cb875bc9e5514f56b52eb74f9e7a9/library/std/src/sys/unix/thread.rs:74:17
[INFO] [stdout]   41:     0x7fbcbd606609 - start_thread
[INFO] [stdout]   42:     0x7fbcbd3d8293 - clone
[INFO] [stdout]   43:                0x0 - <unknown>
[INFO] [stdout] 
[INFO] [stdout] 
[INFO] [stdout] failures:
[INFO] [stdout]     data::tests::test_convert_file
[INFO] [stdout] 
[INFO] [stdout] test result: FAILED. 85 passed; 1 failed; 0 ignored; 0 measured; 0 filtered out; finished in 1.55s
[INFO] [stdout] 
[INFO] [stderr] error: test failed, to rerun pass '--lib'
[INFO] running `Command { std: "docker" "inspect" "4c38271ae31b5c635bea5e72c22abbacfd7304932e598fd9a5307824b8237edd", kill_on_drop: false }`
[INFO] running `Command { std: "docker" "rm" "-f" "4c38271ae31b5c635bea5e72c22abbacfd7304932e598fd9a5307824b8237edd", kill_on_drop: false }`
[INFO] [stdout] 4c38271ae31b5c635bea5e72c22abbacfd7304932e598fd9a5307824b8237edd
