[INFO] fetching crate patchable-macros 0.1.0...
[INFO] testing patchable-macros-0.1.0 against 1.54.0 for beta-1.55-1
[INFO] extracting crate patchable-macros 0.1.0 into /workspace/builds/worker-100/source
[INFO] validating manifest of crates.io crate patchable-macros 0.1.0 on toolchain 1.54.0
[INFO] running `Command { std: "/workspace/cargo-home/bin/cargo" "+1.54.0" "metadata" "--manifest-path" "Cargo.toml" "--no-deps", kill_on_drop: false }`
[INFO] started tweaking crates.io crate patchable-macros 0.1.0
[INFO] finished tweaking crates.io crate patchable-macros 0.1.0
[INFO] tweaked toml for crates.io crate patchable-macros 0.1.0 written to /workspace/builds/worker-100/source/Cargo.toml
[INFO] running `Command { std: "/workspace/cargo-home/bin/cargo" "+1.54.0" "generate-lockfile" "--manifest-path" "Cargo.toml" "-Zno-index-update", kill_on_drop: false }`
[INFO] [stderr]     Blocking waiting for file lock on package cache
[INFO] running `Command { std: "/workspace/cargo-home/bin/cargo" "+1.54.0" "fetch" "--manifest-path" "Cargo.toml", kill_on_drop: false }`
[INFO] [stderr]  Downloading crates ...
[INFO] [stderr]   Downloaded patchable-core v0.1.0
[INFO] running `Command { std: "docker" "create" "-v" "/var/lib/crater-agent-workspace/builds/worker-100/target:/opt/rustwide/target:rw,Z" "-v" "/var/lib/crater-agent-workspace/builds/worker-100/source:/opt/rustwide/workdir:ro,Z" "-v" "/var/lib/crater-agent-workspace/cargo-home:/opt/rustwide/cargo-home:ro,Z" "-v" "/var/lib/crater-agent-workspace/rustup-home:/opt/rustwide/rustup-home:ro,Z" "-e" "SOURCE_DIR=/opt/rustwide/workdir" "-e" "CARGO_TARGET_DIR=/opt/rustwide/target" "-e" "CARGO_HOME=/opt/rustwide/cargo-home" "-e" "RUSTUP_HOME=/opt/rustwide/rustup-home" "-w" "/opt/rustwide/workdir" "-m" "1610612736" "--user" "0:0" "--network" "none" "ghcr.io/rust-lang/crates-build-env/linux@sha256:34b6a614d2c27851fe6cbf88fbd1137609cefab8b10d0615aaeb6fd47975d74e" "/opt/rustwide/cargo-home/bin/cargo" "+1.54.0" "metadata" "--no-deps" "--format-version=1", kill_on_drop: false }`
[INFO] [stdout] f5a88d57be92bb1dec89de407eb976904ff5c9f4498c0c1a90819b7c9439469d
[INFO] running `Command { std: "docker" "start" "-a" "f5a88d57be92bb1dec89de407eb976904ff5c9f4498c0c1a90819b7c9439469d", kill_on_drop: false }`
[INFO] running `Command { std: "docker" "inspect" "f5a88d57be92bb1dec89de407eb976904ff5c9f4498c0c1a90819b7c9439469d", kill_on_drop: false }`
[INFO] running `Command { std: "docker" "rm" "-f" "f5a88d57be92bb1dec89de407eb976904ff5c9f4498c0c1a90819b7c9439469d", kill_on_drop: false }`
[INFO] [stdout] f5a88d57be92bb1dec89de407eb976904ff5c9f4498c0c1a90819b7c9439469d
[INFO] running `Command { std: "docker" "create" "-v" "/var/lib/crater-agent-workspace/builds/worker-100/target:/opt/rustwide/target:rw,Z" "-v" "/var/lib/crater-agent-workspace/builds/worker-100/source:/opt/rustwide/workdir:ro,Z" "-v" "/var/lib/crater-agent-workspace/cargo-home:/opt/rustwide/cargo-home:ro,Z" "-v" "/var/lib/crater-agent-workspace/rustup-home:/opt/rustwide/rustup-home:ro,Z" "-e" "SOURCE_DIR=/opt/rustwide/workdir" "-e" "CARGO_TARGET_DIR=/opt/rustwide/target" "-e" "CARGO_INCREMENTAL=0" "-e" "RUST_BACKTRACE=full" "-e" "RUSTFLAGS=--cap-lints=warn" "-e" "CARGO_HOME=/opt/rustwide/cargo-home" "-e" "RUSTUP_HOME=/opt/rustwide/rustup-home" "-w" "/opt/rustwide/workdir" "-m" "1610612736" "--user" "0:0" "--network" "none" "ghcr.io/rust-lang/crates-build-env/linux@sha256:34b6a614d2c27851fe6cbf88fbd1137609cefab8b10d0615aaeb6fd47975d74e" "/opt/rustwide/cargo-home/bin/cargo" "+1.54.0" "build" "--frozen" "--message-format=json", kill_on_drop: false }`
[INFO] [stdout] 5a605673cad17656feec4a141fc555d135ae8ac7842d8a82f065bcd08b0894e6
[INFO] running `Command { std: "docker" "start" "-a" "5a605673cad17656feec4a141fc555d135ae8ac7842d8a82f065bcd08b0894e6", kill_on_drop: false }`
[INFO] [stderr]     Blocking waiting for file lock on package cache
[INFO] [stderr]    Compiling proc-macro2 v1.0.28
[INFO] [stderr]    Compiling syn v1.0.74
[INFO] [stderr]    Compiling patchable-core v0.1.0
[INFO] [stderr]    Compiling quote v1.0.9
[INFO] [stderr]    Compiling patchable-macros v0.1.0 (/opt/rustwide/workdir)
[INFO] [stderr]     Finished dev [unoptimized + debuginfo] target(s) in 11.80s
[INFO] running `Command { std: "docker" "inspect" "5a605673cad17656feec4a141fc555d135ae8ac7842d8a82f065bcd08b0894e6", kill_on_drop: false }`
[INFO] running `Command { std: "docker" "rm" "-f" "5a605673cad17656feec4a141fc555d135ae8ac7842d8a82f065bcd08b0894e6", kill_on_drop: false }`
[INFO] [stdout] 5a605673cad17656feec4a141fc555d135ae8ac7842d8a82f065bcd08b0894e6
[INFO] running `Command { std: "docker" "create" "-v" "/var/lib/crater-agent-workspace/builds/worker-100/target:/opt/rustwide/target:rw,Z" "-v" "/var/lib/crater-agent-workspace/builds/worker-100/source:/opt/rustwide/workdir:ro,Z" "-v" "/var/lib/crater-agent-workspace/cargo-home:/opt/rustwide/cargo-home:ro,Z" "-v" "/var/lib/crater-agent-workspace/rustup-home:/opt/rustwide/rustup-home:ro,Z" "-e" "SOURCE_DIR=/opt/rustwide/workdir" "-e" "CARGO_TARGET_DIR=/opt/rustwide/target" "-e" "CARGO_INCREMENTAL=0" "-e" "RUST_BACKTRACE=full" "-e" "RUSTFLAGS=--cap-lints=warn" "-e" "CARGO_HOME=/opt/rustwide/cargo-home" "-e" "RUSTUP_HOME=/opt/rustwide/rustup-home" "-w" "/opt/rustwide/workdir" "-m" "1610612736" "--user" "0:0" "--network" "none" "ghcr.io/rust-lang/crates-build-env/linux@sha256:34b6a614d2c27851fe6cbf88fbd1137609cefab8b10d0615aaeb6fd47975d74e" "/opt/rustwide/cargo-home/bin/cargo" "+1.54.0" "test" "--frozen" "--no-run" "--message-format=json", kill_on_drop: false }`
[INFO] [stdout] 0a614d72bde03d40f30a32795cf20c06f8861ac44cce0249ad5dffa93189033e
[INFO] running `Command { std: "docker" "start" "-a" "0a614d72bde03d40f30a32795cf20c06f8861ac44cce0249ad5dffa93189033e", kill_on_drop: false }`
[INFO] [stderr]    Compiling patchable-macros v0.1.0 (/opt/rustwide/workdir)
[INFO] [stderr]     Finished test [unoptimized + debuginfo] target(s) in 0.69s
[INFO] running `Command { std: "docker" "inspect" "0a614d72bde03d40f30a32795cf20c06f8861ac44cce0249ad5dffa93189033e", kill_on_drop: false }`
[INFO] running `Command { std: "docker" "rm" "-f" "0a614d72bde03d40f30a32795cf20c06f8861ac44cce0249ad5dffa93189033e", kill_on_drop: false }`
[INFO] [stdout] 0a614d72bde03d40f30a32795cf20c06f8861ac44cce0249ad5dffa93189033e
[INFO] running `Command { std: "docker" "create" "-v" "/var/lib/crater-agent-workspace/builds/worker-100/target:/opt/rustwide/target:rw,Z" "-v" "/var/lib/crater-agent-workspace/builds/worker-100/source:/opt/rustwide/workdir:ro,Z" "-v" "/var/lib/crater-agent-workspace/cargo-home:/opt/rustwide/cargo-home:ro,Z" "-v" "/var/lib/crater-agent-workspace/rustup-home:/opt/rustwide/rustup-home:ro,Z" "-e" "SOURCE_DIR=/opt/rustwide/workdir" "-e" "CARGO_TARGET_DIR=/opt/rustwide/target" "-e" "CARGO_INCREMENTAL=0" "-e" "RUST_BACKTRACE=full" "-e" "RUSTFLAGS=--cap-lints=warn" "-e" "CARGO_HOME=/opt/rustwide/cargo-home" "-e" "RUSTUP_HOME=/opt/rustwide/rustup-home" "-w" "/opt/rustwide/workdir" "-m" "1610612736" "--user" "0:0" "--network" "none" "ghcr.io/rust-lang/crates-build-env/linux@sha256:34b6a614d2c27851fe6cbf88fbd1137609cefab8b10d0615aaeb6fd47975d74e" "/opt/rustwide/cargo-home/bin/cargo" "+1.54.0" "test" "--frozen", kill_on_drop: false }`
[INFO] [stdout] 1eae66d491fe1eef1fe25dd23ec7f188b76961daf14c9a219edb6a156db9540b
[INFO] running `Command { std: "docker" "start" "-a" "1eae66d491fe1eef1fe25dd23ec7f188b76961daf14c9a219edb6a156db9540b", kill_on_drop: false }`
[INFO] [stderr]     Blocking waiting for file lock on package cache
[INFO] [stderr]     Finished test [unoptimized + debuginfo] target(s) in 1.03s
[INFO] [stderr]      Running unittests (/opt/rustwide/target/debug/deps/patchable_macros-bb3f8fd229735eac)
[INFO] [stdout] 
[INFO] [stdout] running 0 tests
[INFO] [stdout] 
[INFO] [stdout] test result: ok. 0 passed; 0 failed; 0 ignored; 0 measured; 0 filtered out; finished in 0.00s
[INFO] [stdout] 
[INFO] [stderr]    Doc-tests patchable-macros
[INFO] [stdout] 
[INFO] [stdout] running 4 tests
[INFO] [stdout] test src/lib.rs - derive (line 10) ... FAILED
[INFO] [stdout] test src/lib.rs - derive (line 18) ... FAILED
[INFO] [stdout] test src/lib.rs - derive (line 34) ... FAILED
[INFO] [stdout] test src/lib.rs - derive (line 49) ... ok
[INFO] [stdout] 
[INFO] [stdout] failures:
[INFO] [stdout] 
[INFO] [stdout] ---- src/lib.rs - derive (line 10) stdout ----
[INFO] [stdout] error: cannot find derive macro `Patchable` in this scope
[INFO] [stdout]  --> src/lib.rs:11:10
[INFO] [stdout]   |
[INFO] [stdout] 3 | #[derive(Patchable)]
[INFO] [stdout]   |          ^^^^^^^^^
[INFO] [stdout] 
[INFO] [stdout] error: aborting due to previous error
[INFO] [stdout] 
[INFO] [stdout] Couldn't compile the test.
[INFO] [stdout] ---- src/lib.rs - derive (line 18) stdout ----
[INFO] [stdout] error[E0405]: cannot find trait `Patchable` in this scope
[INFO] [stdout]  --> src/lib.rs:24:6
[INFO] [stdout]   |
[INFO] [stdout] 8 | impl Patchable<MyStructPatch> for MyStruct {
[INFO] [stdout]   |      ^^^^^^^^^ not found in this scope
[INFO] [stdout]   |
[INFO] [stdout] help: consider importing this trait
[INFO] [stdout]   |
[INFO] [stdout] 2 | use patchable_core::Patchable;
[INFO] [stdout]   |
[INFO] [stdout] 
[INFO] [stdout] error[E0412]: cannot find type `MyStruct` in this scope
[INFO] [stdout]  --> src/lib.rs:24:35
[INFO] [stdout]   |
[INFO] [stdout] 8 | impl Patchable<MyStructPatch> for MyStruct {
[INFO] [stdout]   |                                   ^^^^^^^^ not found in this scope
[INFO] [stdout] 
[INFO] [stdout] error: aborting due to 2 previous errors
[INFO] [stdout] 
[INFO] [stdout] Some errors have detailed explanations: E0405, E0412.
[INFO] [stdout] For more information about an error, try `rustc --explain E0405`.
[INFO] [stdout] Couldn't compile the test.
[INFO] [stdout] ---- src/lib.rs - derive (line 34) stdout ----
[INFO] [stdout] error: cannot find derive macro `Patchable` in this scope
[INFO] [stdout]   --> src/lib.rs:43:10
[INFO] [stdout]    |
[INFO] [stdout] 11 | #[derive(Patchable)]
[INFO] [stdout]    |          ^^^^^^^^^
[INFO] [stdout] 
[INFO] [stdout] error: cannot find derive macro `Patchable` in this scope
[INFO] [stdout]  --> src/lib.rs:35:10
[INFO] [stdout]   |
[INFO] [stdout] 3 | #[derive(Patchable)]
[INFO] [stdout]   |          ^^^^^^^^^
[INFO] [stdout] 
[INFO] [stdout] error: cannot find attribute `patch` in this scope
[INFO] [stdout]  --> src/lib.rs:36:3
[INFO] [stdout]   |
[INFO] [stdout] 4 | #[patch(MyPatch)]
[INFO] [stdout]   |   ^^^^^ help: a built-in attribute with a similar name exists: `path`
[INFO] [stdout] 
[INFO] [stdout] error: cannot find attribute `patch` in this scope
[INFO] [stdout]  --> src/lib.rs:39:7
[INFO] [stdout]   |
[INFO] [stdout] 7 |     #[patch(BarPatch)]
[INFO] [stdout]   |       ^^^^^ help: a built-in attribute with a similar name exists: `path`
[INFO] [stdout] 
[INFO] [stdout] error: aborting due to 4 previous errors
[INFO] [stdout] 
[INFO] [stdout] Couldn't compile the test.
[INFO] [stdout] 
[INFO] [stdout] failures:
[INFO] [stdout]     src/lib.rs - derive (line 10)
[INFO] [stdout]     src/lib.rs - derive (line 18)
[INFO] [stdout]     src/lib.rs - derive (line 34)
[INFO] [stdout] 
[INFO] [stdout] test result: FAILED. 1 passed; 3 failed; 0 ignored; 0 measured; 0 filtered out; finished in 0.60s
[INFO] [stdout] 
[INFO] [stderr] error: test failed, to rerun pass '--doc'
[INFO] running `Command { std: "docker" "inspect" "1eae66d491fe1eef1fe25dd23ec7f188b76961daf14c9a219edb6a156db9540b", kill_on_drop: false }`
[INFO] running `Command { std: "docker" "rm" "-f" "1eae66d491fe1eef1fe25dd23ec7f188b76961daf14c9a219edb6a156db9540b", kill_on_drop: false }`
[INFO] [stdout] 1eae66d491fe1eef1fe25dd23ec7f188b76961daf14c9a219edb6a156db9540b
