[INFO] fetching crate pastemyst 1.0.0...
[INFO] testing pastemyst-1.0.0 against beta-2021-08-01 for beta-1.55-1
[INFO] extracting crate pastemyst 1.0.0 into /workspace/builds/worker-102/source
[INFO] validating manifest of crates.io crate pastemyst 1.0.0 on toolchain beta-2021-08-01
[INFO] running `Command { std: "/workspace/cargo-home/bin/cargo" "+beta-2021-08-01" "metadata" "--manifest-path" "Cargo.toml" "--no-deps", kill_on_drop: false }`
[INFO] started tweaking crates.io crate pastemyst 1.0.0
[INFO] finished tweaking crates.io crate pastemyst 1.0.0
[INFO] tweaked toml for crates.io crate pastemyst 1.0.0 written to /workspace/builds/worker-102/source/Cargo.toml
[INFO] crate crates.io crate pastemyst 1.0.0 already has a lockfile, it will not be regenerated
[INFO] running `Command { std: "/workspace/cargo-home/bin/cargo" "+beta-2021-08-01" "fetch" "--manifest-path" "Cargo.toml", kill_on_drop: false }`
[INFO] [stderr]     Blocking waiting for file lock on package cache
[INFO] [stderr]  Downloading crates ...
[INFO] [stderr]   Downloaded tokio-util v0.6.1
[INFO] [stderr]   Downloaded serde v1.0.119
[INFO] [stderr]   Downloaded futures-io v0.3.10
[INFO] [stderr]   Downloaded futures-task v0.3.10
[INFO] [stderr]   Downloaded futures-util v0.3.10
[INFO] [stderr]   Downloaded futures-channel v0.3.10
[INFO] [stderr]   Downloaded tokio-stream v0.1.2
[INFO] [stderr]   Downloaded rand_core v0.6.1
[INFO] [stderr]   Downloaded getrandom v0.2.1
[INFO] [stderr]   Downloaded wasi v0.10.1+wasi-snapshot-preview1
[INFO] [stderr]   Downloaded rand v0.8.2
[INFO] [stderr]   Downloaded pin-project-lite v0.2.4
[INFO] [stderr]   Downloaded serde_derive v1.0.119
[INFO] [stderr]   Downloaded futures-sink v0.3.10
[INFO] [stderr]   Downloaded futures-core v0.3.10
[INFO] running `Command { std: "docker" "create" "-v" "/var/lib/crater-agent-workspace/builds/worker-102/target:/opt/rustwide/target:rw,Z" "-v" "/var/lib/crater-agent-workspace/builds/worker-102/source:/opt/rustwide/workdir:ro,Z" "-v" "/var/lib/crater-agent-workspace/cargo-home:/opt/rustwide/cargo-home:ro,Z" "-v" "/var/lib/crater-agent-workspace/rustup-home:/opt/rustwide/rustup-home:ro,Z" "-e" "SOURCE_DIR=/opt/rustwide/workdir" "-e" "CARGO_TARGET_DIR=/opt/rustwide/target" "-e" "CARGO_HOME=/opt/rustwide/cargo-home" "-e" "RUSTUP_HOME=/opt/rustwide/rustup-home" "-w" "/opt/rustwide/workdir" "-m" "1610612736" "--user" "0:0" "--network" "none" "ghcr.io/rust-lang/crates-build-env/linux@sha256:34b6a614d2c27851fe6cbf88fbd1137609cefab8b10d0615aaeb6fd47975d74e" "/opt/rustwide/cargo-home/bin/cargo" "+beta-2021-08-01" "metadata" "--no-deps" "--format-version=1", kill_on_drop: false }`
[INFO] [stdout] 20d1ece5cc2b075966726c4276bfc29c4d2a942c10bd4650f3aa472afa46c4f5
[INFO] running `Command { std: "docker" "start" "-a" "20d1ece5cc2b075966726c4276bfc29c4d2a942c10bd4650f3aa472afa46c4f5", kill_on_drop: false }`
[INFO] running `Command { std: "docker" "inspect" "20d1ece5cc2b075966726c4276bfc29c4d2a942c10bd4650f3aa472afa46c4f5", kill_on_drop: false }`
[INFO] running `Command { std: "docker" "rm" "-f" "20d1ece5cc2b075966726c4276bfc29c4d2a942c10bd4650f3aa472afa46c4f5", kill_on_drop: false }`
[INFO] [stdout] 20d1ece5cc2b075966726c4276bfc29c4d2a942c10bd4650f3aa472afa46c4f5
[INFO] running `Command { std: "docker" "create" "-v" "/var/lib/crater-agent-workspace/builds/worker-102/target:/opt/rustwide/target:rw,Z" "-v" "/var/lib/crater-agent-workspace/builds/worker-102/source:/opt/rustwide/workdir:ro,Z" "-v" "/var/lib/crater-agent-workspace/cargo-home:/opt/rustwide/cargo-home:ro,Z" "-v" "/var/lib/crater-agent-workspace/rustup-home:/opt/rustwide/rustup-home:ro,Z" "-e" "SOURCE_DIR=/opt/rustwide/workdir" "-e" "CARGO_TARGET_DIR=/opt/rustwide/target" "-e" "CARGO_INCREMENTAL=0" "-e" "RUST_BACKTRACE=full" "-e" "RUSTFLAGS=--cap-lints=warn" "-e" "CARGO_HOME=/opt/rustwide/cargo-home" "-e" "RUSTUP_HOME=/opt/rustwide/rustup-home" "-w" "/opt/rustwide/workdir" "-m" "1610612736" "--user" "0:0" "--network" "none" "ghcr.io/rust-lang/crates-build-env/linux@sha256:34b6a614d2c27851fe6cbf88fbd1137609cefab8b10d0615aaeb6fd47975d74e" "/opt/rustwide/cargo-home/bin/cargo" "+beta-2021-08-01" "build" "--frozen" "--message-format=json", kill_on_drop: false }`
[INFO] [stdout] 1767b90813fe4429a84a8a2ba9d9d12fbd48564070b585e3e61eb382fdd1d81d
[INFO] running `Command { std: "docker" "start" "-a" "1767b90813fe4429a84a8a2ba9d9d12fbd48564070b585e3e61eb382fdd1d81d", kill_on_drop: false }`
[INFO] [stderr]     Blocking waiting for file lock on package cache
[INFO] [stderr]    Compiling libc v0.2.82
[INFO] [stderr]    Compiling log v0.4.13
[INFO] [stderr]    Compiling pin-project-lite v0.2.4
[INFO] [stderr]    Compiling bytes v1.0.1
[INFO] [stderr]    Compiling cc v1.0.66
[INFO] [stderr]    Compiling futures-core v0.3.10
[INFO] [stderr]    Compiling pin-project-internal v0.4.27
[INFO] [stderr]    Compiling serde_derive v1.0.119
[INFO] [stderr]    Compiling once_cell v1.5.2
[INFO] [stderr]    Compiling serde v1.0.119
[INFO] [stderr]    Compiling futures-io v0.3.10
[INFO] [stderr]    Compiling futures-sink v0.3.10
[INFO] [stderr]    Compiling encoding_rs v0.8.26
[INFO] [stderr]    Compiling tokio v1.0.1
[INFO] [stderr]    Compiling indexmap v1.6.1
[INFO] [stderr]    Compiling tinyvec v1.1.0
[INFO] [stderr]    Compiling form_urlencoded v1.0.0
[INFO] [stderr]    Compiling tokio-macros v1.0.0
[INFO] [stderr]    Compiling pin-project-internal v1.0.4
[INFO] [stderr]    Compiling tracing v0.1.22
[INFO] [stderr]    Compiling futures-channel v0.3.10
[INFO] [stderr]    Compiling futures-task v0.3.10
[INFO] [stderr]    Compiling futures-util v0.3.10
[INFO] [stderr]    Compiling want v0.3.0
[INFO] [stderr]    Compiling http v0.2.3
[INFO] [stderr]    Compiling unicode-normalization v0.1.16
[INFO] [stderr]    Compiling openssl-sys v0.9.60
[INFO] [stderr]    Compiling mio v0.7.7
[INFO] [stderr]    Compiling num_cpus v1.13.0
[INFO] [stderr]    Compiling socket2 v0.3.19
[INFO] [stderr]    Compiling idna v0.2.0
[INFO] [stderr]    Compiling pin-project v1.0.4
[INFO] [stderr]    Compiling openssl v0.10.32
[INFO] [stderr]    Compiling native-tls v0.2.7
[INFO] [stderr]    Compiling url v2.2.0
[INFO] [stderr]    Compiling http-body v0.4.0
[INFO] [stderr]    Compiling pin-project v0.4.27
[INFO] [stderr]    Compiling tracing-futures v0.2.4
[INFO] [stderr]    Compiling tokio-stream v0.1.2
[INFO] [stderr]    Compiling tokio-native-tls v0.3.0
[INFO] [stderr]    Compiling tokio-util v0.6.1
[INFO] [stderr]    Compiling h2 v0.3.0
[INFO] [stderr]    Compiling serde_json v1.0.61
[INFO] [stderr]    Compiling serde_urlencoded v0.7.0
[INFO] [stderr]    Compiling hyper v0.14.2
[INFO] [stderr]    Compiling hyper-tls v0.5.0
[INFO] [stderr]    Compiling reqwest v0.11.0
[INFO] [stderr]    Compiling pastemyst v1.0.0 (/opt/rustwide/workdir)
[INFO] [stderr]     Finished dev [unoptimized + debuginfo] target(s) in 29.49s
[INFO] running `Command { std: "docker" "inspect" "1767b90813fe4429a84a8a2ba9d9d12fbd48564070b585e3e61eb382fdd1d81d", kill_on_drop: false }`
[INFO] running `Command { std: "docker" "rm" "-f" "1767b90813fe4429a84a8a2ba9d9d12fbd48564070b585e3e61eb382fdd1d81d", kill_on_drop: false }`
[INFO] [stdout] 1767b90813fe4429a84a8a2ba9d9d12fbd48564070b585e3e61eb382fdd1d81d
[INFO] running `Command { std: "docker" "create" "-v" "/var/lib/crater-agent-workspace/builds/worker-102/target:/opt/rustwide/target:rw,Z" "-v" "/var/lib/crater-agent-workspace/builds/worker-102/source:/opt/rustwide/workdir:ro,Z" "-v" "/var/lib/crater-agent-workspace/cargo-home:/opt/rustwide/cargo-home:ro,Z" "-v" "/var/lib/crater-agent-workspace/rustup-home:/opt/rustwide/rustup-home:ro,Z" "-e" "SOURCE_DIR=/opt/rustwide/workdir" "-e" "CARGO_TARGET_DIR=/opt/rustwide/target" "-e" "CARGO_INCREMENTAL=0" "-e" "RUST_BACKTRACE=full" "-e" "RUSTFLAGS=--cap-lints=warn" "-e" "CARGO_HOME=/opt/rustwide/cargo-home" "-e" "RUSTUP_HOME=/opt/rustwide/rustup-home" "-w" "/opt/rustwide/workdir" "-m" "1610612736" "--user" "0:0" "--network" "none" "ghcr.io/rust-lang/crates-build-env/linux@sha256:34b6a614d2c27851fe6cbf88fbd1137609cefab8b10d0615aaeb6fd47975d74e" "/opt/rustwide/cargo-home/bin/cargo" "+beta-2021-08-01" "test" "--frozen" "--no-run" "--message-format=json", kill_on_drop: false }`
[INFO] [stdout] d2bfb93bd9bd1012decc2980c48e3b0832a9805dc473228ffe60b25d50311df6
[INFO] running `Command { std: "docker" "start" "-a" "d2bfb93bd9bd1012decc2980c48e3b0832a9805dc473228ffe60b25d50311df6", kill_on_drop: false }`
[INFO] [stderr]     Blocking waiting for file lock on package cache
[INFO] [stderr]    Compiling pastemyst v1.0.0 (/opt/rustwide/workdir)
[INFO] [stderr]     Finished test [unoptimized + debuginfo] target(s) in 1.80s
[INFO] running `Command { std: "docker" "inspect" "d2bfb93bd9bd1012decc2980c48e3b0832a9805dc473228ffe60b25d50311df6", kill_on_drop: false }`
[INFO] running `Command { std: "docker" "rm" "-f" "d2bfb93bd9bd1012decc2980c48e3b0832a9805dc473228ffe60b25d50311df6", kill_on_drop: false }`
[INFO] [stdout] d2bfb93bd9bd1012decc2980c48e3b0832a9805dc473228ffe60b25d50311df6
[INFO] running `Command { std: "docker" "create" "-v" "/var/lib/crater-agent-workspace/builds/worker-102/target:/opt/rustwide/target:rw,Z" "-v" "/var/lib/crater-agent-workspace/builds/worker-102/source:/opt/rustwide/workdir:ro,Z" "-v" "/var/lib/crater-agent-workspace/cargo-home:/opt/rustwide/cargo-home:ro,Z" "-v" "/var/lib/crater-agent-workspace/rustup-home:/opt/rustwide/rustup-home:ro,Z" "-e" "SOURCE_DIR=/opt/rustwide/workdir" "-e" "CARGO_TARGET_DIR=/opt/rustwide/target" "-e" "CARGO_INCREMENTAL=0" "-e" "RUST_BACKTRACE=full" "-e" "RUSTFLAGS=--cap-lints=warn" "-e" "CARGO_HOME=/opt/rustwide/cargo-home" "-e" "RUSTUP_HOME=/opt/rustwide/rustup-home" "-w" "/opt/rustwide/workdir" "-m" "1610612736" "--user" "0:0" "--network" "none" "ghcr.io/rust-lang/crates-build-env/linux@sha256:34b6a614d2c27851fe6cbf88fbd1137609cefab8b10d0615aaeb6fd47975d74e" "/opt/rustwide/cargo-home/bin/cargo" "+beta-2021-08-01" "test" "--frozen", kill_on_drop: false }`
[INFO] [stdout] 02a32d0601c1a81d1f8fef08c5dea8a013f25f5934e7d038293fa96ed92d48a8
[INFO] running `Command { std: "docker" "start" "-a" "02a32d0601c1a81d1f8fef08c5dea8a013f25f5934e7d038293fa96ed92d48a8", kill_on_drop: false }`
[INFO] [stderr]     Finished test [unoptimized + debuginfo] target(s) in 0.19s
[INFO] [stderr]      Running unittests (/opt/rustwide/target/debug/deps/pastemyst-9b93be09aef99e78)
[INFO] [stdout] 
[INFO] [stdout] running 0 tests
[INFO] [stdout] 
[INFO] [stdout] test result: ok. 0 passed; 0 failed; 0 ignored; 0 measured; 0 filtered out; finished in 0.00s
[INFO] [stdout] 
[INFO] [stderr]    Doc-tests pastemyst
[INFO] [stdout] 
[INFO] [stdout] running 30 tests
[INFO] [stdout] test src/lib.rs - paste::PasteObject (line 1349) ... FAILED
[INFO] [stdout] test src/lib.rs - paste::EditObject (line 1534) ... FAILED
[INFO] [stdout] test src/lib.rs - paste::EditHistory (line 1439) ... FAILED
[INFO] [stdout] test src/lib.rs - paste::create_private_paste (line 1057) ... FAILED
[INFO] [stdout] test src/lib.rs - paste::CreateObject (line 1480) ... FAILED
[INFO] [stdout] test src/lib.rs - paste::PastyObject (line 1410) ... FAILED
[INFO] [stdout] test src/lib.rs - paste::get_private_paste_async (line 921) ... FAILED
[INFO] [stdout] test src/lib.rs - user::user_exists_async (line 734) ... FAILED
[INFO] [stdout] test src/lib.rs - paste::get_paste (line 848) ... FAILED
[INFO] [stdout] test src/lib.rs - user::user_exists_async (line 746) ... FAILED
[INFO] [stdout] test src/lib.rs - paste::edit_paste (line 1164) ... FAILED
[INFO] [stdout] test src/lib.rs - paste::delete_paste_async (line 1310) ... FAILED
[INFO] [stdout] test src/lib.rs - paste::edit_paste_async (line 1217) ... FAILED
[INFO] [stdout] test src/lib.rs - paste::get_private_paste (line 894) ... FAILED
[INFO] [stdout] test src/lib.rs - paste::create_paste_async (line 1003) ... FAILED
[INFO] [stdout] test src/lib.rs - paste::create_paste (line 953) ... FAILED
[INFO] [stdout] test src/lib.rs - paste::create_private_paste_async (line 1095) ... FAILED
[INFO] [stdout] test src/lib.rs - paste::get_paste_async (line 871) ... FAILED
[INFO] [stdout] test src/lib.rs - data::get_language_by_extension_async (line 329) ... FAILED
[INFO] [stdout] test src/lib.rs - data::get_language_by_name_async (line 274) ... FAILED
[INFO] [stdout] test src/lib.rs - user::get_user_async (line 641) ... FAILED
[INFO] [stdout] test src/lib.rs - time::expires_into_unix_async (line 164) ... FAILED
[INFO] [stdout] test src/lib.rs - time::expires_into_unix (line 112) ... FAILED
[INFO] [stdout] test src/lib.rs - paste::delete_paste (line 1271) ... FAILED
[INFO] [stdout] test src/lib.rs - user::user_exists (line 687) ... FAILED
[INFO] [stdout] test src/lib.rs - data::get_language_by_name (line 247) ... FAILED
[INFO] [stdout] test src/lib.rs - user::get_user (line 589) ... FAILED
[INFO] [stdout] test src/lib.rs - paste::PasteResult (line 824) ... ok
[INFO] [stdout] test src/lib.rs - data::get_language_by_extension (line 302) ... FAILED
[INFO] [stdout] test src/lib.rs - user::user_exists (line 698) ... FAILED
[INFO] [stdout] 
[INFO] [stdout] failures:
[INFO] [stdout] 
[INFO] [stdout] ---- src/lib.rs - paste::PasteObject (line 1349) stdout ----
[INFO] [stdout] error[E0412]: cannot find type `PasteObject` in this scope
[INFO] [stdout]  --> src/lib.rs:1350:11
[INFO] [stdout]   |
[INFO] [stdout] 3 | let _foo: PasteObject = get_paste("hipfqanx");
[INFO] [stdout]   |           ^^^^^^^^^^^ not found in this scope
[INFO] [stdout]   |
[INFO] [stdout] help: consider importing this struct
[INFO] [stdout]   |
[INFO] [stdout] 2 | use pastemyst::paste::PasteObject;
[INFO] [stdout]   |
[INFO] [stdout] 
[INFO] [stdout] error[E0425]: cannot find function `get_paste` in this scope
[INFO] [stdout]  --> src/lib.rs:1350:25
[INFO] [stdout]   |
[INFO] [stdout] 3 | let _foo: PasteObject = get_paste("hipfqanx");
[INFO] [stdout]   |                         ^^^^^^^^^ not found in this scope
[INFO] [stdout]   |
[INFO] [stdout] help: consider importing this function
[INFO] [stdout]   |
[INFO] [stdout] 2 | use pastemyst::paste::get_paste;
[INFO] [stdout]   |
[INFO] [stdout] 
[INFO] [stdout] error: aborting due to 2 previous errors
[INFO] [stdout] 
[INFO] [stdout] Some errors have detailed explanations: E0412, E0425.
[INFO] [stdout] For more information about an error, try `rustc --explain E0412`.
[INFO] [stdout] Couldn't compile the test.
[INFO] [stdout] ---- src/lib.rs - paste::EditObject (line 1534) stdout ----
[INFO] [stdout] error[E0412]: cannot find type `CreateObject` in this scope
[INFO] [stdout]  --> src/lib.rs:1535:12
[INFO] [stdout]   |
[INFO] [stdout] 4 | let _data: CreateObject = CreateObject {
[INFO] [stdout]   |            ^^^^^^^^^^^^ not found in this scope
[INFO] [stdout]   |
[INFO] [stdout] help: consider importing this struct
[INFO] [stdout]   |
[INFO] [stdout] 3 | use pastemyst::paste::CreateObject;
[INFO] [stdout]   |
[INFO] [stdout] 
[INFO] [stdout] error[E0422]: cannot find struct, variant or union type `CreateObject` in this scope
[INFO] [stdout]  --> src/lib.rs:1535:27
[INFO] [stdout]   |
[INFO] [stdout] 4 | let _data: CreateObject = CreateObject {
[INFO] [stdout]   |                           ^^^^^^^^^^^^ not found in this scope
[INFO] [stdout]   |
[INFO] [stdout] help: consider importing this struct
[INFO] [stdout]   |
[INFO] [stdout] 3 | use pastemyst::paste::CreateObject;
[INFO] [stdout]   |
[INFO] [stdout] 
[INFO] [stdout] error[E0425]: cannot find value `var_pasties` in this scope
[INFO] [stdout]   --> src/lib.rs:1541:14
[INFO] [stdout]    |
[INFO] [stdout] 10 |     pasties: var_pasties,
[INFO] [stdout]    |              ^^^^^^^^^^^ not found in this scope
[INFO] [stdout] 
[INFO] [stdout] error: aborting due to 3 previous errors
[INFO] [stdout] 
[INFO] [stdout] Some errors have detailed explanations: E0412, E0422, E0425.
[INFO] [stdout] For more information about an error, try `rustc --explain E0412`.
[INFO] [stdout] Couldn't compile the test.
[INFO] [stdout] ---- src/lib.rs - paste::EditHistory (line 1439) stdout ----
[INFO] [stdout] error[E0412]: cannot find type `EditHistory` in this scope
[INFO] [stdout]  --> src/lib.rs:1441:12
[INFO] [stdout]   |
[INFO] [stdout] 5 | let edits: EditHistory = paste.edits[0];
[INFO] [stdout]   |            ^^^^^^^^^^^ not found in this scope
[INFO] [stdout]   |
[INFO] [stdout] help: consider importing this struct
[INFO] [stdout]   |
[INFO] [stdout] 4 | use pastemyst::paste::EditHistory;
[INFO] [stdout]   |
[INFO] [stdout] 
[INFO] [stdout] error[E0425]: cannot find value `paste` in this scope
[INFO] [stdout]  --> src/lib.rs:1441:26
[INFO] [stdout]   |
[INFO] [stdout] 5 | let edits: EditHistory = paste.edits[0];
[INFO] [stdout]   |                          ^^^^^ not found in this scope
[INFO] [stdout] 
[INFO] [stdout] error: aborting due to 2 previous errors
[INFO] [stdout] 
[INFO] [stdout] Some errors have detailed explanations: E0412, E0425.
[INFO] [stdout] For more information about an error, try `rustc --explain E0412`.
[INFO] [stdout] Couldn't compile the test.
[INFO] [stdout] ---- src/lib.rs - paste::create_private_paste (line 1057) stdout ----
[INFO] [stdout] error[E0107]: this enum takes 2 generic arguments but 1 generic argument was supplied
[INFO] [stdout]    --> src/lib.rs:1063:20
[INFO] [stdout]     |
[INFO] [stdout] 8   | async fn main() -> Result<()> {
[INFO] [stdout]     |                    ^^^^^^ -- supplied 1 generic argument
[INFO] [stdout]     |                    |
[INFO] [stdout]     |                    expected 2 generic arguments
[INFO] [stdout]     |
[INFO] [stdout] note: enum defined here, with 2 generic parameters: `T`, `E`
[INFO] [stdout] help: add missing generic argument
[INFO] [stdout]     |
[INFO] [stdout] 8   | async fn main() -> Result<(), E> {
[INFO] [stdout]     |                             ^^^
[INFO] [stdout] 
[INFO] [stdout] error: aborting due to previous error
[INFO] [stdout] 
[INFO] [stdout] For more information about this error, try `rustc --explain E0107`.
[INFO] [stdout] Couldn't compile the test.
[INFO] [stdout] ---- src/lib.rs - paste::CreateObject (line 1480) stdout ----
[INFO] [stdout] error[E0412]: cannot find type `CreateObject` in this scope
[INFO] [stdout]  --> src/lib.rs:1481:12
[INFO] [stdout]   |
[INFO] [stdout] 4 | let _data: CreateObject = CreateObject {
[INFO] [stdout]   |            ^^^^^^^^^^^^ not found in this scope
[INFO] [stdout]   |
[INFO] [stdout] help: consider importing this struct
[INFO] [stdout]   |
[INFO] [stdout] 3 | use pastemyst::paste::CreateObject;
[INFO] [stdout]   |
[INFO] [stdout] 
[INFO] [stdout] error[E0422]: cannot find struct, variant or union type `CreateObject` in this scope
[INFO] [stdout]  --> src/lib.rs:1481:27
[INFO] [stdout]   |
[INFO] [stdout] 4 | let _data: CreateObject = CreateObject {
[INFO] [stdout]   |                           ^^^^^^^^^^^^ not found in this scope
[INFO] [stdout]   |
[INFO] [stdout] help: consider importing this struct
[INFO] [stdout]   |
[INFO] [stdout] 3 | use pastemyst::paste::CreateObject;
[INFO] [stdout]   |
[INFO] [stdout] 
[INFO] [stdout] error[E0425]: cannot find value `pasties` in this scope
[INFO] [stdout]   --> src/lib.rs:1487:14
[INFO] [stdout]    |
[INFO] [stdout] 10 |     pasties: pasties,
[INFO] [stdout]    |              ^^^^^^^ not found in this scope
[INFO] [stdout] 
[INFO] [stdout] error: aborting due to 3 previous errors
[INFO] [stdout] 
[INFO] [stdout] Some errors have detailed explanations: E0412, E0422, E0425.
[INFO] [stdout] For more information about an error, try `rustc --explain E0412`.
[INFO] [stdout] Couldn't compile the test.
[INFO] [stdout] ---- src/lib.rs - paste::PastyObject (line 1410) stdout ----
[INFO] [stdout] error[E0412]: cannot find type `PastyObject` in this scope
[INFO] [stdout]  --> src/lib.rs:1411:12
[INFO] [stdout]   |
[INFO] [stdout] 4 | let pasty: PastyObject = PastyObject {
[INFO] [stdout]   |            ^^^^^^^^^^^ not found in this scope
[INFO] [stdout]   |
[INFO] [stdout] help: consider importing this struct
[INFO] [stdout]   |
[INFO] [stdout] 3 | use pastemyst::paste::PastyObject;
[INFO] [stdout]   |
[INFO] [stdout] 
[INFO] [stdout] error[E0422]: cannot find struct, variant or union type `PastyObject` in this scope
[INFO] [stdout]  --> src/lib.rs:1411:26
[INFO] [stdout]   |
[INFO] [stdout] 4 | let pasty: PastyObject = PastyObject {
[INFO] [stdout]   |                          ^^^^^^^^^^^ not found in this scope
[INFO] [stdout]   |
[INFO] [stdout] help: consider importing this struct
[INFO] [stdout]   |
[INFO] [stdout] 3 | use pastemyst::paste::PastyObject;
[INFO] [stdout]   |
[INFO] [stdout] 
[INFO] [stdout] error: aborting due to 2 previous errors
[INFO] [stdout] 
[INFO] [stdout] Some errors have detailed explanations: E0412, E0422.
[INFO] [stdout] For more information about an error, try `rustc --explain E0412`.
[INFO] [stdout] Couldn't compile the test.
[INFO] [stdout] ---- src/lib.rs - paste::get_private_paste_async (line 921) stdout ----
[INFO] [stdout] error[E0425]: cannot find value `paste` in this scope
[INFO] [stdout]  --> src/lib.rs:928:20
[INFO] [stdout]   |
[INFO] [stdout] 9 |     println!("{}", paste.isPrivate);
[INFO] [stdout]   |                    ^^^^^ not found in this scope
[INFO] [stdout] 
[INFO] [stdout] error[E0107]: this enum takes 2 generic arguments but 1 generic argument was supplied
[INFO] [stdout]    --> src/lib.rs:926:20
[INFO] [stdout]     |
[INFO] [stdout] 7   | async fn main() -> Result<()> {
[INFO] [stdout]     |                    ^^^^^^ -- supplied 1 generic argument
[INFO] [stdout]     |                    |
[INFO] [stdout]     |                    expected 2 generic arguments
[INFO] [stdout]     |
[INFO] [stdout] note: enum defined here, with 2 generic parameters: `T`, `E`
[INFO] [stdout] help: add missing generic argument
[INFO] [stdout]     |
[INFO] [stdout] 7   | async fn main() -> Result<(), E> {
[INFO] [stdout]     |                             ^^^
[INFO] [stdout] 
[INFO] [stdout] error: aborting due to 2 previous errors
[INFO] [stdout] 
[INFO] [stdout] Some errors have detailed explanations: E0107, E0425.
[INFO] [stdout] For more information about an error, try `rustc --explain E0107`.
[INFO] [stdout] Couldn't compile the test.
[INFO] [stdout] ---- src/lib.rs - user::user_exists_async (line 734) stdout ----
[INFO] [stdout] error[E0277]: `Result<bool, reqwest::error::Error>` is not a future
[INFO] [stdout]   --> src/lib.rs:740:24
[INFO] [stdout]    |
[INFO] [stdout] 8  |     let exists: bool = user_exists(USERNAME).await?;
[INFO] [stdout]    |                        ^^^^^^^^^^^^^^^^^^^^^^^^^^^ `Result<bool, reqwest::error::Error>` is not a future
[INFO] [stdout]    |
[INFO] [stdout]    = help: the trait `Future` is not implemented for `Result<bool, reqwest::error::Error>`
[INFO] [stdout] note: required by `poll`
[INFO] [stdout] 
[INFO] [stdout] error: aborting due to previous error
[INFO] [stdout] 
[INFO] [stdout] For more information about this error, try `rustc --explain E0277`.
[INFO] [stdout] Couldn't compile the test.
[INFO] [stdout] ---- src/lib.rs - paste::get_paste (line 848) stdout ----
[INFO] [stdout] error[E0609]: no field `title` on type `Result<PasteObject, reqwest::error::Error>`
[INFO] [stdout]  --> src/lib.rs:854:26
[INFO] [stdout]   |
[INFO] [stdout] 8 |     println!("{:?}", foo.title);
[INFO] [stdout]   |                          ^^^^^
[INFO] [stdout] 
[INFO] [stdout] error: aborting due to previous error
[INFO] [stdout] 
[INFO] [stdout] For more information about this error, try `rustc --explain E0609`.
[INFO] [stdout] Couldn't compile the test.
[INFO] [stdout] ---- src/lib.rs - user::user_exists_async (line 746) stdout ----
[INFO] [stdout] error[E0277]: `Result<bool, reqwest::error::Error>` is not a future
[INFO] [stdout]   --> src/lib.rs:752:8
[INFO] [stdout]    |
[INFO] [stdout] 8  |     if user_exists(USERNAME).await? == true {
[INFO] [stdout]    |        ^^^^^^^^^^^^^^^^^^^^^^^^^^^ `Result<bool, reqwest::error::Error>` is not a future
[INFO] [stdout]    |
[INFO] [stdout]    = help: the trait `Future` is not implemented for `Result<bool, reqwest::error::Error>`
[INFO] [stdout] note: required by `poll`
[INFO] [stdout] 
[INFO] [stdout] error: aborting due to previous error
[INFO] [stdout] 
[INFO] [stdout] For more information about this error, try `rustc --explain E0277`.
[INFO] [stdout] Couldn't compile the test.
[INFO] [stdout] ---- src/lib.rs - paste::edit_paste (line 1164) stdout ----
[INFO] [stdout] error[E0412]: cannot find type `PasteObject` in this scope
[INFO] [stdout]   --> src/lib.rs:1182:23
[INFO] [stdout]    |
[INFO] [stdout] 20 |     let paste_result: PasteObject = paste::edit_paste(edit_object,
[INFO] [stdout]    |                       ^^^^^^^^^^^ not found in this scope
[INFO] [stdout]    |
[INFO] [stdout] help: consider importing one of these items
[INFO] [stdout]    |
[INFO] [stdout] 3  | use crate::paste::PasteObject;
[INFO] [stdout]    |
[INFO] [stdout] 3  | use pastemyst::paste::PasteObject;
[INFO] [stdout]    |
[INFO] [stdout] 
[INFO] [stdout] error[E0277]: the `?` operator can only be used in a function that returns `Result` or `Option` (or another type that implements `FromResidual`)
[INFO] [stdout]    --> src/lib.rs:1185:6
[INFO] [stdout]     |
[INFO] [stdout] 6   | / fn main() {
[INFO] [stdout] 7   | |     let pasties = vec![pastemyst::paste::PastyObject {
[INFO] [stdout] 8   | |         _id: str!("PastyID"),
[INFO] [stdout] 9   | |         code: String::from("print('Hello World!')"),
[INFO] [stdout] ...   |
[INFO] [stdout] 23  | |     )?;
[INFO] [stdout]     | |      ^ cannot use the `?` operator in a function that returns `()`
[INFO] [stdout] 24  | | }
[INFO] [stdout]     | |_- this function should return `Result` or `Option` to accept `?`
[INFO] [stdout]     |
[INFO] [stdout]     = help: the trait `FromResidual<Result<Infallible, reqwest::error::Error>>` is not implemented for `()`
[INFO] [stdout] note: required by `from_residual`
[INFO] [stdout] 
[INFO] [stdout] error: aborting due to 2 previous errors
[INFO] [stdout] 
[INFO] [stdout] Some errors have detailed explanations: E0277, E0412.
[INFO] [stdout] For more information about an error, try `rustc --explain E0277`.
[INFO] [stdout] Couldn't compile the test.
[INFO] [stdout] ---- src/lib.rs - paste::delete_paste_async (line 1310) stdout ----
[INFO] [stdout] error[E0277]: `Result<u16, reqwest::error::Error>` is not a future
[INFO] [stdout]   --> src/lib.rs:1315:28
[INFO] [stdout]    |
[INFO] [stdout] 7  |       let paste_del_result = delete_paste(
[INFO] [stdout]    |  ____________________________^
[INFO] [stdout] 8  | |         "PasteID",
[INFO] [stdout] 9  | |         "Your PasteMyst Token. Get it from: https://paste.myst.rs/user/settings",
[INFO] [stdout] 10 | |     ).await?;
[INFO] [stdout]    | |___________^ `Result<u16, reqwest::error::Error>` is not a future
[INFO] [stdout]    |
[INFO] [stdout]    = help: the trait `Future` is not implemented for `Result<u16, reqwest::error::Error>`
[INFO] [stdout] note: required by `poll`
[INFO] [stdout] 
[INFO] [stdout] error: aborting due to previous error
[INFO] [stdout] 
[INFO] [stdout] For more information about this error, try `rustc --explain E0277`.
[INFO] [stdout] Couldn't compile the test.
[INFO] [stdout] ---- src/lib.rs - paste::edit_paste_async (line 1217) stdout ----
[INFO] [stdout] error[E0412]: cannot find type `PasteObject` in this scope
[INFO] [stdout]   --> src/lib.rs:1236:23
[INFO] [stdout]    |
[INFO] [stdout] 21 |     let paste_result: PasteObject = paste::edit_paste(edit_object,
[INFO] [stdout]    |                       ^^^^^^^^^^^ not found in this scope
[INFO] [stdout]    |
[INFO] [stdout] help: consider importing one of these items
[INFO] [stdout]    |
[INFO] [stdout] 3  | use crate::paste::PasteObject;
[INFO] [stdout]    |
[INFO] [stdout] 3  | use pastemyst::paste::PasteObject;
[INFO] [stdout]    |
[INFO] [stdout] 
[INFO] [stdout] error[E0277]: `Result<PasteObject, reqwest::error::Error>` is not a future
[INFO] [stdout]   --> src/lib.rs:1236:37
[INFO] [stdout]    |
[INFO] [stdout] 21 |       let paste_result: PasteObject = paste::edit_paste(edit_object,
[INFO] [stdout]    |  _____________________________________^
[INFO] [stdout] 22 | |         "PasteID",
[INFO] [stdout] 23 | |         "Your PasteMyst Token. Get it from: https://paste.myst.rs/user/settings",
[INFO] [stdout] 24 | |     ).await?;
[INFO] [stdout]    | |___________^ `Result<PasteObject, reqwest::error::Error>` is not a future
[INFO] [stdout]    |
[INFO] [stdout]    = help: the trait `Future` is not implemented for `Result<PasteObject, reqwest::error::Error>`
[INFO] [stdout] note: required by `poll`
[INFO] [stdout] 
[INFO] [stdout] error[E0277]: the `?` operator can only be used in an async block that returns `Result` or `Option` (or another type that implements `FromResidual`)
[INFO] [stdout]    --> src/lib.rs:1239:12
[INFO] [stdout]     |
[INFO] [stdout] 6   | #[tokio::main]
[INFO] [stdout]     | -------------- this function should return `Result` or `Option` to accept `?`
[INFO] [stdout] ...
[INFO] [stdout] 24  |     ).await?;
[INFO] [stdout]     |            ^ cannot use the `?` operator in an async block that returns `()`
[INFO] [stdout]     |
[INFO] [stdout]     = help: the trait `FromResidual<_>` is not implemented for `()`
[INFO] [stdout] note: required by `from_residual`
[INFO] [stdout] 
[INFO] [stdout] error: aborting due to 3 previous errors
[INFO] [stdout] 
[INFO] [stdout] Some errors have detailed explanations: E0277, E0412.
[INFO] [stdout] For more information about an error, try `rustc --explain E0277`.
[INFO] [stdout] Couldn't compile the test.
[INFO] [stdout] ---- src/lib.rs - paste::get_private_paste (line 894) stdout ----
[INFO] [stdout] error[E0609]: no field `_id` on type `Result<PasteObject, reqwest::error::Error>`
[INFO] [stdout]  --> src/lib.rs:900:26
[INFO] [stdout]   |
[INFO] [stdout] 8 |     println!("{:?}", foo._id);
[INFO] [stdout]   |                          ^^^
[INFO] [stdout] 
[INFO] [stdout] error: aborting due to previous error
[INFO] [stdout] 
[INFO] [stdout] For more information about this error, try `rustc --explain E0609`.
[INFO] [stdout] Couldn't compile the test.
[INFO] [stdout] ---- src/lib.rs - paste::create_paste_async (line 1003) stdout ----
[INFO] [stdout] error[E0433]: failed to resolve: use of undeclared crate or module `paste`
[INFO] [stdout]   --> src/lib.rs:1031:17
[INFO] [stdout]    |
[INFO] [stdout] 30 |     let paste = paste::create_paste_async(data).await?;
[INFO] [stdout]    |                 ^^^^^ use of undeclared crate or module `paste`
[INFO] [stdout] 
[INFO] [stdout] error[E0308]: mismatched types
[INFO] [stdout]   --> src/lib.rs:1011:18
[INFO] [stdout]    |
[INFO] [stdout] 10 |             _id: None,
[INFO] [stdout]    |                  ^^^^ expected struct `String`, found enum `Option`
[INFO] [stdout]    |
[INFO] [stdout]    = note: expected struct `String`
[INFO] [stdout]                 found enum `Option<_>`
[INFO] [stdout] 
[INFO] [stdout] error[E0308]: mismatched types
[INFO] [stdout]   --> src/lib.rs:1012:23
[INFO] [stdout]    |
[INFO] [stdout] 11 |             language: Some(String::from("autodetect")),
[INFO] [stdout]    |                       ^^^^^^^^^^^^^^^^^^^^^^^^^^^^^^^^ expected struct `String`, found enum `Option`
[INFO] [stdout]    |
[INFO] [stdout]    = note: expected struct `String`
[INFO] [stdout]                 found enum `Option<String>`
[INFO] [stdout] 
[INFO] [stdout] error[E0308]: mismatched types
[INFO] [stdout]   --> src/lib.rs:1013:20
[INFO] [stdout]    |
[INFO] [stdout] 12 |             title: Some(String::from("Pasty1")),
[INFO] [stdout]    |                    ^^^^^^^^^^^^^^^^^^^^^^^^^^^^ expected struct `String`, found enum `Option`
[INFO] [stdout]    |
[INFO] [stdout]    = note: expected struct `String`
[INFO] [stdout]                 found enum `Option<String>`
[INFO] [stdout] 
[INFO] [stdout] error[E0308]: mismatched types
[INFO] [stdout]   --> src/lib.rs:1014:19
[INFO] [stdout]    |
[INFO] [stdout] 13 |             code: Some(String::from("Code")),
[INFO] [stdout]    |                   ^^^^^^^^^^^^^^^^^^^^^^^^^^ expected struct `String`, found enum `Option`
[INFO] [stdout]    |
[INFO] [stdout]    = note: expected struct `String`
[INFO] [stdout]                 found enum `Option<String>`
[INFO] [stdout] 
[INFO] [stdout] Couldn't compile the test.
[INFO] [stdout] ---- src/lib.rs - paste::create_paste (line 953) stdout ----
[INFO] [stdout] error[E0308]: mismatched types
[INFO] [stdout]  --> src/lib.rs:960:18
[INFO] [stdout]   |
[INFO] [stdout] 9 |             _id: None,
[INFO] [stdout]   |                  ^^^^ expected struct `String`, found enum `Option`
[INFO] [stdout]   |
[INFO] [stdout]   = note: expected struct `String`
[INFO] [stdout]                found enum `Option<_>`
[INFO] [stdout] 
[INFO] [stdout] error[E0308]: mismatched types
[INFO] [stdout]   --> src/lib.rs:961:23
[INFO] [stdout]    |
[INFO] [stdout] 10 |             language: Some(String::from("autodetect")),
[INFO] [stdout]    |                       ^^^^^^^^^^^^^^^^^^^^^^^^^^^^^^^^ expected struct `String`, found enum `Option`
[INFO] [stdout]    |
[INFO] [stdout]    = note: expected struct `String`
[INFO] [stdout]                 found enum `Option<String>`
[INFO] [stdout] 
[INFO] [stdout] error[E0308]: mismatched types
[INFO] [stdout]   --> src/lib.rs:962:20
[INFO] [stdout]    |
[INFO] [stdout] 11 |             title: Some(String::from("Pasty1")),
[INFO] [stdout]    |                    ^^^^^^^^^^^^^^^^^^^^^^^^^^^^ expected struct `String`, found enum `Option`
[INFO] [stdout]    |
[INFO] [stdout]    = note: expected struct `String`
[INFO] [stdout]                 found enum `Option<String>`
[INFO] [stdout] 
[INFO] [stdout] error[E0308]: mismatched types
[INFO] [stdout]   --> src/lib.rs:963:19
[INFO] [stdout]    |
[INFO] [stdout] 12 |             code: Some(String::from("Code")),
[INFO] [stdout]    |                   ^^^^^^^^^^^^^^^^^^^^^^^^^^ expected struct `String`, found enum `Option`
[INFO] [stdout]    |
[INFO] [stdout]    = note: expected struct `String`
[INFO] [stdout]                 found enum `Option<String>`
[INFO] [stdout] 
[INFO] [stdout] error[E0308]: mismatched types
[INFO] [stdout]   --> src/lib.rs:966:18
[INFO] [stdout]    |
[INFO] [stdout] 15 |             _id: None,
[INFO] [stdout]    |                  ^^^^ expected struct `String`, found enum `Option`
[INFO] [stdout]    |
[INFO] [stdout]    = note: expected struct `String`
[INFO] [stdout]                 found enum `Option<_>`
[INFO] [stdout] 
[INFO] [stdout] Couldn't compile the test.
[INFO] [stdout] ---- src/lib.rs - paste::create_private_paste_async (line 1095) stdout ----
[INFO] [stdout] error[E0308]: mismatched types
[INFO] [stdout]  --> src/lib.rs:1101:18
[INFO] [stdout]   |
[INFO] [stdout] 8 |             _id: None,
[INFO] [stdout]   |                  ^^^^ expected struct `String`, found enum `Option`
[INFO] [stdout]   |
[INFO] [stdout]   = note: expected struct `String`
[INFO] [stdout]                found enum `Option<_>`
[INFO] [stdout] 
[INFO] [stdout] error[E0308]: mismatched types
[INFO] [stdout]  --> src/lib.rs:1102:23
[INFO] [stdout]   |
[INFO] [stdout] 9 |             language: Some(String::from("autodetect")),
[INFO] [stdout]   |                       ^^^^^^^^^^^^^^^^^^^^^^^^^^^^^^^^ expected struct `String`, found enum `Option`
[INFO] [stdout]   |
[INFO] [stdout]   = note: expected struct `String`
[INFO] [stdout]                found enum `Option<String>`
[INFO] [stdout] 
[INFO] [stdout] error[E0308]: mismatched types
[INFO] [stdout]   --> src/lib.rs:1103:20
[INFO] [stdout]    |
[INFO] [stdout] 10 |             title: Some(String::from("A pasty title")),
[INFO] [stdout]    |                    ^^^^^^^^^^^^^^^^^^^^^^^^^^^^^^^^^^^ expected struct `String`, found enum `Option`
[INFO] [stdout]    |
[INFO] [stdout]    = note: expected struct `String`
[INFO] [stdout]                 found enum `Option<String>`
[INFO] [stdout] 
[INFO] [stdout] error[E0308]: mismatched types
[INFO] [stdout]   --> src/lib.rs:1104:19
[INFO] [stdout]    |
[INFO] [stdout] 11 |             code: Some(String::from("fn main() { println!(\"Hello World!\"); }")),
[INFO] [stdout]    |                   ^^^^^^^^^^^^^^^^^^^^^^^^^^^^^^^^^^^^^^^^^^^^^^^^^^^^^^^^^^^^^^^ expected struct `String`, found enum `Option`
[INFO] [stdout]    |
[INFO] [stdout]    = note: expected struct `String`
[INFO] [stdout]                 found enum `Option<String>`
[INFO] [stdout] 
[INFO] [stdout] error[E0308]: mismatched types
[INFO] [stdout]   --> src/lib.rs:1107:18
[INFO] [stdout]    |
[INFO] [stdout] 14 |             _id: None,
[INFO] [stdout]    |                  ^^^^ expected struct `String`, found enum `Option`
[INFO] [stdout]    |
[INFO] [stdout]    = note: expected struct `String`
[INFO] [stdout]                 found enum `Option<_>`
[INFO] [stdout] 
[INFO] [stdout] error[E0308]: mismatched types
[INFO] [stdout]   --> src/lib.rs:1108:20
[INFO] [stdout]    |
[INFO] [stdout] 15 |             title: Some(String::from("Another pasty title")),
[INFO] [stdout]    |                    ^^^^^^^^^^^^^^^^^^^^^^^^^^^^^^^^^^^^^^^^^ expected struct `String`, found enum `Option`
[INFO] [stdout]    |
[INFO] [stdout]    = note: expected struct `String`
[INFO] [stdout]                 found enum `Option<String>`
[INFO] [stdout] 
[INFO] [stdout] Couldn't compile the test.
[INFO] [stdout] ---- src/lib.rs - paste::get_paste_async (line 871) stdout ----
[INFO] [stdout] Couldn't compile the test.
[INFO] [stdout] ---- src/lib.rs - data::get_language_by_extension_async (line 329) stdout ----
[INFO] [stdout] Couldn't compile the test.
[INFO] [stdout] ---- src/lib.rs - data::get_language_by_name_async (line 274) stdout ----
[INFO] [stdout] Couldn't compile the test.
[INFO] [stdout] ---- src/lib.rs - user::get_user_async (line 641) stdout ----
[INFO] [stdout] Couldn't compile the test.
[INFO] [stdout] ---- src/lib.rs - time::expires_into_unix_async (line 164) stdout ----
[INFO] [stdout] Couldn't compile the test.
[INFO] [stdout] ---- src/lib.rs - time::expires_into_unix (line 112) stdout ----
[INFO] [stdout] Couldn't compile the test.
[INFO] [stdout] ---- src/lib.rs - paste::delete_paste (line 1271) stdout ----
[INFO] [stdout] error: linking with `cc` failed: exit status: 1
[INFO] [stdout]   |
[INFO] [stdout]   = note: "cc" "-m64" "/tmp/rustdoctestVVjA5X/rust_out.rust_out.1376475e-cgu.0.rcgu.o" "/tmp/rustdoctestVVjA5X/rust_out.3oi7hjnjienb8flc.rcgu.o" "-Wl,--as-needed" "-L" "/opt/rustwide/target/debug/deps" "-L" "/opt/rustwide/target/debug/deps" "-L" "/opt/rustwide/rustup-home/toolchains/beta-2021-08-01-x86_64-unknown-linux-gnu/lib/rustlib/x86_64-unknown-linux-gnu/lib" "-Wl,-Bstatic" "/opt/rustwide/target/debug/deps/libpastemyst-3cba2c9a006b2b82.rlib" "/opt/rustwide/target/debug/deps/libreqwest-61a5fe55864da37f.rlib" "/opt/rustwide/target/debug/deps/libhyper_tls-52726db6129be00d.rlib" "/opt/rustwide/target/debug/deps/libipnet-3035d9a16f3d0bd5.rlib" "/opt/rustwide/target/debug/deps/libtokio_native_tls-611abd3f2d74f823.rlib" "/opt/rustwide/target/debug/deps/libserde_urlencoded-201cd9b6fe004c57.rlib" "/opt/rustwide/target/debug/deps/libmime-536904fee2e1448a.rlib" "/opt/rustwide/target/debug/deps/libencoding_rs-d41c2186d1eeebc6.rlib" "/opt/rustwide/target/debug/deps/libserde_json-acaa6ab4634ac36b.rlib" "/opt/rustwide/target/debug/deps/libryu-58d6bdbbdb00e196.rlib" "/opt/rustwide/target/debug/deps/libbase64-161b2497349df519.rlib" "/opt/rustwide/target/debug/deps/libnative_tls-b6baf887f4b7f1a2.rlib" "/opt/rustwide/target/debug/deps/libopenssl_probe-f1937205362a8d90.rlib" "/opt/rustwide/target/debug/deps/libopenssl-ca9fe3ba8db27422.rlib" "/opt/rustwide/target/debug/deps/libopenssl_sys-ce1905eaa797ebb1.rlib" "/opt/rustwide/target/debug/deps/libforeign_types-b4d4d7edd906e428.rlib" "/opt/rustwide/target/debug/deps/libforeign_types_shared-585f047ff6a62f75.rlib" "/opt/rustwide/target/debug/deps/libbitflags-e09638bf9aca31b4.rlib" "/opt/rustwide/target/debug/deps/libhyper-4a56f299c502c89c.rlib" "/opt/rustwide/target/debug/deps/libwant-978c1e82890f9740.rlib" "/opt/rustwide/target/debug/deps/libtry_lock-5413453539618953.rlib" "/opt/rustwide/target/debug/deps/libhttparse-d8040f65969a670a.rlib" "/opt/rustwide/target/debug/deps/libsocket2-fac47212c06efb4a.rlib" "/opt/rustwide/target/debug/deps/libh2-55c86d2b6af2484a.rlib" "/opt/rustwide/target/debug/deps/libtracing_futures-7621b8057d7bad76.rlib" "/opt/rustwide/target/debug/deps/libpin_project-28ee9a6424f5e0e1.rlib" "/opt/rustwide/target/debug/deps/libindexmap-71e1c19a29adfa8c.rlib" "/opt/rustwide/target/debug/deps/libhashbrown-9364b7f03ec6cdb2.rlib" "/opt/rustwide/target/debug/deps/libtokio_util-9c36672a9d6abecf.rlib" "/opt/rustwide/target/debug/deps/libfutures_sink-f27ee65faa8dd68c.rlib" "/opt/rustwide/target/debug/deps/libtokio_stream-e41841ae0c200c9d.rlib" "/opt/rustwide/target/debug/deps/libpin_project-c016fbe73a413957.rlib" "/opt/rustwide/target/debug/deps/libtower_service-c947f102bbfcbd85.rlib" "/opt/rustwide/target/debug/deps/libfutures_channel-c218ff084fb86317.rlib" "/opt/rustwide/target/debug/deps/libtracing-a46e45ade79baeb8.rlib" "/opt/rustwide/target/debug/deps/libtracing_core-b16b6e2c6bc60736.rlib" "/opt/rustwide/target/debug/deps/libcfg_if-0d27f345b2a6a3cd.rlib" "/opt/rustwide/target/debug/deps/libtokio-572d33375f8a37be.rlib" "/opt/rustwide/target/debug/deps/libnum_cpus-5e59ece4a653efa3.rlib" "/opt/rustwide/target/debug/deps/libmio-406388e8044894db.rlib" "/opt/rustwide/target/debug/deps/liblibc-c850060be0a75c4e.rlib" "/opt/rustwide/target/debug/deps/libhttp_body-c9fd1ba4373d2cc9.rlib" "/opt/rustwide/target/debug/deps/liblog-ba700e017ec53b62.rlib" "/opt/rustwide/target/debug/deps/libcfg_if-ffb7f11ad1437080.rlib" "/opt/rustwide/target/debug/deps/libfutures_util-d8bf345d5fa3d786.rlib" "/opt/rustwide/target/debug/deps/libmemchr-c093777634ae2b28.rlib" "/opt/rustwide/target/debug/deps/libfutures_io-fe012dd1b216c5d3.rlib" "/opt/rustwide/target/debug/deps/libslab-19bed823898320f8.rlib" "/opt/rustwide/target/debug/deps/libpin_project_lite-299664b3601d8560.rlib" "/opt/rustwide/target/debug/deps/libfutures_task-16b0a93b23df19ff.rlib" "/opt/rustwide/target/debug/deps/libonce_cell-07b51f6f2af6d085.rlib" "/opt/rustwide/target/debug/deps/libpin_utils-0d9ad188af5be84f.rlib" "/opt/rustwide/target/debug/deps/libfutures_core-c5a2572a1a3ac9b9.rlib" "/opt/rustwide/target/debug/deps/liblazy_static-e92083d5a39a8b50.rlib" "/opt/rustwide/target/debug/deps/liburl-5a55d35825409033.rlib" "/opt/rustwide/target/debug/deps/libidna-f4ccf9d3d8e139a8.rlib" "/opt/rustwide/target/debug/deps/libunicode_normalization-8f1081740a64666a.rlib" "/opt/rustwide/target/debug/deps/libtinyvec-7d2849f15c2e5e21.rlib" "/opt/rustwide/target/debug/deps/libtinyvec_macros-92a1c487a2a985df.rlib" "/opt/rustwide/target/debug/deps/libunicode_bidi-f649dd84372809b8.rlib" "/opt/rustwide/target/debug/deps/libform_urlencoded-551049ac9d7ea423.rlib" "/opt/rustwide/target/debug/deps/libpercent_encoding-f9199a68e8c135fc.rlib" "/opt/rustwide/target/debug/deps/libmatches-9cfb84f2ef24c6e0.rlib" "/opt/rustwide/target/debug/deps/libhttp-52089e0a70b229a4.rlib" "/opt/rustwide/target/debug/deps/libitoa-f0883342bffd153c.rlib" "/opt/rustwide/target/debug/deps/libbytes-b7d0f79f1a1bf520.rlib" "/opt/rustwide/target/debug/deps/libfnv-059813dc4f8dd4c8.rlib" "/opt/rustwide/target/debug/deps/libserde-c1f90731f418c9f8.rlib" "-Wl,--start-group" "/opt/rustwide/rustup-home/toolchains/beta-2021-08-01-x86_64-unknown-linux-gnu/lib/rustlib/x86_64-unknown-linux-gnu/lib/libstd-197d933f09d9a590.rlib" "/opt/rustwide/rustup-home/toolchains/beta-2021-08-01-x86_64-unknown-linux-gnu/lib/rustlib/x86_64-unknown-linux-gnu/lib/libpanic_unwind-46a006cddfd334f0.rlib" "/opt/rustwide/rustup-home/toolchains/beta-2021-08-01-x86_64-unknown-linux-gnu/lib/rustlib/x86_64-unknown-linux-gnu/lib/libminiz_oxide-5b9870310e470b38.rlib" "/opt/rustwide/rustup-home/toolchains/beta-2021-08-01-x86_64-unknown-linux-gnu/lib/rustlib/x86_64-unknown-linux-gnu/lib/libadler-260022ba8f1ab4ee.rlib" "/opt/rustwide/rustup-home/toolchains/beta-2021-08-01-x86_64-unknown-linux-gnu/lib/rustlib/x86_64-unknown-linux-gnu/lib/libobject-71377435a799394f.rlib" "/opt/rustwide/rustup-home/toolchains/beta-2021-08-01-x86_64-unknown-linux-gnu/lib/rustlib/x86_64-unknown-linux-gnu/lib/libaddr2line-658ee5924fde57cd.rlib" "/opt/rustwide/rustup-home/toolchains/beta-2021-08-01-x86_64-unknown-linux-gnu/lib/rustlib/x86_64-unknown-linux-gnu/lib/libgimli-9e8627da6bd1b94a.rlib" "/opt/rustwide/rustup-home/toolchains/beta-2021-08-01-x86_64-unknown-linux-gnu/lib/rustlib/x86_64-unknown-linux-gnu/lib/libstd_detect-19fdaac49f59be84.rlib" "/opt/rustwide/rustup-home/toolchains/beta-2021-08-01-x86_64-unknown-linux-gnu/lib/rustlib/x86_64-unknown-linux-gnu/lib/librustc_demangle-cb00e2691ea45905.rlib" "/opt/rustwide/rustup-home/toolchains/beta-2021-08-01-x86_64-unknown-linux-gnu/lib/rustlib/x86_64-unknown-linux-gnu/lib/libhashbrown-50f6726defae5ae1.rlib" "/opt/rustwide/rustup-home/toolchains/beta-2021-08-01-x86_64-unknown-linux-gnu/lib/rustlib/x86_64-unknown-linux-gnu/lib/librustc_std_workspace_alloc-2afc16311deea26e.rlib" "/opt/rustwide/rustup-home/toolchains/beta-2021-08-01-x86_64-unknown-linux-gnu/lib/rustlib/x86_64-unknown-linux-gnu/lib/libunwind-bb5cb0fe086ee8cf.rlib" "/opt/rustwide/rustup-home/toolchains/beta-2021-08-01-x86_64-unknown-linux-gnu/lib/rustlib/x86_64-unknown-linux-gnu/lib/libcfg_if-896053247b5dfd0b.rlib" "/opt/rustwide/rustup-home/toolchains/beta-2021-08-01-x86_64-unknown-linux-gnu/lib/rustlib/x86_64-unknown-linux-gnu/lib/liblibc-735e1f2ac3cf23be.rlib" "/opt/rustwide/rustup-home/toolchains/beta-2021-08-01-x86_64-unknown-linux-gnu/lib/rustlib/x86_64-unknown-linux-gnu/lib/liballoc-9dfb6622644c732c.rlib" "/opt/rustwide/rustup-home/toolchains/beta-2021-08-01-x86_64-unknown-linux-gnu/lib/rustlib/x86_64-unknown-linux-gnu/lib/librustc_std_workspace_core-beea7d9617fe25c5.rlib" "/opt/rustwide/rustup-home/toolchains/beta-2021-08-01-x86_64-unknown-linux-gnu/lib/rustlib/x86_64-unknown-linux-gnu/lib/libcore-8ef7dd43fc671f88.rlib" "-Wl,--end-group" "/opt/rustwide/rustup-home/toolchains/beta-2021-08-01-x86_64-unknown-linux-gnu/lib/rustlib/x86_64-unknown-linux-gnu/lib/libcompiler_builtins-a9a3b2ad67977f47.rlib" "-Wl,-Bdynamic" "-lssl" "-lcrypto" "-lgcc_s" "-lutil" "-lrt" "-lpthread" "-lm" "-ldl" "-lc" "-Wl,--eh-frame-hdr" "-Wl,-znoexecstack" "-L" "/opt/rustwide/rustup-home/toolchains/beta-2021-08-01-x86_64-unknown-linux-gnu/lib/rustlib/x86_64-unknown-linux-gnu/lib" "-o" "/tmp/rustdoctestVVjA5X/rust_out" "-Wl,--gc-sections" "-pie" "-Wl,-zrelro" "-Wl,-znow" "-nodefaultlibs"
[INFO] [stdout]   = note: collect2: fatal error: ld terminated with signal 9 [Killed]
[INFO] [stdout]           compilation terminated.
[INFO] [stdout]           
[INFO] [stdout] 
[INFO] [stdout] error: aborting due to previous error
[INFO] [stdout] 
[INFO] [stdout] Couldn't compile the test.
[INFO] [stdout] ---- src/lib.rs - user::user_exists (line 687) stdout ----
[INFO] [stdout] error: linking with `cc` failed: exit status: 1
[INFO] [stdout]   |
[INFO] [stdout]   = note: "cc" "-m64" "/tmp/rustdoctestjIvIHm/rust_out.rust_out.1376475e-cgu.0.rcgu.o" "/tmp/rustdoctestjIvIHm/rust_out.3oi7hjnjienb8flc.rcgu.o" "-Wl,--as-needed" "-L" "/opt/rustwide/target/debug/deps" "-L" "/opt/rustwide/target/debug/deps" "-L" "/opt/rustwide/rustup-home/toolchains/beta-2021-08-01-x86_64-unknown-linux-gnu/lib/rustlib/x86_64-unknown-linux-gnu/lib" "-Wl,-Bstatic" "/opt/rustwide/target/debug/deps/libpastemyst-3cba2c9a006b2b82.rlib" "/opt/rustwide/target/debug/deps/libreqwest-61a5fe55864da37f.rlib" "/opt/rustwide/target/debug/deps/libhyper_tls-52726db6129be00d.rlib" "/opt/rustwide/target/debug/deps/libipnet-3035d9a16f3d0bd5.rlib" "/opt/rustwide/target/debug/deps/libtokio_native_tls-611abd3f2d74f823.rlib" "/opt/rustwide/target/debug/deps/libserde_urlencoded-201cd9b6fe004c57.rlib" "/opt/rustwide/target/debug/deps/libmime-536904fee2e1448a.rlib" "/opt/rustwide/target/debug/deps/libencoding_rs-d41c2186d1eeebc6.rlib" "/opt/rustwide/target/debug/deps/libserde_json-acaa6ab4634ac36b.rlib" "/opt/rustwide/target/debug/deps/libryu-58d6bdbbdb00e196.rlib" "/opt/rustwide/target/debug/deps/libbase64-161b2497349df519.rlib" "/opt/rustwide/target/debug/deps/libnative_tls-b6baf887f4b7f1a2.rlib" "/opt/rustwide/target/debug/deps/libopenssl_probe-f1937205362a8d90.rlib" "/opt/rustwide/target/debug/deps/libopenssl-ca9fe3ba8db27422.rlib" "/opt/rustwide/target/debug/deps/libopenssl_sys-ce1905eaa797ebb1.rlib" "/opt/rustwide/target/debug/deps/libforeign_types-b4d4d7edd906e428.rlib" "/opt/rustwide/target/debug/deps/libforeign_types_shared-585f047ff6a62f75.rlib" "/opt/rustwide/target/debug/deps/libbitflags-e09638bf9aca31b4.rlib" "/opt/rustwide/target/debug/deps/libhyper-4a56f299c502c89c.rlib" "/opt/rustwide/target/debug/deps/libwant-978c1e82890f9740.rlib" "/opt/rustwide/target/debug/deps/libtry_lock-5413453539618953.rlib" "/opt/rustwide/target/debug/deps/libhttparse-d8040f65969a670a.rlib" "/opt/rustwide/target/debug/deps/libsocket2-fac47212c06efb4a.rlib" "/opt/rustwide/target/debug/deps/libh2-55c86d2b6af2484a.rlib" "/opt/rustwide/target/debug/deps/libtracing_futures-7621b8057d7bad76.rlib" "/opt/rustwide/target/debug/deps/libpin_project-28ee9a6424f5e0e1.rlib" "/opt/rustwide/target/debug/deps/libindexmap-71e1c19a29adfa8c.rlib" "/opt/rustwide/target/debug/deps/libhashbrown-9364b7f03ec6cdb2.rlib" "/opt/rustwide/target/debug/deps/libtokio_util-9c36672a9d6abecf.rlib" "/opt/rustwide/target/debug/deps/libfutures_sink-f27ee65faa8dd68c.rlib" "/opt/rustwide/target/debug/deps/libtokio_stream-e41841ae0c200c9d.rlib" "/opt/rustwide/target/debug/deps/libpin_project-c016fbe73a413957.rlib" "/opt/rustwide/target/debug/deps/libtower_service-c947f102bbfcbd85.rlib" "/opt/rustwide/target/debug/deps/libfutures_channel-c218ff084fb86317.rlib" "/opt/rustwide/target/debug/deps/libtracing-a46e45ade79baeb8.rlib" "/opt/rustwide/target/debug/deps/libtracing_core-b16b6e2c6bc60736.rlib" "/opt/rustwide/target/debug/deps/libcfg_if-0d27f345b2a6a3cd.rlib" "/opt/rustwide/target/debug/deps/libtokio-572d33375f8a37be.rlib" "/opt/rustwide/target/debug/deps/libnum_cpus-5e59ece4a653efa3.rlib" "/opt/rustwide/target/debug/deps/libmio-406388e8044894db.rlib" "/opt/rustwide/target/debug/deps/liblibc-c850060be0a75c4e.rlib" "/opt/rustwide/target/debug/deps/libhttp_body-c9fd1ba4373d2cc9.rlib" "/opt/rustwide/target/debug/deps/liblog-ba700e017ec53b62.rlib" "/opt/rustwide/target/debug/deps/libcfg_if-ffb7f11ad1437080.rlib" "/opt/rustwide/target/debug/deps/libfutures_util-d8bf345d5fa3d786.rlib" "/opt/rustwide/target/debug/deps/libmemchr-c093777634ae2b28.rlib" "/opt/rustwide/target/debug/deps/libfutures_io-fe012dd1b216c5d3.rlib" "/opt/rustwide/target/debug/deps/libslab-19bed823898320f8.rlib" "/opt/rustwide/target/debug/deps/libpin_project_lite-299664b3601d8560.rlib" "/opt/rustwide/target/debug/deps/libfutures_task-16b0a93b23df19ff.rlib" "/opt/rustwide/target/debug/deps/libonce_cell-07b51f6f2af6d085.rlib" "/opt/rustwide/target/debug/deps/libpin_utils-0d9ad188af5be84f.rlib" "/opt/rustwide/target/debug/deps/libfutures_core-c5a2572a1a3ac9b9.rlib" "/opt/rustwide/target/debug/deps/liblazy_static-e92083d5a39a8b50.rlib" "/opt/rustwide/target/debug/deps/liburl-5a55d35825409033.rlib" "/opt/rustwide/target/debug/deps/libidna-f4ccf9d3d8e139a8.rlib" "/opt/rustwide/target/debug/deps/libunicode_normalization-8f1081740a64666a.rlib" "/opt/rustwide/target/debug/deps/libtinyvec-7d2849f15c2e5e21.rlib" "/opt/rustwide/target/debug/deps/libtinyvec_macros-92a1c487a2a985df.rlib" "/opt/rustwide/target/debug/deps/libunicode_bidi-f649dd84372809b8.rlib" "/opt/rustwide/target/debug/deps/libform_urlencoded-551049ac9d7ea423.rlib" "/opt/rustwide/target/debug/deps/libpercent_encoding-f9199a68e8c135fc.rlib" "/opt/rustwide/target/debug/deps/libmatches-9cfb84f2ef24c6e0.rlib" "/opt/rustwide/target/debug/deps/libhttp-52089e0a70b229a4.rlib" "/opt/rustwide/target/debug/deps/libitoa-f0883342bffd153c.rlib" "/opt/rustwide/target/debug/deps/libbytes-b7d0f79f1a1bf520.rlib" "/opt/rustwide/target/debug/deps/libfnv-059813dc4f8dd4c8.rlib" "/opt/rustwide/target/debug/deps/libserde-c1f90731f418c9f8.rlib" "-Wl,--start-group" "/opt/rustwide/rustup-home/toolchains/beta-2021-08-01-x86_64-unknown-linux-gnu/lib/rustlib/x86_64-unknown-linux-gnu/lib/libstd-197d933f09d9a590.rlib" "/opt/rustwide/rustup-home/toolchains/beta-2021-08-01-x86_64-unknown-linux-gnu/lib/rustlib/x86_64-unknown-linux-gnu/lib/libpanic_unwind-46a006cddfd334f0.rlib" "/opt/rustwide/rustup-home/toolchains/beta-2021-08-01-x86_64-unknown-linux-gnu/lib/rustlib/x86_64-unknown-linux-gnu/lib/libminiz_oxide-5b9870310e470b38.rlib" "/opt/rustwide/rustup-home/toolchains/beta-2021-08-01-x86_64-unknown-linux-gnu/lib/rustlib/x86_64-unknown-linux-gnu/lib/libadler-260022ba8f1ab4ee.rlib" "/opt/rustwide/rustup-home/toolchains/beta-2021-08-01-x86_64-unknown-linux-gnu/lib/rustlib/x86_64-unknown-linux-gnu/lib/libobject-71377435a799394f.rlib" "/opt/rustwide/rustup-home/toolchains/beta-2021-08-01-x86_64-unknown-linux-gnu/lib/rustlib/x86_64-unknown-linux-gnu/lib/libaddr2line-658ee5924fde57cd.rlib" "/opt/rustwide/rustup-home/toolchains/beta-2021-08-01-x86_64-unknown-linux-gnu/lib/rustlib/x86_64-unknown-linux-gnu/lib/libgimli-9e8627da6bd1b94a.rlib" "/opt/rustwide/rustup-home/toolchains/beta-2021-08-01-x86_64-unknown-linux-gnu/lib/rustlib/x86_64-unknown-linux-gnu/lib/libstd_detect-19fdaac49f59be84.rlib" "/opt/rustwide/rustup-home/toolchains/beta-2021-08-01-x86_64-unknown-linux-gnu/lib/rustlib/x86_64-unknown-linux-gnu/lib/librustc_demangle-cb00e2691ea45905.rlib" "/opt/rustwide/rustup-home/toolchains/beta-2021-08-01-x86_64-unknown-linux-gnu/lib/rustlib/x86_64-unknown-linux-gnu/lib/libhashbrown-50f6726defae5ae1.rlib" "/opt/rustwide/rustup-home/toolchains/beta-2021-08-01-x86_64-unknown-linux-gnu/lib/rustlib/x86_64-unknown-linux-gnu/lib/librustc_std_workspace_alloc-2afc16311deea26e.rlib" "/opt/rustwide/rustup-home/toolchains/beta-2021-08-01-x86_64-unknown-linux-gnu/lib/rustlib/x86_64-unknown-linux-gnu/lib/libunwind-bb5cb0fe086ee8cf.rlib" "/opt/rustwide/rustup-home/toolchains/beta-2021-08-01-x86_64-unknown-linux-gnu/lib/rustlib/x86_64-unknown-linux-gnu/lib/libcfg_if-896053247b5dfd0b.rlib" "/opt/rustwide/rustup-home/toolchains/beta-2021-08-01-x86_64-unknown-linux-gnu/lib/rustlib/x86_64-unknown-linux-gnu/lib/liblibc-735e1f2ac3cf23be.rlib" "/opt/rustwide/rustup-home/toolchains/beta-2021-08-01-x86_64-unknown-linux-gnu/lib/rustlib/x86_64-unknown-linux-gnu/lib/liballoc-9dfb6622644c732c.rlib" "/opt/rustwide/rustup-home/toolchains/beta-2021-08-01-x86_64-unknown-linux-gnu/lib/rustlib/x86_64-unknown-linux-gnu/lib/librustc_std_workspace_core-beea7d9617fe25c5.rlib" "/opt/rustwide/rustup-home/toolchains/beta-2021-08-01-x86_64-unknown-linux-gnu/lib/rustlib/x86_64-unknown-linux-gnu/lib/libcore-8ef7dd43fc671f88.rlib" "-Wl,--end-group" "/opt/rustwide/rustup-home/toolchains/beta-2021-08-01-x86_64-unknown-linux-gnu/lib/rustlib/x86_64-unknown-linux-gnu/lib/libcompiler_builtins-a9a3b2ad67977f47.rlib" "-Wl,-Bdynamic" "-lssl" "-lcrypto" "-lgcc_s" "-lutil" "-lrt" "-lpthread" "-lm" "-ldl" "-lc" "-Wl,--eh-frame-hdr" "-Wl,-znoexecstack" "-L" "/opt/rustwide/rustup-home/toolchains/beta-2021-08-01-x86_64-unknown-linux-gnu/lib/rustlib/x86_64-unknown-linux-gnu/lib" "-o" "/tmp/rustdoctestjIvIHm/rust_out" "-Wl,--gc-sections" "-pie" "-Wl,-zrelro" "-Wl,-znow" "-nodefaultlibs"
[INFO] [stdout]   = note: collect2: fatal error: ld terminated with signal 9 [Killed]
[INFO] [stdout]           compilation terminated.
[INFO] [stdout]           
[INFO] [stdout] 
[INFO] [stdout] error: aborting due to previous error
[INFO] [stdout] 
[INFO] [stdout] Couldn't compile the test.
[INFO] [stdout] ---- src/lib.rs - data::get_language_by_name (line 247) stdout ----
[INFO] [stdout] error: linking with `cc` failed: exit status: 1
[INFO] [stdout]   |
[INFO] [stdout]   = note: "cc" "-m64" "/tmp/rustdoctestTYE6QO/rust_out.rust_out.1376475e-cgu.0.rcgu.o" "/tmp/rustdoctestTYE6QO/rust_out.3oi7hjnjienb8flc.rcgu.o" "-Wl,--as-needed" "-L" "/opt/rustwide/target/debug/deps" "-L" "/opt/rustwide/target/debug/deps" "-L" "/opt/rustwide/rustup-home/toolchains/beta-2021-08-01-x86_64-unknown-linux-gnu/lib/rustlib/x86_64-unknown-linux-gnu/lib" "-Wl,-Bstatic" "/opt/rustwide/target/debug/deps/libpastemyst-3cba2c9a006b2b82.rlib" "/opt/rustwide/target/debug/deps/libreqwest-61a5fe55864da37f.rlib" "/opt/rustwide/target/debug/deps/libhyper_tls-52726db6129be00d.rlib" "/opt/rustwide/target/debug/deps/libipnet-3035d9a16f3d0bd5.rlib" "/opt/rustwide/target/debug/deps/libtokio_native_tls-611abd3f2d74f823.rlib" "/opt/rustwide/target/debug/deps/libserde_urlencoded-201cd9b6fe004c57.rlib" "/opt/rustwide/target/debug/deps/libmime-536904fee2e1448a.rlib" "/opt/rustwide/target/debug/deps/libencoding_rs-d41c2186d1eeebc6.rlib" "/opt/rustwide/target/debug/deps/libserde_json-acaa6ab4634ac36b.rlib" "/opt/rustwide/target/debug/deps/libryu-58d6bdbbdb00e196.rlib" "/opt/rustwide/target/debug/deps/libbase64-161b2497349df519.rlib" "/opt/rustwide/target/debug/deps/libnative_tls-b6baf887f4b7f1a2.rlib" "/opt/rustwide/target/debug/deps/libopenssl_probe-f1937205362a8d90.rlib" "/opt/rustwide/target/debug/deps/libopenssl-ca9fe3ba8db27422.rlib" "/opt/rustwide/target/debug/deps/libopenssl_sys-ce1905eaa797ebb1.rlib" "/opt/rustwide/target/debug/deps/libforeign_types-b4d4d7edd906e428.rlib" "/opt/rustwide/target/debug/deps/libforeign_types_shared-585f047ff6a62f75.rlib" "/opt/rustwide/target/debug/deps/libbitflags-e09638bf9aca31b4.rlib" "/opt/rustwide/target/debug/deps/libhyper-4a56f299c502c89c.rlib" "/opt/rustwide/target/debug/deps/libwant-978c1e82890f9740.rlib" "/opt/rustwide/target/debug/deps/libtry_lock-5413453539618953.rlib" "/opt/rustwide/target/debug/deps/libhttparse-d8040f65969a670a.rlib" "/opt/rustwide/target/debug/deps/libsocket2-fac47212c06efb4a.rlib" "/opt/rustwide/target/debug/deps/libh2-55c86d2b6af2484a.rlib" "/opt/rustwide/target/debug/deps/libtracing_futures-7621b8057d7bad76.rlib" "/opt/rustwide/target/debug/deps/libpin_project-28ee9a6424f5e0e1.rlib" "/opt/rustwide/target/debug/deps/libindexmap-71e1c19a29adfa8c.rlib" "/opt/rustwide/target/debug/deps/libhashbrown-9364b7f03ec6cdb2.rlib" "/opt/rustwide/target/debug/deps/libtokio_util-9c36672a9d6abecf.rlib" "/opt/rustwide/target/debug/deps/libfutures_sink-f27ee65faa8dd68c.rlib" "/opt/rustwide/target/debug/deps/libtokio_stream-e41841ae0c200c9d.rlib" "/opt/rustwide/target/debug/deps/libpin_project-c016fbe73a413957.rlib" "/opt/rustwide/target/debug/deps/libtower_service-c947f102bbfcbd85.rlib" "/opt/rustwide/target/debug/deps/libfutures_channel-c218ff084fb86317.rlib" "/opt/rustwide/target/debug/deps/libtracing-a46e45ade79baeb8.rlib" "/opt/rustwide/target/debug/deps/libtracing_core-b16b6e2c6bc60736.rlib" "/opt/rustwide/target/debug/deps/libcfg_if-0d27f345b2a6a3cd.rlib" "/opt/rustwide/target/debug/deps/libtokio-572d33375f8a37be.rlib" "/opt/rustwide/target/debug/deps/libnum_cpus-5e59ece4a653efa3.rlib" "/opt/rustwide/target/debug/deps/libmio-406388e8044894db.rlib" "/opt/rustwide/target/debug/deps/liblibc-c850060be0a75c4e.rlib" "/opt/rustwide/target/debug/deps/libhttp_body-c9fd1ba4373d2cc9.rlib" "/opt/rustwide/target/debug/deps/liblog-ba700e017ec53b62.rlib" "/opt/rustwide/target/debug/deps/libcfg_if-ffb7f11ad1437080.rlib" "/opt/rustwide/target/debug/deps/libfutures_util-d8bf345d5fa3d786.rlib" "/opt/rustwide/target/debug/deps/libmemchr-c093777634ae2b28.rlib" "/opt/rustwide/target/debug/deps/libfutures_io-fe012dd1b216c5d3.rlib" "/opt/rustwide/target/debug/deps/libslab-19bed823898320f8.rlib" "/opt/rustwide/target/debug/deps/libpin_project_lite-299664b3601d8560.rlib" "/opt/rustwide/target/debug/deps/libfutures_task-16b0a93b23df19ff.rlib" "/opt/rustwide/target/debug/deps/libonce_cell-07b51f6f2af6d085.rlib" "/opt/rustwide/target/debug/deps/libpin_utils-0d9ad188af5be84f.rlib" "/opt/rustwide/target/debug/deps/libfutures_core-c5a2572a1a3ac9b9.rlib" "/opt/rustwide/target/debug/deps/liblazy_static-e92083d5a39a8b50.rlib" "/opt/rustwide/target/debug/deps/liburl-5a55d35825409033.rlib" "/opt/rustwide/target/debug/deps/libidna-f4ccf9d3d8e139a8.rlib" "/opt/rustwide/target/debug/deps/libunicode_normalization-8f1081740a64666a.rlib" "/opt/rustwide/target/debug/deps/libtinyvec-7d2849f15c2e5e21.rlib" "/opt/rustwide/target/debug/deps/libtinyvec_macros-92a1c487a2a985df.rlib" "/opt/rustwide/target/debug/deps/libunicode_bidi-f649dd84372809b8.rlib" "/opt/rustwide/target/debug/deps/libform_urlencoded-551049ac9d7ea423.rlib" "/opt/rustwide/target/debug/deps/libpercent_encoding-f9199a68e8c135fc.rlib" "/opt/rustwide/target/debug/deps/libmatches-9cfb84f2ef24c6e0.rlib" "/opt/rustwide/target/debug/deps/libhttp-52089e0a70b229a4.rlib" "/opt/rustwide/target/debug/deps/libitoa-f0883342bffd153c.rlib" "/opt/rustwide/target/debug/deps/libbytes-b7d0f79f1a1bf520.rlib" "/opt/rustwide/target/debug/deps/libfnv-059813dc4f8dd4c8.rlib" "/opt/rustwide/target/debug/deps/libserde-c1f90731f418c9f8.rlib" "-Wl,--start-group" "/opt/rustwide/rustup-home/toolchains/beta-2021-08-01-x86_64-unknown-linux-gnu/lib/rustlib/x86_64-unknown-linux-gnu/lib/libstd-197d933f09d9a590.rlib" "/opt/rustwide/rustup-home/toolchains/beta-2021-08-01-x86_64-unknown-linux-gnu/lib/rustlib/x86_64-unknown-linux-gnu/lib/libpanic_unwind-46a006cddfd334f0.rlib" "/opt/rustwide/rustup-home/toolchains/beta-2021-08-01-x86_64-unknown-linux-gnu/lib/rustlib/x86_64-unknown-linux-gnu/lib/libminiz_oxide-5b9870310e470b38.rlib" "/opt/rustwide/rustup-home/toolchains/beta-2021-08-01-x86_64-unknown-linux-gnu/lib/rustlib/x86_64-unknown-linux-gnu/lib/libadler-260022ba8f1ab4ee.rlib" "/opt/rustwide/rustup-home/toolchains/beta-2021-08-01-x86_64-unknown-linux-gnu/lib/rustlib/x86_64-unknown-linux-gnu/lib/libobject-71377435a799394f.rlib" "/opt/rustwide/rustup-home/toolchains/beta-2021-08-01-x86_64-unknown-linux-gnu/lib/rustlib/x86_64-unknown-linux-gnu/lib/libaddr2line-658ee5924fde57cd.rlib" "/opt/rustwide/rustup-home/toolchains/beta-2021-08-01-x86_64-unknown-linux-gnu/lib/rustlib/x86_64-unknown-linux-gnu/lib/libgimli-9e8627da6bd1b94a.rlib" "/opt/rustwide/rustup-home/toolchains/beta-2021-08-01-x86_64-unknown-linux-gnu/lib/rustlib/x86_64-unknown-linux-gnu/lib/libstd_detect-19fdaac49f59be84.rlib" "/opt/rustwide/rustup-home/toolchains/beta-2021-08-01-x86_64-unknown-linux-gnu/lib/rustlib/x86_64-unknown-linux-gnu/lib/librustc_demangle-cb00e2691ea45905.rlib" "/opt/rustwide/rustup-home/toolchains/beta-2021-08-01-x86_64-unknown-linux-gnu/lib/rustlib/x86_64-unknown-linux-gnu/lib/libhashbrown-50f6726defae5ae1.rlib" "/opt/rustwide/rustup-home/toolchains/beta-2021-08-01-x86_64-unknown-linux-gnu/lib/rustlib/x86_64-unknown-linux-gnu/lib/librustc_std_workspace_alloc-2afc16311deea26e.rlib" "/opt/rustwide/rustup-home/toolchains/beta-2021-08-01-x86_64-unknown-linux-gnu/lib/rustlib/x86_64-unknown-linux-gnu/lib/libunwind-bb5cb0fe086ee8cf.rlib" "/opt/rustwide/rustup-home/toolchains/beta-2021-08-01-x86_64-unknown-linux-gnu/lib/rustlib/x86_64-unknown-linux-gnu/lib/libcfg_if-896053247b5dfd0b.rlib" "/opt/rustwide/rustup-home/toolchains/beta-2021-08-01-x86_64-unknown-linux-gnu/lib/rustlib/x86_64-unknown-linux-gnu/lib/liblibc-735e1f2ac3cf23be.rlib" "/opt/rustwide/rustup-home/toolchains/beta-2021-08-01-x86_64-unknown-linux-gnu/lib/rustlib/x86_64-unknown-linux-gnu/lib/liballoc-9dfb6622644c732c.rlib" "/opt/rustwide/rustup-home/toolchains/beta-2021-08-01-x86_64-unknown-linux-gnu/lib/rustlib/x86_64-unknown-linux-gnu/lib/librustc_std_workspace_core-beea7d9617fe25c5.rlib" "/opt/rustwide/rustup-home/toolchains/beta-2021-08-01-x86_64-unknown-linux-gnu/lib/rustlib/x86_64-unknown-linux-gnu/lib/libcore-8ef7dd43fc671f88.rlib" "-Wl,--end-group" "/opt/rustwide/rustup-home/toolchains/beta-2021-08-01-x86_64-unknown-linux-gnu/lib/rustlib/x86_64-unknown-linux-gnu/lib/libcompiler_builtins-a9a3b2ad67977f47.rlib" "-Wl,-Bdynamic" "-lssl" "-lcrypto" "-lgcc_s" "-lutil" "-lrt" "-lpthread" "-lm" "-ldl" "-lc" "-Wl,--eh-frame-hdr" "-Wl,-znoexecstack" "-L" "/opt/rustwide/rustup-home/toolchains/beta-2021-08-01-x86_64-unknown-linux-gnu/lib/rustlib/x86_64-unknown-linux-gnu/lib" "-o" "/tmp/rustdoctestTYE6QO/rust_out" "-Wl,--gc-sections" "-pie" "-Wl,-zrelro" "-Wl,-znow" "-nodefaultlibs"
[INFO] [stdout]   = note: collect2: fatal error: ld terminated with signal 9 [Killed]
[INFO] [stdout]           compilation terminated.
[INFO] [stdout]           
[INFO] [stdout] 
[INFO] [stdout] error: aborting due to previous error
[INFO] [stdout] 
[INFO] [stdout] Couldn't compile the test.
[INFO] [stdout] ---- src/lib.rs - user::get_user (line 589) stdout ----
[INFO] [stdout] error: linking with `cc` failed: exit status: 1
[INFO] [stdout]   |
[INFO] [stdout]   = note: "cc" "-m64" "/tmp/rustdoctestmCjYlJ/rust_out.rust_out.1376475e-cgu.0.rcgu.o" "/tmp/rustdoctestmCjYlJ/rust_out.3oi7hjnjienb8flc.rcgu.o" "-Wl,--as-needed" "-L" "/opt/rustwide/target/debug/deps" "-L" "/opt/rustwide/target/debug/deps" "-L" "/opt/rustwide/rustup-home/toolchains/beta-2021-08-01-x86_64-unknown-linux-gnu/lib/rustlib/x86_64-unknown-linux-gnu/lib" "-Wl,-Bstatic" "/opt/rustwide/target/debug/deps/libpastemyst-3cba2c9a006b2b82.rlib" "/opt/rustwide/target/debug/deps/libreqwest-61a5fe55864da37f.rlib" "/opt/rustwide/target/debug/deps/libhyper_tls-52726db6129be00d.rlib" "/opt/rustwide/target/debug/deps/libipnet-3035d9a16f3d0bd5.rlib" "/opt/rustwide/target/debug/deps/libtokio_native_tls-611abd3f2d74f823.rlib" "/opt/rustwide/target/debug/deps/libserde_urlencoded-201cd9b6fe004c57.rlib" "/opt/rustwide/target/debug/deps/libmime-536904fee2e1448a.rlib" "/opt/rustwide/target/debug/deps/libencoding_rs-d41c2186d1eeebc6.rlib" "/opt/rustwide/target/debug/deps/libserde_json-acaa6ab4634ac36b.rlib" "/opt/rustwide/target/debug/deps/libryu-58d6bdbbdb00e196.rlib" "/opt/rustwide/target/debug/deps/libbase64-161b2497349df519.rlib" "/opt/rustwide/target/debug/deps/libnative_tls-b6baf887f4b7f1a2.rlib" "/opt/rustwide/target/debug/deps/libopenssl_probe-f1937205362a8d90.rlib" "/opt/rustwide/target/debug/deps/libopenssl-ca9fe3ba8db27422.rlib" "/opt/rustwide/target/debug/deps/libopenssl_sys-ce1905eaa797ebb1.rlib" "/opt/rustwide/target/debug/deps/libforeign_types-b4d4d7edd906e428.rlib" "/opt/rustwide/target/debug/deps/libforeign_types_shared-585f047ff6a62f75.rlib" "/opt/rustwide/target/debug/deps/libbitflags-e09638bf9aca31b4.rlib" "/opt/rustwide/target/debug/deps/libhyper-4a56f299c502c89c.rlib" "/opt/rustwide/target/debug/deps/libwant-978c1e82890f9740.rlib" "/opt/rustwide/target/debug/deps/libtry_lock-5413453539618953.rlib" "/opt/rustwide/target/debug/deps/libhttparse-d8040f65969a670a.rlib" "/opt/rustwide/target/debug/deps/libsocket2-fac47212c06efb4a.rlib" "/opt/rustwide/target/debug/deps/libh2-55c86d2b6af2484a.rlib" "/opt/rustwide/target/debug/deps/libtracing_futures-7621b8057d7bad76.rlib" "/opt/rustwide/target/debug/deps/libpin_project-28ee9a6424f5e0e1.rlib" "/opt/rustwide/target/debug/deps/libindexmap-71e1c19a29adfa8c.rlib" "/opt/rustwide/target/debug/deps/libhashbrown-9364b7f03ec6cdb2.rlib" "/opt/rustwide/target/debug/deps/libtokio_util-9c36672a9d6abecf.rlib" "/opt/rustwide/target/debug/deps/libfutures_sink-f27ee65faa8dd68c.rlib" "/opt/rustwide/target/debug/deps/libtokio_stream-e41841ae0c200c9d.rlib" "/opt/rustwide/target/debug/deps/libpin_project-c016fbe73a413957.rlib" "/opt/rustwide/target/debug/deps/libtower_service-c947f102bbfcbd85.rlib" "/opt/rustwide/target/debug/deps/libfutures_channel-c218ff084fb86317.rlib" "/opt/rustwide/target/debug/deps/libtracing-a46e45ade79baeb8.rlib" "/opt/rustwide/target/debug/deps/libtracing_core-b16b6e2c6bc60736.rlib" "/opt/rustwide/target/debug/deps/libcfg_if-0d27f345b2a6a3cd.rlib" "/opt/rustwide/target/debug/deps/libtokio-572d33375f8a37be.rlib" "/opt/rustwide/target/debug/deps/libnum_cpus-5e59ece4a653efa3.rlib" "/opt/rustwide/target/debug/deps/libmio-406388e8044894db.rlib" "/opt/rustwide/target/debug/deps/liblibc-c850060be0a75c4e.rlib" "/opt/rustwide/target/debug/deps/libhttp_body-c9fd1ba4373d2cc9.rlib" "/opt/rustwide/target/debug/deps/liblog-ba700e017ec53b62.rlib" "/opt/rustwide/target/debug/deps/libcfg_if-ffb7f11ad1437080.rlib" "/opt/rustwide/target/debug/deps/libfutures_util-d8bf345d5fa3d786.rlib" "/opt/rustwide/target/debug/deps/libmemchr-c093777634ae2b28.rlib" "/opt/rustwide/target/debug/deps/libfutures_io-fe012dd1b216c5d3.rlib" "/opt/rustwide/target/debug/deps/libslab-19bed823898320f8.rlib" "/opt/rustwide/target/debug/deps/libpin_project_lite-299664b3601d8560.rlib" "/opt/rustwide/target/debug/deps/libfutures_task-16b0a93b23df19ff.rlib" "/opt/rustwide/target/debug/deps/libonce_cell-07b51f6f2af6d085.rlib" "/opt/rustwide/target/debug/deps/libpin_utils-0d9ad188af5be84f.rlib" "/opt/rustwide/target/debug/deps/libfutures_core-c5a2572a1a3ac9b9.rlib" "/opt/rustwide/target/debug/deps/liblazy_static-e92083d5a39a8b50.rlib" "/opt/rustwide/target/debug/deps/liburl-5a55d35825409033.rlib" "/opt/rustwide/target/debug/deps/libidna-f4ccf9d3d8e139a8.rlib" "/opt/rustwide/target/debug/deps/libunicode_normalization-8f1081740a64666a.rlib" "/opt/rustwide/target/debug/deps/libtinyvec-7d2849f15c2e5e21.rlib" "/opt/rustwide/target/debug/deps/libtinyvec_macros-92a1c487a2a985df.rlib" "/opt/rustwide/target/debug/deps/libunicode_bidi-f649dd84372809b8.rlib" "/opt/rustwide/target/debug/deps/libform_urlencoded-551049ac9d7ea423.rlib" "/opt/rustwide/target/debug/deps/libpercent_encoding-f9199a68e8c135fc.rlib" "/opt/rustwide/target/debug/deps/libmatches-9cfb84f2ef24c6e0.rlib" "/opt/rustwide/target/debug/deps/libhttp-52089e0a70b229a4.rlib" "/opt/rustwide/target/debug/deps/libitoa-f0883342bffd153c.rlib" "/opt/rustwide/target/debug/deps/libbytes-b7d0f79f1a1bf520.rlib" "/opt/rustwide/target/debug/deps/libfnv-059813dc4f8dd4c8.rlib" "/opt/rustwide/target/debug/deps/libserde-c1f90731f418c9f8.rlib" "-Wl,--start-group" "/opt/rustwide/rustup-home/toolchains/beta-2021-08-01-x86_64-unknown-linux-gnu/lib/rustlib/x86_64-unknown-linux-gnu/lib/libstd-197d933f09d9a590.rlib" "/opt/rustwide/rustup-home/toolchains/beta-2021-08-01-x86_64-unknown-linux-gnu/lib/rustlib/x86_64-unknown-linux-gnu/lib/libpanic_unwind-46a006cddfd334f0.rlib" "/opt/rustwide/rustup-home/toolchains/beta-2021-08-01-x86_64-unknown-linux-gnu/lib/rustlib/x86_64-unknown-linux-gnu/lib/libminiz_oxide-5b9870310e470b38.rlib" "/opt/rustwide/rustup-home/toolchains/beta-2021-08-01-x86_64-unknown-linux-gnu/lib/rustlib/x86_64-unknown-linux-gnu/lib/libadler-260022ba8f1ab4ee.rlib" "/opt/rustwide/rustup-home/toolchains/beta-2021-08-01-x86_64-unknown-linux-gnu/lib/rustlib/x86_64-unknown-linux-gnu/lib/libobject-71377435a799394f.rlib" "/opt/rustwide/rustup-home/toolchains/beta-2021-08-01-x86_64-unknown-linux-gnu/lib/rustlib/x86_64-unknown-linux-gnu/lib/libaddr2line-658ee5924fde57cd.rlib" "/opt/rustwide/rustup-home/toolchains/beta-2021-08-01-x86_64-unknown-linux-gnu/lib/rustlib/x86_64-unknown-linux-gnu/lib/libgimli-9e8627da6bd1b94a.rlib" "/opt/rustwide/rustup-home/toolchains/beta-2021-08-01-x86_64-unknown-linux-gnu/lib/rustlib/x86_64-unknown-linux-gnu/lib/libstd_detect-19fdaac49f59be84.rlib" "/opt/rustwide/rustup-home/toolchains/beta-2021-08-01-x86_64-unknown-linux-gnu/lib/rustlib/x86_64-unknown-linux-gnu/lib/librustc_demangle-cb00e2691ea45905.rlib" "/opt/rustwide/rustup-home/toolchains/beta-2021-08-01-x86_64-unknown-linux-gnu/lib/rustlib/x86_64-unknown-linux-gnu/lib/libhashbrown-50f6726defae5ae1.rlib" "/opt/rustwide/rustup-home/toolchains/beta-2021-08-01-x86_64-unknown-linux-gnu/lib/rustlib/x86_64-unknown-linux-gnu/lib/librustc_std_workspace_alloc-2afc16311deea26e.rlib" "/opt/rustwide/rustup-home/toolchains/beta-2021-08-01-x86_64-unknown-linux-gnu/lib/rustlib/x86_64-unknown-linux-gnu/lib/libunwind-bb5cb0fe086ee8cf.rlib" "/opt/rustwide/rustup-home/toolchains/beta-2021-08-01-x86_64-unknown-linux-gnu/lib/rustlib/x86_64-unknown-linux-gnu/lib/libcfg_if-896053247b5dfd0b.rlib" "/opt/rustwide/rustup-home/toolchains/beta-2021-08-01-x86_64-unknown-linux-gnu/lib/rustlib/x86_64-unknown-linux-gnu/lib/liblibc-735e1f2ac3cf23be.rlib" "/opt/rustwide/rustup-home/toolchains/beta-2021-08-01-x86_64-unknown-linux-gnu/lib/rustlib/x86_64-unknown-linux-gnu/lib/liballoc-9dfb6622644c732c.rlib" "/opt/rustwide/rustup-home/toolchains/beta-2021-08-01-x86_64-unknown-linux-gnu/lib/rustlib/x86_64-unknown-linux-gnu/lib/librustc_std_workspace_core-beea7d9617fe25c5.rlib" "/opt/rustwide/rustup-home/toolchains/beta-2021-08-01-x86_64-unknown-linux-gnu/lib/rustlib/x86_64-unknown-linux-gnu/lib/libcore-8ef7dd43fc671f88.rlib" "-Wl,--end-group" "/opt/rustwide/rustup-home/toolchains/beta-2021-08-01-x86_64-unknown-linux-gnu/lib/rustlib/x86_64-unknown-linux-gnu/lib/libcompiler_builtins-a9a3b2ad67977f47.rlib" "-Wl,-Bdynamic" "-lssl" "-lcrypto" "-lgcc_s" "-lutil" "-lrt" "-lpthread" "-lm" "-ldl" "-lc" "-Wl,--eh-frame-hdr" "-Wl,-znoexecstack" "-L" "/opt/rustwide/rustup-home/toolchains/beta-2021-08-01-x86_64-unknown-linux-gnu/lib/rustlib/x86_64-unknown-linux-gnu/lib" "-o" "/tmp/rustdoctestmCjYlJ/rust_out" "-Wl,--gc-sections" "-pie" "-Wl,-zrelro" "-Wl,-znow" "-nodefaultlibs"
[INFO] [stdout]   = note: collect2: fatal error: ld terminated with signal 9 [Killed]
[INFO] [stdout]           compilation terminated.
[INFO] [stdout]           
[INFO] [stdout] 
[INFO] [stdout] error: aborting due to previous error
[INFO] [stdout] 
[INFO] [stdout] Couldn't compile the test.
[INFO] [stdout] ---- src/lib.rs - data::get_language_by_extension (line 302) stdout ----
[INFO] [stdout] Test executable failed (exit code 1).
[INFO] [stdout] 
[INFO] [stdout] stderr:
[INFO] [stdout] Error: reqwest::Error { kind: Request, url: Url { scheme: "https", host: Some(Domain("paste.myst.rs")), port: None, path: "/api/v2/data/languageExt", query: Some("extension=cs"), fragment: None }, source: hyper::Error(Connect, ConnectError("dns error", Custom { kind: Uncategorized, error: "failed to lookup address information: Temporary failure in name resolution" })) }
[INFO] [stdout] 
[INFO] [stdout] 
[INFO] [stdout] ---- src/lib.rs - user::user_exists (line 698) stdout ----
[INFO] [stdout] Test executable failed (exit code 1).
[INFO] [stdout] 
[INFO] [stdout] stderr:
[INFO] [stdout] Error: reqwest::Error { kind: Request, url: Url { scheme: "https", host: Some(Domain("paste.myst.rs")), port: None, path: "/api/v2/user/ANF-Studios/exists", query: None, fragment: None }, source: hyper::Error(Connect, ConnectError("dns error", Custom { kind: Uncategorized, error: "failed to lookup address information: Temporary failure in name resolution" })) }
[INFO] [stdout] 
[INFO] [stdout] 
[INFO] [stdout] 
[INFO] [stdout] failures:
[INFO] [stdout]     src/lib.rs - data::get_language_by_extension (line 302)
[INFO] [stdout]     src/lib.rs - data::get_language_by_extension_async (line 329)
[INFO] [stdout]     src/lib.rs - data::get_language_by_name (line 247)
[INFO] [stdout]     src/lib.rs - data::get_language_by_name_async (line 274)
[INFO] [stdout]     src/lib.rs - paste::CreateObject (line 1480)
[INFO] [stdout]     src/lib.rs - paste::EditHistory (line 1439)
[INFO] [stdout]     src/lib.rs - paste::EditObject (line 1534)
[INFO] [stdout]     src/lib.rs - paste::PasteObject (line 1349)
[INFO] [stdout]     src/lib.rs - paste::PastyObject (line 1410)
[INFO] [stdout]     src/lib.rs - paste::create_paste (line 953)
[INFO] [stdout]     src/lib.rs - paste::create_paste_async (line 1003)
[INFO] [stdout]     src/lib.rs - paste::create_private_paste (line 1057)
[INFO] [stdout]     src/lib.rs - paste::create_private_paste_async (line 1095)
[INFO] [stdout]     src/lib.rs - paste::delete_paste (line 1271)
[INFO] [stdout]     src/lib.rs - paste::delete_paste_async (line 1310)
[INFO] [stdout]     src/lib.rs - paste::edit_paste (line 1164)
[INFO] [stdout]     src/lib.rs - paste::edit_paste_async (line 1217)
[INFO] [stdout]     src/lib.rs - paste::get_paste (line 848)
[INFO] [stdout]     src/lib.rs - paste::get_paste_async (line 871)
[INFO] [stdout]     src/lib.rs - paste::get_private_paste (line 894)
[INFO] [stdout]     src/lib.rs - paste::get_private_paste_async (line 921)
[INFO] [stdout]     src/lib.rs - time::expires_into_unix (line 112)
[INFO] [stdout]     src/lib.rs - time::expires_into_unix_async (line 164)
[INFO] [stdout]     src/lib.rs - user::get_user (line 589)
[INFO] [stdout]     src/lib.rs - user::get_user_async (line 641)
[INFO] [stdout]     src/lib.rs - user::user_exists (line 687)
[INFO] [stdout]     src/lib.rs - user::user_exists (line 698)
[INFO] [stdout]     src/lib.rs - user::user_exists_async (line 734)
[INFO] [stdout]     src/lib.rs - user::user_exists_async (line 746)
[INFO] [stdout] 
[INFO] [stdout] test result: FAILED. 1 passed; 29 failed; 0 ignored; 0 measured; 0 filtered out; finished in 5.64s
[INFO] [stdout] 
[INFO] [stderr] error: test failed, to rerun pass '--doc'
[INFO] running `Command { std: "docker" "inspect" "02a32d0601c1a81d1f8fef08c5dea8a013f25f5934e7d038293fa96ed92d48a8", kill_on_drop: false }`
[INFO] running `Command { std: "docker" "rm" "-f" "02a32d0601c1a81d1f8fef08c5dea8a013f25f5934e7d038293fa96ed92d48a8", kill_on_drop: false }`
[INFO] [stdout] 02a32d0601c1a81d1f8fef08c5dea8a013f25f5934e7d038293fa96ed92d48a8
