[INFO] fetching crate passpartout_printer 1.0.0...
[INFO] testing passpartout_printer-1.0.0 against beta-2021-08-01 for beta-1.55-1
[INFO] extracting crate passpartout_printer 1.0.0 into /workspace/builds/worker-31/source
[INFO] validating manifest of crates.io crate passpartout_printer 1.0.0 on toolchain beta-2021-08-01
[INFO] running `Command { std: "/workspace/cargo-home/bin/cargo" "+beta-2021-08-01" "metadata" "--manifest-path" "Cargo.toml" "--no-deps", kill_on_drop: false }`
[INFO] started tweaking crates.io crate passpartout_printer 1.0.0
[INFO] finished tweaking crates.io crate passpartout_printer 1.0.0
[INFO] tweaked toml for crates.io crate passpartout_printer 1.0.0 written to /workspace/builds/worker-31/source/Cargo.toml
[INFO] running `Command { std: "/workspace/cargo-home/bin/cargo" "+beta-2021-08-01" "generate-lockfile" "--manifest-path" "Cargo.toml" "-Zno-index-update", kill_on_drop: false }`
[INFO] running `Command { std: "/workspace/cargo-home/bin/cargo" "+beta-2021-08-01" "fetch" "--manifest-path" "Cargo.toml", kill_on_drop: false }`
[INFO] [stderr]  Downloading crates ...
[INFO] [stderr]   Downloaded enum_primitive v0.1.1
[INFO] [stderr]   Downloaded png v0.11.0
[INFO] [stderr]   Downloaded gif v0.9.2
[INFO] [stderr]   Downloaded core-foundation v0.3.0
[INFO] [stderr]   Downloaded core-graphics v0.8.2
[INFO] [stderr]   Downloaded core-foundation-sys v0.3.1
[INFO] [stderr]   Downloaded inflate v0.3.4
[INFO] [stderr]   Downloaded x11 v2.18.2
[INFO] [stderr]   Downloaded num-rational v0.1.42
[INFO] [stderr]   Downloaded enigo v0.0.11
[INFO] [stderr]   Downloaded image v0.18.0
[INFO] [stderr]   Downloaded device_query v0.1.3
[INFO] running `Command { std: "docker" "create" "-v" "/var/lib/crater-agent-workspace/builds/worker-31/target:/opt/rustwide/target:rw,Z" "-v" "/var/lib/crater-agent-workspace/builds/worker-31/source:/opt/rustwide/workdir:ro,Z" "-v" "/var/lib/crater-agent-workspace/cargo-home:/opt/rustwide/cargo-home:ro,Z" "-v" "/var/lib/crater-agent-workspace/rustup-home:/opt/rustwide/rustup-home:ro,Z" "-e" "SOURCE_DIR=/opt/rustwide/workdir" "-e" "CARGO_TARGET_DIR=/opt/rustwide/target" "-e" "CARGO_HOME=/opt/rustwide/cargo-home" "-e" "RUSTUP_HOME=/opt/rustwide/rustup-home" "-w" "/opt/rustwide/workdir" "-m" "1610612736" "--user" "0:0" "--network" "none" "ghcr.io/rust-lang/crates-build-env/linux@sha256:34b6a614d2c27851fe6cbf88fbd1137609cefab8b10d0615aaeb6fd47975d74e" "/opt/rustwide/cargo-home/bin/cargo" "+beta-2021-08-01" "metadata" "--no-deps" "--format-version=1", kill_on_drop: false }`
[INFO] [stdout] c9e2e98dc54b0369ad156653908e64d03749074f32e42d07834c777b1871e9ec
[INFO] running `Command { std: "docker" "start" "-a" "c9e2e98dc54b0369ad156653908e64d03749074f32e42d07834c777b1871e9ec", kill_on_drop: false }`
[INFO] running `Command { std: "docker" "inspect" "c9e2e98dc54b0369ad156653908e64d03749074f32e42d07834c777b1871e9ec", kill_on_drop: false }`
[INFO] running `Command { std: "docker" "rm" "-f" "c9e2e98dc54b0369ad156653908e64d03749074f32e42d07834c777b1871e9ec", kill_on_drop: false }`
[INFO] [stdout] c9e2e98dc54b0369ad156653908e64d03749074f32e42d07834c777b1871e9ec
[INFO] running `Command { std: "docker" "create" "-v" "/var/lib/crater-agent-workspace/builds/worker-31/target:/opt/rustwide/target:rw,Z" "-v" "/var/lib/crater-agent-workspace/builds/worker-31/source:/opt/rustwide/workdir:ro,Z" "-v" "/var/lib/crater-agent-workspace/cargo-home:/opt/rustwide/cargo-home:ro,Z" "-v" "/var/lib/crater-agent-workspace/rustup-home:/opt/rustwide/rustup-home:ro,Z" "-e" "SOURCE_DIR=/opt/rustwide/workdir" "-e" "CARGO_TARGET_DIR=/opt/rustwide/target" "-e" "CARGO_INCREMENTAL=0" "-e" "RUST_BACKTRACE=full" "-e" "RUSTFLAGS=--cap-lints=warn" "-e" "CARGO_HOME=/opt/rustwide/cargo-home" "-e" "RUSTUP_HOME=/opt/rustwide/rustup-home" "-w" "/opt/rustwide/workdir" "-m" "1610612736" "--user" "0:0" "--network" "none" "ghcr.io/rust-lang/crates-build-env/linux@sha256:34b6a614d2c27851fe6cbf88fbd1137609cefab8b10d0615aaeb6fd47975d74e" "/opt/rustwide/cargo-home/bin/cargo" "+beta-2021-08-01" "build" "--frozen" "--message-format=json", kill_on_drop: false }`
[INFO] [stdout] 92ddfb4a4cc8a040760d62a378c3dccdab428691975a95899dd5080380b92da0
[INFO] running `Command { std: "docker" "start" "-a" "92ddfb4a4cc8a040760d62a378c3dccdab428691975a95899dd5080380b92da0", kill_on_drop: false }`
[INFO] [stderr]     Blocking waiting for file lock on package cache
[INFO] [stderr]    Compiling crossbeam-epoch v0.9.5
[INFO] [stderr]    Compiling syn v1.0.74
[INFO] [stderr]    Compiling rayon-core v1.9.1
[INFO] [stderr]    Compiling memchr v2.4.0
[INFO] [stderr]    Compiling adler32 v1.2.0
[INFO] [stderr]    Compiling adler v1.0.2
[INFO] [stderr]    Compiling gimli v0.25.0
[INFO] [stderr]    Compiling byteorder v1.4.3
[INFO] [stderr]    Compiling failure_derive v0.1.8
[INFO] [stderr]    Compiling lzw v0.10.0
[INFO] [stderr]    Compiling rustc-demangle v0.1.20
[INFO] [stderr]    Compiling color_quant v1.1.0
[INFO] [stderr]    Compiling scoped_threadpool v0.1.9
[INFO] [stderr]    Compiling memoffset v0.6.4
[INFO] [stderr]    Compiling num-integer v0.1.44
[INFO] [stderr]    Compiling miniz_oxide v0.4.4
[INFO] [stderr]    Compiling num-iter v0.1.42
[INFO] [stderr]    Compiling rayon v1.5.1
[INFO] [stderr]    Compiling backtrace v0.3.61
[INFO] [stderr]    Compiling x11 v2.18.2
[INFO] [stderr]    Compiling enigo v0.0.11
[INFO] [stderr]    Compiling device_query v0.1.3
[INFO] [stderr]    Compiling crossbeam-channel v0.5.1
[INFO] [stderr]    Compiling num-traits v0.1.43
[INFO] [stderr]    Compiling enum_primitive v0.1.1
[INFO] [stderr]    Compiling gif v0.9.2
[INFO] [stderr]    Compiling inflate v0.3.4
[INFO] [stderr]    Compiling deflate v0.7.20
[INFO] [stderr]    Compiling object v0.26.0
[INFO] [stderr]    Compiling crossbeam-deque v0.8.1
[INFO] [stderr]    Compiling num-rational v0.1.42
[INFO] [stderr]    Compiling png v0.11.0
[INFO] [stderr]    Compiling addr2line v0.16.0
[INFO] [stderr]    Compiling synstructure v0.12.5
[INFO] [stderr]    Compiling serde_derive v1.0.127
[INFO] [stderr]    Compiling jpeg-decoder v0.1.22
[INFO] [stderr]    Compiling image v0.18.0
[INFO] [stderr]    Compiling failure v0.1.8
[INFO] [stderr]    Compiling passpartout_printer v1.0.0 (/opt/rustwide/workdir)
[INFO] [stderr]     Finished dev [unoptimized + debuginfo] target(s) in 22.46s
[INFO] running `Command { std: "docker" "inspect" "92ddfb4a4cc8a040760d62a378c3dccdab428691975a95899dd5080380b92da0", kill_on_drop: false }`
[INFO] running `Command { std: "docker" "rm" "-f" "92ddfb4a4cc8a040760d62a378c3dccdab428691975a95899dd5080380b92da0", kill_on_drop: false }`
[INFO] [stdout] 92ddfb4a4cc8a040760d62a378c3dccdab428691975a95899dd5080380b92da0
[INFO] running `Command { std: "docker" "create" "-v" "/var/lib/crater-agent-workspace/builds/worker-31/target:/opt/rustwide/target:rw,Z" "-v" "/var/lib/crater-agent-workspace/builds/worker-31/source:/opt/rustwide/workdir:ro,Z" "-v" "/var/lib/crater-agent-workspace/cargo-home:/opt/rustwide/cargo-home:ro,Z" "-v" "/var/lib/crater-agent-workspace/rustup-home:/opt/rustwide/rustup-home:ro,Z" "-e" "SOURCE_DIR=/opt/rustwide/workdir" "-e" "CARGO_TARGET_DIR=/opt/rustwide/target" "-e" "CARGO_INCREMENTAL=0" "-e" "RUST_BACKTRACE=full" "-e" "RUSTFLAGS=--cap-lints=warn" "-e" "CARGO_HOME=/opt/rustwide/cargo-home" "-e" "RUSTUP_HOME=/opt/rustwide/rustup-home" "-w" "/opt/rustwide/workdir" "-m" "1610612736" "--user" "0:0" "--network" "none" "ghcr.io/rust-lang/crates-build-env/linux@sha256:34b6a614d2c27851fe6cbf88fbd1137609cefab8b10d0615aaeb6fd47975d74e" "/opt/rustwide/cargo-home/bin/cargo" "+beta-2021-08-01" "test" "--frozen" "--no-run" "--message-format=json", kill_on_drop: false }`
[INFO] [stdout] ac9dc072519d4ef7bebb9fc2c4752c7439d2068e47df8b6fea598d8cd1a6fd8c
[INFO] running `Command { std: "docker" "start" "-a" "ac9dc072519d4ef7bebb9fc2c4752c7439d2068e47df8b6fea598d8cd1a6fd8c", kill_on_drop: false }`
[INFO] [stderr]    Compiling passpartout_printer v1.0.0 (/opt/rustwide/workdir)
[INFO] [stderr]     Finished test [unoptimized + debuginfo] target(s) in 2.33s
[INFO] running `Command { std: "docker" "inspect" "ac9dc072519d4ef7bebb9fc2c4752c7439d2068e47df8b6fea598d8cd1a6fd8c", kill_on_drop: false }`
[INFO] running `Command { std: "docker" "rm" "-f" "ac9dc072519d4ef7bebb9fc2c4752c7439d2068e47df8b6fea598d8cd1a6fd8c", kill_on_drop: false }`
[INFO] [stdout] ac9dc072519d4ef7bebb9fc2c4752c7439d2068e47df8b6fea598d8cd1a6fd8c
[INFO] running `Command { std: "docker" "create" "-v" "/var/lib/crater-agent-workspace/builds/worker-31/target:/opt/rustwide/target:rw,Z" "-v" "/var/lib/crater-agent-workspace/builds/worker-31/source:/opt/rustwide/workdir:ro,Z" "-v" "/var/lib/crater-agent-workspace/cargo-home:/opt/rustwide/cargo-home:ro,Z" "-v" "/var/lib/crater-agent-workspace/rustup-home:/opt/rustwide/rustup-home:ro,Z" "-e" "SOURCE_DIR=/opt/rustwide/workdir" "-e" "CARGO_TARGET_DIR=/opt/rustwide/target" "-e" "CARGO_INCREMENTAL=0" "-e" "RUST_BACKTRACE=full" "-e" "RUSTFLAGS=--cap-lints=warn" "-e" "CARGO_HOME=/opt/rustwide/cargo-home" "-e" "RUSTUP_HOME=/opt/rustwide/rustup-home" "-w" "/opt/rustwide/workdir" "-m" "1610612736" "--user" "0:0" "--network" "none" "ghcr.io/rust-lang/crates-build-env/linux@sha256:34b6a614d2c27851fe6cbf88fbd1137609cefab8b10d0615aaeb6fd47975d74e" "/opt/rustwide/cargo-home/bin/cargo" "+beta-2021-08-01" "test" "--frozen", kill_on_drop: false }`
[INFO] [stdout] 952262b32c8a02dd1734f39ed085439a8763b7fbcc28256c1fad353c135e52e1
[INFO] running `Command { std: "docker" "start" "-a" "952262b32c8a02dd1734f39ed085439a8763b7fbcc28256c1fad353c135e52e1", kill_on_drop: false }`
[INFO] [stderr]     Finished test [unoptimized + debuginfo] target(s) in 0.06s
[INFO] [stderr]      Running unittests (/opt/rustwide/target/debug/deps/passpartout_printer-686a6e993470ca4b)
[INFO] [stdout] 
[INFO] [stderr]      Running unittests (/opt/rustwide/target/debug/deps/passpartout_printer-d23f4046a8947a71)
[INFO] [stdout] running 0 tests
[INFO] [stdout] 
[INFO] [stdout] test result: ok. 0 passed; 0 failed; 0 ignored; 0 measured; 0 filtered out; finished in 0.00s
[INFO] [stdout] 
[INFO] [stdout] 
[INFO] [stdout] running 0 tests
[INFO] [stdout] 
[INFO] [stdout] test result: ok. 0 passed; 0 failed; 0 ignored; 0 measured; 0 filtered out; finished in 0.00s
[INFO] [stdout] 
[INFO] [stderr]    Doc-tests passpartout_printer
[INFO] [stdout] 
[INFO] [stdout] running 2 tests
[INFO] [stdout] test src/easel.rs - easel::Easel::change_brush_size (line 227) - compile ... FAILED
[INFO] [stdout] test src/easel.rs - easel::Easel::draw_line (line 269) - compile ... FAILED
[INFO] [stdout] 
[INFO] [stdout] failures:
[INFO] [stdout] 
[INFO] [stdout] ---- src/easel.rs - easel::Easel::change_brush_size (line 227) stdout ----
[INFO] [stdout] error[E0432]: unresolved import `easel`
[INFO] [stdout]  --> src/easel.rs:228:5
[INFO] [stdout]   |
[INFO] [stdout] 3 | use easel::*;
[INFO] [stdout]   |     ^^^^^ maybe a missing crate `easel`?
[INFO] [stdout] 
[INFO] [stdout] error[E0432]: unresolved import `enigo`
[INFO] [stdout]  --> src/easel.rs:229:5
[INFO] [stdout]   |
[INFO] [stdout] 4 | use enigo::*;
[INFO] [stdout]   |     ^^^^^ maybe a missing crate `enigo`?
[INFO] [stdout] 
[INFO] [stdout] error[E0433]: failed to resolve: use of undeclared type `Easel`
[INFO] [stdout]  --> src/easel.rs:232:17
[INFO] [stdout]   |
[INFO] [stdout] 7 | let mut easel = Easel::new("coords.json", Enigo::new(),
[INFO] [stdout]   |                 ^^^^^ use of undeclared type `Easel`
[INFO] [stdout] 
[INFO] [stdout] error[E0433]: failed to resolve: use of undeclared type `Enigo`
[INFO] [stdout]  --> src/easel.rs:232:43
[INFO] [stdout]   |
[INFO] [stdout] 7 | let mut easel = Easel::new("coords.json", Enigo::new(),
[INFO] [stdout]   |                                           ^^^^^ use of undeclared type `Enigo`
[INFO] [stdout] 
[INFO] [stdout] error: aborting due to 4 previous errors
[INFO] [stdout] 
[INFO] [stdout] Some errors have detailed explanations: E0432, E0433.
[INFO] [stdout] For more information about an error, try `rustc --explain E0432`.
[INFO] [stdout] Couldn't compile the test.
[INFO] [stdout] ---- src/easel.rs - easel::Easel::draw_line (line 269) stdout ----
[INFO] [stdout] error: expected `:`, found `=`
[INFO] [stdout]   --> src/easel.rs:279:25
[INFO] [stdout]    |
[INFO] [stdout] 12 | let color = Rgba { data = [0, 0, 0, 255] };
[INFO] [stdout]    |                        -^
[INFO] [stdout]    |                        |
[INFO] [stdout]    |                        help: replace equals symbol with a colon: `:`
[INFO] [stdout] 
[INFO] [stdout] error[E0432]: unresolved import `easel`
[INFO] [stdout]  --> src/easel.rs:270:5
[INFO] [stdout]   |
[INFO] [stdout] 3 | use easel::*;
[INFO] [stdout]   |     ^^^^^ maybe a missing crate `easel`?
[INFO] [stdout] 
[INFO] [stdout] error[E0432]: unresolved import `enigo`
[INFO] [stdout]  --> src/easel.rs:271:5
[INFO] [stdout]   |
[INFO] [stdout] 4 | use enigo::*;
[INFO] [stdout]   |     ^^^^^ maybe a missing crate `enigo`?
[INFO] [stdout] 
[INFO] [stdout] error[E0432]: unresolved import `image`
[INFO] [stdout]  --> src/easel.rs:273:5
[INFO] [stdout]   |
[INFO] [stdout] 6 | use image::Rgba;
[INFO] [stdout]   |     ^^^^^ maybe a missing crate `image`?
[INFO] [stdout] 
[INFO] [stdout] error[E0433]: failed to resolve: use of undeclared type `Easel`
[INFO] [stdout]   --> src/easel.rs:277:17
[INFO] [stdout]    |
[INFO] [stdout] 10 | let mut easel = Easel::new("coords.json", Enigo::new(),
[INFO] [stdout]    |                 ^^^^^ use of undeclared type `Easel`
[INFO] [stdout] 
[INFO] [stdout] error[E0433]: failed to resolve: use of undeclared type `Enigo`
[INFO] [stdout]   --> src/easel.rs:277:43
[INFO] [stdout]    |
[INFO] [stdout] 10 | let mut easel = Easel::new("coords.json", Enigo::new(),
[INFO] [stdout]    |                                           ^^^^^ use of undeclared type `Enigo`
[INFO] [stdout] 
[INFO] [stdout] error: aborting due to 6 previous errors
[INFO] [stdout] 
[INFO] [stdout] Some errors have detailed explanations: E0432, E0433.
[INFO] [stdout] For more information about an error, try `rustc --explain E0432`.
[INFO] [stdout] Couldn't compile the test.
[INFO] [stdout] 
[INFO] [stdout] failures:
[INFO] [stdout]     src/easel.rs - easel::Easel::change_brush_size (line 227)
[INFO] [stdout]     src/easel.rs - easel::Easel::draw_line (line 269)
[INFO] [stdout] 
[INFO] [stdout] test result: FAILED. 0 passed; 2 failed; 0 ignored; 0 measured; 0 filtered out; finished in 0.14s
[INFO] [stdout] 
[INFO] [stderr] error: test failed, to rerun pass '--doc'
[INFO] running `Command { std: "docker" "inspect" "952262b32c8a02dd1734f39ed085439a8763b7fbcc28256c1fad353c135e52e1", kill_on_drop: false }`
[INFO] running `Command { std: "docker" "rm" "-f" "952262b32c8a02dd1734f39ed085439a8763b7fbcc28256c1fad353c135e52e1", kill_on_drop: false }`
[INFO] [stdout] 952262b32c8a02dd1734f39ed085439a8763b7fbcc28256c1fad353c135e52e1
