[INFO] fetching crate parse-mediawiki-sql 0.6.0...
[INFO] testing parse-mediawiki-sql-0.6.0 against 1.54.0 for beta-1.55-1
[INFO] extracting crate parse-mediawiki-sql 0.6.0 into /workspace/builds/worker-104/source
[INFO] validating manifest of crates.io crate parse-mediawiki-sql 0.6.0 on toolchain 1.54.0
[INFO] running `Command { std: "/workspace/cargo-home/bin/cargo" "+1.54.0" "metadata" "--manifest-path" "Cargo.toml" "--no-deps", kill_on_drop: false }`
[INFO] started tweaking crates.io crate parse-mediawiki-sql 0.6.0
[INFO] removed 0 missing examples
[INFO] finished tweaking crates.io crate parse-mediawiki-sql 0.6.0
[INFO] tweaked toml for crates.io crate parse-mediawiki-sql 0.6.0 written to /workspace/builds/worker-104/source/Cargo.toml
[INFO] crate crates.io crate parse-mediawiki-sql 0.6.0 already has a lockfile, it will not be regenerated
[INFO] running `Command { std: "/workspace/cargo-home/bin/cargo" "+1.54.0" "fetch" "--manifest-path" "Cargo.toml", kill_on_drop: false }`
[INFO] [stderr]     Blocking waiting for file lock on package cache
[INFO] [stderr]     Blocking waiting for file lock on package cache
[INFO] running `Command { std: "docker" "create" "-v" "/var/lib/crater-agent-workspace/builds/worker-104/target:/opt/rustwide/target:rw,Z" "-v" "/var/lib/crater-agent-workspace/builds/worker-104/source:/opt/rustwide/workdir:ro,Z" "-v" "/var/lib/crater-agent-workspace/cargo-home:/opt/rustwide/cargo-home:ro,Z" "-v" "/var/lib/crater-agent-workspace/rustup-home:/opt/rustwide/rustup-home:ro,Z" "-e" "SOURCE_DIR=/opt/rustwide/workdir" "-e" "CARGO_TARGET_DIR=/opt/rustwide/target" "-e" "CARGO_HOME=/opt/rustwide/cargo-home" "-e" "RUSTUP_HOME=/opt/rustwide/rustup-home" "-w" "/opt/rustwide/workdir" "-m" "1610612736" "--user" "0:0" "--network" "none" "ghcr.io/rust-lang/crates-build-env/linux@sha256:34b6a614d2c27851fe6cbf88fbd1137609cefab8b10d0615aaeb6fd47975d74e" "/opt/rustwide/cargo-home/bin/cargo" "+1.54.0" "metadata" "--no-deps" "--format-version=1", kill_on_drop: false }`
[INFO] [stdout] 7e071f0e0ad74b8419948c32c1aa9a91f12c2e79688cc1798af120195cfc3e19
[INFO] running `Command { std: "docker" "start" "-a" "7e071f0e0ad74b8419948c32c1aa9a91f12c2e79688cc1798af120195cfc3e19", kill_on_drop: false }`
[INFO] running `Command { std: "docker" "inspect" "7e071f0e0ad74b8419948c32c1aa9a91f12c2e79688cc1798af120195cfc3e19", kill_on_drop: false }`
[INFO] running `Command { std: "docker" "rm" "-f" "7e071f0e0ad74b8419948c32c1aa9a91f12c2e79688cc1798af120195cfc3e19", kill_on_drop: false }`
[INFO] [stdout] 7e071f0e0ad74b8419948c32c1aa9a91f12c2e79688cc1798af120195cfc3e19
[INFO] running `Command { std: "docker" "create" "-v" "/var/lib/crater-agent-workspace/builds/worker-104/target:/opt/rustwide/target:rw,Z" "-v" "/var/lib/crater-agent-workspace/builds/worker-104/source:/opt/rustwide/workdir:ro,Z" "-v" "/var/lib/crater-agent-workspace/cargo-home:/opt/rustwide/cargo-home:ro,Z" "-v" "/var/lib/crater-agent-workspace/rustup-home:/opt/rustwide/rustup-home:ro,Z" "-e" "SOURCE_DIR=/opt/rustwide/workdir" "-e" "CARGO_TARGET_DIR=/opt/rustwide/target" "-e" "CARGO_INCREMENTAL=0" "-e" "RUST_BACKTRACE=full" "-e" "RUSTFLAGS=--cap-lints=warn" "-e" "CARGO_HOME=/opt/rustwide/cargo-home" "-e" "RUSTUP_HOME=/opt/rustwide/rustup-home" "-w" "/opt/rustwide/workdir" "-m" "1610612736" "--user" "0:0" "--network" "none" "ghcr.io/rust-lang/crates-build-env/linux@sha256:34b6a614d2c27851fe6cbf88fbd1137609cefab8b10d0615aaeb6fd47975d74e" "/opt/rustwide/cargo-home/bin/cargo" "+1.54.0" "build" "--frozen" "--message-format=json", kill_on_drop: false }`
[INFO] [stdout] a2d916e2cfbf0378044a338fa3f8b6bc3dee6bb295fa3782cdc351d7df6e0f0d
[INFO] running `Command { std: "docker" "start" "-a" "a2d916e2cfbf0378044a338fa3f8b6bc3dee6bb295fa3782cdc351d7df6e0f0d", kill_on_drop: false }`
[INFO] [stderr]    Compiling libc v0.2.94
[INFO] [stderr]    Compiling radium v0.5.3
[INFO] [stderr]    Compiling lexical-core v0.7.6
[INFO] [stderr]    Compiling wyz v0.2.0
[INFO] [stderr]    Compiling static_assertions v1.1.0
[INFO] [stderr]    Compiling byteorder v1.4.3
[INFO] [stderr]    Compiling funty v1.1.0
[INFO] [stderr]    Compiling tap v1.0.1
[INFO] [stderr]    Compiling arrayvec v0.5.2
[INFO] [stderr]    Compiling joinery v2.0.0
[INFO] [stderr]    Compiling either v1.6.1
[INFO] [stderr]    Compiling num-traits v0.2.14
[INFO] [stderr]    Compiling nom v6.1.2
[INFO] [stderr]    Compiling unicase v2.6.0
[INFO] [stderr]    Compiling regex-automata v0.1.9
[INFO] [stderr]    Compiling bstr v0.2.16
[INFO] [stderr]    Compiling bitvec v0.19.5
[INFO] [stderr]    Compiling getrandom v0.2.3
[INFO] [stderr]    Compiling rand_core v0.6.2
[INFO] [stderr]    Compiling rand_chacha v0.3.0
[INFO] [stderr]    Compiling num-integer v0.1.44
[INFO] [stderr]    Compiling rand v0.8.3
[INFO] [stderr]    Compiling chrono v0.4.19
[INFO] [stderr]    Compiling ordered-float v2.5.0
[INFO] [stderr]    Compiling parse-mediawiki-sql v0.6.0 (/opt/rustwide/workdir)
[INFO] [stderr]     Finished dev [unoptimized + debuginfo] target(s) in 8.32s
[INFO] running `Command { std: "docker" "inspect" "a2d916e2cfbf0378044a338fa3f8b6bc3dee6bb295fa3782cdc351d7df6e0f0d", kill_on_drop: false }`
[INFO] running `Command { std: "docker" "rm" "-f" "a2d916e2cfbf0378044a338fa3f8b6bc3dee6bb295fa3782cdc351d7df6e0f0d", kill_on_drop: false }`
[INFO] [stdout] a2d916e2cfbf0378044a338fa3f8b6bc3dee6bb295fa3782cdc351d7df6e0f0d
[INFO] running `Command { std: "docker" "create" "-v" "/var/lib/crater-agent-workspace/builds/worker-104/target:/opt/rustwide/target:rw,Z" "-v" "/var/lib/crater-agent-workspace/builds/worker-104/source:/opt/rustwide/workdir:ro,Z" "-v" "/var/lib/crater-agent-workspace/cargo-home:/opt/rustwide/cargo-home:ro,Z" "-v" "/var/lib/crater-agent-workspace/rustup-home:/opt/rustwide/rustup-home:ro,Z" "-e" "SOURCE_DIR=/opt/rustwide/workdir" "-e" "CARGO_TARGET_DIR=/opt/rustwide/target" "-e" "CARGO_INCREMENTAL=0" "-e" "RUST_BACKTRACE=full" "-e" "RUSTFLAGS=--cap-lints=warn" "-e" "CARGO_HOME=/opt/rustwide/cargo-home" "-e" "RUSTUP_HOME=/opt/rustwide/rustup-home" "-w" "/opt/rustwide/workdir" "-m" "1610612736" "--user" "0:0" "--network" "none" "ghcr.io/rust-lang/crates-build-env/linux@sha256:34b6a614d2c27851fe6cbf88fbd1137609cefab8b10d0615aaeb6fd47975d74e" "/opt/rustwide/cargo-home/bin/cargo" "+1.54.0" "test" "--frozen" "--no-run" "--message-format=json", kill_on_drop: false }`
[INFO] [stdout] 1c2464a6ee7b87c3bf2d0bae2d681c9e1d709f6c8e521a346c3855a7f698e059
[INFO] running `Command { std: "docker" "start" "-a" "1c2464a6ee7b87c3bf2d0bae2d681c9e1d709f6c8e521a346c3855a7f698e059", kill_on_drop: false }`
[INFO] [stderr]    Compiling serde v1.0.126
[INFO] [stderr]    Compiling anyhow v1.0.40
[INFO] [stderr]    Compiling pico-args v0.4.1
[INFO] [stderr]    Compiling smartstring v0.2.6
[INFO] [stderr]    Compiling parse-mediawiki-sql v0.6.0 (/opt/rustwide/workdir)
[INFO] [stderr]     Finished test [unoptimized + debuginfo] target(s) in 11.77s
[INFO] running `Command { std: "docker" "inspect" "1c2464a6ee7b87c3bf2d0bae2d681c9e1d709f6c8e521a346c3855a7f698e059", kill_on_drop: false }`
[INFO] running `Command { std: "docker" "rm" "-f" "1c2464a6ee7b87c3bf2d0bae2d681c9e1d709f6c8e521a346c3855a7f698e059", kill_on_drop: false }`
[INFO] [stdout] 1c2464a6ee7b87c3bf2d0bae2d681c9e1d709f6c8e521a346c3855a7f698e059
[INFO] running `Command { std: "docker" "create" "-v" "/var/lib/crater-agent-workspace/builds/worker-104/target:/opt/rustwide/target:rw,Z" "-v" "/var/lib/crater-agent-workspace/builds/worker-104/source:/opt/rustwide/workdir:ro,Z" "-v" "/var/lib/crater-agent-workspace/cargo-home:/opt/rustwide/cargo-home:ro,Z" "-v" "/var/lib/crater-agent-workspace/rustup-home:/opt/rustwide/rustup-home:ro,Z" "-e" "SOURCE_DIR=/opt/rustwide/workdir" "-e" "CARGO_TARGET_DIR=/opt/rustwide/target" "-e" "CARGO_INCREMENTAL=0" "-e" "RUST_BACKTRACE=full" "-e" "RUSTFLAGS=--cap-lints=warn" "-e" "CARGO_HOME=/opt/rustwide/cargo-home" "-e" "RUSTUP_HOME=/opt/rustwide/rustup-home" "-w" "/opt/rustwide/workdir" "-m" "1610612736" "--user" "0:0" "--network" "none" "ghcr.io/rust-lang/crates-build-env/linux@sha256:34b6a614d2c27851fe6cbf88fbd1137609cefab8b10d0615aaeb6fd47975d74e" "/opt/rustwide/cargo-home/bin/cargo" "+1.54.0" "test" "--frozen", kill_on_drop: false }`
[INFO] [stdout] 5fafcc0d31025da157cc28814ea9c98eb6268ed37718e392117da8cc4836cb9a
[INFO] running `Command { std: "docker" "start" "-a" "5fafcc0d31025da157cc28814ea9c98eb6268ed37718e392117da8cc4836cb9a", kill_on_drop: false }`
[INFO] [stderr]     Finished test [unoptimized + debuginfo] target(s) in 0.07s
[INFO] [stderr]      Running unittests (/opt/rustwide/target/debug/deps/parse_mediawiki_sql-58bd0037877b0a7a)
[INFO] [stdout] 
[INFO] [stdout] running 6 tests
[INFO] [stdout] test field_types::test_bool ... ok
[INFO] [stdout] test field_types::test_copy_for_wrappers ... ok
[INFO] [stdout] test field_types::test_numbers ... ok
[INFO] [stdout] test field_types::test_string ... ok
[INFO] [stdout] test field_types::test_page_restrictions ... ok
[INFO] [stdout] test schemas::test_redirect ... ok
[INFO] [stdout] 
[INFO] [stdout] test result: ok. 6 passed; 0 failed; 0 ignored; 0 measured; 0 filtered out; finished in 0.00s
[INFO] [stdout] 
[INFO] [stderr]    Doc-tests parse_mediawiki_sql
[INFO] [stdout] 
[INFO] [stdout] running 3 tests
[INFO] [stdout] test src/lib.rs - (line 22) - compile ... ok
[INFO] [stdout] test src/lib.rs - (line 29) - compile ... FAILED
[INFO] [stdout] test src/lib.rs - (line 58) - compile ... FAILED
[INFO] [stdout] 
[INFO] [stdout] failures:
[INFO] [stdout] 
[INFO] [stdout] ---- src/lib.rs - (line 29) stdout ----
[INFO] [stdout] error[E0432]: unresolved import `parse_mediawiki_sql::utils`
[INFO] [stdout]  --> src/lib.rs:35:5
[INFO] [stdout]   |
[INFO] [stdout] 8 |     utils::memory_map,
[INFO] [stdout]   |     ^^^^^ could not find `utils` in `parse_mediawiki_sql`
[INFO] [stdout] 
[INFO] [stdout] error[E0277]: the size for values of type `[u8]` cannot be known at compilation time
[INFO] [stdout]   --> src/lib.rs:38:25
[INFO] [stdout]    |
[INFO] [stdout] 11 | let page_sql = unsafe { memory_map("page.sql")? };
[INFO] [stdout]    |                         ^^^^^^^^^^^^^^^^^^^^^^^ doesn't have a size known at compile-time
[INFO] [stdout]    |
[INFO] [stdout]    = help: the trait `Sized` is not implemented for `[u8]`
[INFO] [stdout]    = note: all local variables must have a statically known size
[INFO] [stdout]    = help: unsized locals are gated as an unstable feature
[INFO] [stdout] 
[INFO] [stdout] error[E0277]: the size for values of type `[u8]` cannot be known at compilation time
[INFO] [stdout]   --> src/lib.rs:38:47
[INFO] [stdout]    |
[INFO] [stdout] 11 | let page_sql = unsafe { memory_map("page.sql")? };
[INFO] [stdout]    |                                               ^ doesn't have a size known at compile-time
[INFO] [stdout]    |
[INFO] [stdout]    = help: the trait `Sized` is not implemented for `[u8]`
[INFO] [stdout]    = note: required by `Break`
[INFO] [stdout] 
[INFO] [stdout] error: aborting due to 3 previous errors
[INFO] [stdout] 
[INFO] [stdout] Some errors have detailed explanations: E0277, E0432.
[INFO] [stdout] For more information about an error, try `rustc --explain E0277`.
[INFO] [stdout] Couldn't compile the test.
[INFO] [stdout] ---- src/lib.rs - (line 58) stdout ----
[INFO] [stdout] error[E0432]: unresolved import `parse_mediawiki_sql::utils`
[INFO] [stdout]  --> src/lib.rs:63:5
[INFO] [stdout]   |
[INFO] [stdout] 7 |     utils::memory_map,
[INFO] [stdout]   |     ^^^^^ could not find `utils` in `parse_mediawiki_sql`
[INFO] [stdout] 
[INFO] [stdout] error[E0277]: the size for values of type `[u8]` cannot be known at compilation time
[INFO] [stdout]   --> src/lib.rs:66:14
[INFO] [stdout]    |
[INFO] [stdout] 10 |     unsafe { memory_map("page.sql")? };
[INFO] [stdout]    |              ^^^^^^^^^^^^^^^^^^^^^^^ doesn't have a size known at compile-time
[INFO] [stdout]    |
[INFO] [stdout]    = help: the trait `Sized` is not implemented for `[u8]`
[INFO] [stdout]    = note: all local variables must have a statically known size
[INFO] [stdout]    = help: unsized locals are gated as an unstable feature
[INFO] [stdout] 
[INFO] [stdout] error[E0277]: the size for values of type `[u8]` cannot be known at compilation time
[INFO] [stdout]   --> src/lib.rs:66:36
[INFO] [stdout]    |
[INFO] [stdout] 10 |     unsafe { memory_map("page.sql")? };
[INFO] [stdout]    |                                    ^ doesn't have a size known at compile-time
[INFO] [stdout]    |
[INFO] [stdout]    = help: the trait `Sized` is not implemented for `[u8]`
[INFO] [stdout]    = note: required by `Break`
[INFO] [stdout] 
[INFO] [stdout] error: aborting due to 3 previous errors
[INFO] [stdout] 
[INFO] [stdout] Some errors have detailed explanations: E0277, E0432.
[INFO] [stdout] For more information about an error, try `rustc --explain E0277`.
[INFO] [stdout] Couldn't compile the test.
[INFO] [stdout] 
[INFO] [stdout] failures:
[INFO] [stdout]     src/lib.rs - (line 29)
[INFO] [stdout]     src/lib.rs - (line 58)
[INFO] [stdout] 
[INFO] [stdout] test result: FAILED. 1 passed; 2 failed; 0 ignored; 0 measured; 0 filtered out; finished in 0.24s
[INFO] [stdout] 
[INFO] [stderr] error: test failed, to rerun pass '--doc'
[INFO] running `Command { std: "docker" "inspect" "5fafcc0d31025da157cc28814ea9c98eb6268ed37718e392117da8cc4836cb9a", kill_on_drop: false }`
[INFO] running `Command { std: "docker" "rm" "-f" "5fafcc0d31025da157cc28814ea9c98eb6268ed37718e392117da8cc4836cb9a", kill_on_drop: false }`
[INFO] [stdout] 5fafcc0d31025da157cc28814ea9c98eb6268ed37718e392117da8cc4836cb9a
