[INFO] fetching crate parse-display 0.5.1...
[INFO] testing parse-display-0.5.1 against beta-2021-08-01 for beta-1.55-1
[INFO] extracting crate parse-display 0.5.1 into /workspace/builds/worker-54/source
[INFO] validating manifest of crates.io crate parse-display 0.5.1 on toolchain beta-2021-08-01
[INFO] running `Command { std: "/workspace/cargo-home/bin/cargo" "+beta-2021-08-01" "metadata" "--manifest-path" "Cargo.toml" "--no-deps", kill_on_drop: false }`
[INFO] started tweaking crates.io crate parse-display 0.5.1
[INFO] finished tweaking crates.io crate parse-display 0.5.1
[INFO] tweaked toml for crates.io crate parse-display 0.5.1 written to /workspace/builds/worker-54/source/Cargo.toml
[INFO] running `Command { std: "/workspace/cargo-home/bin/cargo" "+beta-2021-08-01" "generate-lockfile" "--manifest-path" "Cargo.toml" "-Zno-index-update", kill_on_drop: false }`
[INFO] running `Command { std: "/workspace/cargo-home/bin/cargo" "+beta-2021-08-01" "fetch" "--manifest-path" "Cargo.toml", kill_on_drop: false }`
[INFO] [stderr]  Downloading crates ...
[INFO] [stderr]   Downloaded parse-display-derive v0.5.1
[INFO] running `Command { std: "docker" "create" "-v" "/var/lib/crater-agent-workspace/builds/worker-54/target:/opt/rustwide/target:rw,Z" "-v" "/var/lib/crater-agent-workspace/builds/worker-54/source:/opt/rustwide/workdir:ro,Z" "-v" "/var/lib/crater-agent-workspace/cargo-home:/opt/rustwide/cargo-home:ro,Z" "-v" "/var/lib/crater-agent-workspace/rustup-home:/opt/rustwide/rustup-home:ro,Z" "-e" "SOURCE_DIR=/opt/rustwide/workdir" "-e" "CARGO_TARGET_DIR=/opt/rustwide/target" "-e" "CARGO_HOME=/opt/rustwide/cargo-home" "-e" "RUSTUP_HOME=/opt/rustwide/rustup-home" "-w" "/opt/rustwide/workdir" "-m" "1610612736" "--user" "0:0" "--network" "none" "ghcr.io/rust-lang/crates-build-env/linux@sha256:34b6a614d2c27851fe6cbf88fbd1137609cefab8b10d0615aaeb6fd47975d74e" "/opt/rustwide/cargo-home/bin/cargo" "+beta-2021-08-01" "metadata" "--no-deps" "--format-version=1", kill_on_drop: false }`
[INFO] [stdout] ca86a78e6123f4dfa0cc7f74d7f3000afe97eb9b1cd551b2bb8785e58d0ba206
[INFO] running `Command { std: "docker" "start" "-a" "ca86a78e6123f4dfa0cc7f74d7f3000afe97eb9b1cd551b2bb8785e58d0ba206", kill_on_drop: false }`
[INFO] running `Command { std: "docker" "inspect" "ca86a78e6123f4dfa0cc7f74d7f3000afe97eb9b1cd551b2bb8785e58d0ba206", kill_on_drop: false }`
[INFO] running `Command { std: "docker" "rm" "-f" "ca86a78e6123f4dfa0cc7f74d7f3000afe97eb9b1cd551b2bb8785e58d0ba206", kill_on_drop: false }`
[INFO] [stdout] ca86a78e6123f4dfa0cc7f74d7f3000afe97eb9b1cd551b2bb8785e58d0ba206
[INFO] running `Command { std: "docker" "create" "-v" "/var/lib/crater-agent-workspace/builds/worker-54/target:/opt/rustwide/target:rw,Z" "-v" "/var/lib/crater-agent-workspace/builds/worker-54/source:/opt/rustwide/workdir:ro,Z" "-v" "/var/lib/crater-agent-workspace/cargo-home:/opt/rustwide/cargo-home:ro,Z" "-v" "/var/lib/crater-agent-workspace/rustup-home:/opt/rustwide/rustup-home:ro,Z" "-e" "SOURCE_DIR=/opt/rustwide/workdir" "-e" "CARGO_TARGET_DIR=/opt/rustwide/target" "-e" "CARGO_INCREMENTAL=0" "-e" "RUST_BACKTRACE=full" "-e" "RUSTFLAGS=--cap-lints=warn" "-e" "CARGO_HOME=/opt/rustwide/cargo-home" "-e" "RUSTUP_HOME=/opt/rustwide/rustup-home" "-w" "/opt/rustwide/workdir" "-m" "1610612736" "--user" "0:0" "--network" "none" "ghcr.io/rust-lang/crates-build-env/linux@sha256:34b6a614d2c27851fe6cbf88fbd1137609cefab8b10d0615aaeb6fd47975d74e" "/opt/rustwide/cargo-home/bin/cargo" "+beta-2021-08-01" "build" "--frozen" "--message-format=json", kill_on_drop: false }`
[INFO] [stdout] 60e103bb76a66438c0b632f045003d75ffe61866a70ea1e526cb02a23428b483
[INFO] running `Command { std: "docker" "start" "-a" "60e103bb76a66438c0b632f045003d75ffe61866a70ea1e526cb02a23428b483", kill_on_drop: false }`
[INFO] [stderr]    Compiling syn v1.0.74
[INFO] [stderr]    Compiling memchr v2.4.0
[INFO] [stderr]    Compiling regex-syntax v0.6.25
[INFO] [stderr]    Compiling once_cell v1.8.0
[INFO] [stderr]    Compiling quote v1.0.9
[INFO] [stderr]    Compiling aho-corasick v0.7.18
[INFO] [stderr]    Compiling regex v1.5.4
[INFO] [stderr]    Compiling structmeta-derive v0.1.3
[INFO] [stderr]    Compiling structmeta v0.1.3
[INFO] [stderr]    Compiling parse-display-derive v0.5.1
[INFO] [stderr]    Compiling parse-display v0.5.1 (/opt/rustwide/workdir)
[INFO] [stderr]     Finished dev [unoptimized + debuginfo] target(s) in 13.72s
[INFO] running `Command { std: "docker" "inspect" "60e103bb76a66438c0b632f045003d75ffe61866a70ea1e526cb02a23428b483", kill_on_drop: false }`
[INFO] running `Command { std: "docker" "rm" "-f" "60e103bb76a66438c0b632f045003d75ffe61866a70ea1e526cb02a23428b483", kill_on_drop: false }`
[INFO] [stdout] 60e103bb76a66438c0b632f045003d75ffe61866a70ea1e526cb02a23428b483
[INFO] running `Command { std: "docker" "create" "-v" "/var/lib/crater-agent-workspace/builds/worker-54/target:/opt/rustwide/target:rw,Z" "-v" "/var/lib/crater-agent-workspace/builds/worker-54/source:/opt/rustwide/workdir:ro,Z" "-v" "/var/lib/crater-agent-workspace/cargo-home:/opt/rustwide/cargo-home:ro,Z" "-v" "/var/lib/crater-agent-workspace/rustup-home:/opt/rustwide/rustup-home:ro,Z" "-e" "SOURCE_DIR=/opt/rustwide/workdir" "-e" "CARGO_TARGET_DIR=/opt/rustwide/target" "-e" "CARGO_INCREMENTAL=0" "-e" "RUST_BACKTRACE=full" "-e" "RUSTFLAGS=--cap-lints=warn" "-e" "CARGO_HOME=/opt/rustwide/cargo-home" "-e" "RUSTUP_HOME=/opt/rustwide/rustup-home" "-w" "/opt/rustwide/workdir" "-m" "1610612736" "--user" "0:0" "--network" "none" "ghcr.io/rust-lang/crates-build-env/linux@sha256:34b6a614d2c27851fe6cbf88fbd1137609cefab8b10d0615aaeb6fd47975d74e" "/opt/rustwide/cargo-home/bin/cargo" "+beta-2021-08-01" "test" "--frozen" "--no-run" "--message-format=json", kill_on_drop: false }`
[INFO] [stdout] bf6e7eabd75c12c75f1575f3ef1ca375d957b2662ea913c53962136e9686f238
[INFO] running `Command { std: "docker" "start" "-a" "bf6e7eabd75c12c75f1575f3ef1ca375d957b2662ea913c53962136e9686f238", kill_on_drop: false }`
[INFO] [stderr]    Compiling parse-display v0.5.1 (/opt/rustwide/workdir)
[INFO] [stderr]     Finished test [unoptimized + debuginfo] target(s) in 1.30s
[INFO] running `Command { std: "docker" "inspect" "bf6e7eabd75c12c75f1575f3ef1ca375d957b2662ea913c53962136e9686f238", kill_on_drop: false }`
[INFO] running `Command { std: "docker" "rm" "-f" "bf6e7eabd75c12c75f1575f3ef1ca375d957b2662ea913c53962136e9686f238", kill_on_drop: false }`
[INFO] [stdout] bf6e7eabd75c12c75f1575f3ef1ca375d957b2662ea913c53962136e9686f238
[INFO] running `Command { std: "docker" "create" "-v" "/var/lib/crater-agent-workspace/builds/worker-54/target:/opt/rustwide/target:rw,Z" "-v" "/var/lib/crater-agent-workspace/builds/worker-54/source:/opt/rustwide/workdir:ro,Z" "-v" "/var/lib/crater-agent-workspace/cargo-home:/opt/rustwide/cargo-home:ro,Z" "-v" "/var/lib/crater-agent-workspace/rustup-home:/opt/rustwide/rustup-home:ro,Z" "-e" "SOURCE_DIR=/opt/rustwide/workdir" "-e" "CARGO_TARGET_DIR=/opt/rustwide/target" "-e" "CARGO_INCREMENTAL=0" "-e" "RUST_BACKTRACE=full" "-e" "RUSTFLAGS=--cap-lints=warn" "-e" "CARGO_HOME=/opt/rustwide/cargo-home" "-e" "RUSTUP_HOME=/opt/rustwide/rustup-home" "-w" "/opt/rustwide/workdir" "-m" "1610612736" "--user" "0:0" "--network" "none" "ghcr.io/rust-lang/crates-build-env/linux@sha256:34b6a614d2c27851fe6cbf88fbd1137609cefab8b10d0615aaeb6fd47975d74e" "/opt/rustwide/cargo-home/bin/cargo" "+beta-2021-08-01" "test" "--frozen", kill_on_drop: false }`
[INFO] [stdout] 46040ff004b42658064d02fe9be6cc49b7f8d6a9b35bd849b1b496edb34ee619
[INFO] running `Command { std: "docker" "start" "-a" "46040ff004b42658064d02fe9be6cc49b7f8d6a9b35bd849b1b496edb34ee619", kill_on_drop: false }`
[INFO] [stderr]     Finished test [unoptimized + debuginfo] target(s) in 0.06s
[INFO] [stderr]      Running unittests (/opt/rustwide/target/debug/deps/parse_display-ef23932bd3cdb45f)
[INFO] [stdout] 
[INFO] [stdout] running 0 tests
[INFO] [stdout] 
[INFO] [stdout] test result: ok. 0 passed; 0 failed; 0 ignored; 0 measured; 0 filtered out; finished in 0.00s
[INFO] [stdout] 
[INFO] [stderr]    Doc-tests parse-display
[INFO] [stdout] 
[INFO] [stdout] running 27 tests
[INFO] [stdout] test src/lib.rs - (line 332) - compile fail ... ok
[INFO] [stdout] test src/lib.rs - (line 350) ... FAILED
[INFO] [stdout] test src/lib.rs - (line 192) ... FAILED
[INFO] [stdout] test src/lib.rs - (line 225) ... FAILED
[INFO] [stdout] test src/lib.rs - (line 17) ... FAILED
[INFO] [stdout] test src/lib.rs - (line 70) ... FAILED
[INFO] [stdout] test src/lib.rs - (line 94) ... FAILED
[INFO] [stdout] test src/lib.rs - (line 638) ... FAILED
[INFO] [stdout] test src/lib.rs - (line 470) ... FAILED
[INFO] [stdout] test src/lib.rs - (line 569) ... FAILED
[INFO] [stdout] test src/lib.rs - (line 550) ... FAILED
[INFO] [stdout] test src/lib.rs - (line 516) ... FAILED
[INFO] [stdout] test src/lib.rs - (line 499) ... FAILED
[INFO] [stdout] test src/lib.rs - (line 422) ... FAILED
[INFO] [stdout] test src/lib.rs - (line 126) ... FAILED
[INFO] [stdout] test src/lib.rs - (line 107) ... FAILED
[INFO] [stdout] test src/lib.rs - (line 250) ... FAILED
[INFO] [stdout] test src/lib.rs - (line 153) ... FAILED
[INFO] [stdout] test src/lib.rs - (line 173) ... FAILED
[INFO] [stdout] test src/lib.rs - (line 386) ... FAILED
[INFO] [stdout] test src/lib.rs - (line 594) ... FAILED
[INFO] [stdout] test src/lib.rs - (line 368) ... FAILED
[INFO] [stdout] test src/lib.rs - (line 406) ... FAILED
[INFO] [stdout] test src/lib.rs - (line 615) ... FAILED
[INFO] [stdout] test src/lib.rs - (line 446) ... FAILED
[INFO] [stdout] test src/lib.rs - (line 276) ... FAILED
[INFO] [stdout] test src/lib.rs - (line 534) ... FAILED
[INFO] [stdout] 
[INFO] [stdout] failures:
[INFO] [stdout] 
[INFO] [stdout] ---- src/lib.rs - (line 350) stdout ----
[INFO] [stdout] Couldn't compile the test.
[INFO] [stdout] ---- src/lib.rs - (line 192) stdout ----
[INFO] [stdout] Couldn't compile the test.
[INFO] [stdout] ---- src/lib.rs - (line 225) stdout ----
[INFO] [stdout] Couldn't compile the test.
[INFO] [stdout] ---- src/lib.rs - (line 17) stdout ----
[INFO] [stdout] Couldn't compile the test.
[INFO] [stdout] ---- src/lib.rs - (line 70) stdout ----
[INFO] [stdout] Couldn't compile the test.
[INFO] [stdout] ---- src/lib.rs - (line 94) stdout ----
[INFO] [stdout] Couldn't compile the test.
[INFO] [stdout] ---- src/lib.rs - (line 638) stdout ----
[INFO] [stdout] Couldn't compile the test.
[INFO] [stdout] ---- src/lib.rs - (line 470) stdout ----
[INFO] [stdout] Couldn't compile the test.
[INFO] [stdout] ---- src/lib.rs - (line 569) stdout ----
[INFO] [stdout] Couldn't compile the test.
[INFO] [stdout] ---- src/lib.rs - (line 550) stdout ----
[INFO] [stdout] Couldn't compile the test.
[INFO] [stdout] ---- src/lib.rs - (line 516) stdout ----
[INFO] [stdout] Couldn't compile the test.
[INFO] [stdout] ---- src/lib.rs - (line 499) stdout ----
[INFO] [stdout] Couldn't compile the test.
[INFO] [stdout] ---- src/lib.rs - (line 422) stdout ----
[INFO] [stdout] Couldn't compile the test.
[INFO] [stdout] ---- src/lib.rs - (line 126) stdout ----
[INFO] [stdout] Couldn't compile the test.
[INFO] [stdout] ---- src/lib.rs - (line 107) stdout ----
[INFO] [stdout] Couldn't compile the test.
[INFO] [stdout] ---- src/lib.rs - (line 250) stdout ----
[INFO] [stdout] Couldn't compile the test.
[INFO] [stdout] ---- src/lib.rs - (line 153) stdout ----
[INFO] [stdout] Couldn't compile the test.
[INFO] [stdout] ---- src/lib.rs - (line 173) stdout ----
[INFO] [stdout] Couldn't compile the test.
[INFO] [stdout] ---- src/lib.rs - (line 386) stdout ----
[INFO] [stdout] Couldn't compile the test.
[INFO] [stdout] ---- src/lib.rs - (line 594) stdout ----
[INFO] [stdout] Couldn't compile the test.
[INFO] [stdout] ---- src/lib.rs - (line 368) stdout ----
[INFO] [stdout] Couldn't compile the test.
[INFO] [stdout] ---- src/lib.rs - (line 406) stdout ----
[INFO] [stdout] Couldn't compile the test.
[INFO] [stdout] ---- src/lib.rs - (line 615) stdout ----
[INFO] [stdout] Couldn't compile the test.
[INFO] [stdout] ---- src/lib.rs - (line 446) stdout ----
[INFO] [stdout] Couldn't compile the test.
[INFO] [stdout] ---- src/lib.rs - (line 276) stdout ----
[INFO] [stdout] warning: variant `varA2` should have an upper camel case name
[INFO] [stdout]   --> src/lib.rs:293:3
[INFO] [stdout]    |
[INFO] [stdout] 20 |   varA2,
[INFO] [stdout]    |   ^^^^^ help: convert the identifier to upper camel case (notice the capitalization): `VarA2`
[INFO] [stdout]    |
[INFO] [stdout]    = note: `#[warn(non_camel_case_types)]` on by default
[INFO] [stdout] 
[INFO] [stdout] warning: variant `varG2` should have an upper camel case name
[INFO] [stdout]   --> src/lib.rs:307:3
[INFO] [stdout]    |
[INFO] [stdout] 34 |   varG2,
[INFO] [stdout]    |   ^^^^^ help: convert the identifier to upper camel case (notice the capitalization): `VarG2`
[INFO] [stdout] 
[INFO] [stdout] Couldn't compile the test.
[INFO] [stdout] ---- src/lib.rs - (line 534) stdout ----
[INFO] [stdout] Couldn't compile the test.
[INFO] [stdout] 
[INFO] [stdout] failures:
[INFO] [stdout]     src/lib.rs - (line 107)
[INFO] [stdout]     src/lib.rs - (line 126)
[INFO] [stdout]     src/lib.rs - (line 153)
[INFO] [stdout]     src/lib.rs - (line 17)
[INFO] [stdout]     src/lib.rs - (line 173)
[INFO] [stdout]     src/lib.rs - (line 192)
[INFO] [stdout]     src/lib.rs - (line 225)
[INFO] [stdout]     src/lib.rs - (line 250)
[INFO] [stdout]     src/lib.rs - (line 276)
[INFO] [stdout]     src/lib.rs - (line 350)
[INFO] [stdout]     src/lib.rs - (line 368)
[INFO] [stdout]     src/lib.rs - (line 386)
[INFO] [stdout]     src/lib.rs - (line 406)
[INFO] [stdout]     src/lib.rs - (line 422)
[INFO] [stdout]     src/lib.rs - (line 446)
[INFO] [stdout]     src/lib.rs - (line 470)
[INFO] [stdout]     src/lib.rs - (line 499)
[INFO] [stdout]     src/lib.rs - (line 516)
[INFO] [stdout]     src/lib.rs - (line 534)
[INFO] [stdout]     src/lib.rs - (line 550)
[INFO] [stdout]     src/lib.rs - (line 569)
[INFO] [stdout]     src/lib.rs - (line 594)
[INFO] [stdout]     src/lib.rs - (line 615)
[INFO] [stdout]     src/lib.rs - (line 638)
[INFO] [stdout]     src/lib.rs - (line 70)
[INFO] [stdout]     src/lib.rs - (line 94)
[INFO] [stdout] 
[INFO] [stdout] test result: FAILED. 1 passed; 26 failed; 0 ignored; 0 measured; 0 filtered out; finished in 1.79s
[INFO] [stdout] 
[INFO] [stderr] error: test failed, to rerun pass '--doc'
[INFO] running `Command { std: "docker" "inspect" "46040ff004b42658064d02fe9be6cc49b7f8d6a9b35bd849b1b496edb34ee619", kill_on_drop: false }`
[INFO] running `Command { std: "docker" "rm" "-f" "46040ff004b42658064d02fe9be6cc49b7f8d6a9b35bd849b1b496edb34ee619", kill_on_drop: false }`
[INFO] [stdout] 46040ff004b42658064d02fe9be6cc49b7f8d6a9b35bd849b1b496edb34ee619
