[INFO] fetching crate panic_search 0.1.4...
[INFO] testing panic_search-0.1.4 against beta-2021-08-01 for beta-1.55-1
[INFO] extracting crate panic_search 0.1.4 into /workspace/builds/worker-22/source
[INFO] validating manifest of crates.io crate panic_search 0.1.4 on toolchain beta-2021-08-01
[INFO] running `Command { std: "/workspace/cargo-home/bin/cargo" "+beta-2021-08-01" "metadata" "--manifest-path" "Cargo.toml" "--no-deps", kill_on_drop: false }`
[INFO] started tweaking crates.io crate panic_search 0.1.4
[INFO] finished tweaking crates.io crate panic_search 0.1.4
[INFO] tweaked toml for crates.io crate panic_search 0.1.4 written to /workspace/builds/worker-22/source/Cargo.toml
[INFO] running `Command { std: "/workspace/cargo-home/bin/cargo" "+beta-2021-08-01" "generate-lockfile" "--manifest-path" "Cargo.toml" "-Zno-index-update", kill_on_drop: false }`
[INFO] [stderr]     Blocking waiting for file lock on package cache
[INFO] running `Command { std: "/workspace/cargo-home/bin/cargo" "+beta-2021-08-01" "fetch" "--manifest-path" "Cargo.toml", kill_on_drop: false }`
[INFO] [stderr]     Blocking waiting for file lock on package cache
[INFO] [stderr]     Blocking waiting for file lock on package cache
[INFO] running `Command { std: "docker" "create" "-v" "/var/lib/crater-agent-workspace/builds/worker-22/target:/opt/rustwide/target:rw,Z" "-v" "/var/lib/crater-agent-workspace/builds/worker-22/source:/opt/rustwide/workdir:ro,Z" "-v" "/var/lib/crater-agent-workspace/cargo-home:/opt/rustwide/cargo-home:ro,Z" "-v" "/var/lib/crater-agent-workspace/rustup-home:/opt/rustwide/rustup-home:ro,Z" "-e" "SOURCE_DIR=/opt/rustwide/workdir" "-e" "CARGO_TARGET_DIR=/opt/rustwide/target" "-e" "CARGO_HOME=/opt/rustwide/cargo-home" "-e" "RUSTUP_HOME=/opt/rustwide/rustup-home" "-w" "/opt/rustwide/workdir" "-m" "1610612736" "--user" "0:0" "--network" "none" "ghcr.io/rust-lang/crates-build-env/linux@sha256:34b6a614d2c27851fe6cbf88fbd1137609cefab8b10d0615aaeb6fd47975d74e" "/opt/rustwide/cargo-home/bin/cargo" "+beta-2021-08-01" "metadata" "--no-deps" "--format-version=1", kill_on_drop: false }`
[INFO] [stdout] ecddf785ff98e1ea5ea5619dba270fcf628bb1e903f8dc1e8339f8eff3c2125a
[INFO] running `Command { std: "docker" "start" "-a" "ecddf785ff98e1ea5ea5619dba270fcf628bb1e903f8dc1e8339f8eff3c2125a", kill_on_drop: false }`
[INFO] running `Command { std: "docker" "inspect" "ecddf785ff98e1ea5ea5619dba270fcf628bb1e903f8dc1e8339f8eff3c2125a", kill_on_drop: false }`
[INFO] running `Command { std: "docker" "rm" "-f" "ecddf785ff98e1ea5ea5619dba270fcf628bb1e903f8dc1e8339f8eff3c2125a", kill_on_drop: false }`
[INFO] [stdout] ecddf785ff98e1ea5ea5619dba270fcf628bb1e903f8dc1e8339f8eff3c2125a
[INFO] running `Command { std: "docker" "create" "-v" "/var/lib/crater-agent-workspace/builds/worker-22/target:/opt/rustwide/target:rw,Z" "-v" "/var/lib/crater-agent-workspace/builds/worker-22/source:/opt/rustwide/workdir:ro,Z" "-v" "/var/lib/crater-agent-workspace/cargo-home:/opt/rustwide/cargo-home:ro,Z" "-v" "/var/lib/crater-agent-workspace/rustup-home:/opt/rustwide/rustup-home:ro,Z" "-e" "SOURCE_DIR=/opt/rustwide/workdir" "-e" "CARGO_TARGET_DIR=/opt/rustwide/target" "-e" "CARGO_INCREMENTAL=0" "-e" "RUST_BACKTRACE=full" "-e" "RUSTFLAGS=--cap-lints=warn" "-e" "CARGO_HOME=/opt/rustwide/cargo-home" "-e" "RUSTUP_HOME=/opt/rustwide/rustup-home" "-w" "/opt/rustwide/workdir" "-m" "1610612736" "--user" "0:0" "--network" "none" "ghcr.io/rust-lang/crates-build-env/linux@sha256:34b6a614d2c27851fe6cbf88fbd1137609cefab8b10d0615aaeb6fd47975d74e" "/opt/rustwide/cargo-home/bin/cargo" "+beta-2021-08-01" "build" "--frozen" "--message-format=json", kill_on_drop: false }`
[INFO] [stdout] 4267de1f20d4ab60063144dcf3c6bed93973f41fb16f8f20c52cdd8f9b35750e
[INFO] running `Command { std: "docker" "start" "-a" "4267de1f20d4ab60063144dcf3c6bed93973f41fb16f8f20c52cdd8f9b35750e", kill_on_drop: false }`
[INFO] [stderr]     Blocking waiting for file lock on package cache
[INFO] [stderr]    Compiling pathdiff v0.2.0
[INFO] [stderr]    Compiling open v1.7.1
[INFO] [stderr]    Compiling panic_search v0.1.4 (/opt/rustwide/workdir)
[INFO] [stdout] warning: trait objects without an explicit `dyn` are deprecated
[INFO] [stdout]   --> src/lib.rs:34:19
[INFO] [stdout]    |
[INFO] [stdout] 34 |         let msg = Any::downcast_ref::<String>(payload);
[INFO] [stdout]    |                   ^^^ help: use `dyn`: `<dyn Any>`
[INFO] [stdout]    |
[INFO] [stdout]    = note: `#[warn(bare_trait_objects)]` on by default
[INFO] [stdout]    = warning: this is accepted in the current edition (Rust 2015) but is a hard error in Rust 2021!
[INFO] [stdout]    = note: for more information, see issue #80165 <https://github.com/rust-lang/rust/issues/80165>
[INFO] [stdout] 
[INFO] [stdout] 
[INFO] [stdout] warning: trait objects without an explicit `dyn` are deprecated
[INFO] [stdout]   --> src/lib.rs:36:34
[INFO] [stdout]    |
[INFO] [stdout] 36 |         let msg = msg.or_else(|| Any::downcast_ref::<&'static str>(payload).map(|s| *s));
[INFO] [stdout]    |                                  ^^^ help: use `dyn`: `<dyn Any>`
[INFO] [stdout]    |
[INFO] [stdout]    = warning: this is accepted in the current edition (Rust 2015) but is a hard error in Rust 2021!
[INFO] [stdout]    = note: for more information, see issue #80165 <https://github.com/rust-lang/rust/issues/80165>
[INFO] [stdout] 
[INFO] [stdout] 
[INFO] [stdout] warning: 2 warnings emitted
[INFO] [stdout] 
[INFO] [stdout] 
[INFO] [stderr]     Finished dev [unoptimized + debuginfo] target(s) in 1.18s
[INFO] running `Command { std: "docker" "inspect" "4267de1f20d4ab60063144dcf3c6bed93973f41fb16f8f20c52cdd8f9b35750e", kill_on_drop: false }`
[INFO] running `Command { std: "docker" "rm" "-f" "4267de1f20d4ab60063144dcf3c6bed93973f41fb16f8f20c52cdd8f9b35750e", kill_on_drop: false }`
[INFO] [stdout] 4267de1f20d4ab60063144dcf3c6bed93973f41fb16f8f20c52cdd8f9b35750e
[INFO] running `Command { std: "docker" "create" "-v" "/var/lib/crater-agent-workspace/builds/worker-22/target:/opt/rustwide/target:rw,Z" "-v" "/var/lib/crater-agent-workspace/builds/worker-22/source:/opt/rustwide/workdir:ro,Z" "-v" "/var/lib/crater-agent-workspace/cargo-home:/opt/rustwide/cargo-home:ro,Z" "-v" "/var/lib/crater-agent-workspace/rustup-home:/opt/rustwide/rustup-home:ro,Z" "-e" "SOURCE_DIR=/opt/rustwide/workdir" "-e" "CARGO_TARGET_DIR=/opt/rustwide/target" "-e" "CARGO_INCREMENTAL=0" "-e" "RUST_BACKTRACE=full" "-e" "RUSTFLAGS=--cap-lints=warn" "-e" "CARGO_HOME=/opt/rustwide/cargo-home" "-e" "RUSTUP_HOME=/opt/rustwide/rustup-home" "-w" "/opt/rustwide/workdir" "-m" "1610612736" "--user" "0:0" "--network" "none" "ghcr.io/rust-lang/crates-build-env/linux@sha256:34b6a614d2c27851fe6cbf88fbd1137609cefab8b10d0615aaeb6fd47975d74e" "/opt/rustwide/cargo-home/bin/cargo" "+beta-2021-08-01" "test" "--frozen" "--no-run" "--message-format=json", kill_on_drop: false }`
[INFO] [stdout] f5ef3d99d750bf975ba8f7a1161ae39eac941999d0b783952a78d59c9d385f1b
[INFO] running `Command { std: "docker" "start" "-a" "f5ef3d99d750bf975ba8f7a1161ae39eac941999d0b783952a78d59c9d385f1b", kill_on_drop: false }`
[INFO] [stderr]    Compiling panic_search v0.1.4 (/opt/rustwide/workdir)
[INFO] [stdout] warning: trait objects without an explicit `dyn` are deprecated
[INFO] [stdout]   --> src/lib.rs:34:19
[INFO] [stdout]    |
[INFO] [stdout] 34 |         let msg = Any::downcast_ref::<String>(payload);
[INFO] [stdout]    |                   ^^^ help: use `dyn`: `<dyn Any>`
[INFO] [stdout]    |
[INFO] [stdout]    = note: `#[warn(bare_trait_objects)]` on by default
[INFO] [stdout]    = warning: this is accepted in the current edition (Rust 2015) but is a hard error in Rust 2021!
[INFO] [stdout]    = note: for more information, see issue #80165 <https://github.com/rust-lang/rust/issues/80165>
[INFO] [stdout] 
[INFO] [stdout] 
[INFO] [stdout] warning: trait objects without an explicit `dyn` are deprecated
[INFO] [stdout]   --> src/lib.rs:36:34
[INFO] [stdout]    |
[INFO] [stdout] 36 |         let msg = msg.or_else(|| Any::downcast_ref::<&'static str>(payload).map(|s| *s));
[INFO] [stdout]    |                                  ^^^ help: use `dyn`: `<dyn Any>`
[INFO] [stdout]    |
[INFO] [stdout]    = warning: this is accepted in the current edition (Rust 2015) but is a hard error in Rust 2021!
[INFO] [stdout]    = note: for more information, see issue #80165 <https://github.com/rust-lang/rust/issues/80165>
[INFO] [stdout] 
[INFO] [stdout] 
[INFO] [stdout] warning: 2 warnings emitted
[INFO] [stdout] 
[INFO] [stdout] 
[INFO] [stdout] warning: trait objects without an explicit `dyn` are deprecated
[INFO] [stdout]   --> src/lib.rs:34:19
[INFO] [stdout]    |
[INFO] [stdout] 34 |         let msg = Any::downcast_ref::<String>(payload);
[INFO] [stdout]    |                   ^^^ help: use `dyn`: `<dyn Any>`
[INFO] [stdout]    |
[INFO] [stdout]    = note: `#[warn(bare_trait_objects)]` on by default
[INFO] [stdout]    = warning: this is accepted in the current edition (Rust 2015) but is a hard error in Rust 2021!
[INFO] [stdout]    = note: for more information, see issue #80165 <https://github.com/rust-lang/rust/issues/80165>
[INFO] [stdout] 
[INFO] [stdout] 
[INFO] [stdout] warning: trait objects without an explicit `dyn` are deprecated
[INFO] [stdout]   --> src/lib.rs:36:34
[INFO] [stdout]    |
[INFO] [stdout] 36 |         let msg = msg.or_else(|| Any::downcast_ref::<&'static str>(payload).map(|s| *s));
[INFO] [stdout]    |                                  ^^^ help: use `dyn`: `<dyn Any>`
[INFO] [stdout]    |
[INFO] [stdout]    = warning: this is accepted in the current edition (Rust 2015) but is a hard error in Rust 2021!
[INFO] [stdout]    = note: for more information, see issue #80165 <https://github.com/rust-lang/rust/issues/80165>
[INFO] [stdout] 
[INFO] [stdout] 
[INFO] [stdout] warning: 2 warnings emitted
[INFO] [stdout] 
[INFO] [stdout] 
[INFO] [stderr]     Finished test [unoptimized + debuginfo] target(s) in 0.62s
[INFO] running `Command { std: "docker" "inspect" "f5ef3d99d750bf975ba8f7a1161ae39eac941999d0b783952a78d59c9d385f1b", kill_on_drop: false }`
[INFO] running `Command { std: "docker" "rm" "-f" "f5ef3d99d750bf975ba8f7a1161ae39eac941999d0b783952a78d59c9d385f1b", kill_on_drop: false }`
[INFO] [stdout] f5ef3d99d750bf975ba8f7a1161ae39eac941999d0b783952a78d59c9d385f1b
[INFO] running `Command { std: "docker" "create" "-v" "/var/lib/crater-agent-workspace/builds/worker-22/target:/opt/rustwide/target:rw,Z" "-v" "/var/lib/crater-agent-workspace/builds/worker-22/source:/opt/rustwide/workdir:ro,Z" "-v" "/var/lib/crater-agent-workspace/cargo-home:/opt/rustwide/cargo-home:ro,Z" "-v" "/var/lib/crater-agent-workspace/rustup-home:/opt/rustwide/rustup-home:ro,Z" "-e" "SOURCE_DIR=/opt/rustwide/workdir" "-e" "CARGO_TARGET_DIR=/opt/rustwide/target" "-e" "CARGO_INCREMENTAL=0" "-e" "RUST_BACKTRACE=full" "-e" "RUSTFLAGS=--cap-lints=warn" "-e" "CARGO_HOME=/opt/rustwide/cargo-home" "-e" "RUSTUP_HOME=/opt/rustwide/rustup-home" "-w" "/opt/rustwide/workdir" "-m" "1610612736" "--user" "0:0" "--network" "none" "ghcr.io/rust-lang/crates-build-env/linux@sha256:34b6a614d2c27851fe6cbf88fbd1137609cefab8b10d0615aaeb6fd47975d74e" "/opt/rustwide/cargo-home/bin/cargo" "+beta-2021-08-01" "test" "--frozen", kill_on_drop: false }`
[INFO] [stdout] e33795991abd99a45fd5e901dfbad61b97831cbdeaf8a456b16b2cd3f7163f63
[INFO] running `Command { std: "docker" "start" "-a" "e33795991abd99a45fd5e901dfbad61b97831cbdeaf8a456b16b2cd3f7163f63", kill_on_drop: false }`
[INFO] [stderr]     Blocking waiting for file lock on package cache
[INFO] [stderr] warning: trait objects without an explicit `dyn` are deprecated
[INFO] [stderr]   --> src/lib.rs:34:19
[INFO] [stderr]    |
[INFO] [stderr] 34 |         let msg = Any::downcast_ref::<String>(payload);
[INFO] [stderr]    |                   ^^^ help: use `dyn`: `<dyn Any>`
[INFO] [stderr]    |
[INFO] [stderr]    = note: `#[warn(bare_trait_objects)]` on by default
[INFO] [stderr]    = warning: this is accepted in the current edition (Rust 2015) but is a hard error in Rust 2021!
[INFO] [stderr]    = note: for more information, see issue #80165 <https://github.com/rust-lang/rust/issues/80165>
[INFO] [stderr] 
[INFO] [stderr] warning: trait objects without an explicit `dyn` are deprecated
[INFO] [stderr]   --> src/lib.rs:36:34
[INFO] [stderr]    |
[INFO] [stderr] 36 |         let msg = msg.or_else(|| Any::downcast_ref::<&'static str>(payload).map(|s| *s));
[INFO] [stderr]    |                                  ^^^ help: use `dyn`: `<dyn Any>`
[INFO] [stderr]    |
[INFO] [stderr]    = warning: this is accepted in the current edition (Rust 2015) but is a hard error in Rust 2021!
[INFO] [stderr]    = note: for more information, see issue #80165 <https://github.com/rust-lang/rust/issues/80165>
[INFO] [stderr] 
[INFO] [stderr] warning: `panic_search` (lib) generated 2 warnings
[INFO] [stderr] warning: `panic_search` (lib test) generated 2 warnings (2 duplicates)
[INFO] [stderr]     Finished test [unoptimized + debuginfo] target(s) in 0.14s
[INFO] [stderr]      Running unittests (/opt/rustwide/target/debug/deps/panic_search-bf125dce375a9f87)
[INFO] [stdout] 
[INFO] [stderr]    Doc-tests panic_search
[INFO] [stdout] running 0 tests
[INFO] [stdout] 
[INFO] [stdout] test result: ok. 0 passed; 0 failed; 0 ignored; 0 measured; 0 filtered out; finished in 0.00s
[INFO] [stdout] 
[INFO] [stdout] 
[INFO] [stdout] running 1 test
[INFO] [stdout] test src/lib.rs - with_query (line 21) ... FAILED
[INFO] [stdout] 
[INFO] [stdout] failures:
[INFO] [stdout] 
[INFO] [stdout] ---- src/lib.rs - with_query (line 21) stdout ----
[INFO] [stdout] error[E0425]: cannot find function `with_query` in this scope
[INFO] [stdout]  --> src/lib.rs:22:1
[INFO] [stdout]   |
[INFO] [stdout] 3 | with_query(|msg| format!("!google {}", msg))
[INFO] [stdout]   | ^^^^^^^^^^ not found in this scope
[INFO] [stdout] 
[INFO] [stdout] error: aborting due to previous error
[INFO] [stdout] 
[INFO] [stdout] For more information about this error, try `rustc --explain E0425`.
[INFO] [stdout] Couldn't compile the test.
[INFO] [stdout] 
[INFO] [stdout] failures:
[INFO] [stdout]     src/lib.rs - with_query (line 21)
[INFO] [stdout] 
[INFO] [stdout] test result: FAILED. 0 passed; 1 failed; 0 ignored; 0 measured; 0 filtered out; finished in 0.08s
[INFO] [stdout] 
[INFO] [stderr] error: test failed, to rerun pass '--doc'
[INFO] running `Command { std: "docker" "inspect" "e33795991abd99a45fd5e901dfbad61b97831cbdeaf8a456b16b2cd3f7163f63", kill_on_drop: false }`
[INFO] running `Command { std: "docker" "rm" "-f" "e33795991abd99a45fd5e901dfbad61b97831cbdeaf8a456b16b2cd3f7163f63", kill_on_drop: false }`
[INFO] [stdout] e33795991abd99a45fd5e901dfbad61b97831cbdeaf8a456b16b2cd3f7163f63
