[INFO] fetching crate paige 1.0.0...
[INFO] testing paige-1.0.0 against 1.54.0 for beta-1.55-1
[INFO] extracting crate paige 1.0.0 into /workspace/builds/worker-79/source
[INFO] validating manifest of crates.io crate paige 1.0.0 on toolchain 1.54.0
[INFO] running `Command { std: "/workspace/cargo-home/bin/cargo" "+1.54.0" "metadata" "--manifest-path" "Cargo.toml" "--no-deps", kill_on_drop: false }`
[INFO] started tweaking crates.io crate paige 1.0.0
[INFO] finished tweaking crates.io crate paige 1.0.0
[INFO] tweaked toml for crates.io crate paige 1.0.0 written to /workspace/builds/worker-79/source/Cargo.toml
[INFO] crate crates.io crate paige 1.0.0 already has a lockfile, it will not be regenerated
[INFO] running `Command { std: "/workspace/cargo-home/bin/cargo" "+1.54.0" "fetch" "--manifest-path" "Cargo.toml", kill_on_drop: false }`
[INFO] [stderr]     Blocking waiting for file lock on package cache
[INFO] [stderr]     Blocking waiting for file lock on package cache
[INFO] running `Command { std: "docker" "create" "-v" "/var/lib/crater-agent-workspace/builds/worker-79/target:/opt/rustwide/target:rw,Z" "-v" "/var/lib/crater-agent-workspace/builds/worker-79/source:/opt/rustwide/workdir:ro,Z" "-v" "/var/lib/crater-agent-workspace/cargo-home:/opt/rustwide/cargo-home:ro,Z" "-v" "/var/lib/crater-agent-workspace/rustup-home:/opt/rustwide/rustup-home:ro,Z" "-e" "SOURCE_DIR=/opt/rustwide/workdir" "-e" "CARGO_TARGET_DIR=/opt/rustwide/target" "-e" "CARGO_HOME=/opt/rustwide/cargo-home" "-e" "RUSTUP_HOME=/opt/rustwide/rustup-home" "-w" "/opt/rustwide/workdir" "-m" "1610612736" "--user" "0:0" "--network" "none" "ghcr.io/rust-lang/crates-build-env/linux@sha256:34b6a614d2c27851fe6cbf88fbd1137609cefab8b10d0615aaeb6fd47975d74e" "/opt/rustwide/cargo-home/bin/cargo" "+1.54.0" "metadata" "--no-deps" "--format-version=1", kill_on_drop: false }`
[INFO] [stdout] 0edaaa4d666168e419d6ad361d951b1810a62c4d28ec34179c8389a5934026c2
[INFO] running `Command { std: "docker" "start" "-a" "0edaaa4d666168e419d6ad361d951b1810a62c4d28ec34179c8389a5934026c2", kill_on_drop: false }`
[INFO] running `Command { std: "docker" "inspect" "0edaaa4d666168e419d6ad361d951b1810a62c4d28ec34179c8389a5934026c2", kill_on_drop: false }`
[INFO] running `Command { std: "docker" "rm" "-f" "0edaaa4d666168e419d6ad361d951b1810a62c4d28ec34179c8389a5934026c2", kill_on_drop: false }`
[INFO] [stdout] 0edaaa4d666168e419d6ad361d951b1810a62c4d28ec34179c8389a5934026c2
[INFO] running `Command { std: "docker" "create" "-v" "/var/lib/crater-agent-workspace/builds/worker-79/target:/opt/rustwide/target:rw,Z" "-v" "/var/lib/crater-agent-workspace/builds/worker-79/source:/opt/rustwide/workdir:ro,Z" "-v" "/var/lib/crater-agent-workspace/cargo-home:/opt/rustwide/cargo-home:ro,Z" "-v" "/var/lib/crater-agent-workspace/rustup-home:/opt/rustwide/rustup-home:ro,Z" "-e" "SOURCE_DIR=/opt/rustwide/workdir" "-e" "CARGO_TARGET_DIR=/opt/rustwide/target" "-e" "CARGO_INCREMENTAL=0" "-e" "RUST_BACKTRACE=full" "-e" "RUSTFLAGS=--cap-lints=warn" "-e" "CARGO_HOME=/opt/rustwide/cargo-home" "-e" "RUSTUP_HOME=/opt/rustwide/rustup-home" "-w" "/opt/rustwide/workdir" "-m" "1610612736" "--user" "0:0" "--network" "none" "ghcr.io/rust-lang/crates-build-env/linux@sha256:34b6a614d2c27851fe6cbf88fbd1137609cefab8b10d0615aaeb6fd47975d74e" "/opt/rustwide/cargo-home/bin/cargo" "+1.54.0" "build" "--frozen" "--message-format=json", kill_on_drop: false }`
[INFO] [stdout] a3e2cd235154365c7906b99b86fc7142d42a10d7ac563aef7e5e425981bfcbb1
[INFO] running `Command { std: "docker" "start" "-a" "a3e2cd235154365c7906b99b86fc7142d42a10d7ac563aef7e5e425981bfcbb1", kill_on_drop: false }`
[INFO] [stderr]    Compiling paige v1.0.0 (/opt/rustwide/workdir)
[INFO] [stderr]     Finished dev [unoptimized + debuginfo] target(s) in 1.64s
[INFO] running `Command { std: "docker" "inspect" "a3e2cd235154365c7906b99b86fc7142d42a10d7ac563aef7e5e425981bfcbb1", kill_on_drop: false }`
[INFO] running `Command { std: "docker" "rm" "-f" "a3e2cd235154365c7906b99b86fc7142d42a10d7ac563aef7e5e425981bfcbb1", kill_on_drop: false }`
[INFO] [stdout] a3e2cd235154365c7906b99b86fc7142d42a10d7ac563aef7e5e425981bfcbb1
[INFO] running `Command { std: "docker" "create" "-v" "/var/lib/crater-agent-workspace/builds/worker-79/target:/opt/rustwide/target:rw,Z" "-v" "/var/lib/crater-agent-workspace/builds/worker-79/source:/opt/rustwide/workdir:ro,Z" "-v" "/var/lib/crater-agent-workspace/cargo-home:/opt/rustwide/cargo-home:ro,Z" "-v" "/var/lib/crater-agent-workspace/rustup-home:/opt/rustwide/rustup-home:ro,Z" "-e" "SOURCE_DIR=/opt/rustwide/workdir" "-e" "CARGO_TARGET_DIR=/opt/rustwide/target" "-e" "CARGO_INCREMENTAL=0" "-e" "RUST_BACKTRACE=full" "-e" "RUSTFLAGS=--cap-lints=warn" "-e" "CARGO_HOME=/opt/rustwide/cargo-home" "-e" "RUSTUP_HOME=/opt/rustwide/rustup-home" "-w" "/opt/rustwide/workdir" "-m" "1610612736" "--user" "0:0" "--network" "none" "ghcr.io/rust-lang/crates-build-env/linux@sha256:34b6a614d2c27851fe6cbf88fbd1137609cefab8b10d0615aaeb6fd47975d74e" "/opt/rustwide/cargo-home/bin/cargo" "+1.54.0" "test" "--frozen" "--no-run" "--message-format=json", kill_on_drop: false }`
[INFO] [stdout] 2d58b5a9d4d40148da5924e3df06e3062d2a076b59f5840f9ceb8a765a65de93
[INFO] running `Command { std: "docker" "start" "-a" "2d58b5a9d4d40148da5924e3df06e3062d2a076b59f5840f9ceb8a765a65de93", kill_on_drop: false }`
[INFO] [stderr]    Compiling paige v1.0.0 (/opt/rustwide/workdir)
[INFO] [stderr]     Finished test [unoptimized + debuginfo] target(s) in 1.14s
[INFO] running `Command { std: "docker" "inspect" "2d58b5a9d4d40148da5924e3df06e3062d2a076b59f5840f9ceb8a765a65de93", kill_on_drop: false }`
[INFO] running `Command { std: "docker" "rm" "-f" "2d58b5a9d4d40148da5924e3df06e3062d2a076b59f5840f9ceb8a765a65de93", kill_on_drop: false }`
[INFO] [stdout] 2d58b5a9d4d40148da5924e3df06e3062d2a076b59f5840f9ceb8a765a65de93
[INFO] running `Command { std: "docker" "create" "-v" "/var/lib/crater-agent-workspace/builds/worker-79/target:/opt/rustwide/target:rw,Z" "-v" "/var/lib/crater-agent-workspace/builds/worker-79/source:/opt/rustwide/workdir:ro,Z" "-v" "/var/lib/crater-agent-workspace/cargo-home:/opt/rustwide/cargo-home:ro,Z" "-v" "/var/lib/crater-agent-workspace/rustup-home:/opt/rustwide/rustup-home:ro,Z" "-e" "SOURCE_DIR=/opt/rustwide/workdir" "-e" "CARGO_TARGET_DIR=/opt/rustwide/target" "-e" "CARGO_INCREMENTAL=0" "-e" "RUST_BACKTRACE=full" "-e" "RUSTFLAGS=--cap-lints=warn" "-e" "CARGO_HOME=/opt/rustwide/cargo-home" "-e" "RUSTUP_HOME=/opt/rustwide/rustup-home" "-w" "/opt/rustwide/workdir" "-m" "1610612736" "--user" "0:0" "--network" "none" "ghcr.io/rust-lang/crates-build-env/linux@sha256:34b6a614d2c27851fe6cbf88fbd1137609cefab8b10d0615aaeb6fd47975d74e" "/opt/rustwide/cargo-home/bin/cargo" "+1.54.0" "test" "--frozen", kill_on_drop: false }`
[INFO] [stdout] 2dc613f54acaae52e82fc2e1af4e15185df0fd5dc01cf6e78e2144c0c5a8c00a
[INFO] running `Command { std: "docker" "start" "-a" "2dc613f54acaae52e82fc2e1af4e15185df0fd5dc01cf6e78e2144c0c5a8c00a", kill_on_drop: false }`
[INFO] [stderr]     Finished test [unoptimized + debuginfo] target(s) in 0.11s
[INFO] [stderr]      Running unittests (/opt/rustwide/target/debug/deps/paige-80261be5e217bd11)
[INFO] [stdout] 
[INFO] [stdout] running 0 tests
[INFO] [stdout] 
[INFO] [stdout] test result: ok. 0 passed; 0 failed; 0 ignored; 0 measured; 0 filtered out; finished in 0.00s
[INFO] [stderr]    Doc-tests paige
[INFO] [stdout] 
[INFO] [stdout] 
[INFO] [stdout] running 1 test
[INFO] [stdout] test src/lib.rs - element (line 5) ... FAILED
[INFO] [stdout] 
[INFO] [stdout] failures:
[INFO] [stdout] 
[INFO] [stdout] ---- src/lib.rs - element (line 5) stdout ----
[INFO] [stdout] error[E0425]: cannot find value `example` in this scope
[INFO] [stdout]  --> src/lib.rs:6:1
[INFO] [stdout]   |
[INFO] [stdout] 3 | example
[INFO] [stdout]   | ^^^^^^^ not found in this scope
[INFO] [stdout] 
[INFO] [stdout] error: aborting due to previous error
[INFO] [stdout] 
[INFO] [stdout] For more information about this error, try `rustc --explain E0425`.
[INFO] [stdout] Couldn't compile the test.
[INFO] [stdout] 
[INFO] [stdout] failures:
[INFO] [stdout]     src/lib.rs - element (line 5)
[INFO] [stdout] 
[INFO] [stdout] test result: FAILED. 0 passed; 1 failed; 0 ignored; 0 measured; 0 filtered out; finished in 0.13s
[INFO] [stdout] 
[INFO] [stderr] error: test failed, to rerun pass '--doc'
[INFO] running `Command { std: "docker" "inspect" "2dc613f54acaae52e82fc2e1af4e15185df0fd5dc01cf6e78e2144c0c5a8c00a", kill_on_drop: false }`
[INFO] running `Command { std: "docker" "rm" "-f" "2dc613f54acaae52e82fc2e1af4e15185df0fd5dc01cf6e78e2144c0c5a8c00a", kill_on_drop: false }`
[INFO] [stdout] 2dc613f54acaae52e82fc2e1af4e15185df0fd5dc01cf6e78e2144c0c5a8c00a
