[INFO] fetching crate over-there 0.1.0-alpha.2...
[INFO] testing over-there-0.1.0-alpha.2 against 1.54.0 for beta-1.55-1
[INFO] extracting crate over-there 0.1.0-alpha.2 into /workspace/builds/worker-8/source
[INFO] validating manifest of crates.io crate over-there 0.1.0-alpha.2 on toolchain 1.54.0
[INFO] running `Command { std: "/workspace/cargo-home/bin/cargo" "+1.54.0" "metadata" "--manifest-path" "Cargo.toml" "--no-deps", kill_on_drop: false }`
[INFO] removed /workspace/builds/worker-8/source/.cargo/config
[INFO] started tweaking crates.io crate over-there 0.1.0-alpha.2
[INFO] finished tweaking crates.io crate over-there 0.1.0-alpha.2
[INFO] tweaked toml for crates.io crate over-there 0.1.0-alpha.2 written to /workspace/builds/worker-8/source/Cargo.toml
[INFO] crate crates.io crate over-there 0.1.0-alpha.2 already has a lockfile, it will not be regenerated
[INFO] running `Command { std: "/workspace/cargo-home/bin/cargo" "+1.54.0" "fetch" "--manifest-path" "Cargo.toml", kill_on_drop: false }`
[INFO] running `Command { std: "docker" "create" "-v" "/var/lib/crater-agent-workspace/builds/worker-8/target:/opt/rustwide/target:rw,Z" "-v" "/var/lib/crater-agent-workspace/builds/worker-8/source:/opt/rustwide/workdir:ro,Z" "-v" "/var/lib/crater-agent-workspace/cargo-home:/opt/rustwide/cargo-home:ro,Z" "-v" "/var/lib/crater-agent-workspace/rustup-home:/opt/rustwide/rustup-home:ro,Z" "-e" "SOURCE_DIR=/opt/rustwide/workdir" "-e" "CARGO_TARGET_DIR=/opt/rustwide/target" "-e" "CARGO_HOME=/opt/rustwide/cargo-home" "-e" "RUSTUP_HOME=/opt/rustwide/rustup-home" "-w" "/opt/rustwide/workdir" "-m" "1610612736" "--user" "0:0" "--network" "none" "ghcr.io/rust-lang/crates-build-env/linux@sha256:34b6a614d2c27851fe6cbf88fbd1137609cefab8b10d0615aaeb6fd47975d74e" "/opt/rustwide/cargo-home/bin/cargo" "+1.54.0" "metadata" "--no-deps" "--format-version=1", kill_on_drop: false }`
[INFO] [stdout] 1eb02c30893e92baca4f232968ba9156b6956de73025588900ff77b45ff7db22
[INFO] running `Command { std: "docker" "start" "-a" "1eb02c30893e92baca4f232968ba9156b6956de73025588900ff77b45ff7db22", kill_on_drop: false }`
[INFO] running `Command { std: "docker" "inspect" "1eb02c30893e92baca4f232968ba9156b6956de73025588900ff77b45ff7db22", kill_on_drop: false }`
[INFO] running `Command { std: "docker" "rm" "-f" "1eb02c30893e92baca4f232968ba9156b6956de73025588900ff77b45ff7db22", kill_on_drop: false }`
[INFO] [stdout] 1eb02c30893e92baca4f232968ba9156b6956de73025588900ff77b45ff7db22
[INFO] running `Command { std: "docker" "create" "-v" "/var/lib/crater-agent-workspace/builds/worker-8/target:/opt/rustwide/target:rw,Z" "-v" "/var/lib/crater-agent-workspace/builds/worker-8/source:/opt/rustwide/workdir:ro,Z" "-v" "/var/lib/crater-agent-workspace/cargo-home:/opt/rustwide/cargo-home:ro,Z" "-v" "/var/lib/crater-agent-workspace/rustup-home:/opt/rustwide/rustup-home:ro,Z" "-e" "SOURCE_DIR=/opt/rustwide/workdir" "-e" "CARGO_TARGET_DIR=/opt/rustwide/target" "-e" "CARGO_INCREMENTAL=0" "-e" "RUST_BACKTRACE=full" "-e" "RUSTFLAGS=--cap-lints=warn" "-e" "CARGO_HOME=/opt/rustwide/cargo-home" "-e" "RUSTUP_HOME=/opt/rustwide/rustup-home" "-w" "/opt/rustwide/workdir" "-m" "1610612736" "--user" "0:0" "--network" "none" "ghcr.io/rust-lang/crates-build-env/linux@sha256:34b6a614d2c27851fe6cbf88fbd1137609cefab8b10d0615aaeb6fd47975d74e" "/opt/rustwide/cargo-home/bin/cargo" "+1.54.0" "build" "--frozen" "--message-format=json", kill_on_drop: false }`
[INFO] [stdout] e2fb4f773980d18e2d6c11655a3c79da3fdf9a81cf9acfb0d37f9f241fc80ba7
[INFO] running `Command { std: "docker" "start" "-a" "e2fb4f773980d18e2d6c11655a3c79da3fdf9a81cf9acfb0d37f9f241fc80ba7", kill_on_drop: false }`
[INFO] [stderr]    Compiling proc-macro2 v1.0.8
[INFO] [stderr]    Compiling syn v1.0.9
[INFO] [stderr]    Compiling typenum v1.11.2
[INFO] [stderr]    Compiling libc v0.2.66
[INFO] [stderr]    Compiling getrandom v0.1.13
[INFO] [stderr]    Compiling serde v1.0.111
[INFO] [stderr]    Compiling byteorder v1.3.2
[INFO] [stderr]    Compiling ppv-lite86 v0.2.6
[INFO] [stderr]    Compiling ryu v1.0.3
[INFO] [stderr]    Compiling subtle v2.2.1
[INFO] [stderr]    Compiling proc-macro-nested v0.1.3
[INFO] [stderr]    Compiling futures-core v0.3.4
[INFO] [stderr]    Compiling subtle v1.0.0
[INFO] [stderr]    Compiling futures-sink v0.3.4
[INFO] [stderr]    Compiling itoa v0.4.5
[INFO] [stderr]    Compiling zeroize v1.0.0
[INFO] [stderr]    Compiling futures-task v0.3.4
[INFO] [stderr]    Compiling quick-error v1.2.2
[INFO] [stderr]    Compiling pin-utils v0.1.0-alpha.4
[INFO] [stderr]    Compiling futures-io v0.3.4
[INFO] [stderr]    Compiling schemars v0.7.6
[INFO] [stderr]    Compiling arc-swap v0.4.4
[INFO] [stderr]    Compiling termcolor v1.0.5
[INFO] [stderr]    Compiling serde-big-array v0.2.0
[INFO] [stderr]    Compiling derive_builder v0.9.0
[INFO] [stderr]    Compiling half v1.6.0
[INFO] [stderr]    Compiling array_tool v1.0.3
[INFO] [stderr]    Compiling strum v0.17.1
[INFO] [stderr]    Compiling indexmap v1.3.2
[INFO] [stderr]    Compiling num-traits v0.2.10
[INFO] [stderr]    Compiling num-integer v0.1.41
[INFO] [stderr]    Compiling hashbrown v0.6.3
[INFO] [stderr]    Compiling humantime v1.3.0
[INFO] [stderr]    Compiling futures-channel v0.3.4
[INFO] [stderr]    Compiling c2-chacha v0.2.3
[INFO] [stderr]    Compiling net2 v0.2.33
[INFO] [stderr]    Compiling iovec v0.1.4
[INFO] [stderr]    Compiling atty v0.2.13
[INFO] [stderr]    Compiling time v0.1.42
[INFO] [stderr]    Compiling signal-hook-registry v1.2.0
[INFO] [stderr]    Compiling env_logger v0.7.1
[INFO] [stderr]    Compiling rand_core v0.5.1
[INFO] [stderr]    Compiling mio v0.6.21
[INFO] [stderr]    Compiling quote v1.0.2
[INFO] [stderr]    Compiling generic-array v0.12.3
[INFO] [stderr]    Compiling rand_chacha v0.2.1
[INFO] [stderr]    Compiling rand v0.7.3
[INFO] [stderr]    Compiling block-cipher-trait v0.6.2
[INFO] [stderr]    Compiling universal-hash v0.3.0
[INFO] [stderr]    Compiling crypto-mac v0.7.0
[INFO] [stderr]    Compiling aead v0.2.0
[INFO] [stderr]    Compiling digest v0.8.1
[INFO] [stderr]    Compiling dbl v0.2.1
[INFO] [stderr]    Compiling stream-cipher v0.3.2
[INFO] [stderr]    Compiling block-buffer v0.7.3
[INFO] [stderr]    Compiling aes-soft v0.3.3
[INFO] [stderr]    Compiling ctr v0.3.2
[INFO] [stderr]    Compiling cmac v0.2.0
[INFO] [stderr]    Compiling mio-uds v0.6.7
[INFO] [stderr]    Compiling polyval v0.3.1
[INFO] [stderr]    Compiling hmac v0.7.1
[INFO] [stderr]    Compiling sha2 v0.8.1
[INFO] [stderr]    Compiling ghash v0.2.3
[INFO] [stderr]    Compiling aes v0.3.2
[INFO] [stderr]    Compiling aes-siv v0.2.0
[INFO] [stderr]    Compiling aes-gcm-siv v0.4.1
[INFO] [stderr]    Compiling aes-gcm v0.5.0
[INFO] [stderr]    Compiling darling_core v0.10.2
[INFO] [stderr]    Compiling serde_derive_internals v0.25.0
[INFO] [stderr]    Compiling proc-macro-hack v0.5.11
[INFO] [stderr]    Compiling serde_derive v1.0.111
[INFO] [stderr]    Compiling tokio-macros v0.2.4
[INFO] [stderr]    Compiling schemars_derive v0.7.6
[INFO] [stderr]    Compiling strum_macros v0.17.1
[INFO] [stderr]    Compiling derive_more v0.99.7
[INFO] [stderr]    Compiling tokio v0.2.13
[INFO] [stderr]    Compiling const-random-macro v0.1.6
[INFO] [stderr]    Compiling darling_macro v0.10.2
[INFO] [stderr]    Compiling futures-macro v0.3.4
[INFO] [stderr]    Compiling const-random v0.1.6
[INFO] [stderr]    Compiling ahash v0.2.18
[INFO] [stderr]    Compiling darling v0.10.2
[INFO] [stderr]    Compiling futures-util v0.3.4
[INFO] [stderr]    Compiling derive_builder_core v0.9.0
[INFO] [stderr]    Compiling lru v0.4.3
[INFO] [stderr]    Compiling futures-executor v0.3.4
[INFO] [stderr]    Compiling futures v0.3.4
[INFO] [stderr]    Compiling serde_json v1.0.48
[INFO] [stderr]    Compiling serde_bytes v0.11.3
[INFO] [stderr]    Compiling chrono v0.4.10
[INFO] [stderr]    Compiling serde_cbor v0.11.1
[INFO] [stderr]    Compiling jsonpath_lib v0.2.4
[INFO] [stderr]    Compiling over-there v0.1.0-alpha.2 (/opt/rustwide/workdir)
[INFO] [stdout] warning: unnecessary parentheses around assigned value
[INFO] [stdout]   --> src/core/transport/net/mod.rs:12:5
[INFO] [stdout]    |
[INFO] [stdout] 12 |     (49152..=65535);
[INFO] [stdout]    |     ^^^^^^^^^^^^^^^ help: remove these parentheses
[INFO] [stdout]    |
[INFO] [stdout]    = note: `#[warn(unused_parens)]` on by default
[INFO] [stdout] 
[INFO] [stdout] 
[INFO] [stdout] warning: unnecessary parentheses around assigned value
[INFO] [stdout]   --> src/core/transport/net/mod.rs:16:5
[INFO] [stdout]    |
[INFO] [stdout] 16 |     (32768..=61000);
[INFO] [stdout]    |     ^^^^^^^^^^^^^^^ help: remove these parentheses
[INFO] [stdout] 
[INFO] [stdout] 
[INFO] [stdout] warning: associated function is never used: `set_custom_handler`
[INFO] [stdout]   --> src/core/server/state.rs:68:12
[INFO] [stdout]    |
[INFO] [stdout] 68 |     pub fn set_custom_handler(
[INFO] [stdout]    |            ^^^^^^^^^^^^^^^^^^
[INFO] [stdout]    |
[INFO] [stdout]    = note: `#[warn(dead_code)]` on by default
[INFO] [stdout] 
[INFO] [stdout] 
[INFO] [stdout] warning: 3 warnings emitted
[INFO] [stdout] 
[INFO] [stdout] 
[INFO] [stderr]     Finished dev [unoptimized + debuginfo] target(s) in 59.96s
[INFO] running `Command { std: "docker" "inspect" "e2fb4f773980d18e2d6c11655a3c79da3fdf9a81cf9acfb0d37f9f241fc80ba7", kill_on_drop: false }`
[INFO] running `Command { std: "docker" "rm" "-f" "e2fb4f773980d18e2d6c11655a3c79da3fdf9a81cf9acfb0d37f9f241fc80ba7", kill_on_drop: false }`
[INFO] [stdout] e2fb4f773980d18e2d6c11655a3c79da3fdf9a81cf9acfb0d37f9f241fc80ba7
[INFO] running `Command { std: "docker" "create" "-v" "/var/lib/crater-agent-workspace/builds/worker-8/target:/opt/rustwide/target:rw,Z" "-v" "/var/lib/crater-agent-workspace/builds/worker-8/source:/opt/rustwide/workdir:ro,Z" "-v" "/var/lib/crater-agent-workspace/cargo-home:/opt/rustwide/cargo-home:ro,Z" "-v" "/var/lib/crater-agent-workspace/rustup-home:/opt/rustwide/rustup-home:ro,Z" "-e" "SOURCE_DIR=/opt/rustwide/workdir" "-e" "CARGO_TARGET_DIR=/opt/rustwide/target" "-e" "CARGO_INCREMENTAL=0" "-e" "RUST_BACKTRACE=full" "-e" "RUSTFLAGS=--cap-lints=warn" "-e" "CARGO_HOME=/opt/rustwide/cargo-home" "-e" "RUSTUP_HOME=/opt/rustwide/rustup-home" "-w" "/opt/rustwide/workdir" "-m" "1610612736" "--user" "0:0" "--network" "none" "ghcr.io/rust-lang/crates-build-env/linux@sha256:34b6a614d2c27851fe6cbf88fbd1137609cefab8b10d0615aaeb6fd47975d74e" "/opt/rustwide/cargo-home/bin/cargo" "+1.54.0" "test" "--frozen" "--no-run" "--message-format=json", kill_on_drop: false }`
[INFO] [stdout] f1ba0a6ab8fb0a055d8e61ee7383d1c3e3dc1446de6d8b3b0769a33095f72409
[INFO] running `Command { std: "docker" "start" "-a" "f1ba0a6ab8fb0a055d8e61ee7383d1c3e3dc1446de6d8b3b0769a33095f72409", kill_on_drop: false }`
[INFO] [stderr]    Compiling remove_dir_all v0.5.2
[INFO] [stdout] warning: unnecessary parentheses around assigned value
[INFO] [stdout]   --> src/core/transport/net/mod.rs:12:5
[INFO] [stdout]    |
[INFO] [stdout] 12 |     (49152..=65535);
[INFO] [stdout]    |     ^^^^^^^^^^^^^^^ help: remove these parentheses
[INFO] [stdout]    |
[INFO] [stdout]    = note: `#[warn(unused_parens)]` on by default
[INFO] [stdout] 
[INFO] [stdout] 
[INFO] [stdout] warning: unnecessary parentheses around assigned value
[INFO] [stdout]   --> src/core/transport/net/mod.rs:16:5
[INFO] [stdout]    |
[INFO] [stdout] 16 |     (32768..=61000);
[INFO] [stdout]    |     ^^^^^^^^^^^^^^^ help: remove these parentheses
[INFO] [stdout] 
[INFO] [stdout] 
[INFO] [stdout] warning: associated function is never used: `set_custom_handler`
[INFO] [stdout]   --> src/core/server/state.rs:68:12
[INFO] [stdout]    |
[INFO] [stdout] 68 |     pub fn set_custom_handler(
[INFO] [stdout]    |            ^^^^^^^^^^^^^^^^^^
[INFO] [stdout]    |
[INFO] [stdout]    = note: `#[warn(dead_code)]` on by default
[INFO] [stdout] 
[INFO] [stdout] 
[INFO] [stdout] warning: 3 warnings emitted
[INFO] [stdout] 
[INFO] [stdout] 
[INFO] [stderr]    Compiling tempfile v3.1.0
[INFO] [stderr]    Compiling over-there v0.1.0-alpha.2 (/opt/rustwide/workdir)
[INFO] [stdout] warning: unused variable: `args`
[INFO] [stdout]  --> tests/cli_common.rs:6:18
[INFO] [stdout]   |
[INFO] [stdout] 6 | pub async fn run(args: Vec<&str>) -> Result<(), Box<dyn std::error::Error>> {
[INFO] [stdout]   |                  ^^^^ help: if this is intentional, prefix it with an underscore: `_args`
[INFO] [stdout]   |
[INFO] [stdout]   = note: `#[warn(unused_variables)]` on by default
[INFO] [stdout] 
[INFO] [stdout] 
[INFO] [stdout] warning: unused variable: `args`
[INFO] [stdout]  --> tests/cli_common.rs:6:18
[INFO] [stdout]   |
[INFO] [stdout] 6 | pub async fn run(args: Vec<&str>) -> Result<(), Box<dyn std::error::Error>> {
[INFO] [stdout]   |                  ^^^^ help: if this is intentional, prefix it with an underscore: `_args`
[INFO] [stdout]   |
[INFO] [stdout]   = note: `#[warn(unused_variables)]` on by default
[INFO] [stdout] 
[INFO] [stdout] 
[INFO] [stdout] warning: 1 warning emitted
[INFO] [stdout] 
[INFO] [stdout] 
[INFO] [stdout] warning: 1 warning emitted
[INFO] [stdout] 
[INFO] [stdout] 
[INFO] [stdout] warning: unnecessary parentheses around assigned value
[INFO] [stdout]   --> src/core/transport/net/mod.rs:12:5
[INFO] [stdout]    |
[INFO] [stdout] 12 |     (49152..=65535);
[INFO] [stdout]    |     ^^^^^^^^^^^^^^^ help: remove these parentheses
[INFO] [stdout]    |
[INFO] [stdout]    = note: `#[warn(unused_parens)]` on by default
[INFO] [stdout] 
[INFO] [stdout] 
[INFO] [stdout] warning: unnecessary parentheses around assigned value
[INFO] [stdout]   --> src/core/transport/net/mod.rs:16:5
[INFO] [stdout]    |
[INFO] [stdout] 16 |     (32768..=61000);
[INFO] [stdout]    |     ^^^^^^^^^^^^^^^ help: remove these parentheses
[INFO] [stdout] 
[INFO] [stdout] 
[INFO] [stdout] warning: 2 warnings emitted
[INFO] [stdout] 
[INFO] [stdout] 
[INFO] [stderr]     Finished test [unoptimized + debuginfo] target(s) in 20.05s
[INFO] running `Command { std: "docker" "inspect" "f1ba0a6ab8fb0a055d8e61ee7383d1c3e3dc1446de6d8b3b0769a33095f72409", kill_on_drop: false }`
[INFO] running `Command { std: "docker" "rm" "-f" "f1ba0a6ab8fb0a055d8e61ee7383d1c3e3dc1446de6d8b3b0769a33095f72409", kill_on_drop: false }`
[INFO] [stdout] f1ba0a6ab8fb0a055d8e61ee7383d1c3e3dc1446de6d8b3b0769a33095f72409
[INFO] running `Command { std: "docker" "create" "-v" "/var/lib/crater-agent-workspace/builds/worker-8/target:/opt/rustwide/target:rw,Z" "-v" "/var/lib/crater-agent-workspace/builds/worker-8/source:/opt/rustwide/workdir:ro,Z" "-v" "/var/lib/crater-agent-workspace/cargo-home:/opt/rustwide/cargo-home:ro,Z" "-v" "/var/lib/crater-agent-workspace/rustup-home:/opt/rustwide/rustup-home:ro,Z" "-e" "SOURCE_DIR=/opt/rustwide/workdir" "-e" "CARGO_TARGET_DIR=/opt/rustwide/target" "-e" "CARGO_INCREMENTAL=0" "-e" "RUST_BACKTRACE=full" "-e" "RUSTFLAGS=--cap-lints=warn" "-e" "CARGO_HOME=/opt/rustwide/cargo-home" "-e" "RUSTUP_HOME=/opt/rustwide/rustup-home" "-w" "/opt/rustwide/workdir" "-m" "1610612736" "--user" "0:0" "--network" "none" "ghcr.io/rust-lang/crates-build-env/linux@sha256:34b6a614d2c27851fe6cbf88fbd1137609cefab8b10d0615aaeb6fd47975d74e" "/opt/rustwide/cargo-home/bin/cargo" "+1.54.0" "test" "--frozen", kill_on_drop: false }`
[INFO] [stdout] 25f477eb5b68873730ac286bb548f68b87d26d1858bf00a462aa38606ad63a0c
[INFO] running `Command { std: "docker" "start" "-a" "25f477eb5b68873730ac286bb548f68b87d26d1858bf00a462aa38606ad63a0c", kill_on_drop: false }`
[INFO] [stderr] warning: unnecessary parentheses around assigned value
[INFO] [stderr]   --> src/core/transport/net/mod.rs:12:5
[INFO] [stderr]    |
[INFO] [stderr] 12 |     (49152..=65535);
[INFO] [stderr]    |     ^^^^^^^^^^^^^^^ help: remove these parentheses
[INFO] [stderr]    |
[INFO] [stderr]    = note: `#[warn(unused_parens)]` on by default
[INFO] [stderr] 
[INFO] [stderr] warning: unnecessary parentheses around assigned value
[INFO] [stderr]   --> src/core/transport/net/mod.rs:16:5
[INFO] [stderr]    |
[INFO] [stderr] 16 |     (32768..=61000);
[INFO] [stderr]    |     ^^^^^^^^^^^^^^^ help: remove these parentheses
[INFO] [stderr] 
[INFO] [stderr] warning: associated function is never used: `set_custom_handler`
[INFO] [stderr]   --> src/core/server/state.rs:68:12
[INFO] [stderr]    |
[INFO] [stderr] 68 |     pub fn set_custom_handler(
[INFO] [stderr]    |            ^^^^^^^^^^^^^^^^^^
[INFO] [stderr]    |
[INFO] [stderr]    = note: `#[warn(dead_code)]` on by default
[INFO] [stderr] 
[INFO] [stderr] warning: 3 warnings emitted
[INFO] [stderr] 
[INFO] [stderr] warning: unnecessary parentheses around assigned value
[INFO] [stderr]   --> src/core/transport/net/mod.rs:12:5
[INFO] [stderr]    |
[INFO] [stderr] 12 |     (49152..=65535);
[INFO] [stderr]    |     ^^^^^^^^^^^^^^^ help: remove these parentheses
[INFO] [stderr]    |
[INFO] [stderr]    = note: `#[warn(unused_parens)]` on by default
[INFO] [stderr] 
[INFO] [stderr] warning: unnecessary parentheses around assigned value
[INFO] [stderr]   --> src/core/transport/net/mod.rs:16:5
[INFO] [stderr]    |
[INFO] [stderr] 16 |     (32768..=61000);
[INFO] [stderr]    |     ^^^^^^^^^^^^^^^ help: remove these parentheses
[INFO] [stderr] 
[INFO] [stderr] warning: 2 warnings emitted
[INFO] [stderr] 
[INFO] [stderr] warning: unused variable: `args`
[INFO] [stderr]  --> tests/cli_common.rs:6:18
[INFO] [stderr]   |
[INFO] [stderr] 6 | pub async fn run(args: Vec<&str>) -> Result<(), Box<dyn std::error::Error>> {
[INFO] [stderr]   |                  ^^^^ help: if this is intentional, prefix it with an underscore: `_args`
[INFO] [stderr]   |
[INFO] [stderr]   = note: `#[warn(unused_variables)]` on by default
[INFO] [stderr] 
[INFO] [stderr] warning: 1 warning emitted
[INFO] [stderr] 
[INFO] [stderr] warning: unused variable: `args`
[INFO] [stderr]  --> tests/cli_common.rs:6:18
[INFO] [stderr]   |
[INFO] [stderr] 6 | pub async fn run(args: Vec<&str>) -> Result<(), Box<dyn std::error::Error>> {
[INFO] [stderr]   |                  ^^^^ help: if this is intentional, prefix it with an underscore: `_args`
[INFO] [stderr]   |
[INFO] [stderr]   = note: `#[warn(unused_variables)]` on by default
[INFO] [stderr] 
[INFO] [stderr] warning: 1 warning emitted
[INFO] [stderr] 
[INFO] [stderr]     Finished test [unoptimized + debuginfo] target(s) in 0.14s
[INFO] [stdout] 
[INFO] [stderr]      Running unittests (/opt/rustwide/target/debug/deps/over_there-d1a54ac97d1894cb)
[INFO] [stdout] running 273 tests
[INFO] [stdout] test core::msg::content::request::transform::tests::transform_with_reply_should_apply_rules_in_sequence ... ok
[INFO] [stdout] test core::msg::content::request::transform::tests::transform_with_reply_should_fail_if_rule_value_not_found ... ok
[INFO] [stdout] test core::msg::content::request::transform::tests::transform_with_reply_should_fail_if_rule_value_not_same_type_as_path ... ok
[INFO] [stdout] test core::msg::tests::default_header_should_have_creation_date_set_to_now ... ok
[INFO] [stdout] test core::server::action::handler::capabilities::tests::capabilities_should_return_capabilities ... ok
[INFO] [stdout] test core::msg::tests::from_content_should_create_msg_with_content ... ok
[INFO] [stdout] test core::msg::tests::with_parent_header_should_set_header ... ok
[INFO] [stdout] test core::msg::tests::with_parent_should_set_header_to_that_of_parent ... ok
[INFO] [stdout] test core::server::action::handler::fs::tests::list_dir_contents_should_return_error_if_path_invalid ... ok
[INFO] [stdout] test core::msg::content::request::transform::tests::transform_with_reply_should_fail_if_rule_value_not_scalar ... ok
[INFO] [stdout] test core::msg::content::request::transform::tests::transform_with_reply_should_return_raw_request_if_rule_path_missing ... ok
[INFO] [stdout] test core::server::action::handler::fs::tests::remove_unopened_file_should_return_confirmation_if_file_removed ... ok
[INFO] [stdout] test core::msg::content::request::transform::tests::transform_with_reply_should_succeed_if_able_to_replace_path_with_value ... ok
[INFO] [stdout] test core::server::action::handler::fs::tests::remove_unopened_file_should_return_error_if_file_open ... ok
[INFO] [stdout] test core::server::action::handler::fs::tests::rename_unopened_file_should_return_confirmation_if_file_renamed ... ok
[INFO] [stdout] test core::server::action::handler::fs::tests::remove_dir_should_return_error_if_nonempty_directory_removed_with_flag_not_set ... ok
[INFO] [stdout] test core::server::action::handler::fs::tests::read_file_should_return_error_if_file_not_open ... ok
[INFO] [stdout] test core::server::action::handler::fs::tests::remove_dir_should_return_confirmation_if_empty_directory_removed ... ok
[INFO] [stdout] test core::server::action::handler::fs::tests::close_file_should_return_error_if_signature_different ... ok
[INFO] [stdout] test core::server::action::handler::fs::tests::create_dir_should_return_error_if_part_of_path_missing_and_flag_not_set ... ok
[INFO] [stdout] test core::server::action::handler::fs::tests::write_file_should_return_success_if_write_successful ... ok
[INFO] [stdout] test core::server::action::handler::fs::tests::create_dir_should_return_confirmation_if_single_level_directory_created ... ok
[INFO] [stdout] test core::server::action::handler::fs::tests::read_file_should_return_error_if_file_sig_has_changed ... ok
[INFO] [stdout] test core::server::action::handler::fs::tests::create_dir_should_return_confirmation_if_multi_level_directory_created ... ok
[INFO] [stdout] test core::server::action::handler::fs::tests::remove_dir_should_return_confirmation_if_nonempty_directory_removed_with_flag_set ... ok
[INFO] [stdout] test core::server::action::handler::fs::tests::remove_dir_should_return_error_if_a_file_open_in_directory ... ok
[INFO] [stdout] test core::server::action::handler::fs::tests::remove_file_should_return_error_if_file_not_open ... ok
[INFO] [stdout] test core::server::action::handler::fs::tests::read_file_should_return_error_if_not_readable ... ok
[INFO] [stdout] test core::server::action::handler::fs::tests::rename_dir_should_return_confirmation_if_directory_renamed ... ok
[INFO] [stdout] test core::server::action::handler::fs::tests::open_file_should_return_success_opening_existing_file ... ok
[INFO] [stdout] test core::server::action::handler::fs::tests::read_file_should_return_contents_if_read_successful ... ok
[INFO] [stdout] test core::server::action::handler::fs::tests::rename_file_should_return_error_if_signature_different ... ok
[INFO] [stdout] test core::server::action::handler::fs::tests::remove_file_should_return_confirmation_if_file_removed ... ok
[INFO] [stdout] test core::server::action::handler::fs::tests::remove_file_should_return_error_if_signature_different ... ok
[INFO] [stdout] test core::server::action::handler::fs::tests::write_file_should_return_error_if_not_writeable ... ok
[INFO] [stdout] test core::server::action::handler::fs::tests::close_file_should_return_error_if_file_not_open ... ok
[INFO] [stdout] test core::server::action::handler::fs::tests::open_file_should_return_success_if_create_flag_set_and_opening_new_file ... ok
[INFO] [stdout] test core::server::action::handler::proc::tests::read_proc_stderr_should_return_error_if_process_id_not_registered ... ok
[INFO] [stdout] test core::server::action::handler::fs::tests::open_file_should_return_error_if_file_missing_and_create_flag_not_set ... ok
[INFO] [stdout] test core::server::action::handler::fs::tests::list_dir_contents_should_return_entries_if_successful ... ok
[INFO] [stdout] test core::server::action::handler::heartbeat::tests::heartbeat_should_do_nothing ... ok
[INFO] [stdout] test core::server::action::tests::route_and_execute_with_batch_should_request_in_parallel ... ignored
[INFO] [stdout] test core::server::action::handler::proc::tests::read_proc_stdout_should_return_error_if_process_id_not_registered ... ok
[INFO] [stdout] test core::server::action::tests::route_and_execute_with_sequence_should_abort_later_operations_if_one_fails ... ok
[INFO] [stdout] test core::server::action::tests::update_origin_last_touched_should_update_existing_entry ... ok
[INFO] [stdout] test core::server::action::tests::update_origin_last_touched_should_create_a_new_entry_if_missing ... ok
[INFO] [stdout] test core::server::action::handler::proc::tests::proc_kill_should_return_exit_status_if_process_already_exited ... ok
[INFO] [stdout] test core::server::action::handler::proc::tests::proc_kill_should_return_exit_status_after_killing_process ... ok
[INFO] [stdout] test core::server::action::handler::proc::tests::exec_proc_should_return_error_if_process_does_not_exist ... ok
[INFO] [stdout] test core::server::action::handler::proc::tests::write_proc_stdin_should_return_error_if_process_id_not_registered ... ok
[INFO] [stdout] test core::server::action::handler::version::tests::version_should_return_version ... ok
[INFO] [stdout] test core::server::fs::dir::tests::create_should_yield_error_if_some_components_dont_exist_and_flag_not_set ... ok
[INFO] [stdout] test core::server::fs::dir::tests::remove_should_return_success_if_able_to_remove_empty_directory ... ok
[INFO] [stdout] test core::server::action::handler::proc::tests::read_proc_status_should_return_exit_status_if_process_exited ... ok
[INFO] [stdout] test core::server::fs::dir::tests::entries_should_yield_error_if_not_a_directory ... ok
[INFO] [stdout] test core::server::fs::dir::tests::entries_should_return_immediate_entries_within_dir ... ok
[INFO] [stdout] test core::server::fs::dir::tests::create_should_return_success_if_able_to_make_nested_empty_directory ... ok
[INFO] [stdout] test core::server::fs::file::tests::handle_should_return_associated_handle_with_id_and_sig ... ok
[INFO] [stdout] test core::server::fs::file::tests::open_should_return_new_local_file_with_canonical_path ... ok
[INFO] [stdout] test core::server::fs::dir::tests::rename_should_return_success_if_able_to_rename_directory ... ok
[INFO] [stdout] test core::server::fs::file::tests::remove_should_yield_error_if_provided_sig_is_different ... ok
[INFO] [stdout] test core::server::fs::file::tests::remove_should_yield_error_if_underlying_path_is_missing ... ok
[INFO] [stdout] test core::server::fs::file::tests::rename_should_yield_error_if_new_name_on_different_mount_point ... ignored
[INFO] [stdout] test core::server::fs::file::tests::id_should_return_associated_id ... ok
[INFO] [stdout] test core::server::fs::dir::tests::create_should_return_success_if_able_to_make_an_empty_directory ... ok
[INFO] [stdout] test core::server::fs::file::tests::rename_should_yield_error_if_provided_sig_is_different ... ok
[INFO] [stdout] test core::server::action::tests::route_and_execute_with_batch_should_continue_running_requests_if_one_fails ... ok
[INFO] [stdout] test core::server::action::handler::proc::tests::write_proc_stdin_should_return_data_to_running_process ... ok
[INFO] [stdout] test core::server::fs::file::tests::open_should_yield_error_if_file_missing_and_create_false ... ok
[INFO] [stdout] test core::server::fs::file::tests::path_should_return_associated_path ... ok
[INFO] [stdout] test core::server::fs::file::tests::read_all_should_yield_error_if_provided_sig_is_different ... ok
[INFO] [stdout] test core::server::fs::dir::tests::rename_should_yield_error_if_not_a_directory ... ok
[INFO] [stdout] test core::server::fs::file::tests::remove_should_remove_the_underlying_file_by_path ... ok
[INFO] [stdout] test core::server::fs::file::tests::read_all_should_return_empty_if_file_empty ... ok
[INFO] [stdout] test core::server::fs::dir::tests::remove_should_return_success_if_able_to_remove_nonempty_directory_if_flag_set ... ok
[INFO] [stdout] test core::server::fs::file::tests::write_all_should_overwrite_file_with_new_contents ... ok
[INFO] [stdout] test core::server::action::handler::fs::tests::rename_file_should_return_confirmation_if_file_renamed ... ok
[INFO] [stdout] test core::server::fs::file::tests::read_all_should_yield_error_if_file_not_readable ... ok
[INFO] [stdout] test core::server::action::handler::proc::tests::exec_proc_should_return_success_if_can_execute_process ... ok
[INFO] [stdout] test core::server::action::handler::fs::tests::rename_file_should_return_error_if_file_not_open ... ok
[INFO] [stdout] test core::server::action::handler::proc::tests::exec_proc_should_set_current_dir_if_provided ... ok
[INFO] [stdout] test core::server::fs::file::tests::rename_should_yield_error_if_underlying_path_is_missing ... ok
[INFO] [stdout] test core::server::action::handler::fs::tests::write_file_should_return_error_if_file_sig_has_changed ... ok
[INFO] [stdout] test core::server::action::handler::fs::tests::rename_unopened_file_should_return_error_if_file_open ... ok
[INFO] [stdout] test core::server::fs::file::tests::read_all_should_return_all_file_content_from_start ... ok
[INFO] [stdout] test core::server::fs::file::tests::write_all_should_yield_error_if_provided_sig_is_different ... ok
[INFO] [stdout] test core::server::action::tests::route_and_execute_with_sequence_should_execute_request_in_order ... ok
[INFO] [stdout] test core::server::fs::dir::tests::remove_should_yield_error_if_removing_nonempty_directory_and_flag_not_set ... ok
[INFO] [stdout] test core::server::fs::tests::create_dir_should_yield_error_if_parent_dirs_missing_and_flag_not_set ... ok
[INFO] [stdout] test core::server::fs::dir::tests::remove_should_yield_error_if_not_a_directory ... ok
[INFO] [stdout] test core::server::fs::tests::create_dir_should_return_success_if_created_the_path ... ok
[INFO] [stdout] test core::server::fs::tests::close_file_should_yield_error_if_file_has_different_signature ... ok
[INFO] [stdout] test core::server::fs::tests::open_file_should_reopen_an_open_file_if_permissions_need_merging ... ok
[INFO] [stdout] test core::server::fs::tests::dir_entries_should_yield_error_if_path_not_a_directory ... ok
[INFO] [stdout] test core::server::fs::tests::close_file_should_yield_error_if_no_file_open_with_id ... ok
[INFO] [stdout] test core::server::action::handler::proc::tests::read_proc_stderr_should_return_contents_if_process_sent_stderr ... ok
[INFO] [stdout] test core::server::action::handler::proc::tests::read_proc_stdout_should_return_contents_if_process_sent_stdout ... ok
[INFO] [stdout] test core::server::action::handler::proc::tests::read_proc_status_should_return_status_if_process_still_alive ... ok
[INFO] [stdout] test core::server::fs::file::tests::write_all_should_yield_error_if_file_not_writeable ... ok
[INFO] [stdout] test core::server::action::handler::fs::tests::close_file_should_return_confirmation_if_successful ... ok
[INFO] [stdout] test core::server::fs::tests::open_file_should_yield_error_if_underlying_open_fails ... ok
[INFO] [stdout] test core::server::fs::tests::dir_entries_should_return_a_list_of_immediate_entries_in_a_directory ... ok
[INFO] [stdout] test core::server::action::handler::proc::tests::read_proc_stderr_should_return_empty_contents_if_process_has_no_stderr ... ok
[INFO] [stdout] test core::server::action::handler::proc::tests::write_proc_stdin_should_return_error_if_process_exited ... ok
[INFO] [stdout] test core::server::fs::tests::open_file_should_return_a_newly_opened_file_if_none_already_open ... ok
[INFO] [stdout] test core::server::action::handler::fs::tests::rename_dir_should_return_error_if_a_file_open_in_directory ... ok
[INFO] [stdout] test core::server::fs::tests::remove_dir_should_yield_error_if_open_files_exist_in_directory ... ok
[INFO] [stdout] test core::server::fs::tests::rename_dir_should_return_success_if_renamed_directory ... ok
[INFO] [stdout] test core::server::fs::tests::remove_file_should_return_success_if_removed_file ... ok
[INFO] [stdout] test core::server::action::handler::proc::tests::read_proc_stdout_should_return_empty_contents_if_process_has_no_stdout ... ok
[INFO] [stdout] test core::server::fs::tests::rename_file_should_yield_error_if_origin_path_does_not_exist ... ok
[INFO] [stdout] test core::server::proc::tests::test_exit_status_should_return_none_if_not_exited ... ok
[INFO] [stdout] test core::server::fs::tests::rename_file_should_yield_error_if_origin_path_is_not_a_file ... ok
[INFO] [stdout] test core::server::fs::tests::rename_dir_should_yield_error_if_contains_open_files ... ok
[INFO] [stdout] test core::server::proc::tests::kill_should_send_kill_request_to_process_without_waiting ... ok
[INFO] [stdout] test core::server::fs::tests::remove_dir_should_yield_error_if_directory_not_empty_and_flag_not_set ... ok
[INFO] [stdout] test core::server::fs::file::tests::sig_should_return_associated_sig ... ok
[INFO] [stdout] test core::server::fs::tests::remove_file_should_yield_error_if_file_open ... ok
[INFO] [stdout] test core::server::fs::tests::rename_file_should_yield_error_if_file_is_open ... ok
[INFO] [stdout] test core::server::fs::tests::remove_dir_should_return_success_if_removed_directory ... ok
[INFO] [stdout] test core::server::state::tests::touch_file_id_with_ttl_should_update_an_existing_id_if_touched ... ok
[INFO] [stdout] test core::server::state::tests::touch_file_id_with_ttl_should_produce_a_new_id_if_never_touched ... ok
[INFO] [stdout] test core::server::fs::tests::close_fould_should_remove_file_from_manager_if_successful ... ok
[INFO] [stdout] test core::server::fs::tests::rename_file_should_return_success_if_renamed_file ... ok
[INFO] [stdout] test core::server::fs::tests::rename_dir_should_yield_error_if_origin_path_does_not_exist ... ok
[INFO] [stdout] test core::server::proc::tests::test_read_stdout_should_return_empty_content_if_none_available ... ok
[INFO] [stdout] test core::server::proc::tests::test_read_stdout_should_return_content_if_available ... ok
[INFO] [stdout] test core::server::state::tests::evict_files_should_close_any_file_that_has_expired ... ok
[INFO] [stdout] test core::server::proc::tests::test_write_stdin_should_return_an_error_if_not_piped ... ok
[INFO] [stdout] test core::server::proc::tests::test_read_stdout_should_return_an_error_if_not_piped ... ok
[INFO] [stdout] test core::server::proc::tests::test_read_stderr_should_not_return_content_returned_previously ... ok
[INFO] [stdout] test core::server::state::tests::touch_file_id_should_produce_a_new_id_if_never_touched ... ok
[INFO] [stdout] test core::server::state::tests::remove_proc_id_should_remove_id_without_killing_proc_if_running ... ok
[INFO] [stdout] test core::server::state::tests::touch_file_id_should_update_an_existing_id_if_touched ... ok
[INFO] [stdout] test core::server::state::tests::touch_proc_id_should_produce_a_new_id_if_never_touched ... ok
[INFO] [stdout] test core::server::state::tests::touch_proc_id_with_ttl_should_update_an_existing_id_if_touched ... ok
[INFO] [stdout] test core::server::tests::cleanup_loop_should_only_run_if_state_marked_running ... ok
[INFO] [stdout] test core::server::state::tests::touch_proc_id_should_update_an_existing_id_if_touched ... ok
[INFO] [stdout] test core::server::proc::tests::test_read_stderr_should_return_empty_content_if_none_available ... ok
[INFO] [stdout] test core::server::fs::tests::rename_dir_should_yield_error_if_origin_path_is_not_a_directory ... ok
[INFO] [stdout] test core::server::tests::cleanup_loop_should_evict_unused_processes_every_period ... ok
[INFO] [stdout] test core::server::proc::tests::test_id_should_return_child_id ... ok
[INFO] [stdout] test core::server::proc::tests::test_read_stderr_should_return_an_error_if_not_piped ... ok
[INFO] [stdout] test core::server::tests::cleanup_loop_should_evict_unused_files_every_period ... ok
[INFO] [stdout] test core::transport::auth::impls::tests::closure_signer_should_use_function_to_sign_message ... ok
[INFO] [stdout] test core::transport::auth::digest::tests::default_should_return_empty_256bit_digest ... ok
[INFO] [stdout] test core::transport::auth::digest::tests::from_32_byte_array_should_yield_256bit_digest ... ok
[INFO] [stdout] test core::transport::auth::impls::tests::closure_verifier_should_use_function_to_verify_message ... ok
[INFO] [stdout] test core::server::state::tests::evict_procs_should_close_any_proc_that_has_expired ... ok
[INFO] [stdout] test core::transport::auth::digest::tests::verify_should_correctly_use_underlying_sha_function ... ok
[INFO] [stdout] test core::transport::auth::digest::tests::debug_should_properly_yield_digest_strings ... ok
[INFO] [stdout] test core::transport::auth::digest::tests::from_64_byte_array_should_yield_512bit_digest ... ok
[INFO] [stdout] test core::server::state::tests::touch_proc_id_with_ttl_should_produce_a_new_id_if_never_touched ... ok
[INFO] [stdout] test core::server::fs::tests::open_file_should_return_existing_open_file_if_permissions_allow ... ok
[INFO] [stdout] test core::transport::auth::impls::tests::sha256_auth_verify_should_yield_false_on_bad_message ... ok
[INFO] [stdout] test core::transport::auth::impls::tests::sha512_auth_key_returns_correct_key ... ok
[INFO] [stdout] test core::transport::auth::impls::tests::sha512_auth_sign_should_produce_512_bit_digest ... ok
[INFO] [stdout] test core::transport::crypto::aes::aes_gcm_256::tests::decrypt_should_fail_if_no_nonce_provided ... ok
[INFO] [stdout] test core::transport::crypto::aes::aes_gcm_256::tests::decrypt_should_fail_if_nonce_is_wrong_size ... ok
[INFO] [stdout] test core::transport::crypto::aes::aes_gcm_256::tests::encrypt_should_fail_if_no_nonce_provided ... ok
[INFO] [stdout] test core::transport::auth::impls::tests::sha256_auth_sign_should_produce_256_bit_digest ... ok
[INFO] [stdout] test core::transport::auth::impls::tests::sha256_auth_verify_should_yield_true_on_good_message ... ok
[INFO] [stdout] test core::transport::crypto::aes::aes_gcm_128::tests::encrypt_should_fail_if_no_nonce_provided ... ok
[INFO] [stdout] test core::transport::crypto::aes::aes_gcm_256::tests::encrypt_should_fail_if_nonce_is_wrong_size ... ok
[INFO] [stdout] test core::transport::crypto::aes::aes_gcm_siv_128::tests::can_encrypt_and_decrypt ... ok
[INFO] [stdout] test core::transport::auth::impls::tests::sha256_auth_key_returns_correct_key ... ok
[INFO] [stdout] test core::transport::crypto::aes::aes_gcm_siv_128::tests::encrypt_should_fail_if_nonce_is_wrong_size ... ok
[INFO] [stdout] test core::transport::crypto::aes::aes_gcm_siv_256::tests::decrypt_should_fail_if_no_nonce_provided ... ok
[INFO] [stdout] test core::transport::crypto::aes::aes_gcm_siv_256::tests::encrypt_should_fail_if_no_nonce_provided ... ok
[INFO] [stdout] test core::transport::auth::impls::tests::sha512_auth_verify_should_yield_false_on_bad_message ... ok
[INFO] [stdout] test core::transport::crypto::aes::aes_siv_128::tests::decrypt_should_fail_if_nonce_is_wrong_size ... ok
[INFO] [stdout] test core::transport::auth::impls::tests::sha512_auth_verify_should_yield_true_on_good_message ... ok
[INFO] [stdout] test core::transport::crypto::aes::aes_gcm_siv_256::tests::decrypt_should_fail_if_nonce_is_wrong_size ... ok
[INFO] [stdout] test core::transport::crypto::aes::aes_gcm_siv_256::tests::encrypt_should_fail_if_nonce_is_wrong_size ... ok
[INFO] [stdout] test core::server::proc::tests::test_exit_status_should_support_being_called_multiple_times_after_exit ... ok
[INFO] [stdout] test core::transport::auth::tests::sha256_sign_and_verify_both_work ... ok
[INFO] [stdout] test core::transport::crypto::aes::aes_gcm_siv_256::tests::can_encrypt_and_decrypt ... ok
[INFO] [stdout] test core::transport::crypto::aes::aes_siv_128::tests::encrypt_should_fail_if_no_nonce_provided ... ok
[INFO] [stdout] test core::transport::crypto::aes::aes_gcm_128::tests::decrypt_should_fail_if_nonce_is_wrong_size ... ok
[INFO] [stdout] test core::transport::crypto::aes::aes_gcm_siv_128::tests::decrypt_should_fail_if_no_nonce_provided ... ok
[INFO] [stdout] test core::transport::crypto::aes::aes_gcm_siv_128::tests::decrypt_should_fail_if_nonce_is_wrong_size ... ok
[INFO] [stdout] test core::transport::crypto::aes::aes_gcm_256::tests::can_encrypt_and_decrypt ... ok
[INFO] [stdout] test core::transport::crypto::aes::aes_siv_128::tests::can_encrypt_and_decrypt ... ok
[INFO] [stdout] test core::transport::crypto::aes::aes_gcm_siv_128::tests::encrypt_should_fail_if_no_nonce_provided ... ok
[INFO] [stdout] test core::transport::crypto::aes::aes_siv_128::tests::encrypt_should_fail_if_nonce_is_wrong_size ... ok
[INFO] [stdout] test core::transport::crypto::aes::aes_siv_128::tests::decrypt_should_fail_if_no_nonce_provided ... ok
[INFO] [stdout] test core::transport::auth::tests::sha512_sign_and_verify_both_work ... ok
[INFO] [stdout] test core::server::proc::tests::test_read_stderr_should_return_content_if_available ... ok
[INFO] [stdout] test core::transport::crypto::aes::aes_siv_256::tests::decrypt_should_fail_if_nonce_is_wrong_size ... ok
[INFO] [stdout] test core::transport::crypto::closure::tests::closure_decrypter_decrypt_should_return_a_copy_of_input_data ... ok
[INFO] [stdout] test core::transport::crypto::aes::aes_gcm_128::tests::decrypt_should_fail_if_no_nonce_provided ... ok
[INFO] [stdout] test core::transport::wire::input::decoder::tests::add_packet_fails_if_adding_packet_beyond_last ... ok
[INFO] [stdout] test core::transport::crypto::aes::aes_siv_256::tests::decrypt_should_fail_if_no_nonce_provided ... ok
[INFO] [stdout] test core::transport::crypto::nonce::cache::tests::encrypt_should_fail_if_caching_nonce_and_nonce_already_used ... ok
[INFO] [stdout] test core::transport::crypto::noop::tests::encrypt_should_return_a_copy_of_input_data ... ok
[INFO] [stdout] test core::transport::crypto::aes::aes_siv_256::tests::encrypt_should_fail_if_no_nonce_provided ... ok
[INFO] [stdout] test core::transport::wire::input::decoder::tests::add_packet_fails_if_packet_already_exists ... ok
[INFO] [stdout] test core::transport::crypto::closure::tests::closure_encrypter_encrypt_should_return_a_copy_of_input_data ... ok
[INFO] [stdout] test core::transport::crypto::aes::aes_siv_256::tests::can_encrypt_and_decrypt ... ok
[INFO] [stdout] test core::transport::crypto::aes::aes_gcm_128::tests::encrypt_should_fail_if_nonce_is_wrong_size ... ok
[INFO] [stdout] test core::transport::crypto::aes::aes_gcm_128::tests::can_encrypt_and_decrypt ... ok
[INFO] [stdout] test core::transport::wire::input::decoder::tests::remove_group_should_remove_the_underlying_packet_group ... ok
[INFO] [stdout] test core::transport::crypto::nonce::cache::tests::decrypt_should_succeed_if_can_decrypt_buffer ... ok
[INFO] [stdout] test core::transport::crypto::nonce::cache::tests::decrypt_should_fail_if_caching_nonce_and_nonce_already_used ... ok
[INFO] [stdout] test core::server::proc::tests::test_kill_and_wait_should_kill_and_return_process_result ... ok
[INFO] [stdout] test core::transport::wire::input::decoder::tests::decode_fails_if_not_verified ... ok
[INFO] [stdout] test core::transport::crypto::nonce::cache::tests::encrypt_should_succeed_if_can_encrypt_buffer ... ok
[INFO] [stdout] test core::transport::wire::input::decoder::tests::decode_yields_combined_data_from_multiple_packets_if_complete ... ok
[INFO] [stdout] test core::transport::crypto::nonce::cache::tests::decrypt_should_fail_if_underlying_decrypt_fails ... ok
[INFO] [stdout] test core::transport::crypto::nonce::cache::tests::encrypt_should_fail_if_underlying_encrypt_fails ... ok
[INFO] [stdout] test core::transport::wire::input::decoder::tests::decode_yields_data_from_single_packet_if_complete ... ok
[INFO] [stdout] test core::transport::wire::input::decoder::tests::add_packet_fails_if_last_packet_already_added ... ok
[INFO] [stdout] test core::transport::crypto::noop::tests::decrypt_should_return_a_copy_of_input_data ... ok
[INFO] [stdout] test core::transport::wire::input::decoder::tests::verify_yields_false_if_empty ... ok
[INFO] [stdout] test core::transport::wire::input::decoder::tests::verify_yields_false_if_missing_first_packet ... ok
[INFO] [stdout] test core::transport::wire::input::decoder::tests::verify_yields_false_if_missing_inbetween_packet ... ok
[INFO] [stdout] test core::transport::wire::input::decoder::tests::verify_yields_false_if_missing_last_packet ... ok
[INFO] [stdout] test core::transport::wire::input::decoder::tests::verify_yields_true_if_have_all_packets ... ok
[INFO] [stdout] test core::transport::wire::input::tests::input_processor_process_should_fail_if_unable_to_add_packet_to_decoder ... ok
[INFO] [stdout] test core::transport::wire::input::tests::input_processor_process_should_fail_if_unable_to_convert_bytes_to_packet ... ok
[INFO] [stdout] test core::transport::crypto::aes::aes_siv_256::tests::encrypt_should_fail_if_nonce_is_wrong_size ... ok
[INFO] [stdout] test core::transport::wire::input::decoder::tests::remove_expired_should_only_retain_packet_groups_not_expired ... ok
[INFO] [stdout] test core::transport::wire::input::tests::input_processor_process_should_return_none_if_zero_bytes_received ... ok
[INFO] [stdout] test core::transport::wire::input::tests::input_processor_process_should_return_none_if_received_packet_does_not_complete_data ... ok
[INFO] [stdout] test core::transport::wire::input::tests::input_processor_process_should_return_some_data_if_received_packet_does_complete_data ... ok
[INFO] [stdout] test core::transport::wire::output::encoder::tests::fails_if_max_packet_size_is_too_low ... ok
[INFO] [stdout] test core::transport::wire::input::tests::crypt::input_processor_process_should_fail_if_unable_to_decrypt_data ... ok
[INFO] [stdout] test utils::delimiter::tests::delimiter_reader_should_fill_provided_buffer_if_found_delimiter ... ok
[INFO] [stdout] test core::transport::wire::input::tests::input_processor_process_should_remove_expired_packet_groups ... ok
[INFO] [stdout] test core::transport::wire::output::encoder::tests::produces_multiple_packets_with_data ... ok
[INFO] [stdout] test utils::either::tests::get_left_yields_none_if_right ... ok
[INFO] [stdout] test utils::either::tests::get_right_yields_some_value_if_right ... ok
[INFO] [stdout] test utils::either::tests::get_right_yields_none_if_left ... ok
[INFO] [stdout] test core::server::state::tests::remove_file_id_should_remove_id_without_closing_file_if_open ... ok
[INFO] [stdout] test utils::either::tests::get_left_yields_some_value_if_left ... ok
[INFO] [stdout] test utils::delimiter::tests::delimiter_reader_should_support_multiple_delimiters_being_encountered ... ok
[INFO] [stdout] test utils::delimiter::tests::delimiter_reader_should_support_data_less_than_max_size ... ok
[INFO] [stdout] test utils::delimiter::tests::delimiter_writer_should_send_all_bytes_and_append_the_delimiter ... ok
[INFO] [stdout] test utils::delimiter::tests::delimiter_reader_should_continue_using_internal_buffer_even_if_internal_reader_fails ... ok
[INFO] [stdout] test core::transport::wire::output::tests::crypt::output_processor_process_should_fail_if_unable_to_encrypt_data ... ok
[INFO] [stdout] test utils::delimiter::tests::delimiter_reader_should_support_multiple_delimited_chunks_in_one_read ... ok
[INFO] [stdout] test core::transport::wire::output::tests::output_processor_process_should_fail_if_unable_to_convert_bytes_to_packets ... ok
[INFO] [stdout] test core::transport::wire::output::tests::output_processor_process_should_return_signed_and_encrypted_serialized_packets ... ok
[INFO] [stdout] test utils::delimiter::tests::delimiter_reader_find_partial_delimiter_if_it_exists ... ok
[INFO] [stdout] test utils::delimiter::tests::delimiter_reader_should_support_data_more_than_max_size_by_truncating_earlier_data ... ok
[INFO] [stdout] test utils::ttl::tests::deref_should_yield_underlying_value ... ok
[INFO] [stdout] test utils::ttl::tests::from_should_use_underlying_value_and_produce_a_duration_of_zero ... ok
[INFO] [stdout] test utils::ttl::tests::has_expired_should_return_false_if_value_has_not_expired ... ok
[INFO] [stdout] test utils::ttl::tests::has_expired_should_return_true_if_value_has_expired ... ok
[INFO] [stdout] test utils::ttl::tests::into_should_return_ttl_if_type_is_duration ... ok
[INFO] [stdout] test utils::ttl::tests::touch_should_renew_lifetime_of_value ... ok
[INFO] [stdout] test utils::ttl::tests::partial_ord_should_use_underlying_value ... ok
[INFO] [stdout] test utils::ttl::tests::into_should_return_last_touched_if_type_is_instant ... ok
[INFO] [stdout] test utils::either::tests::is_left_yields_false_if_right ... ok
[INFO] [stdout] test utils::ttl::tests::clone_should_use_underlying_value ... ok
[INFO] [stdout] test utils::either::tests::is_left_yields_true_if_left ... ok
[INFO] [stdout] test utils::ttl::tests::hash_should_use_underlying_value ... ok
[INFO] [stdout] test utils::ttl::tests::copy_should_use_underlying_value ... ok
[INFO] [stdout] test utils::ttl::tests::deref_mut_should_yield_underlying_value ... ok
[INFO] [stdout] test utils::either::tests::is_right_yields_false_if_left ... ok
[INFO] [stdout] test utils::ttl::tests::partial_eq_should_use_underlying_value ... ok
[INFO] [stdout] test core::transport::wire::input::tests::input_processor_process_should_remove_the_decoder_packet_group_if_does_complete_data ... ok
[INFO] [stdout] test core::transport::wire::output::encoder::tests::produces_single_packet_with_data ... ok
[INFO] [stdout] test utils::delay::tests::delay_should_occur_even_if_instance_is_dropped ... ok
[INFO] [stdout] test utils::delay::tests::delay_cancel_should_do_nothing_if_delay_already_occurred ... ok
[INFO] [stdout] test utils::either::tests::is_right_yields_true_if_right ... ok
[INFO] [stdout] test utils::delay::tests::delay_should_occur_on_or_after_timeout ... ok
[INFO] [stdout] test utils::delay::tests::delay_should_not_occur_if_cancelled ... ok
[INFO] [stdout] test core::transport::wire::output::encoder::tests::produces_multiple_packets_respecting_size_constraints ... ok
[INFO] [stderr] error: test failed, to rerun pass '--lib'
[INFO] [stdout] test core::server::proc::tests::test_exit_status_should_return_some_status_if_exited ... FAILED
[INFO] [stdout] test core::server::proc::tests::test_write_stdin_should_write_contents_to_process ... FAILED
[INFO] [stdout] test core::server::proc::tests::test_read_stdout_should_not_return_content_returned_previously ... FAILED
[INFO] [stdout] test core::server::fs::file::tests::rename_should_move_file_to_another_location_by_path ... FAILED
[INFO] [stdout] 
[INFO] [stdout] failures:
[INFO] [stdout] 
[INFO] [stdout] ---- core::server::proc::tests::test_exit_status_should_return_some_status_if_exited stdout ----
[INFO] [stdout] thread 'core::server::proc::tests::test_exit_status_should_return_some_status_if_exited' panicked at 'Unexpectedly got no result', src/core/server/proc.rs:543:21
[INFO] [stdout] stack backtrace:
[INFO] [stdout]    0:     0x55a8a5abeff0 - std::backtrace_rs::backtrace::libunwind::trace::h34055254b57d8e79
[INFO] [stdout]                                at /rustc/a178d0322ce20e33eac124758e837cbd80a6f633/library/std/src/../../backtrace/src/backtrace/libunwind.rs:90:5
[INFO] [stdout]    1:     0x55a8a5abeff0 - std::backtrace_rs::backtrace::trace_unsynchronized::h8f1e3fbd9afff6ec
[INFO] [stdout]                                at /rustc/a178d0322ce20e33eac124758e837cbd80a6f633/library/std/src/../../backtrace/src/backtrace/mod.rs:66:5
[INFO] [stdout]    2:     0x55a8a5abeff0 - std::sys_common::backtrace::_print_fmt::h3a99a796b770c360
[INFO] [stdout]                                at /rustc/a178d0322ce20e33eac124758e837cbd80a6f633/library/std/src/sys_common/backtrace.rs:67:5
[INFO] [stdout]    3:     0x55a8a5abeff0 - <std::sys_common::backtrace::_print::DisplayBacktrace as core::fmt::Display>::fmt::h32d1f94a80615d18
[INFO] [stdout]                                at /rustc/a178d0322ce20e33eac124758e837cbd80a6f633/library/std/src/sys_common/backtrace.rs:46:22
[INFO] [stdout]    4:     0x55a8a5ae51bc - core::fmt::write::h306731c068f7162c
[INFO] [stdout]                                at /rustc/a178d0322ce20e33eac124758e837cbd80a6f633/library/core/src/fmt/mod.rs:1110:17
[INFO] [stdout]    5:     0x55a8a5ab85c5 - std::io::Write::write_fmt::h87f19b0a2cd190bc
[INFO] [stdout]                                at /rustc/a178d0322ce20e33eac124758e837cbd80a6f633/library/std/src/io/mod.rs:1588:15
[INFO] [stdout]    6:     0x55a8a5ac17db - std::sys_common::backtrace::_print::h5abaa2601a852287
[INFO] [stdout]                                at /rustc/a178d0322ce20e33eac124758e837cbd80a6f633/library/std/src/sys_common/backtrace.rs:49:5
[INFO] [stdout]    7:     0x55a8a5ac17db - std::sys_common::backtrace::print::h8d81445442bb638f
[INFO] [stdout]                                at /rustc/a178d0322ce20e33eac124758e837cbd80a6f633/library/std/src/sys_common/backtrace.rs:36:9
[INFO] [stdout]    8:     0x55a8a5ac17db - std::panicking::default_hook::{{closure}}::hcfe804496a9fa747
[INFO] [stdout]                                at /rustc/a178d0322ce20e33eac124758e837cbd80a6f633/library/std/src/panicking.rs:208:50
[INFO] [stdout]    9:     0x55a8a5ac12ec - std::panicking::default_hook::hbea8e3ccf2ba8901
[INFO] [stdout]                                at /rustc/a178d0322ce20e33eac124758e837cbd80a6f633/library/std/src/panicking.rs:222:9
[INFO] [stdout]   10:     0x55a8a5ac1ea4 - std::panicking::rust_panic_with_hook::h7ee9e1a2d0f8975a
[INFO] [stdout]                                at /rustc/a178d0322ce20e33eac124758e837cbd80a6f633/library/std/src/panicking.rs:622:17
[INFO] [stdout]   11:     0x55a8a5941e83 - std::panicking::begin_panic::{{closure}}::h6a0e8b9d9ce761ae
[INFO] [stdout]                                at /rustc/a178d0322ce20e33eac124758e837cbd80a6f633/library/std/src/panicking.rs:542:9
[INFO] [stdout]   12:     0x55a8a5944029 - std::sys_common::backtrace::__rust_end_short_backtrace::ha8426ab7e562fb62
[INFO] [stdout]                                at /rustc/a178d0322ce20e33eac124758e837cbd80a6f633/library/std/src/sys_common/backtrace.rs:141:18
[INFO] [stdout]   13:     0x55a8a5941db9 - std::panicking::begin_panic::h30e6e815b87d9647
[INFO] [stdout]                                at /rustc/a178d0322ce20e33eac124758e837cbd80a6f633/library/std/src/panicking.rs:541:12
[INFO] [stdout]   14:     0x55a8a5789aee - over_there::core::server::proc::tests::test_exit_status_should_return_some_status_if_exited::{{closure}}::h8fd42422c8e04394
[INFO] [stdout]                                at /opt/rustwide/workdir/src/core/server/proc.rs:543:21
[INFO] [stdout]   15:     0x55a8a5600d49 - <core::future::from_generator::GenFuture<T> as core::future::future::Future>::poll::h3e667c6c1d4d3513
[INFO] [stdout]                                at /rustc/a178d0322ce20e33eac124758e837cbd80a6f633/library/core/src/future/mod.rs:80:19
[INFO] [stdout]   16:     0x55a8a582c1d0 - tokio::runtime::basic_scheduler::BasicScheduler<P>::block_on::hcd899a151bfebf0c
[INFO] [stdout]                                at /opt/rustwide/cargo-home/registry/src/github.com-1ecc6299db9ec823/tokio-0.2.13/src/runtime/basic_scheduler.rs:138:31
[INFO] [stdout]   17:     0x55a8a55bffb4 - tokio::runtime::Runtime::block_on::{{closure}}::haafe29d7ff01774a
[INFO] [stdout]                                at /opt/rustwide/cargo-home/registry/src/github.com-1ecc6299db9ec823/tokio-0.2.13/src/runtime/mod.rs:413:34
[INFO] [stdout]   18:     0x55a8a579546d - tokio::runtime::context::enter::h22136e5a8b7b3a98
[INFO] [stdout]                                at /opt/rustwide/cargo-home/registry/src/github.com-1ecc6299db9ec823/tokio-0.2.13/src/runtime/context.rs:72:5
[INFO] [stdout]   19:     0x55a8a53d759a - tokio::runtime::handle::Handle::enter::he9593ef746c8f90a
[INFO] [stdout]                                at /opt/rustwide/cargo-home/registry/src/github.com-1ecc6299db9ec823/tokio-0.2.13/src/runtime/handle.rs:34:9
[INFO] [stdout]   20:     0x55a8a55bb03f - tokio::runtime::Runtime::block_on::hc95a57610ff54c06
[INFO] [stdout]                                at /opt/rustwide/cargo-home/registry/src/github.com-1ecc6299db9ec823/tokio-0.2.13/src/runtime/mod.rs:410:9
[INFO] [stdout]   21:     0x55a8a5789375 - over_there::core::server::proc::tests::test_exit_status_should_return_some_status_if_exited::ha7903e066260a2ce
[INFO] [stdout]                                at /opt/rustwide/workdir/src/core/server/proc.rs:526:5
[INFO] [stdout]   22:     0x55a8a578928a - over_there::core::server::proc::tests::test_exit_status_should_return_some_status_if_exited::{{closure}}::h939cf28c2bc799c3
[INFO] [stdout]                                at /opt/rustwide/workdir/src/core/server/proc.rs:526:5
[INFO] [stdout]   23:     0x55a8a54e998e - core::ops::function::FnOnce::call_once::h419baba2e3373cb1
[INFO] [stdout]                                at /rustc/a178d0322ce20e33eac124758e837cbd80a6f633/library/core/src/ops/function.rs:227:5
[INFO] [stdout]   24:     0x55a8a58adc03 - core::ops::function::FnOnce::call_once::h152e7e439ff59e19
[INFO] [stdout]                                at /rustc/a178d0322ce20e33eac124758e837cbd80a6f633/library/core/src/ops/function.rs:227:5
[INFO] [stdout]   25:     0x55a8a58adc03 - test::__rust_begin_short_backtrace::h0908f3b1fdbb72ab
[INFO] [stdout]                                at /rustc/a178d0322ce20e33eac124758e837cbd80a6f633/library/test/src/lib.rs:577:5
[INFO] [stdout]   26:     0x55a8a58ac6c0 - <alloc::boxed::Box<F,A> as core::ops::function::FnOnce<Args>>::call_once::hf6d2a51e5587546c
[INFO] [stdout]                                at /rustc/a178d0322ce20e33eac124758e837cbd80a6f633/library/alloc/src/boxed.rs:1575:9
[INFO] [stdout]   27:     0x55a8a58ac6c0 - <std::panic::AssertUnwindSafe<F> as core::ops::function::FnOnce<()>>::call_once::h8af660f3a89ef593
[INFO] [stdout]                                at /rustc/a178d0322ce20e33eac124758e837cbd80a6f633/library/std/src/panic.rs:347:9
[INFO] [stdout]   28:     0x55a8a58ac6c0 - std::panicking::try::do_call::hd36aef60f84b6d36
[INFO] [stdout]                                at /rustc/a178d0322ce20e33eac124758e837cbd80a6f633/library/std/src/panicking.rs:401:40
[INFO] [stdout]   29:     0x55a8a58ac6c0 - std::panicking::try::h9932b4480e69817c
[INFO] [stdout]                                at /rustc/a178d0322ce20e33eac124758e837cbd80a6f633/library/std/src/panicking.rs:365:19
[INFO] [stdout]   30:     0x55a8a58ac6c0 - std::panic::catch_unwind::h6aa177099cfff5f8
[INFO] [stdout]                                at /rustc/a178d0322ce20e33eac124758e837cbd80a6f633/library/std/src/panic.rs:434:14
[INFO] [stdout]   31:     0x55a8a58ac6c0 - test::run_test_in_process::h5884d6f2d99e20c3
[INFO] [stdout]                                at /rustc/a178d0322ce20e33eac124758e837cbd80a6f633/library/test/src/lib.rs:600:18
[INFO] [stdout]   32:     0x55a8a58ac6c0 - test::run_test::run_test_inner::{{closure}}::h6fdc58c6d5f5b6e3
[INFO] [stdout]                                at /rustc/a178d0322ce20e33eac124758e837cbd80a6f633/library/test/src/lib.rs:492:39
[INFO] [stdout]   33:     0x55a8a5885d72 - test::run_test::run_test_inner::{{closure}}::h408365d67a78ade8
[INFO] [stdout]                                at /rustc/a178d0322ce20e33eac124758e837cbd80a6f633/library/test/src/lib.rs:519:37
[INFO] [stdout]   34:     0x55a8a5885d72 - std::sys_common::backtrace::__rust_begin_short_backtrace::hb560b77c4f701523
[INFO] [stdout]                                at /rustc/a178d0322ce20e33eac124758e837cbd80a6f633/library/std/src/sys_common/backtrace.rs:125:18
[INFO] [stdout]   35:     0x55a8a5889928 - std::thread::Builder::spawn_unchecked::{{closure}}::{{closure}}::hf2e7831dad93c597
[INFO] [stdout]                                at /rustc/a178d0322ce20e33eac124758e837cbd80a6f633/library/std/src/thread/mod.rs:481:17
[INFO] [stdout]   36:     0x55a8a5889928 - <std::panic::AssertUnwindSafe<F> as core::ops::function::FnOnce<()>>::call_once::hd2e08783d8be4d02
[INFO] [stdout]                                at /rustc/a178d0322ce20e33eac124758e837cbd80a6f633/library/std/src/panic.rs:347:9
[INFO] [stdout]   37:     0x55a8a5889928 - std::panicking::try::do_call::h062597b7acfd6b82
[INFO] [stdout]                                at /rustc/a178d0322ce20e33eac124758e837cbd80a6f633/library/std/src/panicking.rs:401:40
[INFO] [stdout]   38:     0x55a8a5889928 - std::panicking::try::h0d7b79db04c14552
[INFO] [stdout]                                at /rustc/a178d0322ce20e33eac124758e837cbd80a6f633/library/std/src/panicking.rs:365:19
[INFO] [stdout]   39:     0x55a8a5889928 - std::panic::catch_unwind::hb01a0b5e7c8cd43b
[INFO] [stdout]                                at /rustc/a178d0322ce20e33eac124758e837cbd80a6f633/library/std/src/panic.rs:434:14
[INFO] [stdout]   40:     0x55a8a5889928 - std::thread::Builder::spawn_unchecked::{{closure}}::h5bde48cc887e0d1e
[INFO] [stdout]                                at /rustc/a178d0322ce20e33eac124758e837cbd80a6f633/library/std/src/thread/mod.rs:480:30
[INFO] [stdout]   41:     0x55a8a5889928 - core::ops::function::FnOnce::call_once{{vtable.shim}}::h745ea30807a29e55
[INFO] [stdout]                                at /rustc/a178d0322ce20e33eac124758e837cbd80a6f633/library/core/src/ops/function.rs:227:5
[INFO] [stdout]   42:     0x55a8a5ac8157 - <alloc::boxed::Box<F,A> as core::ops::function::FnOnce<Args>>::call_once::h7ece6cfefaff1005
[INFO] [stdout]                                at /rustc/a178d0322ce20e33eac124758e837cbd80a6f633/library/alloc/src/boxed.rs:1575:9
[INFO] [stdout]   43:     0x55a8a5ac8157 - <alloc::boxed::Box<F,A> as core::ops::function::FnOnce<Args>>::call_once::hb8b48e55c21f193e
[INFO] [stdout]                                at /rustc/a178d0322ce20e33eac124758e837cbd80a6f633/library/alloc/src/boxed.rs:1575:9
[INFO] [stdout]   44:     0x55a8a5ac8157 - std::sys::unix::thread::Thread::new::thread_start::h8c7c4450dba62914
[INFO] [stdout]                                at /rustc/a178d0322ce20e33eac124758e837cbd80a6f633/library/std/src/sys/unix/thread.rs:71:17
[INFO] [stdout]   45:     0x7f0a1c315609 - start_thread
[INFO] [stdout]   46:     0x7f0a1c0e7293 - clone
[INFO] [stdout]   47:                0x0 - <unknown>
[INFO] [stdout] 
[INFO] [stdout] ---- core::server::proc::tests::test_write_stdin_should_write_contents_to_process stdout ----
[INFO] [stdout] thread 'core::server::proc::tests::test_write_stdin_should_write_contents_to_process' panicked at 'Failed to write to file: deadline has elapsed', src/core/server/proc.rs:269:31
[INFO] [stdout] stack backtrace:
[INFO] [stdout]    0:     0x55a8a5abeff0 - std::backtrace_rs::backtrace::libunwind::trace::h34055254b57d8e79
[INFO] [stdout]                                at /rustc/a178d0322ce20e33eac124758e837cbd80a6f633/library/std/src/../../backtrace/src/backtrace/libunwind.rs:90:5
[INFO] [stdout]    1:     0x55a8a5abeff0 - std::backtrace_rs::backtrace::trace_unsynchronized::h8f1e3fbd9afff6ec
[INFO] [stdout]                                at /rustc/a178d0322ce20e33eac124758e837cbd80a6f633/library/std/src/../../backtrace/src/backtrace/mod.rs:66:5
[INFO] [stdout]    2:     0x55a8a5abeff0 - std::sys_common::backtrace::_print_fmt::h3a99a796b770c360
[INFO] [stdout]                                at /rustc/a178d0322ce20e33eac124758e837cbd80a6f633/library/std/src/sys_common/backtrace.rs:67:5
[INFO] [stdout]    3:     0x55a8a5abeff0 - <std::sys_common::backtrace::_print::DisplayBacktrace as core::fmt::Display>::fmt::h32d1f94a80615d18
[INFO] [stdout]                                at /rustc/a178d0322ce20e33eac124758e837cbd80a6f633/library/std/src/sys_common/backtrace.rs:46:22
[INFO] [stdout]    4:     0x55a8a5ae51bc - core::fmt::write::h306731c068f7162c
[INFO] [stdout]                                at /rustc/a178d0322ce20e33eac124758e837cbd80a6f633/library/core/src/fmt/mod.rs:1110:17
[INFO] [stdout]    5:     0x55a8a5ab85c5 - std::io::Write::write_fmt::h87f19b0a2cd190bc
[INFO] [stdout]                                at /rustc/a178d0322ce20e33eac124758e837cbd80a6f633/library/std/src/io/mod.rs:1588:15
[INFO] [stdout]    6:     0x55a8a5ac17db - std::sys_common::backtrace::_print::h5abaa2601a852287
[INFO] [stdout]                                at /rustc/a178d0322ce20e33eac124758e837cbd80a6f633/library/std/src/sys_common/backtrace.rs:49:5
[INFO] [stdout]    7:     0x55a8a5ac17db - std::sys_common::backtrace::print::h8d81445442bb638f
[INFO] [stdout]                                at /rustc/a178d0322ce20e33eac124758e837cbd80a6f633/library/std/src/sys_common/backtrace.rs:36:9
[INFO] [stdout]    8:     0x55a8a5ac17db - std::panicking::default_hook::{{closure}}::hcfe804496a9fa747
[INFO] [stdout]                                at /rustc/a178d0322ce20e33eac124758e837cbd80a6f633/library/std/src/panicking.rs:208:50
[INFO] [stdout]    9:     0x55a8a5ac12ec - std::panicking::default_hook::hbea8e3ccf2ba8901
[INFO] [stdout]                                at /rustc/a178d0322ce20e33eac124758e837cbd80a6f633/library/std/src/panicking.rs:222:9
[INFO] [stdout]   10:     0x55a8a5ac1ea4 - std::panicking::rust_panic_with_hook::h7ee9e1a2d0f8975a
[INFO] [stdout]                                at /rustc/a178d0322ce20e33eac124758e837cbd80a6f633/library/std/src/panicking.rs:622:17
[INFO] [stdout]   11:     0x55a8a5ac1987 - std::panicking::begin_panic_handler::{{closure}}::h8ab3b4491718b2c7
[INFO] [stdout]                                at /rustc/a178d0322ce20e33eac124758e837cbd80a6f633/library/std/src/panicking.rs:519:13
[INFO] [stdout]   12:     0x55a8a5abf4ec - std::sys_common::backtrace::__rust_end_short_backtrace::hd489062ffa586a9f
[INFO] [stdout]                                at /rustc/a178d0322ce20e33eac124758e837cbd80a6f633/library/std/src/sys_common/backtrace.rs:141:18
[INFO] [stdout]   13:     0x55a8a5ac18e9 - rust_begin_unwind
[INFO] [stdout]                                at /rustc/a178d0322ce20e33eac124758e837cbd80a6f633/library/std/src/panicking.rs:515:5
[INFO] [stdout]   14:     0x55a8a53a7f4b - std::panicking::begin_panic_fmt::h5479575e112541f8
[INFO] [stdout]                                at /rustc/a178d0322ce20e33eac124758e837cbd80a6f633/library/std/src/panicking.rs:457:5
[INFO] [stdout]   15:     0x55a8a57834f4 - over_there::core::server::proc::tests::test_write_stdin_should_write_contents_to_process::{{closure}}::ha3f03e8a5bfb3646
[INFO] [stdout]                                at /opt/rustwide/workdir/src/core/server/proc.rs:269:31
[INFO] [stdout]   16:     0x55a8a56002e9 - <core::future::from_generator::GenFuture<T> as core::future::future::Future>::poll::h34e057db2b3f227a
[INFO] [stdout]                                at /rustc/a178d0322ce20e33eac124758e837cbd80a6f633/library/core/src/future/mod.rs:80:19
[INFO] [stdout]   17:     0x55a8a5825bd0 - tokio::runtime::basic_scheduler::BasicScheduler<P>::block_on::h96190bc69e01898c
[INFO] [stdout]                                at /opt/rustwide/cargo-home/registry/src/github.com-1ecc6299db9ec823/tokio-0.2.13/src/runtime/basic_scheduler.rs:138:31
[INFO] [stdout]   18:     0x55a8a55bd7b4 - tokio::runtime::Runtime::block_on::{{closure}}::h386d01b6407ae90c
[INFO] [stdout]                                at /opt/rustwide/cargo-home/registry/src/github.com-1ecc6299db9ec823/tokio-0.2.13/src/runtime/mod.rs:413:34
[INFO] [stdout]   19:     0x55a8a5795a6d - tokio::runtime::context::enter::h26e9438040a87127
[INFO] [stdout]                                at /opt/rustwide/cargo-home/registry/src/github.com-1ecc6299db9ec823/tokio-0.2.13/src/runtime/context.rs:72:5
[INFO] [stdout]   20:     0x55a8a53d6108 - tokio::runtime::handle::Handle::enter::haf17b7511750e1b4
[INFO] [stdout]                                at /opt/rustwide/cargo-home/registry/src/github.com-1ecc6299db9ec823/tokio-0.2.13/src/runtime/handle.rs:34:9
[INFO] [stdout]   21:     0x55a8a55ba33d - tokio::runtime::Runtime::block_on::h7c5ff69526871b23
[INFO] [stdout]                                at /opt/rustwide/cargo-home/registry/src/github.com-1ecc6299db9ec823/tokio-0.2.13/src/runtime/mod.rs:410:9
[INFO] [stdout]   22:     0x55a8a5782535 - over_there::core::server::proc::tests::test_write_stdin_should_write_contents_to_process::h74b6e23e9ddff2a7
[INFO] [stdout]                                at /opt/rustwide/workdir/src/core/server/proc.rs:237:5
[INFO] [stdout]   23:     0x55a8a578244a - over_there::core::server::proc::tests::test_write_stdin_should_write_contents_to_process::{{closure}}::h7d981363905b4034
[INFO] [stdout]                                at /opt/rustwide/workdir/src/core/server/proc.rs:237:5
[INFO] [stdout]   24:     0x55a8a54ecd8e - core::ops::function::FnOnce::call_once::hba5fe30f76cb51d7
[INFO] [stdout]                                at /rustc/a178d0322ce20e33eac124758e837cbd80a6f633/library/core/src/ops/function.rs:227:5
[INFO] [stdout]   25:     0x55a8a58adc03 - core::ops::function::FnOnce::call_once::h152e7e439ff59e19
[INFO] [stdout]                                at /rustc/a178d0322ce20e33eac124758e837cbd80a6f633/library/core/src/ops/function.rs:227:5
[INFO] [stdout]   26:     0x55a8a58adc03 - test::__rust_begin_short_backtrace::h0908f3b1fdbb72ab
[INFO] [stdout]                                at /rustc/a178d0322ce20e33eac124758e837cbd80a6f633/library/test/src/lib.rs:577:5
[INFO] [stdout]   27:     0x55a8a58ac6c0 - <alloc::boxed::Box<F,A> as core::ops::function::FnOnce<Args>>::call_once::hf6d2a51e5587546c
[INFO] [stdout]                                at /rustc/a178d0322ce20e33eac124758e837cbd80a6f633/library/alloc/src/boxed.rs:1575:9
[INFO] [stdout]   28:     0x55a8a58ac6c0 - <std::panic::AssertUnwindSafe<F> as core::ops::function::FnOnce<()>>::call_once::h8af660f3a89ef593
[INFO] [stdout]                                at /rustc/a178d0322ce20e33eac124758e837cbd80a6f633/library/std/src/panic.rs:347:9
[INFO] [stdout]   29:     0x55a8a58ac6c0 - std::panicking::try::do_call::hd36aef60f84b6d36
[INFO] [stdout]                                at /rustc/a178d0322ce20e33eac124758e837cbd80a6f633/library/std/src/panicking.rs:401:40
[INFO] [stdout]   30:     0x55a8a58ac6c0 - std::panicking::try::h9932b4480e69817c
[INFO] [stdout]                                at /rustc/a178d0322ce20e33eac124758e837cbd80a6f633/library/std/src/panicking.rs:365:19
[INFO] [stdout]   31:     0x55a8a58ac6c0 - std::panic::catch_unwind::h6aa177099cfff5f8
[INFO] [stdout]                                at /rustc/a178d0322ce20e33eac124758e837cbd80a6f633/library/std/src/panic.rs:434:14
[INFO] [stdout]   32:     0x55a8a58ac6c0 - test::run_test_in_process::h5884d6f2d99e20c3
[INFO] [stdout]                                at /rustc/a178d0322ce20e33eac124758e837cbd80a6f633/library/test/src/lib.rs:600:18
[INFO] [stdout]   33:     0x55a8a58ac6c0 - test::run_test::run_test_inner::{{closure}}::h6fdc58c6d5f5b6e3
[INFO] [stdout]                                at /rustc/a178d0322ce20e33eac124758e837cbd80a6f633/library/test/src/lib.rs:492:39
[INFO] [stdout]   34:     0x55a8a5885d72 - test::run_test::run_test_inner::{{closure}}::h408365d67a78ade8
[INFO] [stdout]                                at /rustc/a178d0322ce20e33eac124758e837cbd80a6f633/library/test/src/lib.rs:519:37
[INFO] [stdout]   35:     0x55a8a5885d72 - std::sys_common::backtrace::__rust_begin_short_backtrace::hb560b77c4f701523
[INFO] [stdout]                                at /rustc/a178d0322ce20e33eac124758e837cbd80a6f633/library/std/src/sys_common/backtrace.rs:125:18
[INFO] [stdout]   36:     0x55a8a5889928 - std::thread::Builder::spawn_unchecked::{{closure}}::{{closure}}::hf2e7831dad93c597
[INFO] [stdout]                                at /rustc/a178d0322ce20e33eac124758e837cbd80a6f633/library/std/src/thread/mod.rs:481:17
[INFO] [stdout]   37:     0x55a8a5889928 - <std::panic::AssertUnwindSafe<F> as core::ops::function::FnOnce<()>>::call_once::hd2e08783d8be4d02
[INFO] [stdout]                                at /rustc/a178d0322ce20e33eac124758e837cbd80a6f633/library/std/src/panic.rs:347:9
[INFO] [stdout]   38:     0x55a8a5889928 - std::panicking::try::do_call::h062597b7acfd6b82
[INFO] [stdout]                                at /rustc/a178d0322ce20e33eac124758e837cbd80a6f633/library/std/src/panicking.rs:401:40
[INFO] [stdout]   39:     0x55a8a5889928 - std::panicking::try::h0d7b79db04c14552
[INFO] [stdout]                                at /rustc/a178d0322ce20e33eac124758e837cbd80a6f633/library/std/src/panicking.rs:365:19
[INFO] [stdout]   40:     0x55a8a5889928 - std::panic::catch_unwind::hb01a0b5e7c8cd43b
[INFO] [stdout]                                at /rustc/a178d0322ce20e33eac124758e837cbd80a6f633/library/std/src/panic.rs:434:14
[INFO] [stdout]   41:     0x55a8a5889928 - std::thread::Builder::spawn_unchecked::{{closure}}::h5bde48cc887e0d1e
[INFO] [stdout]                                at /rustc/a178d0322ce20e33eac124758e837cbd80a6f633/library/std/src/thread/mod.rs:480:30
[INFO] [stdout]   42:     0x55a8a5889928 - core::ops::function::FnOnce::call_once{{vtable.shim}}::h745ea30807a29e55
[INFO] [stdout]                                at /rustc/a178d0322ce20e33eac124758e837cbd80a6f633/library/core/src/ops/function.rs:227:5
[INFO] [stdout]   43:     0x55a8a5ac8157 - <alloc::boxed::Box<F,A> as core::ops::function::FnOnce<Args>>::call_once::h7ece6cfefaff1005
[INFO] [stdout]                                at /rustc/a178d0322ce20e33eac124758e837cbd80a6f633/library/alloc/src/boxed.rs:1575:9
[INFO] [stdout]   44:     0x55a8a5ac8157 - <alloc::boxed::Box<F,A> as core::ops::function::FnOnce<Args>>::call_once::hb8b48e55c21f193e
[INFO] [stdout]                                at /rustc/a178d0322ce20e33eac124758e837cbd80a6f633/library/alloc/src/boxed.rs:1575:9
[INFO] [stdout]   45:     0x55a8a5ac8157 - std::sys::unix::thread::Thread::new::thread_start::h8c7c4450dba62914
[INFO] [stdout]                                at /rustc/a178d0322ce20e33eac124758e837cbd80a6f633/library/std/src/sys/unix/thread.rs:71:17
[INFO] [stdout]   46:     0x7f0a1c315609 - start_thread
[INFO] [stdout]   47:     0x7f0a1c0e7293 - clone
[INFO] [stdout]   48:                0x0 - <unknown>
[INFO] [stdout] 
[INFO] [stdout] ---- core::server::proc::tests::test_read_stdout_should_not_return_content_returned_previously stdout ----
[INFO] [stdout] thread 'core::server::proc::tests::test_read_stdout_should_not_return_content_returned_previously' panicked at 'called `Result::unwrap()` on an `Err` value: Elapsed(())', src/core/server/proc.rs:346:14
[INFO] [stdout] stack backtrace:
[INFO] [stdout]    0:     0x55a8a5abeff0 - std::backtrace_rs::backtrace::libunwind::trace::h34055254b57d8e79
[INFO] [stdout]                                at /rustc/a178d0322ce20e33eac124758e837cbd80a6f633/library/std/src/../../backtrace/src/backtrace/libunwind.rs:90:5
[INFO] [stdout]    1:     0x55a8a5abeff0 - std::backtrace_rs::backtrace::trace_unsynchronized::h8f1e3fbd9afff6ec
[INFO] [stdout]                                at /rustc/a178d0322ce20e33eac124758e837cbd80a6f633/library/std/src/../../backtrace/src/backtrace/mod.rs:66:5
[INFO] [stdout]    2:     0x55a8a5abeff0 - std::sys_common::backtrace::_print_fmt::h3a99a796b770c360
[INFO] [stdout]                                at /rustc/a178d0322ce20e33eac124758e837cbd80a6f633/library/std/src/sys_common/backtrace.rs:67:5
[INFO] [stdout]    3:     0x55a8a5abeff0 - <std::sys_common::backtrace::_print::DisplayBacktrace as core::fmt::Display>::fmt::h32d1f94a80615d18
[INFO] [stdout]                                at /rustc/a178d0322ce20e33eac124758e837cbd80a6f633/library/std/src/sys_common/backtrace.rs:46:22
[INFO] [stdout]    4:     0x55a8a5ae51bc - core::fmt::write::h306731c068f7162c
[INFO] [stdout]                                at /rustc/a178d0322ce20e33eac124758e837cbd80a6f633/library/core/src/fmt/mod.rs:1110:17
[INFO] [stdout]    5:     0x55a8a5ab85c5 - std::io::Write::write_fmt::h87f19b0a2cd190bc
[INFO] [stdout]                                at /rustc/a178d0322ce20e33eac124758e837cbd80a6f633/library/std/src/io/mod.rs:1588:15
[INFO] [stdout]    6:     0x55a8a5ac17db - std::sys_common::backtrace::_print::h5abaa2601a852287
[INFO] [stdout]                                at /rustc/a178d0322ce20e33eac124758e837cbd80a6f633/library/std/src/sys_common/backtrace.rs:49:5
[INFO] [stdout]    7:     0x55a8a5ac17db - std::sys_common::backtrace::print::h8d81445442bb638f
[INFO] [stdout]                                at /rustc/a178d0322ce20e33eac124758e837cbd80a6f633/library/std/src/sys_common/backtrace.rs:36:9
[INFO] [stdout]    8:     0x55a8a5ac17db - std::panicking::default_hook::{{closure}}::hcfe804496a9fa747
[INFO] [stdout]                                at /rustc/a178d0322ce20e33eac124758e837cbd80a6f633/library/std/src/panicking.rs:208:50
[INFO] [stdout]    9:     0x55a8a5ac12ec - std::panicking::default_hook::hbea8e3ccf2ba8901
[INFO] [stdout]                                at /rustc/a178d0322ce20e33eac124758e837cbd80a6f633/library/std/src/panicking.rs:222:9
[INFO] [stdout]   10:     0x55a8a5ac1ea4 - std::panicking::rust_panic_with_hook::h7ee9e1a2d0f8975a
[INFO] [stdout]                                at /rustc/a178d0322ce20e33eac124758e837cbd80a6f633/library/std/src/panicking.rs:622:17
[INFO] [stdout]   11:     0x55a8a5ac1987 - std::panicking::begin_panic_handler::{{closure}}::h8ab3b4491718b2c7
[INFO] [stdout]                                at /rustc/a178d0322ce20e33eac124758e837cbd80a6f633/library/std/src/panicking.rs:519:13
[INFO] [stdout]   12:     0x55a8a5abf4ec - std::sys_common::backtrace::__rust_end_short_backtrace::hd489062ffa586a9f
[INFO] [stdout]                                at /rustc/a178d0322ce20e33eac124758e837cbd80a6f633/library/std/src/sys_common/backtrace.rs:141:18
[INFO] [stdout]   13:     0x55a8a5ac18e9 - rust_begin_unwind
[INFO] [stdout]                                at /rustc/a178d0322ce20e33eac124758e837cbd80a6f633/library/std/src/panicking.rs:515:5
[INFO] [stdout]   14:     0x55a8a53a8bd1 - core::panicking::panic_fmt::hca6330e3e14086b4
[INFO] [stdout]                                at /rustc/a178d0322ce20e33eac124758e837cbd80a6f633/library/core/src/panicking.rs:92:14
[INFO] [stdout]   15:     0x55a8a53a8cc3 - core::result::unwrap_failed::h6160d2b4bfbb0e87
[INFO] [stdout]                                at /rustc/a178d0322ce20e33eac124758e837cbd80a6f633/library/core/src/result.rs:1355:5
[INFO] [stdout]   16:     0x55a8a576163b - core::result::Result<T,E>::unwrap::hd3e8a38026bc3979
[INFO] [stdout]                                at /rustc/a178d0322ce20e33eac124758e837cbd80a6f633/library/core/src/result.rs:1037:23
[INFO] [stdout]   17:     0x55a8a5785209 - over_there::core::server::proc::tests::test_read_stdout_should_not_return_content_returned_previously::{{closure}}::h1fda92a806dcc826
[INFO] [stdout]                                at /opt/rustwide/workdir/src/core/server/proc.rs:328:14
[INFO] [stdout]   18:     0x55a8a56026c9 - <core::future::from_generator::GenFuture<T> as core::future::future::Future>::poll::h554a6aa9c2e1aae6
[INFO] [stdout]                                at /rustc/a178d0322ce20e33eac124758e837cbd80a6f633/library/core/src/future/mod.rs:80:19
[INFO] [stdout]   19:     0x55a8a582e8d0 - tokio::runtime::basic_scheduler::BasicScheduler<P>::block_on::he69e16669674974a
[INFO] [stdout]                                at /opt/rustwide/cargo-home/registry/src/github.com-1ecc6299db9ec823/tokio-0.2.13/src/runtime/basic_scheduler.rs:138:31
[INFO] [stdout]   20:     0x55a8a55c1d64 - tokio::runtime::Runtime::block_on::{{closure}}::hfd292c11ae8b10b4
[INFO] [stdout]                                at /opt/rustwide/cargo-home/registry/src/github.com-1ecc6299db9ec823/tokio-0.2.13/src/runtime/mod.rs:413:34
[INFO] [stdout]   21:     0x55a8a579766d - tokio::runtime::context::enter::h5d405c09b614d24f
[INFO] [stdout]                                at /opt/rustwide/cargo-home/registry/src/github.com-1ecc6299db9ec823/tokio-0.2.13/src/runtime/context.rs:72:5
[INFO] [stdout]   22:     0x55a8a53d7bfa - tokio::runtime::handle::Handle::enter::hfb2c956a2d86a765
[INFO] [stdout]                                at /opt/rustwide/cargo-home/registry/src/github.com-1ecc6299db9ec823/tokio-0.2.13/src/runtime/handle.rs:34:9
[INFO] [stdout]   23:     0x55a8a55b869f - tokio::runtime::Runtime::block_on::h0047342542310bcc
[INFO] [stdout]                                at /opt/rustwide/cargo-home/registry/src/github.com-1ecc6299db9ec823/tokio-0.2.13/src/runtime/mod.rs:410:9
[INFO] [stdout]   24:     0x55a8a5784775 - over_there::core::server::proc::tests::test_read_stdout_should_not_return_content_returned_previously::he23a2c5c6d210445
[INFO] [stdout]                                at /opt/rustwide/workdir/src/core/server/proc.rs:314:5
[INFO] [stdout]   25:     0x55a8a578468a - over_there::core::server::proc::tests::test_read_stdout_should_not_return_content_returned_previously::{{closure}}::h3db752fcbb47f626
[INFO] [stdout]                                at /opt/rustwide/workdir/src/core/server/proc.rs:314:5
[INFO] [stdout]   26:     0x55a8a54e92fe - core::ops::function::FnOnce::call_once::h39eb102706d28d6d
[INFO] [stdout]                                at /rustc/a178d0322ce20e33eac124758e837cbd80a6f633/library/core/src/ops/function.rs:227:5
[INFO] [stdout]   27:     0x55a8a58adc03 - core::ops::function::FnOnce::call_once::h152e7e439ff59e19
[INFO] [stdout]                                at /rustc/a178d0322ce20e33eac124758e837cbd80a6f633/library/core/src/ops/function.rs:227:5
[INFO] [stdout]   28:     0x55a8a58adc03 - test::__rust_begin_short_backtrace::h0908f3b1fdbb72ab
[INFO] [stdout]                                at /rustc/a178d0322ce20e33eac124758e837cbd80a6f633/library/test/src/lib.rs:577:5
[INFO] [stdout]   29:     0x55a8a58ac6c0 - <alloc::boxed::Box<F,A> as core::ops::function::FnOnce<Args>>::call_once::hf6d2a51e5587546c
[INFO] [stdout]                                at /rustc/a178d0322ce20e33eac124758e837cbd80a6f633/library/alloc/src/boxed.rs:1575:9
[INFO] [stdout]   30:     0x55a8a58ac6c0 - <std::panic::AssertUnwindSafe<F> as core::ops::function::FnOnce<()>>::call_once::h8af660f3a89ef593
[INFO] [stdout]                                at /rustc/a178d0322ce20e33eac124758e837cbd80a6f633/library/std/src/panic.rs:347:9
[INFO] [stdout]   31:     0x55a8a58ac6c0 - std::panicking::try::do_call::hd36aef60f84b6d36
[INFO] [stdout]                                at /rustc/a178d0322ce20e33eac124758e837cbd80a6f633/library/std/src/panicking.rs:401:40
[INFO] [stdout]   32:     0x55a8a58ac6c0 - std::panicking::try::h9932b4480e69817c
[INFO] [stdout]                                at /rustc/a178d0322ce20e33eac124758e837cbd80a6f633/library/std/src/panicking.rs:365:19
[INFO] [stdout]   33:     0x55a8a58ac6c0 - std::panic::catch_unwind::h6aa177099cfff5f8
[INFO] [stdout]                                at /rustc/a178d0322ce20e33eac124758e837cbd80a6f633/library/std/src/panic.rs:434:14
[INFO] [stdout]   34:     0x55a8a58ac6c0 - test::run_test_in_process::h5884d6f2d99e20c3
[INFO] [stdout]                                at /rustc/a178d0322ce20e33eac124758e837cbd80a6f633/library/test/src/lib.rs:600:18
[INFO] [stdout]   35:     0x55a8a58ac6c0 - test::run_test::run_test_inner::{{closure}}::h6fdc58c6d5f5b6e3
[INFO] [stdout]                                at /rustc/a178d0322ce20e33eac124758e837cbd80a6f633/library/test/src/lib.rs:492:39
[INFO] [stdout]   36:     0x55a8a5885d72 - test::run_test::run_test_inner::{{closure}}::h408365d67a78ade8
[INFO] [stdout]                                at /rustc/a178d0322ce20e33eac124758e837cbd80a6f633/library/test/src/lib.rs:519:37
[INFO] [stdout]   37:     0x55a8a5885d72 - std::sys_common::backtrace::__rust_begin_short_backtrace::hb560b77c4f701523
[INFO] [stdout]                                at /rustc/a178d0322ce20e33eac124758e837cbd80a6f633/library/std/src/sys_common/backtrace.rs:125:18
[INFO] [stdout]   38:     0x55a8a5889928 - std::thread::Builder::spawn_unchecked::{{closure}}::{{closure}}::hf2e7831dad93c597
[INFO] [stdout]                                at /rustc/a178d0322ce20e33eac124758e837cbd80a6f633/library/std/src/thread/mod.rs:481:17
[INFO] [stdout]   39:     0x55a8a5889928 - <std::panic::AssertUnwindSafe<F> as core::ops::function::FnOnce<()>>::call_once::hd2e08783d8be4d02
[INFO] [stdout]                                at /rustc/a178d0322ce20e33eac124758e837cbd80a6f633/library/std/src/panic.rs:347:9
[INFO] [stdout]   40:     0x55a8a5889928 - std::panicking::try::do_call::h062597b7acfd6b82
[INFO] [stdout]                                at /rustc/a178d0322ce20e33eac124758e837cbd80a6f633/library/std/src/panicking.rs:401:40
[INFO] [stdout]   41:     0x55a8a5889928 - std::panicking::try::h0d7b79db04c14552
[INFO] [stdout]                                at /rustc/a178d0322ce20e33eac124758e837cbd80a6f633/library/std/src/panicking.rs:365:19
[INFO] [stdout]   42:     0x55a8a5889928 - std::panic::catch_unwind::hb01a0b5e7c8cd43b
[INFO] [stdout]                                at /rustc/a178d0322ce20e33eac124758e837cbd80a6f633/library/std/src/panic.rs:434:14
[INFO] [stdout]   43:     0x55a8a5889928 - std::thread::Builder::spawn_unchecked::{{closure}}::h5bde48cc887e0d1e
[INFO] [stdout]                                at /rustc/a178d0322ce20e33eac124758e837cbd80a6f633/library/std/src/thread/mod.rs:480:30
[INFO] [stdout]   44:     0x55a8a5889928 - core::ops::function::FnOnce::call_once{{vtable.shim}}::h745ea30807a29e55
[INFO] [stdout]                                at /rustc/a178d0322ce20e33eac124758e837cbd80a6f633/library/core/src/ops/function.rs:227:5
[INFO] [stdout]   45:     0x55a8a5ac8157 - <alloc::boxed::Box<F,A> as core::ops::function::FnOnce<Args>>::call_once::h7ece6cfefaff1005
[INFO] [stdout]                                at /rustc/a178d0322ce20e33eac124758e837cbd80a6f633/library/alloc/src/boxed.rs:1575:9
[INFO] [stdout]   46:     0x55a8a5ac8157 - <alloc::boxed::Box<F,A> as core::ops::function::FnOnce<Args>>::call_once::hb8b48e55c21f193e
[INFO] [stdout]                                at /rustc/a178d0322ce20e33eac124758e837cbd80a6f633/library/alloc/src/boxed.rs:1575:9
[INFO] [stdout]   47:     0x55a8a5ac8157 - std::sys::unix::thread::Thread::new::thread_start::h8c7c4450dba62914
[INFO] [stdout]                                at /rustc/a178d0322ce20e33eac124758e837cbd80a6f633/library/std/src/sys/unix/thread.rs:71:17
[INFO] [stdout]   48:     0x7f0a1c315609 - start_thread
[INFO] [stdout]   49:     0x7f0a1c0e7293 - clone
[INFO] [stdout]   50:                0x0 - <unknown>
[INFO] [stdout] 
[INFO] [stdout] ---- core::server::fs::file::tests::rename_should_move_file_to_another_location_by_path stdout ----
[INFO] [stdout] thread 'core::server::fs::file::tests::rename_should_move_file_to_another_location_by_path' panicked at 'Failed to open: Os { code: 30, kind: Other, message: "Read-only file system" }', src/core/server/fs/file.rs:541:14
[INFO] [stdout] stack backtrace:
[INFO] [stdout]    0:     0x55a8a5abeff0 - std::backtrace_rs::backtrace::libunwind::trace::h34055254b57d8e79
[INFO] [stdout]                                at /rustc/a178d0322ce20e33eac124758e837cbd80a6f633/library/std/src/../../backtrace/src/backtrace/libunwind.rs:90:5
[INFO] [stdout]    1:     0x55a8a5abeff0 - std::backtrace_rs::backtrace::trace_unsynchronized::h8f1e3fbd9afff6ec
[INFO] [stdout]                                at /rustc/a178d0322ce20e33eac124758e837cbd80a6f633/library/std/src/../../backtrace/src/backtrace/mod.rs:66:5
[INFO] [stdout]    2:     0x55a8a5abeff0 - std::sys_common::backtrace::_print_fmt::h3a99a796b770c360
[INFO] [stdout]                                at /rustc/a178d0322ce20e33eac124758e837cbd80a6f633/library/std/src/sys_common/backtrace.rs:67:5
[INFO] [stdout]    3:     0x55a8a5abeff0 - <std::sys_common::backtrace::_print::DisplayBacktrace as core::fmt::Display>::fmt::h32d1f94a80615d18
[INFO] [stdout]                                at /rustc/a178d0322ce20e33eac124758e837cbd80a6f633/library/std/src/sys_common/backtrace.rs:46:22
[INFO] [stdout]    4:     0x55a8a5ae51bc - core::fmt::write::h306731c068f7162c
[INFO] [stdout]                                at /rustc/a178d0322ce20e33eac124758e837cbd80a6f633/library/core/src/fmt/mod.rs:1110:17
[INFO] [stdout]    5:     0x55a8a5ab85c5 - std::io::Write::write_fmt::h87f19b0a2cd190bc
[INFO] [stdout]                                at /rustc/a178d0322ce20e33eac124758e837cbd80a6f633/library/std/src/io/mod.rs:1588:15
[INFO] [stdout]    6:     0x55a8a5ac17db - std::sys_common::backtrace::_print::h5abaa2601a852287
[INFO] [stdout]                                at /rustc/a178d0322ce20e33eac124758e837cbd80a6f633/library/std/src/sys_common/backtrace.rs:49:5
[INFO] [stdout]    7:     0x55a8a5ac17db - std::sys_common::backtrace::print::h8d81445442bb638f
[INFO] [stdout]                                at /rustc/a178d0322ce20e33eac124758e837cbd80a6f633/library/std/src/sys_common/backtrace.rs:36:9
[INFO] [stdout]    8:     0x55a8a5ac17db - std::panicking::default_hook::{{closure}}::hcfe804496a9fa747
[INFO] [stdout]                                at /rustc/a178d0322ce20e33eac124758e837cbd80a6f633/library/std/src/panicking.rs:208:50
[INFO] [stdout]    9:     0x55a8a5ac12ec - std::panicking::default_hook::hbea8e3ccf2ba8901
[INFO] [stdout]                                at /rustc/a178d0322ce20e33eac124758e837cbd80a6f633/library/std/src/panicking.rs:222:9
[INFO] [stdout]   10:     0x55a8a5ac1ea4 - std::panicking::rust_panic_with_hook::h7ee9e1a2d0f8975a
[INFO] [stdout]                                at /rustc/a178d0322ce20e33eac124758e837cbd80a6f633/library/std/src/panicking.rs:622:17
[INFO] [stdout]   11:     0x55a8a5ac1987 - std::panicking::begin_panic_handler::{{closure}}::h8ab3b4491718b2c7
[INFO] [stdout]                                at /rustc/a178d0322ce20e33eac124758e837cbd80a6f633/library/std/src/panicking.rs:519:13
[INFO] [stdout]   12:     0x55a8a5abf4ec - std::sys_common::backtrace::__rust_end_short_backtrace::hd489062ffa586a9f
[INFO] [stdout]                                at /rustc/a178d0322ce20e33eac124758e837cbd80a6f633/library/std/src/sys_common/backtrace.rs:141:18
[INFO] [stdout]   13:     0x55a8a5ac18e9 - rust_begin_unwind
[INFO] [stdout]                                at /rustc/a178d0322ce20e33eac124758e837cbd80a6f633/library/std/src/panicking.rs:515:5
[INFO] [stdout]   14:     0x55a8a53a8bd1 - core::panicking::panic_fmt::hca6330e3e14086b4
[INFO] [stdout]                                at /rustc/a178d0322ce20e33eac124758e837cbd80a6f633/library/core/src/panicking.rs:92:14
[INFO] [stdout]   15:     0x55a8a53a8cc3 - core::result::unwrap_failed::h6160d2b4bfbb0e87
[INFO] [stdout]                                at /rustc/a178d0322ce20e33eac124758e837cbd80a6f633/library/core/src/result.rs:1355:5
[INFO] [stdout]   16:     0x55a8a575f22d - core::result::Result<T,E>::expect::h995377c20c6a03d8
[INFO] [stdout]                                at /rustc/a178d0322ce20e33eac124758e837cbd80a6f633/library/core/src/result.rs:997:23
[INFO] [stdout]   17:     0x55a8a55d2299 - over_there::core::server::fs::file::tests::rename_should_move_file_to_another_location_by_path::{{closure}}::he5f9a6b0ffc8d1d7
[INFO] [stdout]                                at /opt/rustwide/workdir/src/core/server/fs/file.rs:539:22
[INFO] [stdout]   18:     0x55a8a5606279 - <core::future::from_generator::GenFuture<T> as core::future::future::Future>::poll::h8caa12148c44a68f
[INFO] [stdout]                                at /rustc/a178d0322ce20e33eac124758e837cbd80a6f633/library/core/src/future/mod.rs:80:19
[INFO] [stdout]   19:     0x55a8a582c4d0 - tokio::runtime::basic_scheduler::BasicScheduler<P>::block_on::hcd9ce8a71bb66678
[INFO] [stdout]                                at /opt/rustwide/cargo-home/registry/src/github.com-1ecc6299db9ec823/tokio-0.2.13/src/runtime/basic_scheduler.rs:138:31
[INFO] [stdout]   20:     0x55a8a55c1604 - tokio::runtime::Runtime::block_on::{{closure}}::hdea4943ee143639f
[INFO] [stdout]                                at /opt/rustwide/cargo-home/registry/src/github.com-1ecc6299db9ec823/tokio-0.2.13/src/runtime/mod.rs:413:34
[INFO] [stdout]   21:     0x55a8a579a06d - tokio::runtime::context::enter::ha5073e98939c1d9f
[INFO] [stdout]                                at /opt/rustwide/cargo-home/registry/src/github.com-1ecc6299db9ec823/tokio-0.2.13/src/runtime/context.rs:72:5
[INFO] [stdout]   22:     0x55a8a53d4c58 - tokio::runtime::handle::Handle::enter::h7009cb19e5d4485e
[INFO] [stdout]                                at /opt/rustwide/cargo-home/registry/src/github.com-1ecc6299db9ec823/tokio-0.2.13/src/runtime/handle.rs:34:9
[INFO] [stdout]   23:     0x55a8a55bb4ad - tokio::runtime::Runtime::block_on::he40f0e4eb41e1664
[INFO] [stdout]                                at /opt/rustwide/cargo-home/registry/src/github.com-1ecc6299db9ec823/tokio-0.2.13/src/runtime/mod.rs:410:9
[INFO] [stdout]   24:     0x55a8a55d1df5 - over_there::core::server::fs::file::tests::rename_should_move_file_to_another_location_by_path::h0fb304fd1f8d2a73
[INFO] [stdout]                                at /opt/rustwide/workdir/src/core/server/fs/file.rs:537:5
[INFO] [stdout]   25:     0x55a8a55d1d0a - over_there::core::server::fs::file::tests::rename_should_move_file_to_another_location_by_path::{{closure}}::h809d0f1c4d221d31
[INFO] [stdout]                                at /opt/rustwide/workdir/src/core/server/fs/file.rs:537:5
[INFO] [stdout]   26:     0x55a8a54eb18e - core::ops::function::FnOnce::call_once::h75c0d157292be515
[INFO] [stdout]                                at /rustc/a178d0322ce20e33eac124758e837cbd80a6f633/library/core/src/ops/function.rs:227:5
[INFO] [stdout]   27:     0x55a8a58adc03 - core::ops::function::FnOnce::call_once::h152e7e439ff59e19
[INFO] [stdout]                                at /rustc/a178d0322ce20e33eac124758e837cbd80a6f633/library/core/src/ops/function.rs:227:5
[INFO] [stdout]   28:     0x55a8a58adc03 - test::__rust_begin_short_backtrace::h0908f3b1fdbb72ab
[INFO] [stdout]                                at /rustc/a178d0322ce20e33eac124758e837cbd80a6f633/library/test/src/lib.rs:577:5
[INFO] [stdout]   29:     0x55a8a58ac6c0 - <alloc::boxed::Box<F,A> as core::ops::function::FnOnce<Args>>::call_once::hf6d2a51e5587546c
[INFO] [stdout]                                at /rustc/a178d0322ce20e33eac124758e837cbd80a6f633/library/alloc/src/boxed.rs:1575:9
[INFO] [stdout]   30:     0x55a8a58ac6c0 - <std::panic::AssertUnwindSafe<F> as core::ops::function::FnOnce<()>>::call_once::h8af660f3a89ef593
[INFO] [stdout]                                at /rustc/a178d0322ce20e33eac124758e837cbd80a6f633/library/std/src/panic.rs:347:9
[INFO] [stdout]   31:     0x55a8a58ac6c0 - std::panicking::try::do_call::hd36aef60f84b6d36
[INFO] [stdout]                                at /rustc/a178d0322ce20e33eac124758e837cbd80a6f633/library/std/src/panicking.rs:401:40
[INFO] [stdout]   32:     0x55a8a58ac6c0 - std::panicking::try::h9932b4480e69817c
[INFO] [stdout]                                at /rustc/a178d0322ce20e33eac124758e837cbd80a6f633/library/std/src/panicking.rs:365:19
[INFO] [stdout]   33:     0x55a8a58ac6c0 - std::panic::catch_unwind::h6aa177099cfff5f8
[INFO] [stdout]                                at /rustc/a178d0322ce20e33eac124758e837cbd80a6f633/library/std/src/panic.rs:434:14
[INFO] [stdout]   34:     0x55a8a58ac6c0 - test::run_test_in_process::h5884d6f2d99e20c3
[INFO] [stdout]                                at /rustc/a178d0322ce20e33eac124758e837cbd80a6f633/library/test/src/lib.rs:600:18
[INFO] [stdout]   35:     0x55a8a58ac6c0 - test::run_test::run_test_inner::{{closure}}::h6fdc58c6d5f5b6e3
[INFO] [stdout]                                at /rustc/a178d0322ce20e33eac124758e837cbd80a6f633/library/test/src/lib.rs:492:39
[INFO] [stdout]   36:     0x55a8a5885d72 - test::run_test::run_test_inner::{{closure}}::h408365d67a78ade8
[INFO] [stdout]                                at /rustc/a178d0322ce20e33eac124758e837cbd80a6f633/library/test/src/lib.rs:519:37
[INFO] [stdout]   37:     0x55a8a5885d72 - std::sys_common::backtrace::__rust_begin_short_backtrace::hb560b77c4f701523
[INFO] [stdout]                                at /rustc/a178d0322ce20e33eac124758e837cbd80a6f633/library/std/src/sys_common/backtrace.rs:125:18
[INFO] [stdout]   38:     0x55a8a5889928 - std::thread::Builder::spawn_unchecked::{{closure}}::{{closure}}::hf2e7831dad93c597
[INFO] [stdout]                                at /rustc/a178d0322ce20e33eac124758e837cbd80a6f633/library/std/src/thread/mod.rs:481:17
[INFO] [stdout]   39:     0x55a8a5889928 - <std::panic::AssertUnwindSafe<F> as core::ops::function::FnOnce<()>>::call_once::hd2e08783d8be4d02
[INFO] [stdout]                                at /rustc/a178d0322ce20e33eac124758e837cbd80a6f633/library/std/src/panic.rs:347:9
[INFO] [stdout]   40:     0x55a8a5889928 - std::panicking::try::do_call::h062597b7acfd6b82
[INFO] [stdout]                                at /rustc/a178d0322ce20e33eac124758e837cbd80a6f633/library/std/src/panicking.rs:401:40
[INFO] [stdout]   41:     0x55a8a5889928 - std::panicking::try::h0d7b79db04c14552
[INFO] [stdout]                                at /rustc/a178d0322ce20e33eac124758e837cbd80a6f633/library/std/src/panicking.rs:365:19
[INFO] [stdout]   42:     0x55a8a5889928 - std::panic::catch_unwind::hb01a0b5e7c8cd43b
[INFO] [stdout]                                at /rustc/a178d0322ce20e33eac124758e837cbd80a6f633/library/std/src/panic.rs:434:14
[INFO] [stdout]   43:     0x55a8a5889928 - std::thread::Builder::spawn_unchecked::{{closure}}::h5bde48cc887e0d1e
[INFO] [stdout]                                at /rustc/a178d0322ce20e33eac124758e837cbd80a6f633/library/std/src/thread/mod.rs:480:30
[INFO] [stdout]   44:     0x55a8a5889928 - core::ops::function::FnOnce::call_once{{vtable.shim}}::h745ea30807a29e55
[INFO] [stdout]                                at /rustc/a178d0322ce20e33eac124758e837cbd80a6f633/library/core/src/ops/function.rs:227:5
[INFO] [stdout]   45:     0x55a8a5ac8157 - <alloc::boxed::Box<F,A> as core::ops::function::FnOnce<Args>>::call_once::h7ece6cfefaff1005
[INFO] [stdout]                                at /rustc/a178d0322ce20e33eac124758e837cbd80a6f633/library/alloc/src/boxed.rs:1575:9
[INFO] [stdout]   46:     0x55a8a5ac8157 - <alloc::boxed::Box<F,A> as core::ops::function::FnOnce<Args>>::call_once::hb8b48e55c21f193e
[INFO] [stdout]                                at /rustc/a178d0322ce20e33eac124758e837cbd80a6f633/library/alloc/src/boxed.rs:1575:9
[INFO] [stdout]   47:     0x55a8a5ac8157 - std::sys::unix::thread::Thread::new::thread_start::h8c7c4450dba62914
[INFO] [stdout]                                at /rustc/a178d0322ce20e33eac124758e837cbd80a6f633/library/std/src/sys/unix/thread.rs:71:17
[INFO] [stdout]   48:     0x7f0a1c315609 - start_thread
[INFO] [stdout]   49:     0x7f0a1c0e7293 - clone
[INFO] [stdout]   50:                0x0 - <unknown>
[INFO] [stdout] 
[INFO] [stdout] 
[INFO] [stdout] failures:
[INFO] [stdout]     core::server::fs::file::tests::rename_should_move_file_to_another_location_by_path
[INFO] [stdout]     core::server::proc::tests::test_exit_status_should_return_some_status_if_exited
[INFO] [stdout]     core::server::proc::tests::test_read_stdout_should_not_return_content_returned_previously
[INFO] [stdout]     core::server::proc::tests::test_write_stdin_should_write_contents_to_process
[INFO] [stdout] 
[INFO] [stdout] test result: FAILED. 267 passed; 4 failed; 2 ignored; 0 measured; 0 filtered out; finished in 0.69s
[INFO] [stdout] 
[INFO] running `Command { std: "docker" "inspect" "25f477eb5b68873730ac286bb548f68b87d26d1858bf00a462aa38606ad63a0c", kill_on_drop: false }`
[INFO] running `Command { std: "docker" "rm" "-f" "25f477eb5b68873730ac286bb548f68b87d26d1858bf00a462aa38606ad63a0c", kill_on_drop: false }`
[INFO] [stdout] 25f477eb5b68873730ac286bb548f68b87d26d1858bf00a462aa38606ad63a0c
