[INFO] fetching crate osm-tile-downloader 0.2.5...
[INFO] testing osm-tile-downloader-0.2.5 against 1.54.0 for beta-1.55-1
[INFO] extracting crate osm-tile-downloader 0.2.5 into /workspace/builds/worker-0/source
[INFO] validating manifest of crates.io crate osm-tile-downloader 0.2.5 on toolchain 1.54.0
[INFO] running `Command { std: "/workspace/cargo-home/bin/cargo" "+1.54.0" "metadata" "--manifest-path" "Cargo.toml" "--no-deps", kill_on_drop: false }`
[INFO] started tweaking crates.io crate osm-tile-downloader 0.2.5
[INFO] finished tweaking crates.io crate osm-tile-downloader 0.2.5
[INFO] tweaked toml for crates.io crate osm-tile-downloader 0.2.5 written to /workspace/builds/worker-0/source/Cargo.toml
[INFO] crate crates.io crate osm-tile-downloader 0.2.5 already has a lockfile, it will not be regenerated
[INFO] running `Command { std: "/workspace/cargo-home/bin/cargo" "+1.54.0" "fetch" "--manifest-path" "Cargo.toml", kill_on_drop: false }`
[INFO] [stderr]     Blocking waiting for file lock on package cache
[INFO] running `Command { std: "docker" "create" "-v" "/var/lib/crater-agent-workspace/builds/worker-0/target:/opt/rustwide/target:rw,Z" "-v" "/var/lib/crater-agent-workspace/builds/worker-0/source:/opt/rustwide/workdir:ro,Z" "-v" "/var/lib/crater-agent-workspace/cargo-home:/opt/rustwide/cargo-home:ro,Z" "-v" "/var/lib/crater-agent-workspace/rustup-home:/opt/rustwide/rustup-home:ro,Z" "-e" "SOURCE_DIR=/opt/rustwide/workdir" "-e" "CARGO_TARGET_DIR=/opt/rustwide/target" "-e" "CARGO_HOME=/opt/rustwide/cargo-home" "-e" "RUSTUP_HOME=/opt/rustwide/rustup-home" "-w" "/opt/rustwide/workdir" "-m" "1610612736" "--user" "0:0" "--network" "none" "ghcr.io/rust-lang/crates-build-env/linux@sha256:34b6a614d2c27851fe6cbf88fbd1137609cefab8b10d0615aaeb6fd47975d74e" "/opt/rustwide/cargo-home/bin/cargo" "+1.54.0" "metadata" "--no-deps" "--format-version=1", kill_on_drop: false }`
[INFO] [stdout] 74c28da2e135f4d8f4259ba75606f987da2bc2c7d65723f16ad7d56e0ada3de1
[INFO] running `Command { std: "docker" "start" "-a" "74c28da2e135f4d8f4259ba75606f987da2bc2c7d65723f16ad7d56e0ada3de1", kill_on_drop: false }`
[INFO] running `Command { std: "docker" "inspect" "74c28da2e135f4d8f4259ba75606f987da2bc2c7d65723f16ad7d56e0ada3de1", kill_on_drop: false }`
[INFO] running `Command { std: "docker" "rm" "-f" "74c28da2e135f4d8f4259ba75606f987da2bc2c7d65723f16ad7d56e0ada3de1", kill_on_drop: false }`
[INFO] [stdout] 74c28da2e135f4d8f4259ba75606f987da2bc2c7d65723f16ad7d56e0ada3de1
[INFO] running `Command { std: "docker" "create" "-v" "/var/lib/crater-agent-workspace/builds/worker-0/target:/opt/rustwide/target:rw,Z" "-v" "/var/lib/crater-agent-workspace/builds/worker-0/source:/opt/rustwide/workdir:ro,Z" "-v" "/var/lib/crater-agent-workspace/cargo-home:/opt/rustwide/cargo-home:ro,Z" "-v" "/var/lib/crater-agent-workspace/rustup-home:/opt/rustwide/rustup-home:ro,Z" "-e" "SOURCE_DIR=/opt/rustwide/workdir" "-e" "CARGO_TARGET_DIR=/opt/rustwide/target" "-e" "CARGO_INCREMENTAL=0" "-e" "RUST_BACKTRACE=full" "-e" "RUSTFLAGS=--cap-lints=warn" "-e" "CARGO_HOME=/opt/rustwide/cargo-home" "-e" "RUSTUP_HOME=/opt/rustwide/rustup-home" "-w" "/opt/rustwide/workdir" "-m" "1610612736" "--user" "0:0" "--network" "none" "ghcr.io/rust-lang/crates-build-env/linux@sha256:34b6a614d2c27851fe6cbf88fbd1137609cefab8b10d0615aaeb6fd47975d74e" "/opt/rustwide/cargo-home/bin/cargo" "+1.54.0" "build" "--frozen" "--message-format=json", kill_on_drop: false }`
[INFO] [stdout] 5475dcad1302a52bd593e32dd269b00b52b0af85a3adb9a5c9e3f04fcf289c35
[INFO] running `Command { std: "docker" "start" "-a" "5475dcad1302a52bd593e32dd269b00b52b0af85a3adb9a5c9e3f04fcf289c35", kill_on_drop: false }`
[INFO] [stderr]    Compiling libc v0.2.69
[INFO] [stderr]    Compiling proc-macro2 v1.0.12
[INFO] [stderr]    Compiling syn v1.0.18
[INFO] [stderr]    Compiling memchr v2.3.3
[INFO] [stderr]    Compiling log v0.4.8
[INFO] [stderr]    Compiling futures-core v0.3.4
[INFO] [stderr]    Compiling cc v1.0.52
[INFO] [stderr]    Compiling futures-sink v0.3.4
[INFO] [stderr]    Compiling proc-macro-nested v0.1.4
[INFO] [stderr]    Compiling proc-macro-hack v0.5.15
[INFO] [stderr]    Compiling futures-task v0.3.4
[INFO] [stderr]    Compiling futures-io v0.3.4
[INFO] [stderr]    Compiling pin-project-lite v0.1.4
[INFO] [stderr]    Compiling openssl v0.10.29
[INFO] [stderr]    Compiling native-tls v0.2.4
[INFO] [stderr]    Compiling smallvec v1.4.0
[INFO] [stderr]    Compiling serde v1.0.106
[INFO] [stderr]    Compiling encoding_rs v0.8.22
[INFO] [stderr]    Compiling regex-syntax v0.6.17
[INFO] [stderr]    Compiling dtoa v0.4.5
[INFO] [stderr]    Compiling anyhow v1.0.28
[INFO] [stderr]    Compiling strfmt v0.1.6
[INFO] [stderr]    Compiling http v0.2.1
[INFO] [stderr]    Compiling mime_guess v2.0.3
[INFO] [stderr]    Compiling futures-channel v0.3.4
[INFO] [stderr]    Compiling unicode-normalization v0.1.12
[INFO] [stderr]    Compiling want v0.3.0
[INFO] [stderr]    Compiling idna v0.2.0
[INFO] [stderr]    Compiling quote v1.0.4
[INFO] [stderr]    Compiling iovec v0.1.4
[INFO] [stderr]    Compiling net2 v0.2.34
[INFO] [stderr]    Compiling time v0.1.43
[INFO] [stderr]    Compiling getrandom v0.1.14
[INFO] [stderr]    Compiling termios v0.3.2
[INFO] [stderr]    Compiling terminal_size v0.1.12
[INFO] [stderr]    Compiling atty v0.2.14
[INFO] [stderr]    Compiling clap v2.33.0
[INFO] [stderr]    Compiling openssl-sys v0.9.55
[INFO] [stderr]    Compiling rand_core v0.5.1
[INFO] [stderr]    Compiling mio v0.6.22
[INFO] [stderr]    Compiling rand_chacha v0.2.2
[INFO] [stderr]    Compiling regex v1.3.7
[INFO] [stderr]    Compiling url v2.1.1
[INFO] [stderr]    Compiling rand v0.7.3
[INFO] [stderr]    Compiling http-body v0.3.1
[INFO] [stderr]    Compiling console v0.11.2
[INFO] [stderr]    Compiling indicatif v0.14.0
[INFO] [stderr]    Compiling serde_urlencoded v0.6.1
[INFO] [stderr]    Compiling futures-macro v0.3.4
[INFO] [stderr]    Compiling tokio-macros v0.2.5
[INFO] [stderr]    Compiling pin-project-internal v0.4.10
[INFO] [stderr]    Compiling tokio v0.2.20
[INFO] [stderr]    Compiling futures-util v0.3.4
[INFO] [stderr]    Compiling pin-project v0.4.10
[INFO] [stderr]    Compiling futures-executor v0.3.4
[INFO] [stderr]    Compiling futures v0.3.4
[INFO] [stderr]    Compiling tokio-util v0.3.1
[INFO] [stderr]    Compiling tokio-tls v0.3.0
[INFO] [stderr]    Compiling h2 v0.2.4
[INFO] [stderr]    Compiling hyper v0.13.5
[INFO] [stderr]    Compiling hyper-tls v0.4.1
[INFO] [stderr]    Compiling reqwest v0.10.4
[INFO] [stderr]    Compiling osm-tile-downloader v0.2.5 (/opt/rustwide/workdir)
[INFO] [stderr]     Finished dev [unoptimized + debuginfo] target(s) in 1m 07s
[INFO] running `Command { std: "docker" "inspect" "5475dcad1302a52bd593e32dd269b00b52b0af85a3adb9a5c9e3f04fcf289c35", kill_on_drop: false }`
[INFO] running `Command { std: "docker" "rm" "-f" "5475dcad1302a52bd593e32dd269b00b52b0af85a3adb9a5c9e3f04fcf289c35", kill_on_drop: false }`
[INFO] [stdout] 5475dcad1302a52bd593e32dd269b00b52b0af85a3adb9a5c9e3f04fcf289c35
[INFO] running `Command { std: "docker" "create" "-v" "/var/lib/crater-agent-workspace/builds/worker-0/target:/opt/rustwide/target:rw,Z" "-v" "/var/lib/crater-agent-workspace/builds/worker-0/source:/opt/rustwide/workdir:ro,Z" "-v" "/var/lib/crater-agent-workspace/cargo-home:/opt/rustwide/cargo-home:ro,Z" "-v" "/var/lib/crater-agent-workspace/rustup-home:/opt/rustwide/rustup-home:ro,Z" "-e" "SOURCE_DIR=/opt/rustwide/workdir" "-e" "CARGO_TARGET_DIR=/opt/rustwide/target" "-e" "CARGO_INCREMENTAL=0" "-e" "RUST_BACKTRACE=full" "-e" "RUSTFLAGS=--cap-lints=warn" "-e" "CARGO_HOME=/opt/rustwide/cargo-home" "-e" "RUSTUP_HOME=/opt/rustwide/rustup-home" "-w" "/opt/rustwide/workdir" "-m" "1610612736" "--user" "0:0" "--network" "none" "ghcr.io/rust-lang/crates-build-env/linux@sha256:34b6a614d2c27851fe6cbf88fbd1137609cefab8b10d0615aaeb6fd47975d74e" "/opt/rustwide/cargo-home/bin/cargo" "+1.54.0" "test" "--frozen" "--no-run" "--message-format=json", kill_on_drop: false }`
[INFO] [stdout] 78d5da88b5b53b1fc1c2785922336c093b15d765758931b9dd9dadd051abd38a
[INFO] running `Command { std: "docker" "start" "-a" "78d5da88b5b53b1fc1c2785922336c093b15d765758931b9dd9dadd051abd38a", kill_on_drop: false }`
[INFO] [stderr]    Compiling osm-tile-downloader v0.2.5 (/opt/rustwide/workdir)
[INFO] [stderr]     Finished test [unoptimized + debuginfo] target(s) in 1.64s
[INFO] running `Command { std: "docker" "inspect" "78d5da88b5b53b1fc1c2785922336c093b15d765758931b9dd9dadd051abd38a", kill_on_drop: false }`
[INFO] running `Command { std: "docker" "rm" "-f" "78d5da88b5b53b1fc1c2785922336c093b15d765758931b9dd9dadd051abd38a", kill_on_drop: false }`
[INFO] [stdout] 78d5da88b5b53b1fc1c2785922336c093b15d765758931b9dd9dadd051abd38a
[INFO] running `Command { std: "docker" "create" "-v" "/var/lib/crater-agent-workspace/builds/worker-0/target:/opt/rustwide/target:rw,Z" "-v" "/var/lib/crater-agent-workspace/builds/worker-0/source:/opt/rustwide/workdir:ro,Z" "-v" "/var/lib/crater-agent-workspace/cargo-home:/opt/rustwide/cargo-home:ro,Z" "-v" "/var/lib/crater-agent-workspace/rustup-home:/opt/rustwide/rustup-home:ro,Z" "-e" "SOURCE_DIR=/opt/rustwide/workdir" "-e" "CARGO_TARGET_DIR=/opt/rustwide/target" "-e" "CARGO_INCREMENTAL=0" "-e" "RUST_BACKTRACE=full" "-e" "RUSTFLAGS=--cap-lints=warn" "-e" "CARGO_HOME=/opt/rustwide/cargo-home" "-e" "RUSTUP_HOME=/opt/rustwide/rustup-home" "-w" "/opt/rustwide/workdir" "-m" "1610612736" "--user" "0:0" "--network" "none" "ghcr.io/rust-lang/crates-build-env/linux@sha256:34b6a614d2c27851fe6cbf88fbd1137609cefab8b10d0615aaeb6fd47975d74e" "/opt/rustwide/cargo-home/bin/cargo" "+1.54.0" "test" "--frozen", kill_on_drop: false }`
[INFO] [stdout] a8820c924fa8b8066e6976e746e190c0aa270dab09054001336ef820a4682b15
[INFO] running `Command { std: "docker" "start" "-a" "a8820c924fa8b8066e6976e746e190c0aa270dab09054001336ef820a4682b15", kill_on_drop: false }`
[INFO] [stdout] 
[INFO] [stderr]     Finished test [unoptimized + debuginfo] target(s) in 0.12s
[INFO] [stdout] running 3 tests
[INFO] [stderr]      Running unittests (/opt/rustwide/target/debug/deps/osm_tile_downloader-56d53520ffeb1267)
[INFO] [stdout] test tests::tile_index ... ok
[INFO] [stderr]      Running unittests (/opt/rustwide/target/debug/deps/osm_tile_downloader-42866e14a97182dd)
[INFO] [stdout] test tests::bbox_panics_deg - should panic ... ok
[INFO] [stderr]    Doc-tests osm-tile-downloader
[INFO] [stdout] test tests::bbox_panics_rad - should panic ... ok
[INFO] [stdout] 
[INFO] [stdout] test result: ok. 3 passed; 0 failed; 0 ignored; 0 measured; 0 filtered out; finished in 0.02s
[INFO] [stdout] 
[INFO] [stdout] 
[INFO] [stdout] running 0 tests
[INFO] [stdout] 
[INFO] [stdout] test result: ok. 0 passed; 0 failed; 0 ignored; 0 measured; 0 filtered out; finished in 0.00s
[INFO] [stdout] 
[INFO] [stdout] 
[INFO] [stdout] running 4 tests
[INFO] [stdout] test src/lib.rs - fetch (line 132) ... FAILED
[INFO] [stdout] test src/lib.rs - (line 29) ... FAILED
[INFO] [stdout] test src/lib.rs - BoundingBox (line 77) ... ok
[INFO] [stdout] test src/lib.rs - BoundingBox::new_deg (line 216) ... ok
[INFO] [stdout] 
[INFO] [stdout] failures:
[INFO] [stdout] 
[INFO] [stdout] ---- src/lib.rs - fetch (line 132) stdout ----
[INFO] [stdout] error[E0560]: struct `Config<'_>` has no field named `timeout_secs`
[INFO] [stdout]   --> src/lib.rs:144:5
[INFO] [stdout]    |
[INFO] [stdout] 14 |     timeout_secs: 30,
[INFO] [stdout]    |     ^^^^^^^^^^^^ `Config<'_>` does not have this field
[INFO] [stdout]    |
[INFO] [stdout]    = note: available fields are: `bounding_box`, `fetch_rate`, `output_folder`, `request_retries_amount`, `url` ... and 2 others
[INFO] [stdout] 
[INFO] [stdout] error: aborting due to previous error
[INFO] [stdout] 
[INFO] [stdout] For more information about this error, try `rustc --explain E0560`.
[INFO] [stdout] Couldn't compile the test.
[INFO] [stdout] ---- src/lib.rs - (line 29) stdout ----
[INFO] [stdout] error[E0560]: struct `Config<'_>` has no field named `timeout_secs`
[INFO] [stdout]   --> src/lib.rs:41:5
[INFO] [stdout]    |
[INFO] [stdout] 14 |     timeout_secs: 30,
[INFO] [stdout]    |     ^^^^^^^^^^^^ `Config<'_>` does not have this field
[INFO] [stdout]    |
[INFO] [stdout]    = note: available fields are: `bounding_box`, `fetch_rate`, `output_folder`, `request_retries_amount`, `url` ... and 2 others
[INFO] [stdout] 
[INFO] [stdout] error: aborting due to previous error
[INFO] [stdout] 
[INFO] [stdout] For more information about this error, try `rustc --explain E0560`.
[INFO] [stdout] Couldn't compile the test.
[INFO] [stdout] 
[INFO] [stdout] failures:
[INFO] [stdout]     src/lib.rs - (line 29)
[INFO] [stdout]     src/lib.rs - fetch (line 132)
[INFO] [stdout] 
[INFO] [stdout] test result: FAILED. 2 passed; 2 failed; 0 ignored; 0 measured; 0 filtered out; finished in 1.42s
[INFO] [stdout] 
[INFO] [stderr] error: test failed, to rerun pass '--doc'
[INFO] running `Command { std: "docker" "inspect" "a8820c924fa8b8066e6976e746e190c0aa270dab09054001336ef820a4682b15", kill_on_drop: false }`
[INFO] running `Command { std: "docker" "rm" "-f" "a8820c924fa8b8066e6976e746e190c0aa270dab09054001336ef820a4682b15", kill_on_drop: false }`
[INFO] [stdout] a8820c924fa8b8066e6976e746e190c0aa270dab09054001336ef820a4682b15
