[INFO] fetching crate opendp 0.1.0-rc.7...
[INFO] testing opendp-0.1.0-rc.7 against 1.54.0 for beta-1.55-1
[INFO] extracting crate opendp 0.1.0-rc.7 into /workspace/builds/worker-2/source
[INFO] validating manifest of crates.io crate opendp 0.1.0-rc.7 on toolchain 1.54.0
[INFO] running `Command { std: "/workspace/cargo-home/bin/cargo" "+1.54.0" "metadata" "--manifest-path" "Cargo.toml" "--no-deps", kill_on_drop: false }`
[INFO] started tweaking crates.io crate opendp 0.1.0-rc.7
[INFO] finished tweaking crates.io crate opendp 0.1.0-rc.7
[INFO] tweaked toml for crates.io crate opendp 0.1.0-rc.7 written to /workspace/builds/worker-2/source/Cargo.toml
[INFO] running `Command { std: "/workspace/cargo-home/bin/cargo" "+1.54.0" "generate-lockfile" "--manifest-path" "Cargo.toml" "-Zno-index-update", kill_on_drop: false }`
[INFO] running `Command { std: "/workspace/cargo-home/bin/cargo" "+1.54.0" "fetch" "--manifest-path" "Cargo.toml", kill_on_drop: false }`
[INFO] running `Command { std: "docker" "create" "-v" "/var/lib/crater-agent-workspace/builds/worker-2/target:/opt/rustwide/target:rw,Z" "-v" "/var/lib/crater-agent-workspace/builds/worker-2/source:/opt/rustwide/workdir:ro,Z" "-v" "/var/lib/crater-agent-workspace/cargo-home:/opt/rustwide/cargo-home:ro,Z" "-v" "/var/lib/crater-agent-workspace/rustup-home:/opt/rustwide/rustup-home:ro,Z" "-e" "SOURCE_DIR=/opt/rustwide/workdir" "-e" "CARGO_TARGET_DIR=/opt/rustwide/target" "-e" "CARGO_HOME=/opt/rustwide/cargo-home" "-e" "RUSTUP_HOME=/opt/rustwide/rustup-home" "-w" "/opt/rustwide/workdir" "-m" "1610612736" "--user" "0:0" "--network" "none" "ghcr.io/rust-lang/crates-build-env/linux@sha256:34b6a614d2c27851fe6cbf88fbd1137609cefab8b10d0615aaeb6fd47975d74e" "/opt/rustwide/cargo-home/bin/cargo" "+1.54.0" "metadata" "--no-deps" "--format-version=1", kill_on_drop: false }`
[INFO] [stdout] 357ed688ec735e2be7a734fd68a12db9f40fdcfeb8768d0a52919581fb57336e
[INFO] running `Command { std: "docker" "start" "-a" "357ed688ec735e2be7a734fd68a12db9f40fdcfeb8768d0a52919581fb57336e", kill_on_drop: false }`
[INFO] running `Command { std: "docker" "inspect" "357ed688ec735e2be7a734fd68a12db9f40fdcfeb8768d0a52919581fb57336e", kill_on_drop: false }`
[INFO] running `Command { std: "docker" "rm" "-f" "357ed688ec735e2be7a734fd68a12db9f40fdcfeb8768d0a52919581fb57336e", kill_on_drop: false }`
[INFO] [stdout] 357ed688ec735e2be7a734fd68a12db9f40fdcfeb8768d0a52919581fb57336e
[INFO] running `Command { std: "docker" "create" "-v" "/var/lib/crater-agent-workspace/builds/worker-2/target:/opt/rustwide/target:rw,Z" "-v" "/var/lib/crater-agent-workspace/builds/worker-2/source:/opt/rustwide/workdir:ro,Z" "-v" "/var/lib/crater-agent-workspace/cargo-home:/opt/rustwide/cargo-home:ro,Z" "-v" "/var/lib/crater-agent-workspace/rustup-home:/opt/rustwide/rustup-home:ro,Z" "-e" "SOURCE_DIR=/opt/rustwide/workdir" "-e" "CARGO_TARGET_DIR=/opt/rustwide/target" "-e" "CARGO_INCREMENTAL=0" "-e" "RUST_BACKTRACE=full" "-e" "RUSTFLAGS=--cap-lints=warn" "-e" "CARGO_HOME=/opt/rustwide/cargo-home" "-e" "RUSTUP_HOME=/opt/rustwide/rustup-home" "-w" "/opt/rustwide/workdir" "-m" "1610612736" "--user" "0:0" "--network" "none" "ghcr.io/rust-lang/crates-build-env/linux@sha256:34b6a614d2c27851fe6cbf88fbd1137609cefab8b10d0615aaeb6fd47975d74e" "/opt/rustwide/cargo-home/bin/cargo" "+1.54.0" "build" "--frozen" "--message-format=json", kill_on_drop: false }`
[INFO] [stdout] 1b5f1bb69928d5659dac38fe64293e7459a2ecec77eb75cec5fcb9d9aec1e929
[INFO] running `Command { std: "docker" "start" "-a" "1b5f1bb69928d5659dac38fe64293e7459a2ecec77eb75cec5fcb9d9aec1e929", kill_on_drop: false }`
[INFO] [stderr]    Compiling libm v0.2.1
[INFO] [stderr]    Compiling getrandom v0.1.16
[INFO] [stderr]    Compiling memchr v2.4.0
[INFO] [stderr]    Compiling gmp-mpfr-sys v1.2.4
[INFO] [stderr]    Compiling rawpointer v0.2.1
[INFO] [stderr]    Compiling az v1.1.1
[INFO] [stderr]    Compiling rug v1.9.0
[INFO] [stderr]    Compiling openssl v0.10.35
[INFO] [stderr]    Compiling adler v1.0.2
[INFO] [stderr]    Compiling gimli v0.25.0
[INFO] [stderr]    Compiling rustc-demangle v0.1.20
[INFO] [stderr]    Compiling once_cell v1.8.0
[INFO] [stderr]    Compiling ieee754 v0.2.6
[INFO] [stderr]    Compiling num-traits v0.2.14
[INFO] [stderr]    Compiling num-complex v0.2.4
[INFO] [stderr]    Compiling num-bigint v0.3.2
[INFO] [stderr]    Compiling num-rational v0.2.4
[INFO] [stderr]    Compiling num-rational v0.3.2
[INFO] [stderr]    Compiling num-iter v0.1.42
[INFO] [stderr]    Compiling miniz_oxide v0.4.4
[INFO] [stderr]    Compiling openssl-src v111.15.0+1.1.1k
[INFO] [stderr]    Compiling backtrace v0.3.61
[INFO] [stderr]    Compiling num-integer v0.1.44
[INFO] [stderr]    Compiling generic-array v0.13.3
[INFO] [stderr]    Compiling matrixmultiply v0.2.4
[INFO] [stderr]    Compiling openssl-sys v0.9.65
[INFO] [stderr]    Compiling object v0.26.0
[INFO] [stderr]    Compiling rand_core v0.5.1
[INFO] [stderr]    Compiling rand_chacha v0.2.2
[INFO] [stderr]    Compiling rand v0.7.3
[INFO] [stderr]    Compiling addr2line v0.16.0
[INFO] [stderr]    Compiling rand_distr v0.2.2
[INFO] [stderr]    Compiling approx v0.3.2
[INFO] [stderr]    Compiling num-complex v0.3.1
[INFO] [stderr]    Compiling alga v0.9.3
[INFO] [stderr]    Compiling nalgebra v0.19.0
[INFO] [stderr]    Compiling num v0.3.1
[INFO] [stderr]    Compiling statrs v0.13.0
[INFO] [stderr]    Compiling opendp v0.1.0-rc.7 (/opt/rustwide/workdir)
[INFO] [stderr]     Finished dev [unoptimized + debuginfo] target(s) in 3m 52s
[INFO] running `Command { std: "docker" "inspect" "1b5f1bb69928d5659dac38fe64293e7459a2ecec77eb75cec5fcb9d9aec1e929", kill_on_drop: false }`
[INFO] running `Command { std: "docker" "rm" "-f" "1b5f1bb69928d5659dac38fe64293e7459a2ecec77eb75cec5fcb9d9aec1e929", kill_on_drop: false }`
[INFO] [stdout] 1b5f1bb69928d5659dac38fe64293e7459a2ecec77eb75cec5fcb9d9aec1e929
[INFO] running `Command { std: "docker" "create" "-v" "/var/lib/crater-agent-workspace/builds/worker-2/target:/opt/rustwide/target:rw,Z" "-v" "/var/lib/crater-agent-workspace/builds/worker-2/source:/opt/rustwide/workdir:ro,Z" "-v" "/var/lib/crater-agent-workspace/cargo-home:/opt/rustwide/cargo-home:ro,Z" "-v" "/var/lib/crater-agent-workspace/rustup-home:/opt/rustwide/rustup-home:ro,Z" "-e" "SOURCE_DIR=/opt/rustwide/workdir" "-e" "CARGO_TARGET_DIR=/opt/rustwide/target" "-e" "CARGO_INCREMENTAL=0" "-e" "RUST_BACKTRACE=full" "-e" "RUSTFLAGS=--cap-lints=warn" "-e" "CARGO_HOME=/opt/rustwide/cargo-home" "-e" "RUSTUP_HOME=/opt/rustwide/rustup-home" "-w" "/opt/rustwide/workdir" "-m" "1610612736" "--user" "0:0" "--network" "none" "ghcr.io/rust-lang/crates-build-env/linux@sha256:34b6a614d2c27851fe6cbf88fbd1137609cefab8b10d0615aaeb6fd47975d74e" "/opt/rustwide/cargo-home/bin/cargo" "+1.54.0" "test" "--frozen" "--no-run" "--message-format=json", kill_on_drop: false }`
[INFO] [stdout] cba2a6a8c0743613690b39872c52b800ef27818121350daaabaa5981dbd4cdb0
[INFO] running `Command { std: "docker" "start" "-a" "cba2a6a8c0743613690b39872c52b800ef27818121350daaabaa5981dbd4cdb0", kill_on_drop: false }`
[INFO] [stderr]    Compiling opendp v0.1.0-rc.7 (/opt/rustwide/workdir)
[INFO] [stderr]     Finished test [unoptimized + debuginfo] target(s) in 17.81s
[INFO] running `Command { std: "docker" "inspect" "cba2a6a8c0743613690b39872c52b800ef27818121350daaabaa5981dbd4cdb0", kill_on_drop: false }`
[INFO] running `Command { std: "docker" "rm" "-f" "cba2a6a8c0743613690b39872c52b800ef27818121350daaabaa5981dbd4cdb0", kill_on_drop: false }`
[INFO] [stdout] cba2a6a8c0743613690b39872c52b800ef27818121350daaabaa5981dbd4cdb0
[INFO] running `Command { std: "docker" "create" "-v" "/var/lib/crater-agent-workspace/builds/worker-2/target:/opt/rustwide/target:rw,Z" "-v" "/var/lib/crater-agent-workspace/builds/worker-2/source:/opt/rustwide/workdir:ro,Z" "-v" "/var/lib/crater-agent-workspace/cargo-home:/opt/rustwide/cargo-home:ro,Z" "-v" "/var/lib/crater-agent-workspace/rustup-home:/opt/rustwide/rustup-home:ro,Z" "-e" "SOURCE_DIR=/opt/rustwide/workdir" "-e" "CARGO_TARGET_DIR=/opt/rustwide/target" "-e" "CARGO_INCREMENTAL=0" "-e" "RUST_BACKTRACE=full" "-e" "RUSTFLAGS=--cap-lints=warn" "-e" "CARGO_HOME=/opt/rustwide/cargo-home" "-e" "RUSTUP_HOME=/opt/rustwide/rustup-home" "-w" "/opt/rustwide/workdir" "-m" "1610612736" "--user" "0:0" "--network" "none" "ghcr.io/rust-lang/crates-build-env/linux@sha256:34b6a614d2c27851fe6cbf88fbd1137609cefab8b10d0615aaeb6fd47975d74e" "/opt/rustwide/cargo-home/bin/cargo" "+1.54.0" "test" "--frozen", kill_on_drop: false }`
[INFO] [stdout] a8e84976fb277165e086dd0e7e1ba8f38faa60ea9a3ae9db1651337695dd852a
[INFO] running `Command { std: "docker" "start" "-a" "a8e84976fb277165e086dd0e7e1ba8f38faa60ea9a3ae9db1651337695dd852a", kill_on_drop: false }`
[INFO] [stderr]     Finished test [unoptimized + debuginfo] target(s) in 0.07s
[INFO] [stderr]      Running unittests (/opt/rustwide/target/debug/deps/opendp-0e20ab351a8fa2b6)
[INFO] [stdout] 
[INFO] [stdout] running 59 tests
[INFO] [stdout] test chain::tests::test_make_basic_composition ... ok
[INFO] [stdout] test chain::tests::test_make_chain_mt ... ok
[INFO] [stdout] test chain::tests_shr::test_shr ... ok
[INFO] [stdout] test traits::test_inf_cast::test_f64_f32 ... ignored
[INFO] [stdout] test interactive::tests::test_adaptive_composition_no_budget ... ok
[INFO] [stdout] test core::tests::test_identity ... ok
[INFO] [stdout] test interactive::tests::test_adaptive_composition_poly ... ok
[INFO] [stdout] test meas::geometric::tests::test_make_geometric_mechanism ... ok
[INFO] [stdout] test meas::stability::tests::test_base_stability ... ok
[INFO] [stdout] test meas::gaussian::tests::test_make_gaussian_vec_mechanism ... ok
[INFO] [stdout] test meas::gaussian::tests::test_make_gaussian_mechanism ... ok
[INFO] [stdout] test meas::laplace::tests::test_make_laplace_mechanism ... ok
[INFO] [stdout] test trans::cast::tests::test_cast ... ok
[INFO] [stdout] test chain::tests::test_make_chain_tt ... ok
[INFO] [stdout] test meas::laplace::tests::test_make_vector_laplace_mechanism ... ok
[INFO] [stdout] test meas::geometric::tests::test_make_geometric_mechanism_bounded ... ok
[INFO] [stdout] test trans::dataframe::tests::test_make_split_dataframe ... ok
[INFO] [stdout] test meas::geometric::tests::test_make_vector_geometric_mechanism ... ok
[INFO] [stdout] test meas::laplace::tests::test_chain_laplace ... ok
[INFO] [stdout] test trans::count::tests::test_make_count_distinct ... ok
[INFO] [stdout] test meas::geometric::tests::test_make_vector_geometric_mechanism_bounded ... ok
[INFO] [stdout] test trans::cast::tests::test_cast_default_parse ... ok
[INFO] [stdout] test trans::cast::tests::test_cast_default_unsigned ... ok
[INFO] [stdout] test poly::tests::test_poly_transformation ... ok
[INFO] [stdout] test trans::cast::tests::test_cast_inherent ... ok
[INFO] [stdout] test trans::cast::tests::test_cast_metric ... ok
[INFO] [stdout] test interactive::tests::test_adaptive_composition_chain ... ok
[INFO] [stdout] test trans::clamp::tests::test_make_clamp ... ok
[INFO] [stdout] test data::tests::test_vec ... ok
[INFO] [stdout] test trans::clamp::tests::test_make_clamp_scalar ... ok
[INFO] [stdout] test trans::count::tests::test_make_count_l2 ... ok
[INFO] [stdout] test trans::clamp::tests::test_make_unclamp ... ok
[INFO] [stdout] test trans::clamp::tests::test_make_unclamp_scalar ... ok
[INFO] [stdout] test trans::count::tests::test_make_count_by ... ok
[INFO] [stdout] test trans::dataframe::tests::test_make_select_column ... ok
[INFO] [stdout] test interactive::tests::test_adaptive_comp_simple ... ok
[INFO] [stdout] test trans::cast::tests::test_cast_default_floats ... ok
[INFO] [stdout] test poly::tests::test_poly_measurement ... ok
[INFO] [stdout] test trans::count::tests::test_make_count_by_categories ... ok
[INFO] [stdout] test trans::count::tests::test_make_count_l1 ... ok
[INFO] [stdout] test trans::dataframe::tests::test_make_parse_column ... ok
[INFO] [stdout] test trans::dataframe::tests::test_make_split_lines ... ok
[INFO] [stdout] test trans::dataframe::tests::test_make_parse_columns ... ok
[INFO] [stdout] test trans::cast::tests::test_cast_combinations ... ok
[INFO] [stdout] test trans::dataframe::tests::test_make_create_dataframe ... ok
[INFO] [stdout] test trans::dataframe::tests::test_make_split_records ... ok
[INFO] [stderr]    Doc-tests opendp
[INFO] [stdout] test trans::manipulation::tests::test_identity ... ok
[INFO] [stdout] test trans::mean::tests::test_make_bounded_mean_hamming ... ok
[INFO] [stdout] test trans::variance::tests::test_make_bounded_covariance_hamming ... ok
[INFO] [stdout] test trans::sum::tests::test_make_bounded_sum_l1 ... ok
[INFO] [stdout] test trans::impute::tests::test_impute_constant_option ... ok
[INFO] [stdout] test trans::variance::tests::test_make_bounded_variance_hamming ... ok
[INFO] [stdout] test trans::manipulation::tests::test_is_null ... ok
[INFO] [stdout] test trans::sum::tests::test_make_bounded_sum_n ... ok
[INFO] [stdout] test trans::sum::tests::test_make_bounded_sum_l2 ... ok
[INFO] [stdout] test trans::impute::tests::test_impute_uniform ... ok
[INFO] [stdout] test trans::manipulation::tests::test_is_equal ... ok
[INFO] [stdout] test trans::impute::tests::test_impute_constant_inherent ... ok
[INFO] [stdout] test trans::mean::tests::test_make_bounded_mean_symmetric ... ok
[INFO] [stdout] 
[INFO] [stdout] test result: ok. 58 passed; 0 failed; 1 ignored; 0 measured; 0 filtered out; finished in 0.03s
[INFO] [stdout] 
[INFO] [stdout] 
[INFO] [stdout] running 9 tests
[INFO] [stdout] test src/samplers.rs - samplers::SampleGaussian::sample_gaussian (line 408) ... FAILED
[INFO] [stdout] test src/samplers.rs - samplers::SampleGeometric::sample_geometric (line 267) ... FAILED
[INFO] [stdout] test src/lib.rs - (line 100) ... ok
[INFO] [stdout] test src/samplers.rs - samplers::SampleTwoSidedGeometric::sample_two_sided_geometric (line 329) ... ok
[INFO] [stdout] test src/samplers.rs - samplers::SampleBernoulli::sample_bernoulli (line 78) ... ok
[INFO] [stdout] test src/samplers.rs - samplers::SampleUniform::sample_standard_uniform (line 169) ... ok
[INFO] [stdout] test src/samplers.rs - samplers::SampleBernoulli::sample_bernoulli (line 71) ... ok
[INFO] [stdout] test src/lib.rs - (line 38) ... ok
[INFO] [stdout] test src/samplers.rs - samplers::SampleBernoulli::sample_bernoulli (line 64) ... ok
[INFO] [stdout] 
[INFO] [stdout] failures:
[INFO] [stdout] 
[INFO] [stdout] ---- src/samplers.rs - samplers::SampleGaussian::sample_gaussian (line 408) stdout ----
[INFO] [stdout] error: linking with `cc` failed: exit status: 1
[INFO] [stdout]   |
[INFO] [stdout]   = note: "cc" "-m64" "/tmp/rustdoctestC97pwH/rust_out.rust_out.7rcbfp3g-cgu.0.rcgu.o" "/tmp/rustdoctestC97pwH/rust_out.33dyzt1ekirinwy8.rcgu.o" "-Wl,--as-needed" "-L" "/opt/rustwide/target/debug/deps" "-L" "/opt/rustwide/target/debug/deps" "-L" "/opt/rustwide/target/debug/build/gmp-mpfr-sys-d0d111209eb8c5aa/out/lib" "-L" "/opt/rustwide/target/debug/build/openssl-sys-c2eae6a91c8b592f/out/openssl-build/install/lib" "-L" "/opt/rustwide/rustup-home/toolchains/1.54.0-x86_64-unknown-linux-gnu/lib/rustlib/x86_64-unknown-linux-gnu/lib" "-Wl,-Bstatic" "/opt/rustwide/target/debug/deps/libopendp-4395a3dd2a939ca3.rlib" "/opt/rustwide/target/debug/deps/libthiserror-ff5f058dedddaafa.rlib" "/opt/rustwide/target/debug/deps/libopenssl-3e1cefd7768bd542.rlib" "/opt/rustwide/target/debug/deps/libonce_cell-a76c90beb999d50a.rlib" "/opt/rustwide/target/debug/deps/libbitflags-f89ae4b715176e2d.rlib" "/opt/rustwide/target/debug/deps/libforeign_types-6dd7ccee81750d2f.rlib" "/opt/rustwide/target/debug/deps/libforeign_types_shared-1812f2e1ab1a4883.rlib" "/opt/rustwide/target/debug/deps/libopenssl_sys-51b0f4a6657ed3d8.rlib" "/opt/rustwide/target/debug/deps/librug-b864ae39de8e0560.rlib" "/opt/rustwide/target/debug/deps/libgmp_mpfr_sys-872dd9717c25d610.rlib" "/opt/rustwide/target/debug/deps/libaz-b709988ccab079f8.rlib" "/opt/rustwide/target/debug/deps/libieee754-5b4f817bb40c825b.rlib" "/opt/rustwide/target/debug/deps/libnum-0432216cf6bf6840.rlib" "/opt/rustwide/target/debug/deps/libnum_iter-fd226a3cef92a133.rlib" "/opt/rustwide/target/debug/deps/libnum_rational-e0271e0d42efb0fc.rlib" "/opt/rustwide/target/debug/deps/libnum_complex-d68ebbd273b2bed6.rlib" "/opt/rustwide/target/debug/deps/libnum_bigint-8387671873cb1e4f.rlib" "/opt/rustwide/target/debug/deps/libnum_integer-d0c526523c98fd9d.rlib" "/opt/rustwide/target/debug/deps/libnum_traits-8181c43f58ec6290.rlib" "/opt/rustwide/target/debug/deps/libbacktrace-e119fc91d732db51.rlib" "/opt/rustwide/target/debug/deps/libminiz_oxide-6d1f5d22fe94ee7f.rlib" "/opt/rustwide/target/debug/deps/libadler-21b6e26b0dda2395.rlib" "/opt/rustwide/target/debug/deps/libobject-91b4957805867c57.rlib" "/opt/rustwide/target/debug/deps/libmemchr-b59ce5dd3869dcfb.rlib" "/opt/rustwide/target/debug/deps/liblibc-ef703b7b559de845.rlib" "/opt/rustwide/target/debug/deps/libaddr2line-a0888bec23d11c8b.rlib" "/opt/rustwide/target/debug/deps/libgimli-bbd8ab25c1d8d237.rlib" "/opt/rustwide/target/debug/deps/libcfg_if-38c8a3e888ecb06a.rlib" "/opt/rustwide/target/debug/deps/librustc_demangle-aabcf204434227f1.rlib" "-Wl,--start-group" "/opt/rustwide/rustup-home/toolchains/1.54.0-x86_64-unknown-linux-gnu/lib/rustlib/x86_64-unknown-linux-gnu/lib/libstd-2420485b9e5ef5e1.rlib" "/opt/rustwide/rustup-home/toolchains/1.54.0-x86_64-unknown-linux-gnu/lib/rustlib/x86_64-unknown-linux-gnu/lib/libpanic_unwind-785e3cb61c4b1960.rlib" "/opt/rustwide/rustup-home/toolchains/1.54.0-x86_64-unknown-linux-gnu/lib/rustlib/x86_64-unknown-linux-gnu/lib/libminiz_oxide-087191a88bdaa22d.rlib" "/opt/rustwide/rustup-home/toolchains/1.54.0-x86_64-unknown-linux-gnu/lib/rustlib/x86_64-unknown-linux-gnu/lib/libadler-9981842c02975178.rlib" "/opt/rustwide/rustup-home/toolchains/1.54.0-x86_64-unknown-linux-gnu/lib/rustlib/x86_64-unknown-linux-gnu/lib/libobject-6fb405869b015fde.rlib" "/opt/rustwide/rustup-home/toolchains/1.54.0-x86_64-unknown-linux-gnu/lib/rustlib/x86_64-unknown-linux-gnu/lib/libaddr2line-d05c5c3c56004b7b.rlib" "/opt/rustwide/rustup-home/toolchains/1.54.0-x86_64-unknown-linux-gnu/lib/rustlib/x86_64-unknown-linux-gnu/lib/libgimli-42d74d2097528b38.rlib" "/opt/rustwide/rustup-home/toolchains/1.54.0-x86_64-unknown-linux-gnu/lib/rustlib/x86_64-unknown-linux-gnu/lib/libstd_detect-fb36534c113d2209.rlib" "/opt/rustwide/rustup-home/toolchains/1.54.0-x86_64-unknown-linux-gnu/lib/rustlib/x86_64-unknown-linux-gnu/lib/librustc_demangle-b56b9042c12b6535.rlib" "/opt/rustwide/rustup-home/toolchains/1.54.0-x86_64-unknown-linux-gnu/lib/rustlib/x86_64-unknown-linux-gnu/lib/libhashbrown-491902d6cb3e76df.rlib" "/opt/rustwide/rustup-home/toolchains/1.54.0-x86_64-unknown-linux-gnu/lib/rustlib/x86_64-unknown-linux-gnu/lib/librustc_std_workspace_alloc-61834e0981b8c367.rlib" "/opt/rustwide/rustup-home/toolchains/1.54.0-x86_64-unknown-linux-gnu/lib/rustlib/x86_64-unknown-linux-gnu/lib/libunwind-f78aa99d613a55bc.rlib" "/opt/rustwide/rustup-home/toolchains/1.54.0-x86_64-unknown-linux-gnu/lib/rustlib/x86_64-unknown-linux-gnu/lib/libcfg_if-53ee54cd7fed2c57.rlib" "/opt/rustwide/rustup-home/toolchains/1.54.0-x86_64-unknown-linux-gnu/lib/rustlib/x86_64-unknown-linux-gnu/lib/liblibc-544ecdbd6cda3c58.rlib" "/opt/rustwide/rustup-home/toolchains/1.54.0-x86_64-unknown-linux-gnu/lib/rustlib/x86_64-unknown-linux-gnu/lib/liballoc-379cc252b6943a79.rlib" "/opt/rustwide/rustup-home/toolchains/1.54.0-x86_64-unknown-linux-gnu/lib/rustlib/x86_64-unknown-linux-gnu/lib/librustc_std_workspace_core-8063eea38dcc5e62.rlib" "/opt/rustwide/rustup-home/toolchains/1.54.0-x86_64-unknown-linux-gnu/lib/rustlib/x86_64-unknown-linux-gnu/lib/libcore-5b228734afae15ee.rlib" "-Wl,--end-group" "/opt/rustwide/rustup-home/toolchains/1.54.0-x86_64-unknown-linux-gnu/lib/rustlib/x86_64-unknown-linux-gnu/lib/libcompiler_builtins-d6c7a399d95d173f.rlib" "-Wl,-Bdynamic" "-lgcc_s" "-lutil" "-lrt" "-lpthread" "-lm" "-ldl" "-lc" "-Wl,--eh-frame-hdr" "-Wl,-znoexecstack" "-L" "/opt/rustwide/rustup-home/toolchains/1.54.0-x86_64-unknown-linux-gnu/lib/rustlib/x86_64-unknown-linux-gnu/lib" "-o" "/tmp/rustdoctestC97pwH/rust_out" "-Wl,--gc-sections" "-pie" "-Wl,-zrelro" "-Wl,-znow" "-nodefaultlibs"
[INFO] [stdout]   = note: collect2: fatal error: ld terminated with signal 9 [Killed]
[INFO] [stdout]           compilation terminated.
[INFO] [stdout]           
[INFO] [stdout] 
[INFO] [stdout] error: aborting due to previous error
[INFO] [stdout] 
[INFO] [stdout] Couldn't compile the test.
[INFO] [stdout] ---- src/samplers.rs - samplers::SampleGeometric::sample_geometric (line 267) stdout ----
[INFO] [stdout] error: linking with `cc` failed: exit status: 1
[INFO] [stdout]   |
[INFO] [stdout]   = note: "cc" "-m64" "/tmp/rustdoctestkmy5ZH/rust_out.rust_out.7rcbfp3g-cgu.0.rcgu.o" "/tmp/rustdoctestkmy5ZH/rust_out.33dyzt1ekirinwy8.rcgu.o" "-Wl,--as-needed" "-L" "/opt/rustwide/target/debug/deps" "-L" "/opt/rustwide/target/debug/deps" "-L" "/opt/rustwide/target/debug/build/gmp-mpfr-sys-d0d111209eb8c5aa/out/lib" "-L" "/opt/rustwide/target/debug/build/openssl-sys-c2eae6a91c8b592f/out/openssl-build/install/lib" "-L" "/opt/rustwide/rustup-home/toolchains/1.54.0-x86_64-unknown-linux-gnu/lib/rustlib/x86_64-unknown-linux-gnu/lib" "-Wl,-Bstatic" "/opt/rustwide/target/debug/deps/libopendp-4395a3dd2a939ca3.rlib" "/opt/rustwide/target/debug/deps/libthiserror-ff5f058dedddaafa.rlib" "/opt/rustwide/target/debug/deps/libopenssl-3e1cefd7768bd542.rlib" "/opt/rustwide/target/debug/deps/libonce_cell-a76c90beb999d50a.rlib" "/opt/rustwide/target/debug/deps/libbitflags-f89ae4b715176e2d.rlib" "/opt/rustwide/target/debug/deps/libforeign_types-6dd7ccee81750d2f.rlib" "/opt/rustwide/target/debug/deps/libforeign_types_shared-1812f2e1ab1a4883.rlib" "/opt/rustwide/target/debug/deps/libopenssl_sys-51b0f4a6657ed3d8.rlib" "/opt/rustwide/target/debug/deps/librug-b864ae39de8e0560.rlib" "/opt/rustwide/target/debug/deps/libgmp_mpfr_sys-872dd9717c25d610.rlib" "/opt/rustwide/target/debug/deps/libaz-b709988ccab079f8.rlib" "/opt/rustwide/target/debug/deps/libieee754-5b4f817bb40c825b.rlib" "/opt/rustwide/target/debug/deps/libnum-0432216cf6bf6840.rlib" "/opt/rustwide/target/debug/deps/libnum_iter-fd226a3cef92a133.rlib" "/opt/rustwide/target/debug/deps/libnum_rational-e0271e0d42efb0fc.rlib" "/opt/rustwide/target/debug/deps/libnum_complex-d68ebbd273b2bed6.rlib" "/opt/rustwide/target/debug/deps/libnum_bigint-8387671873cb1e4f.rlib" "/opt/rustwide/target/debug/deps/libnum_integer-d0c526523c98fd9d.rlib" "/opt/rustwide/target/debug/deps/libnum_traits-8181c43f58ec6290.rlib" "/opt/rustwide/target/debug/deps/libbacktrace-e119fc91d732db51.rlib" "/opt/rustwide/target/debug/deps/libminiz_oxide-6d1f5d22fe94ee7f.rlib" "/opt/rustwide/target/debug/deps/libadler-21b6e26b0dda2395.rlib" "/opt/rustwide/target/debug/deps/libobject-91b4957805867c57.rlib" "/opt/rustwide/target/debug/deps/libmemchr-b59ce5dd3869dcfb.rlib" "/opt/rustwide/target/debug/deps/liblibc-ef703b7b559de845.rlib" "/opt/rustwide/target/debug/deps/libaddr2line-a0888bec23d11c8b.rlib" "/opt/rustwide/target/debug/deps/libgimli-bbd8ab25c1d8d237.rlib" "/opt/rustwide/target/debug/deps/libcfg_if-38c8a3e888ecb06a.rlib" "/opt/rustwide/target/debug/deps/librustc_demangle-aabcf204434227f1.rlib" "-Wl,--start-group" "/opt/rustwide/rustup-home/toolchains/1.54.0-x86_64-unknown-linux-gnu/lib/rustlib/x86_64-unknown-linux-gnu/lib/libstd-2420485b9e5ef5e1.rlib" "/opt/rustwide/rustup-home/toolchains/1.54.0-x86_64-unknown-linux-gnu/lib/rustlib/x86_64-unknown-linux-gnu/lib/libpanic_unwind-785e3cb61c4b1960.rlib" "/opt/rustwide/rustup-home/toolchains/1.54.0-x86_64-unknown-linux-gnu/lib/rustlib/x86_64-unknown-linux-gnu/lib/libminiz_oxide-087191a88bdaa22d.rlib" "/opt/rustwide/rustup-home/toolchains/1.54.0-x86_64-unknown-linux-gnu/lib/rustlib/x86_64-unknown-linux-gnu/lib/libadler-9981842c02975178.rlib" "/opt/rustwide/rustup-home/toolchains/1.54.0-x86_64-unknown-linux-gnu/lib/rustlib/x86_64-unknown-linux-gnu/lib/libobject-6fb405869b015fde.rlib" "/opt/rustwide/rustup-home/toolchains/1.54.0-x86_64-unknown-linux-gnu/lib/rustlib/x86_64-unknown-linux-gnu/lib/libaddr2line-d05c5c3c56004b7b.rlib" "/opt/rustwide/rustup-home/toolchains/1.54.0-x86_64-unknown-linux-gnu/lib/rustlib/x86_64-unknown-linux-gnu/lib/libgimli-42d74d2097528b38.rlib" "/opt/rustwide/rustup-home/toolchains/1.54.0-x86_64-unknown-linux-gnu/lib/rustlib/x86_64-unknown-linux-gnu/lib/libstd_detect-fb36534c113d2209.rlib" "/opt/rustwide/rustup-home/toolchains/1.54.0-x86_64-unknown-linux-gnu/lib/rustlib/x86_64-unknown-linux-gnu/lib/librustc_demangle-b56b9042c12b6535.rlib" "/opt/rustwide/rustup-home/toolchains/1.54.0-x86_64-unknown-linux-gnu/lib/rustlib/x86_64-unknown-linux-gnu/lib/libhashbrown-491902d6cb3e76df.rlib" "/opt/rustwide/rustup-home/toolchains/1.54.0-x86_64-unknown-linux-gnu/lib/rustlib/x86_64-unknown-linux-gnu/lib/librustc_std_workspace_alloc-61834e0981b8c367.rlib" "/opt/rustwide/rustup-home/toolchains/1.54.0-x86_64-unknown-linux-gnu/lib/rustlib/x86_64-unknown-linux-gnu/lib/libunwind-f78aa99d613a55bc.rlib" "/opt/rustwide/rustup-home/toolchains/1.54.0-x86_64-unknown-linux-gnu/lib/rustlib/x86_64-unknown-linux-gnu/lib/libcfg_if-53ee54cd7fed2c57.rlib" "/opt/rustwide/rustup-home/toolchains/1.54.0-x86_64-unknown-linux-gnu/lib/rustlib/x86_64-unknown-linux-gnu/lib/liblibc-544ecdbd6cda3c58.rlib" "/opt/rustwide/rustup-home/toolchains/1.54.0-x86_64-unknown-linux-gnu/lib/rustlib/x86_64-unknown-linux-gnu/lib/liballoc-379cc252b6943a79.rlib" "/opt/rustwide/rustup-home/toolchains/1.54.0-x86_64-unknown-linux-gnu/lib/rustlib/x86_64-unknown-linux-gnu/lib/librustc_std_workspace_core-8063eea38dcc5e62.rlib" "/opt/rustwide/rustup-home/toolchains/1.54.0-x86_64-unknown-linux-gnu/lib/rustlib/x86_64-unknown-linux-gnu/lib/libcore-5b228734afae15ee.rlib" "-Wl,--end-group" "/opt/rustwide/rustup-home/toolchains/1.54.0-x86_64-unknown-linux-gnu/lib/rustlib/x86_64-unknown-linux-gnu/lib/libcompiler_builtins-d6c7a399d95d173f.rlib" "-Wl,-Bdynamic" "-lgcc_s" "-lutil" "-lrt" "-lpthread" "-lm" "-ldl" "-lc" "-Wl,--eh-frame-hdr" "-Wl,-znoexecstack" "-L" "/opt/rustwide/rustup-home/toolchains/1.54.0-x86_64-unknown-linux-gnu/lib/rustlib/x86_64-unknown-linux-gnu/lib" "-o" "/tmp/rustdoctestkmy5ZH/rust_out" "-Wl,--gc-sections" "-pie" "-Wl,-zrelro" "-Wl,-znow" "-nodefaultlibs"
[INFO] [stdout]   = note: collect2: fatal error: ld terminated with signal 9 [Killed]
[INFO] [stdout]           compilation terminated.
[INFO] [stdout]           
[INFO] [stdout] 
[INFO] [stdout] error: aborting due to previous error
[INFO] [stdout] 
[INFO] [stdout] Couldn't compile the test.
[INFO] [stdout] 
[INFO] [stdout] failures:
[INFO] [stdout]     src/samplers.rs - samplers::SampleGaussian::sample_gaussian (line 408)
[INFO] [stdout]     src/samplers.rs - samplers::SampleGeometric::sample_geometric (line 267)
[INFO] [stdout] 
[INFO] [stdout] test result: FAILED. 7 passed; 2 failed; 0 ignored; 0 measured; 0 filtered out; finished in 5.96s
[INFO] [stdout] 
[INFO] [stderr] error: test failed, to rerun pass '--doc'
[INFO] running `Command { std: "docker" "inspect" "a8e84976fb277165e086dd0e7e1ba8f38faa60ea9a3ae9db1651337695dd852a", kill_on_drop: false }`
[INFO] running `Command { std: "docker" "rm" "-f" "a8e84976fb277165e086dd0e7e1ba8f38faa60ea9a3ae9db1651337695dd852a", kill_on_drop: false }`
[INFO] [stdout] a8e84976fb277165e086dd0e7e1ba8f38faa60ea9a3ae9db1651337695dd852a
