[INFO] fetching crate openapi-context 0.1.0...
[INFO] testing openapi-context-0.1.0 against beta-2021-08-01 for beta-1.55-1
[INFO] extracting crate openapi-context 0.1.0 into /workspace/builds/worker-8/source
[INFO] validating manifest of crates.io crate openapi-context 0.1.0 on toolchain beta-2021-08-01
[INFO] running `Command { std: "/workspace/cargo-home/bin/cargo" "+beta-2021-08-01" "metadata" "--manifest-path" "Cargo.toml" "--no-deps", kill_on_drop: false }`
[INFO] started tweaking crates.io crate openapi-context 0.1.0
[INFO] finished tweaking crates.io crate openapi-context 0.1.0
[INFO] tweaked toml for crates.io crate openapi-context 0.1.0 written to /workspace/builds/worker-8/source/Cargo.toml
[INFO] running `Command { std: "/workspace/cargo-home/bin/cargo" "+beta-2021-08-01" "generate-lockfile" "--manifest-path" "Cargo.toml" "-Zno-index-update", kill_on_drop: false }`
[INFO] running `Command { std: "/workspace/cargo-home/bin/cargo" "+beta-2021-08-01" "fetch" "--manifest-path" "Cargo.toml", kill_on_drop: false }`
[INFO] running `Command { std: "docker" "create" "-v" "/var/lib/crater-agent-workspace/builds/worker-8/target:/opt/rustwide/target:rw,Z" "-v" "/var/lib/crater-agent-workspace/builds/worker-8/source:/opt/rustwide/workdir:ro,Z" "-v" "/var/lib/crater-agent-workspace/cargo-home:/opt/rustwide/cargo-home:ro,Z" "-v" "/var/lib/crater-agent-workspace/rustup-home:/opt/rustwide/rustup-home:ro,Z" "-e" "SOURCE_DIR=/opt/rustwide/workdir" "-e" "CARGO_TARGET_DIR=/opt/rustwide/target" "-e" "CARGO_HOME=/opt/rustwide/cargo-home" "-e" "RUSTUP_HOME=/opt/rustwide/rustup-home" "-w" "/opt/rustwide/workdir" "-m" "1610612736" "--user" "0:0" "--network" "none" "ghcr.io/rust-lang/crates-build-env/linux@sha256:34b6a614d2c27851fe6cbf88fbd1137609cefab8b10d0615aaeb6fd47975d74e" "/opt/rustwide/cargo-home/bin/cargo" "+beta-2021-08-01" "metadata" "--no-deps" "--format-version=1", kill_on_drop: false }`
[INFO] [stdout] 6202de4b7a521dc06c7f893d26a4dceaa9b71f95148b54c0bb62a979e4944b3e
[INFO] running `Command { std: "docker" "start" "-a" "6202de4b7a521dc06c7f893d26a4dceaa9b71f95148b54c0bb62a979e4944b3e", kill_on_drop: false }`
[INFO] running `Command { std: "docker" "inspect" "6202de4b7a521dc06c7f893d26a4dceaa9b71f95148b54c0bb62a979e4944b3e", kill_on_drop: false }`
[INFO] running `Command { std: "docker" "rm" "-f" "6202de4b7a521dc06c7f893d26a4dceaa9b71f95148b54c0bb62a979e4944b3e", kill_on_drop: false }`
[INFO] [stdout] 6202de4b7a521dc06c7f893d26a4dceaa9b71f95148b54c0bb62a979e4944b3e
[INFO] running `Command { std: "docker" "create" "-v" "/var/lib/crater-agent-workspace/builds/worker-8/target:/opt/rustwide/target:rw,Z" "-v" "/var/lib/crater-agent-workspace/builds/worker-8/source:/opt/rustwide/workdir:ro,Z" "-v" "/var/lib/crater-agent-workspace/cargo-home:/opt/rustwide/cargo-home:ro,Z" "-v" "/var/lib/crater-agent-workspace/rustup-home:/opt/rustwide/rustup-home:ro,Z" "-e" "SOURCE_DIR=/opt/rustwide/workdir" "-e" "CARGO_TARGET_DIR=/opt/rustwide/target" "-e" "CARGO_INCREMENTAL=0" "-e" "RUST_BACKTRACE=full" "-e" "RUSTFLAGS=--cap-lints=warn" "-e" "CARGO_HOME=/opt/rustwide/cargo-home" "-e" "RUSTUP_HOME=/opt/rustwide/rustup-home" "-w" "/opt/rustwide/workdir" "-m" "1610612736" "--user" "0:0" "--network" "none" "ghcr.io/rust-lang/crates-build-env/linux@sha256:34b6a614d2c27851fe6cbf88fbd1137609cefab8b10d0615aaeb6fd47975d74e" "/opt/rustwide/cargo-home/bin/cargo" "+beta-2021-08-01" "build" "--frozen" "--message-format=json", kill_on_drop: false }`
[INFO] [stdout] 704bd01ffb4bbeb8d59e6db22d4fbb26bac9e66e774d0a159e6adde4dd201797
[INFO] running `Command { std: "docker" "start" "-a" "704bd01ffb4bbeb8d59e6db22d4fbb26bac9e66e774d0a159e6adde4dd201797", kill_on_drop: false }`
[INFO] [stderr]    Compiling libc v0.2.98
[INFO] [stderr]    Compiling syn v1.0.74
[INFO] [stderr]    Compiling log v0.4.14
[INFO] [stderr]    Compiling rand_core v0.4.2
[INFO] [stderr]    Compiling autocfg v0.1.7
[INFO] [stderr]    Compiling futures-core v0.3.16
[INFO] [stderr]    Compiling memchr v2.4.0
[INFO] [stderr]    Compiling fnv v1.0.7
[INFO] [stderr]    Compiling slab v0.4.4
[INFO] [stderr]    Compiling proc-macro-hack v0.5.19
[INFO] [stderr]    Compiling futures-task v0.3.16
[INFO] [stderr]    Compiling pin-project-lite v0.2.7
[INFO] [stderr]    Compiling futures-sink v0.3.16
[INFO] [stderr]    Compiling futures-channel v0.3.16
[INFO] [stderr]    Compiling itoa v0.4.7
[INFO] [stderr]    Compiling proc-macro-nested v0.1.7
[INFO] [stderr]    Compiling bytes v1.0.1
[INFO] [stderr]    Compiling futures-io v0.3.16
[INFO] [stderr]    Compiling bytes v0.5.6
[INFO] [stderr]    Compiling pin-utils v0.1.0
[INFO] [stderr]    Compiling pin-project-lite v0.1.12
[INFO] [stderr]    Compiling httparse v1.4.1
[INFO] [stderr]    Compiling cpufeatures v0.1.5
[INFO] [stderr]    Compiling try-lock v0.2.3
[INFO] [stderr]    Compiling slog v2.7.0
[INFO] [stderr]    Compiling opaque-debug v0.3.0
[INFO] [stderr]    Compiling byteorder v1.4.3
[INFO] [stderr]    Compiling tower-service v0.3.1
[INFO] [stderr]    Compiling mime v0.3.16
[INFO] [stderr]    Compiling httpdate v0.3.2
[INFO] [stderr]    Compiling base64 v0.13.0
[INFO] [stderr]    Compiling futures-macro v0.3.16
[INFO] [stderr]    Compiling futures-util v0.3.16
[INFO] [stderr]    Compiling num-traits v0.2.14
[INFO] [stderr]    Compiling indexmap v1.7.0
[INFO] [stderr]    Compiling num-integer v0.1.44
[INFO] [stderr]    Compiling generic-array v0.14.4
[INFO] [stderr]    Compiling tracing-core v0.1.18
[INFO] [stderr]    Compiling rand_core v0.3.1
[INFO] [stderr]    Compiling rand_jitter v0.1.4
[INFO] [stderr]    Compiling base64 v0.10.1
[INFO] [stderr]    Compiling rand_hc v0.1.0
[INFO] [stderr]    Compiling rand_xorshift v0.1.1
[INFO] [stderr]    Compiling rand_isaac v0.1.1
[INFO] [stderr]    Compiling rand_chacha v0.1.1
[INFO] [stderr]    Compiling rand_pcg v0.1.2
[INFO] [stderr]    Compiling rand v0.6.5
[INFO] [stderr]    Compiling http v0.2.4
[INFO] [stderr]    Compiling want v0.3.0
[INFO] [stderr]    Compiling tracing v0.1.26
[INFO] [stderr]    Compiling iovec v0.1.4
[INFO] [stderr]    Compiling net2 v0.2.37
[INFO] [stderr]    Compiling time v0.1.44
[INFO] [stderr]    Compiling rand_os v0.1.3
[INFO] [stderr]    Compiling socket2 v0.3.19
[INFO] [stderr]    Compiling block-buffer v0.9.0
[INFO] [stderr]    Compiling digest v0.9.0
[INFO] [stderr]    Compiling sha-1 v0.9.7
[INFO] [stderr]    Compiling mio v0.6.23
[INFO] [stderr]    Compiling chrono v0.4.19
[INFO] [stderr]    Compiling tokio v0.2.25
[INFO] [stderr]    Compiling http-body v0.3.1
[INFO] [stderr]    Compiling headers-core v0.2.0
[INFO] [stderr]    Compiling headers v0.3.4
[INFO] [stderr]    Compiling tokio-util v0.3.1
[INFO] [stderr]    Compiling pin-project-internal v1.0.8
[INFO] [stderr]    Compiling serde_derive v1.0.127
[INFO] [stderr]    Compiling pin-project v1.0.8
[INFO] [stderr]    Compiling tracing-futures v0.2.5
[INFO] [stderr]    Compiling futures-executor v0.3.16
[INFO] [stderr]    Compiling h2 v0.2.7
[INFO] [stderr]    Compiling futures v0.3.16
[INFO] [stderr]    Compiling serde v1.0.127
[INFO] [stderr]    Compiling serde_json v1.0.66
[INFO] [stderr]    Compiling uuid v0.7.4
[INFO] [stderr]    Compiling hyper v0.13.10
[INFO] [stderr]    Compiling openapi-context v0.1.0 (/opt/rustwide/workdir)
[INFO] [stderr]     Finished dev [unoptimized + debuginfo] target(s) in 57.21s
[INFO] running `Command { std: "docker" "inspect" "704bd01ffb4bbeb8d59e6db22d4fbb26bac9e66e774d0a159e6adde4dd201797", kill_on_drop: false }`
[INFO] running `Command { std: "docker" "rm" "-f" "704bd01ffb4bbeb8d59e6db22d4fbb26bac9e66e774d0a159e6adde4dd201797", kill_on_drop: false }`
[INFO] [stdout] 704bd01ffb4bbeb8d59e6db22d4fbb26bac9e66e774d0a159e6adde4dd201797
[INFO] running `Command { std: "docker" "create" "-v" "/var/lib/crater-agent-workspace/builds/worker-8/target:/opt/rustwide/target:rw,Z" "-v" "/var/lib/crater-agent-workspace/builds/worker-8/source:/opt/rustwide/workdir:ro,Z" "-v" "/var/lib/crater-agent-workspace/cargo-home:/opt/rustwide/cargo-home:ro,Z" "-v" "/var/lib/crater-agent-workspace/rustup-home:/opt/rustwide/rustup-home:ro,Z" "-e" "SOURCE_DIR=/opt/rustwide/workdir" "-e" "CARGO_TARGET_DIR=/opt/rustwide/target" "-e" "CARGO_INCREMENTAL=0" "-e" "RUST_BACKTRACE=full" "-e" "RUSTFLAGS=--cap-lints=warn" "-e" "CARGO_HOME=/opt/rustwide/cargo-home" "-e" "RUSTUP_HOME=/opt/rustwide/rustup-home" "-w" "/opt/rustwide/workdir" "-m" "1610612736" "--user" "0:0" "--network" "none" "ghcr.io/rust-lang/crates-build-env/linux@sha256:34b6a614d2c27851fe6cbf88fbd1137609cefab8b10d0615aaeb6fd47975d74e" "/opt/rustwide/cargo-home/bin/cargo" "+beta-2021-08-01" "test" "--frozen" "--no-run" "--message-format=json", kill_on_drop: false }`
[INFO] [stdout] bb2ab0a566f61f95c343d2ef35688b997b14fb7301d71d5bf97a65d45ceea957
[INFO] running `Command { std: "docker" "start" "-a" "bb2ab0a566f61f95c343d2ef35688b997b14fb7301d71d5bf97a65d45ceea957", kill_on_drop: false }`
[INFO] [stderr]    Compiling openapi-context v0.1.0 (/opt/rustwide/workdir)
[INFO] [stdout] warning: function is never used: `use_item_1_owned`
[INFO] [stdout]    --> src/context.rs:534:8
[INFO] [stdout]     |
[INFO] [stdout] 534 |     fn use_item_1_owned(_: ContextItem1) {}
[INFO] [stdout]     |        ^^^^^^^^^^^^^^^^
[INFO] [stdout]     |
[INFO] [stdout]     = note: `#[warn(dead_code)]` on by default
[INFO] [stdout] 
[INFO] [stdout] 
[INFO] [stdout] warning: function is never used: `use_item_2`
[INFO] [stdout]    --> src/context.rs:535:8
[INFO] [stdout]     |
[INFO] [stdout] 535 |     fn use_item_2(_: &ContextItem2) {}
[INFO] [stdout]     |        ^^^^^^^^^^
[INFO] [stdout] 
[INFO] [stdout] 
[INFO] [stdout] warning: function is never used: `use_item_3_owned`
[INFO] [stdout]    --> src/context.rs:536:8
[INFO] [stdout]     |
[INFO] [stdout] 536 |     fn use_item_3_owned(_: ContextItem3) {}
[INFO] [stdout]     |        ^^^^^^^^^^^^^^^^
[INFO] [stdout] 
[INFO] [stdout] 
[INFO] [stdout] warning: 3 warnings emitted
[INFO] [stdout] 
[INFO] [stdout] 
[INFO] [stderr]     Finished test [unoptimized + debuginfo] target(s) in 2.83s
[INFO] running `Command { std: "docker" "inspect" "bb2ab0a566f61f95c343d2ef35688b997b14fb7301d71d5bf97a65d45ceea957", kill_on_drop: false }`
[INFO] running `Command { std: "docker" "rm" "-f" "bb2ab0a566f61f95c343d2ef35688b997b14fb7301d71d5bf97a65d45ceea957", kill_on_drop: false }`
[INFO] [stdout] bb2ab0a566f61f95c343d2ef35688b997b14fb7301d71d5bf97a65d45ceea957
[INFO] running `Command { std: "docker" "create" "-v" "/var/lib/crater-agent-workspace/builds/worker-8/target:/opt/rustwide/target:rw,Z" "-v" "/var/lib/crater-agent-workspace/builds/worker-8/source:/opt/rustwide/workdir:ro,Z" "-v" "/var/lib/crater-agent-workspace/cargo-home:/opt/rustwide/cargo-home:ro,Z" "-v" "/var/lib/crater-agent-workspace/rustup-home:/opt/rustwide/rustup-home:ro,Z" "-e" "SOURCE_DIR=/opt/rustwide/workdir" "-e" "CARGO_TARGET_DIR=/opt/rustwide/target" "-e" "CARGO_INCREMENTAL=0" "-e" "RUST_BACKTRACE=full" "-e" "RUSTFLAGS=--cap-lints=warn" "-e" "CARGO_HOME=/opt/rustwide/cargo-home" "-e" "RUSTUP_HOME=/opt/rustwide/rustup-home" "-w" "/opt/rustwide/workdir" "-m" "1610612736" "--user" "0:0" "--network" "none" "ghcr.io/rust-lang/crates-build-env/linux@sha256:34b6a614d2c27851fe6cbf88fbd1137609cefab8b10d0615aaeb6fd47975d74e" "/opt/rustwide/cargo-home/bin/cargo" "+beta-2021-08-01" "test" "--frozen", kill_on_drop: false }`
[INFO] [stdout] 34dba15710ede332840fcc6e9b63c33b47c1b768a71a4f59d93015b58f47a73d
[INFO] running `Command { std: "docker" "start" "-a" "34dba15710ede332840fcc6e9b63c33b47c1b768a71a4f59d93015b58f47a73d", kill_on_drop: false }`
[INFO] [stderr] warning: function is never used: `use_item_1_owned`
[INFO] [stderr]    --> src/context.rs:534:8
[INFO] [stderr]     |
[INFO] [stderr] 534 |     fn use_item_1_owned(_: ContextItem1) {}
[INFO] [stderr]     |        ^^^^^^^^^^^^^^^^
[INFO] [stderr]     |
[INFO] [stderr]     = note: `#[warn(dead_code)]` on by default
[INFO] [stderr] 
[INFO] [stderr] warning: function is never used: `use_item_2`
[INFO] [stderr]    --> src/context.rs:535:8
[INFO] [stderr]     |
[INFO] [stderr] 535 |     fn use_item_2(_: &ContextItem2) {}
[INFO] [stderr]     |        ^^^^^^^^^^
[INFO] [stderr] 
[INFO] [stderr] warning: function is never used: `use_item_3_owned`
[INFO] [stderr]    --> src/context.rs:536:8
[INFO] [stderr]     |
[INFO] [stderr] 536 |     fn use_item_3_owned(_: ContextItem3) {}
[INFO] [stderr]     |        ^^^^^^^^^^^^^^^^
[INFO] [stderr] 
[INFO] [stderr] warning: `openapi-context` (lib test) generated 3 warnings
[INFO] [stderr]     Finished test [unoptimized + debuginfo] target(s) in 0.16s
[INFO] [stderr]      Running unittests (/opt/rustwide/target/debug/deps/openapi_context-49cbb9ae60191a65)
[INFO] [stdout] 
[INFO] [stdout] running 9 tests
[INFO] [stdout] test nullable_format::serde_tests::null_nullable_value ... ok
[INFO] [stdout] test nullable_format::serde_tests::object_optionalnullable_value ... ok
[INFO] [stdout] test nullable_format::serde_tests::string_optionalnullable_value ... ok
[INFO] [stdout] test nullable_format::serde_tests::missing_optionalnullable_value ... ok
[INFO] [stdout] test request_parser::context_tests::test_macros ... ok
[INFO] [stdout] test nullable_format::serde_tests::string_nullable_value ... ok
[INFO] [stdout] test nullable_format::serde_tests::object_nullable_value ... ok
[INFO] [stdout] test nullable_format::serde_tests::null_optionalnullable_value ... ok
[INFO] [stdout] test nullable_format::serde_tests::missing_nullable_value - should panic ... ok
[INFO] [stdout] 
[INFO] [stdout] test result: ok. 9 passed; 0 failed; 0 ignored; 0 measured; 0 filtered out; finished in 0.04s
[INFO] [stdout] 
[INFO] [stderr]    Doc-tests openapi-context
[INFO] [stdout] 
[INFO] [stdout] running 29 tests
[INFO] [stdout] test src/drop_context.rs - drop_context::DropContextMakeService (line 22) ... ignored
[INFO] [stdout] test src/nullable_format.rs - nullable_format::Nullable<T>::or (line 427) ... FAILED
[INFO] [stdout] test src/nullable_format.rs - nullable_format::Nullable<T>::expect (line 148) ... FAILED
[INFO] [stdout] test src/nullable_format.rs - nullable_format::Nullable<T>::ok_or_else (line 345) ... FAILED
[INFO] [stdout] test src/nullable_format.rs - nullable_format::Nullable<T>::is_null (line 56) ... FAILED
[INFO] [stdout] test src/context.rs - context::Push (line 115) ... FAILED
[INFO] [stdout] test src/nullable_format.rs - nullable_format::Nullable<T>::map_or (line 269) ... FAILED
[INFO] [stdout] test src/nullable_format.rs - nullable_format::Nullable<T>::and_then (line 404) ... FAILED
[INFO] [stdout] test src/nullable_format.rs - nullable_format::Nullable<T>::expect (line 141) ... FAILED
[INFO] [stdout] test src/nullable_format.rs - nullable_format::Nullable<T>::unwrap (line 183) ... FAILED
[INFO] [stdout] test src/context.rs - context::Has (line 17) ... FAILED
[INFO] [stdout] test src/nullable_format.rs - nullable_format::Nullable<T>::or_else (line 459) ... FAILED
[INFO] [stdout] test src/nullable_format.rs - nullable_format::Nullable<T>::unwrap (line 176) ... FAILED
[INFO] [stdout] test src/nullable_format.rs - nullable_format::Nullable<T>::is_present (line 35) ... FAILED
[INFO] [stdout] test src/nullable_format.rs - nullable_format::Nullable<T>::map (line 247) ... FAILED
[INFO] [stdout] test src/nullable_format.rs - nullable_format::Nullable<T>::unwrap_or_default (line 532) ... FAILED
[INFO] [stdout] test src/nullable_format.rs - nullable_format::Nullable<&'a T>::cloned (line 509) ... FAILED
[INFO] [stdout] test src/nullable_format.rs - nullable_format::Nullable<T>::and (line 370) ... FAILED
[INFO] [stdout] test src/context.rs - context::Pop (line 59) ... FAILED
[INFO] [stdout] test src/nullable_format.rs - nullable_format::Nullable<T>::map_or_else (line 291) ... FAILED
[INFO] [stdout] test src/nullable_format.rs - nullable_format::Nullable<T>::as_mut (line 108) ... FAILED
[INFO] [stdout] test src/nullable_format.rs - nullable_format::Nullable<T>::unwrap_or_else (line 219) ... FAILED
[INFO] [stdout] test src/nullable_format.rs - nullable_format::Nullable<T>::ok_or (line 319) ... FAILED
[INFO] [stdout] test src/nullable_format.rs - nullable_format::Nullable<T>::take (line 486) ... FAILED
[INFO] [stdout] test src/nullable_format.rs - nullable_format::Nullable<T>::as_ref (line 87) ... FAILED
[INFO] [stdout] test src/nullable_format.rs - nullable_format::Nullable<T>::unwrap_or (line 201) ... FAILED
[INFO] [stdout] test src/context.rs - new_context_type (line 181) ... ok
[INFO] [stdout] test src/context.rs - make_context_ty (line 399) ... ok
[INFO] [stdout] test src/context.rs - make_context (line 433) ... ok
[INFO] [stdout] 
[INFO] [stdout] failures:
[INFO] [stdout] 
[INFO] [stdout] ---- src/nullable_format.rs - nullable_format::Nullable<T>::or (line 427) stdout ----
[INFO] [stdout] error[E0432]: unresolved import `swagger`
[INFO] [stdout]  --> src/nullable_format.rs:428:7
[INFO] [stdout]   |
[INFO] [stdout] 3 | use ::swagger::Nullable;
[INFO] [stdout]   |       ^^^^^^^ could not find `swagger` in the list of imported crates
[INFO] [stdout] 
[INFO] [stdout] error: aborting due to previous error
[INFO] [stdout] 
[INFO] [stdout] For more information about this error, try `rustc --explain E0432`.
[INFO] [stdout] Couldn't compile the test.
[INFO] [stdout] ---- src/nullable_format.rs - nullable_format::Nullable<T>::expect (line 148) stdout ----
[INFO] [stdout] error[E0432]: unresolved import `swagger`
[INFO] [stdout]  --> src/nullable_format.rs:149:7
[INFO] [stdout]   |
[INFO] [stdout] 3 | use ::swagger::Nullable;
[INFO] [stdout]   |       ^^^^^^^ could not find `swagger` in the list of imported crates
[INFO] [stdout] 
[INFO] [stdout] error: aborting due to previous error
[INFO] [stdout] 
[INFO] [stdout] For more information about this error, try `rustc --explain E0432`.
[INFO] [stdout] Couldn't compile the test.
[INFO] [stdout] ---- src/nullable_format.rs - nullable_format::Nullable<T>::ok_or_else (line 345) stdout ----
[INFO] [stdout] error[E0432]: unresolved import `swagger`
[INFO] [stdout]  --> src/nullable_format.rs:346:7
[INFO] [stdout]   |
[INFO] [stdout] 3 | use ::swagger::Nullable;
[INFO] [stdout]   |       ^^^^^^^ could not find `swagger` in the list of imported crates
[INFO] [stdout] 
[INFO] [stdout] error: aborting due to previous error
[INFO] [stdout] 
[INFO] [stdout] For more information about this error, try `rustc --explain E0432`.
[INFO] [stdout] Couldn't compile the test.
[INFO] [stdout] ---- src/nullable_format.rs - nullable_format::Nullable<T>::is_null (line 56) stdout ----
[INFO] [stdout] error[E0432]: unresolved import `swagger`
[INFO] [stdout]  --> src/nullable_format.rs:57:7
[INFO] [stdout]   |
[INFO] [stdout] 3 | use ::swagger::Nullable;
[INFO] [stdout]   |       ^^^^^^^ could not find `swagger` in the list of imported crates
[INFO] [stdout] 
[INFO] [stdout] error: aborting due to previous error
[INFO] [stdout] 
[INFO] [stdout] For more information about this error, try `rustc --explain E0432`.
[INFO] [stdout] Couldn't compile the test.
[INFO] [stdout] ---- src/context.rs - context::Push (line 115) stdout ----
[INFO] [stdout] error[E0463]: can't find crate for `swagger`
[INFO] [stdout]  --> src/context.rs:117:1
[INFO] [stdout]   |
[INFO] [stdout] 3 | extern crate swagger;
[INFO] [stdout]   | ^^^^^^^^^^^^^^^^^^^^^ can't find crate
[INFO] [stdout] 
[INFO] [stdout] error: aborting due to previous error
[INFO] [stdout] 
[INFO] [stdout] For more information about this error, try `rustc --explain E0463`.
[INFO] [stdout] Couldn't compile the test.
[INFO] [stdout] ---- src/nullable_format.rs - nullable_format::Nullable<T>::map_or (line 269) stdout ----
[INFO] [stdout] error[E0432]: unresolved import `swagger`
[INFO] [stdout]  --> src/nullable_format.rs:270:7
[INFO] [stdout]   |
[INFO] [stdout] 3 | use ::swagger::Nullable;
[INFO] [stdout]   |       ^^^^^^^ could not find `swagger` in the list of imported crates
[INFO] [stdout] 
[INFO] [stdout] error: aborting due to previous error
[INFO] [stdout] 
[INFO] [stdout] For more information about this error, try `rustc --explain E0432`.
[INFO] [stdout] Couldn't compile the test.
[INFO] [stdout] ---- src/nullable_format.rs - nullable_format::Nullable<T>::and_then (line 404) stdout ----
[INFO] [stdout] error[E0432]: unresolved import `swagger`
[INFO] [stdout]  --> src/nullable_format.rs:405:7
[INFO] [stdout]   |
[INFO] [stdout] 3 | use ::swagger::Nullable;
[INFO] [stdout]   |       ^^^^^^^ could not find `swagger` in the list of imported crates
[INFO] [stdout] 
[INFO] [stdout] error: aborting due to previous error
[INFO] [stdout] 
[INFO] [stdout] For more information about this error, try `rustc --explain E0432`.
[INFO] [stdout] Couldn't compile the test.
[INFO] [stdout] ---- src/nullable_format.rs - nullable_format::Nullable<T>::expect (line 141) stdout ----
[INFO] [stdout] error[E0432]: unresolved import `swagger`
[INFO] [stdout]  --> src/nullable_format.rs:142:7
[INFO] [stdout]   |
[INFO] [stdout] 3 | use ::swagger::Nullable;
[INFO] [stdout]   |       ^^^^^^^ could not find `swagger` in the list of imported crates
[INFO] [stdout] 
[INFO] [stdout] error: aborting due to previous error
[INFO] [stdout] 
[INFO] [stdout] For more information about this error, try `rustc --explain E0432`.
[INFO] [stdout] Couldn't compile the test.
[INFO] [stdout] ---- src/nullable_format.rs - nullable_format::Nullable<T>::unwrap (line 183) stdout ----
[INFO] [stdout] error[E0432]: unresolved import `swagger`
[INFO] [stdout]  --> src/nullable_format.rs:184:7
[INFO] [stdout]   |
[INFO] [stdout] 3 | use ::swagger::Nullable;
[INFO] [stdout]   |       ^^^^^^^ could not find `swagger` in the list of imported crates
[INFO] [stdout] 
[INFO] [stdout] error: aborting due to previous error
[INFO] [stdout] 
[INFO] [stdout] For more information about this error, try `rustc --explain E0432`.
[INFO] [stdout] Couldn't compile the test.
[INFO] [stdout] ---- src/context.rs - context::Has (line 17) stdout ----
[INFO] [stdout] error[E0437]: type `ReqBody` is not a member of trait `hyper::service::Service`
[INFO] [stdout]   --> src/context.rs:33:5
[INFO] [stdout]    |
[INFO] [stdout] 18 |     type ReqBody = ContextualPayload<hyper::Body, C>;
[INFO] [stdout]    |     ^^^^^^^^^^^^^^^^^^^^^^^^^^^^^^^^^^^^^^^^^^^^^^^^^ not a member of trait `hyper::service::Service`
[INFO] [stdout] 
[INFO] [stdout] error[E0437]: type `ResBody` is not a member of trait `hyper::service::Service`
[INFO] [stdout]   --> src/context.rs:34:5
[INFO] [stdout]    |
[INFO] [stdout] 19 |     type ResBody = hyper::Body;
[INFO] [stdout]    |     ^^^^^^^^^^^^^^^^^^^^^^^^^^^ not a member of trait `hyper::service::Service`
[INFO] [stdout] 
[INFO] [stdout] error[E0107]: missing generics for trait `Service`
[INFO] [stdout]    --> src/context.rs:30:25
[INFO] [stdout]     |
[INFO] [stdout] 15  | impl<C> hyper::service::Service for MyService<C>
[INFO] [stdout]     |                         ^^^^^^^ expected 1 generic argument
[INFO] [stdout]     |
[INFO] [stdout] note: trait defined here, with 1 generic parameter: `Request`
[INFO] [stdout]    --> /opt/rustwide/cargo-home/registry/src/github.com-1ecc6299db9ec823/tower-service-0.3.1/src/lib.rs:234:11
[INFO] [stdout]     |
[INFO] [stdout] 234 | pub trait Service<Request> {
[INFO] [stdout]     |           ^^^^^^^ -------
[INFO] [stdout] help: add missing generic argument
[INFO] [stdout]     |
[INFO] [stdout] 15  | impl<C> hyper::service::Service<Request> for MyService<C>
[INFO] [stdout]     |                         ^^^^^^^^^^^^^^^^
[INFO] [stdout] 
[INFO] [stdout] error[E0107]: this struct takes 1 generic argument but 2 generic arguments were supplied
[INFO] [stdout]    --> src/context.rs:33:20
[INFO] [stdout]     |
[INFO] [stdout] 18  |     type ReqBody = ContextualPayload<hyper::Body, C>;
[INFO] [stdout]     |                    ^^^^^^^^^^^^^^^^^              - help: remove this generic argument
[INFO] [stdout]     |                    |
[INFO] [stdout]     |                    expected 1 generic argument
[INFO] [stdout]     |
[INFO] [stdout] note: struct defined here, with 1 generic parameter: `Ctx`
[INFO] [stdout]    --> /opt/rustwide/workdir/src/context.rs:517:12
[INFO] [stdout]     |
[INFO] [stdout] 517 | pub struct ContextualPayload<Ctx>
[INFO] [stdout]     |            ^^^^^^^^^^^^^^^^^ ---
[INFO] [stdout] 
[INFO] [stdout] error[E0220]: associated type `ResBody` not found for `Self`
[INFO] [stdout]   --> src/context.rs:36:61
[INFO] [stdout]    |
[INFO] [stdout] 21 |     type Future = Box<dyn Future<Item=hyper::Response<Self::ResBody>, Error=Self::Error>>;
[INFO] [stdout]    |                                                             ^^^^^^^ associated type `ResBody` not found
[INFO] [stdout] 
[INFO] [stdout] error[E0220]: associated type `Item` not found for `futures::Future`
[INFO] [stdout]   --> src/context.rs:36:34
[INFO] [stdout]    |
[INFO] [stdout] 21 |     type Future = Box<dyn Future<Item=hyper::Response<Self::ResBody>, Error=Self::Error>>;
[INFO] [stdout]    |                                  ^^^^ associated type `Item` not found
[INFO] [stdout] 
[INFO] [stdout] error[E0220]: associated type `Error` not found for `futures::Future`
[INFO] [stdout]   --> src/context.rs:36:71
[INFO] [stdout]    |
[INFO] [stdout] 21 |     type Future = Box<dyn Future<Item=hyper::Response<Self::ResBody>, Error=Self::Error>>;
[INFO] [stdout]    |                                                                       ^^^^^ associated type `Error` not found
[INFO] [stdout] 
[INFO] [stdout] error[E0191]: the value of the associated type `Output` (from trait `futures::Future`) must be specified
[INFO] [stdout]   --> src/context.rs:36:27
[INFO] [stdout]    |
[INFO] [stdout] 21 |     type Future = Box<dyn Future<Item=hyper::Response<Self::ResBody>, Error=Self::Error>>;
[INFO] [stdout]    |                           ^^^^^^^^^^^^^^^^^^^^^^^^^^^^^^^^^^^^^^^^^^^^^^^^^^^^^^^^^^^^^^ help: specify the associated type: `Future<Item=hyper::Response<Self::ResBody>, Error=Self::Error, Output = Type>`
[INFO] [stdout] 
[INFO] [stdout] error[E0220]: associated type `ReqBody` not found for `Self`
[INFO] [stdout]   --> src/context.rs:37:51
[INFO] [stdout]    |
[INFO] [stdout] 22 |     fn call(&mut self, req : hyper::Request<Self::ReqBody>) -> Self::Future {
[INFO] [stdout]    |                                                   ^^^^^^^ associated type `ReqBody` not found
[INFO] [stdout] 
[INFO] [stdout] error: aborting due to 9 previous errors
[INFO] [stdout] 
[INFO] [stdout] Some errors have detailed explanations: E0107, E0191, E0220, E0437.
[INFO] [stdout] For more information about an error, try `rustc --explain E0107`.
[INFO] [stdout] Couldn't compile the test.
[INFO] [stdout] ---- src/nullable_format.rs - nullable_format::Nullable<T>::or_else (line 459) stdout ----
[INFO] [stdout] error[E0432]: unresolved import `swagger`
[INFO] [stdout]  --> src/nullable_format.rs:460:7
[INFO] [stdout]   |
[INFO] [stdout] 3 | use ::swagger::Nullable;
[INFO] [stdout]   |       ^^^^^^^ could not find `swagger` in the list of imported crates
[INFO] [stdout] 
[INFO] [stdout] error: aborting due to previous error
[INFO] [stdout] 
[INFO] [stdout] For more information about this error, try `rustc --explain E0432`.
[INFO] [stdout] Couldn't compile the test.
[INFO] [stdout] ---- src/nullable_format.rs - nullable_format::Nullable<T>::unwrap (line 176) stdout ----
[INFO] [stdout] error[E0432]: unresolved import `swagger`
[INFO] [stdout]  --> src/nullable_format.rs:177:7
[INFO] [stdout]   |
[INFO] [stdout] 3 | use ::swagger::Nullable;
[INFO] [stdout]   |       ^^^^^^^ could not find `swagger` in the list of imported crates
[INFO] [stdout] 
[INFO] [stdout] error: aborting due to previous error
[INFO] [stdout] 
[INFO] [stdout] For more information about this error, try `rustc --explain E0432`.
[INFO] [stdout] Couldn't compile the test.
[INFO] [stdout] ---- src/nullable_format.rs - nullable_format::Nullable<T>::is_present (line 35) stdout ----
[INFO] [stdout] error[E0432]: unresolved import `swagger`
[INFO] [stdout]  --> src/nullable_format.rs:36:7
[INFO] [stdout]   |
[INFO] [stdout] 3 | use ::swagger::Nullable;
[INFO] [stdout]   |       ^^^^^^^ could not find `swagger` in the list of imported crates
[INFO] [stdout] 
[INFO] [stdout] error: aborting due to previous error
[INFO] [stdout] 
[INFO] [stdout] For more information about this error, try `rustc --explain E0432`.
[INFO] [stdout] Couldn't compile the test.
[INFO] [stdout] ---- src/nullable_format.rs - nullable_format::Nullable<T>::map (line 247) stdout ----
[INFO] [stdout] error[E0432]: unresolved import `swagger`
[INFO] [stdout]  --> src/nullable_format.rs:248:7
[INFO] [stdout]   |
[INFO] [stdout] 3 | use ::swagger::Nullable;
[INFO] [stdout]   |       ^^^^^^^ could not find `swagger` in the list of imported crates
[INFO] [stdout] 
[INFO] [stdout] error: aborting due to previous error
[INFO] [stdout] 
[INFO] [stdout] For more information about this error, try `rustc --explain E0432`.
[INFO] [stdout] Couldn't compile the test.
[INFO] [stdout] ---- src/nullable_format.rs - nullable_format::Nullable<T>::unwrap_or_default (line 532) stdout ----
[INFO] [stdout] error[E0432]: unresolved import `swagger`
[INFO] [stdout]  --> src/nullable_format.rs:533:7
[INFO] [stdout]   |
[INFO] [stdout] 3 | use ::swagger::Nullable;
[INFO] [stdout]   |       ^^^^^^^ could not find `swagger` in the list of imported crates
[INFO] [stdout] 
[INFO] [stdout] error: aborting due to previous error
[INFO] [stdout] 
[INFO] [stdout] For more information about this error, try `rustc --explain E0432`.
[INFO] [stdout] Couldn't compile the test.
[INFO] [stdout] ---- src/nullable_format.rs - nullable_format::Nullable<&'a T>::cloned (line 509) stdout ----
[INFO] [stdout] error[E0432]: unresolved import `swagger`
[INFO] [stdout]  --> src/nullable_format.rs:510:7
[INFO] [stdout]   |
[INFO] [stdout] 3 | use ::swagger::Nullable;
[INFO] [stdout]   |       ^^^^^^^ could not find `swagger` in the list of imported crates
[INFO] [stdout] 
[INFO] [stdout] error: aborting due to previous error
[INFO] [stdout] 
[INFO] [stdout] For more information about this error, try `rustc --explain E0432`.
[INFO] [stdout] Couldn't compile the test.
[INFO] [stdout] ---- src/nullable_format.rs - nullable_format::Nullable<T>::and (line 370) stdout ----
[INFO] [stdout] error[E0432]: unresolved import `swagger`
[INFO] [stdout]  --> src/nullable_format.rs:371:7
[INFO] [stdout]   |
[INFO] [stdout] 3 | use ::swagger::Nullable;
[INFO] [stdout]   |       ^^^^^^^ could not find `swagger` in the list of imported crates
[INFO] [stdout] 
[INFO] [stdout] error: aborting due to previous error
[INFO] [stdout] 
[INFO] [stdout] For more information about this error, try `rustc --explain E0432`.
[INFO] [stdout] Couldn't compile the test.
[INFO] [stdout] ---- src/context.rs - context::Pop (line 59) stdout ----
[INFO] [stdout] error[E0463]: can't find crate for `swagger`
[INFO] [stdout]  --> src/context.rs:61:1
[INFO] [stdout]   |
[INFO] [stdout] 3 | extern crate swagger;
[INFO] [stdout]   | ^^^^^^^^^^^^^^^^^^^^^ can't find crate
[INFO] [stdout] 
[INFO] [stdout] error: aborting due to previous error
[INFO] [stdout] 
[INFO] [stdout] For more information about this error, try `rustc --explain E0463`.
[INFO] [stdout] Couldn't compile the test.
[INFO] [stdout] ---- src/nullable_format.rs - nullable_format::Nullable<T>::map_or_else (line 291) stdout ----
[INFO] [stdout] error[E0432]: unresolved import `swagger`
[INFO] [stdout]  --> src/nullable_format.rs:292:7
[INFO] [stdout]   |
[INFO] [stdout] 3 | use ::swagger::Nullable;
[INFO] [stdout]   |       ^^^^^^^ could not find `swagger` in the list of imported crates
[INFO] [stdout] 
[INFO] [stdout] error: aborting due to previous error
[INFO] [stdout] 
[INFO] [stdout] For more information about this error, try `rustc --explain E0432`.
[INFO] [stdout] Couldn't compile the test.
[INFO] [stdout] ---- src/nullable_format.rs - nullable_format::Nullable<T>::as_mut (line 108) stdout ----
[INFO] [stdout] error[E0432]: unresolved import `swagger`
[INFO] [stdout]  --> src/nullable_format.rs:109:7
[INFO] [stdout]   |
[INFO] [stdout] 3 | use ::swagger::Nullable;
[INFO] [stdout]   |       ^^^^^^^ could not find `swagger` in the list of imported crates
[INFO] [stdout] 
[INFO] [stdout] error: aborting due to previous error
[INFO] [stdout] 
[INFO] [stdout] For more information about this error, try `rustc --explain E0432`.
[INFO] [stdout] Couldn't compile the test.
[INFO] [stdout] ---- src/nullable_format.rs - nullable_format::Nullable<T>::unwrap_or_else (line 219) stdout ----
[INFO] [stdout] error[E0432]: unresolved import `swagger`
[INFO] [stdout]  --> src/nullable_format.rs:220:7
[INFO] [stdout]   |
[INFO] [stdout] 3 | use ::swagger::Nullable;
[INFO] [stdout]   |       ^^^^^^^ could not find `swagger` in the list of imported crates
[INFO] [stdout] 
[INFO] [stdout] error: aborting due to previous error
[INFO] [stdout] 
[INFO] [stdout] For more information about this error, try `rustc --explain E0432`.
[INFO] [stdout] Couldn't compile the test.
[INFO] [stdout] ---- src/nullable_format.rs - nullable_format::Nullable<T>::ok_or (line 319) stdout ----
[INFO] [stdout] error[E0432]: unresolved import `swagger`
[INFO] [stdout]  --> src/nullable_format.rs:320:7
[INFO] [stdout]   |
[INFO] [stdout] 3 | use ::swagger::Nullable;
[INFO] [stdout]   |       ^^^^^^^ could not find `swagger` in the list of imported crates
[INFO] [stdout] 
[INFO] [stdout] error: aborting due to previous error
[INFO] [stdout] 
[INFO] [stdout] For more information about this error, try `rustc --explain E0432`.
[INFO] [stdout] Couldn't compile the test.
[INFO] [stdout] ---- src/nullable_format.rs - nullable_format::Nullable<T>::take (line 486) stdout ----
[INFO] [stdout] error[E0432]: unresolved import `swagger`
[INFO] [stdout]  --> src/nullable_format.rs:487:7
[INFO] [stdout]   |
[INFO] [stdout] 3 | use ::swagger::Nullable;
[INFO] [stdout]   |       ^^^^^^^ could not find `swagger` in the list of imported crates
[INFO] [stdout] 
[INFO] [stdout] error: aborting due to previous error
[INFO] [stdout] 
[INFO] [stdout] For more information about this error, try `rustc --explain E0432`.
[INFO] [stdout] Couldn't compile the test.
[INFO] [stdout] ---- src/nullable_format.rs - nullable_format::Nullable<T>::as_ref (line 87) stdout ----
[INFO] [stdout] error[E0432]: unresolved import `swagger`
[INFO] [stdout]  --> src/nullable_format.rs:88:7
[INFO] [stdout]   |
[INFO] [stdout] 3 | use ::swagger::Nullable;
[INFO] [stdout]   |       ^^^^^^^ could not find `swagger` in the list of imported crates
[INFO] [stdout] 
[INFO] [stdout] error: aborting due to previous error
[INFO] [stdout] 
[INFO] [stdout] For more information about this error, try `rustc --explain E0432`.
[INFO] [stdout] Couldn't compile the test.
[INFO] [stdout] ---- src/nullable_format.rs - nullable_format::Nullable<T>::unwrap_or (line 201) stdout ----
[INFO] [stdout] error[E0432]: unresolved import `swagger`
[INFO] [stdout]  --> src/nullable_format.rs:202:7
[INFO] [stdout]   |
[INFO] [stdout] 3 | use ::swagger::Nullable;
[INFO] [stdout]   |       ^^^^^^^ could not find `swagger` in the list of imported crates
[INFO] [stdout] 
[INFO] [stdout] error: aborting due to previous error
[INFO] [stdout] 
[INFO] [stdout] For more information about this error, try `rustc --explain E0432`.
[INFO] [stdout] Couldn't compile the test.
[INFO] [stdout] 
[INFO] [stdout] failures:
[INFO] [stdout]     src/context.rs - context::Has (line 17)
[INFO] [stdout]     src/context.rs - context::Pop (line 59)
[INFO] [stdout]     src/context.rs - context::Push (line 115)
[INFO] [stdout]     src/nullable_format.rs - nullable_format::Nullable<&'a T>::cloned (line 509)
[INFO] [stdout]     src/nullable_format.rs - nullable_format::Nullable<T>::and (line 370)
[INFO] [stdout]     src/nullable_format.rs - nullable_format::Nullable<T>::and_then (line 404)
[INFO] [stdout]     src/nullable_format.rs - nullable_format::Nullable<T>::as_mut (line 108)
[INFO] [stdout]     src/nullable_format.rs - nullable_format::Nullable<T>::as_ref (line 87)
[INFO] [stdout]     src/nullable_format.rs - nullable_format::Nullable<T>::expect (line 141)
[INFO] [stdout]     src/nullable_format.rs - nullable_format::Nullable<T>::expect (line 148)
[INFO] [stdout]     src/nullable_format.rs - nullable_format::Nullable<T>::is_null (line 56)
[INFO] [stdout]     src/nullable_format.rs - nullable_format::Nullable<T>::is_present (line 35)
[INFO] [stdout]     src/nullable_format.rs - nullable_format::Nullable<T>::map (line 247)
[INFO] [stdout]     src/nullable_format.rs - nullable_format::Nullable<T>::map_or (line 269)
[INFO] [stdout]     src/nullable_format.rs - nullable_format::Nullable<T>::map_or_else (line 291)
[INFO] [stdout]     src/nullable_format.rs - nullable_format::Nullable<T>::ok_or (line 319)
[INFO] [stdout]     src/nullable_format.rs - nullable_format::Nullable<T>::ok_or_else (line 345)
[INFO] [stdout]     src/nullable_format.rs - nullable_format::Nullable<T>::or (line 427)
[INFO] [stdout]     src/nullable_format.rs - nullable_format::Nullable<T>::or_else (line 459)
[INFO] [stdout]     src/nullable_format.rs - nullable_format::Nullable<T>::take (line 486)
[INFO] [stdout]     src/nullable_format.rs - nullable_format::Nullable<T>::unwrap (line 176)
[INFO] [stdout]     src/nullable_format.rs - nullable_format::Nullable<T>::unwrap (line 183)
[INFO] [stdout]     src/nullable_format.rs - nullable_format::Nullable<T>::unwrap_or (line 201)
[INFO] [stdout]     src/nullable_format.rs - nullable_format::Nullable<T>::unwrap_or_default (line 532)
[INFO] [stdout]     src/nullable_format.rs - nullable_format::Nullable<T>::unwrap_or_else (line 219)
[INFO] [stdout] 
[INFO] [stdout] test result: FAILED. 3 passed; 25 failed; 1 ignored; 0 measured; 0 filtered out; finished in 1.75s
[INFO] [stdout] 
[INFO] [stderr] error: test failed, to rerun pass '--doc'
[INFO] running `Command { std: "docker" "inspect" "34dba15710ede332840fcc6e9b63c33b47c1b768a71a4f59d93015b58f47a73d", kill_on_drop: false }`
[INFO] running `Command { std: "docker" "rm" "-f" "34dba15710ede332840fcc6e9b63c33b47c1b768a71a4f59d93015b58f47a73d", kill_on_drop: false }`
[INFO] [stdout] 34dba15710ede332840fcc6e9b63c33b47c1b768a71a4f59d93015b58f47a73d
