[INFO] fetching crate open-vaf 0.4.2...
[INFO] testing open-vaf-0.4.2 against beta-2021-08-01 for beta-1.55-1
[INFO] extracting crate open-vaf 0.4.2 into /workspace/builds/worker-2/source
[INFO] validating manifest of crates.io crate open-vaf 0.4.2 on toolchain beta-2021-08-01
[INFO] running `Command { std: "/workspace/cargo-home/bin/cargo" "+beta-2021-08-01" "metadata" "--manifest-path" "Cargo.toml" "--no-deps", kill_on_drop: false }`
[INFO] started tweaking crates.io crate open-vaf 0.4.2
[INFO] finished tweaking crates.io crate open-vaf 0.4.2
[INFO] tweaked toml for crates.io crate open-vaf 0.4.2 written to /workspace/builds/worker-2/source/Cargo.toml
[INFO] running `Command { std: "/workspace/cargo-home/bin/cargo" "+beta-2021-08-01" "generate-lockfile" "--manifest-path" "Cargo.toml" "-Zno-index-update", kill_on_drop: false }`
[INFO] running `Command { std: "/workspace/cargo-home/bin/cargo" "+beta-2021-08-01" "fetch" "--manifest-path" "Cargo.toml", kill_on_drop: false }`
[INFO] [stderr]     Blocking waiting for file lock on package cache
[INFO] [stderr]     Blocking waiting for file lock on package cache
[INFO] [stderr]  Downloading crates ...
[INFO] [stderr]   Downloaded beef v0.4.4
[INFO] [stderr]   Downloaded logos v0.11.4
[INFO] [stderr]   Downloaded yansi-term v0.1.2
[INFO] [stderr]   Downloaded intrusive-collections v0.9.2
[INFO] [stderr]   Downloaded fixedbitset v0.3.2
[INFO] [stderr]   Downloaded more-asserts v0.2.1
[INFO] [stderr]   Downloaded annotate-snippets v0.8.0
[INFO] [stderr]   Downloaded fern v0.6.0
[INFO] [stderr]   Downloaded rustc-ap-graphviz v662.0.0
[INFO] [stderr]   Downloaded logos-derive v0.11.5
[INFO] running `Command { std: "docker" "create" "-v" "/var/lib/crater-agent-workspace/builds/worker-2/target:/opt/rustwide/target:rw,Z" "-v" "/var/lib/crater-agent-workspace/builds/worker-2/source:/opt/rustwide/workdir:ro,Z" "-v" "/var/lib/crater-agent-workspace/cargo-home:/opt/rustwide/cargo-home:ro,Z" "-v" "/var/lib/crater-agent-workspace/rustup-home:/opt/rustwide/rustup-home:ro,Z" "-e" "SOURCE_DIR=/opt/rustwide/workdir" "-e" "CARGO_TARGET_DIR=/opt/rustwide/target" "-e" "CARGO_HOME=/opt/rustwide/cargo-home" "-e" "RUSTUP_HOME=/opt/rustwide/rustup-home" "-w" "/opt/rustwide/workdir" "-m" "1610612736" "--user" "0:0" "--network" "none" "ghcr.io/rust-lang/crates-build-env/linux@sha256:34b6a614d2c27851fe6cbf88fbd1137609cefab8b10d0615aaeb6fd47975d74e" "/opt/rustwide/cargo-home/bin/cargo" "+beta-2021-08-01" "metadata" "--no-deps" "--format-version=1", kill_on_drop: false }`
[INFO] [stdout] 5195b5d02f1d568be00252291fc5fe446495afe61d05c883401d99447e2fb374
[INFO] running `Command { std: "docker" "start" "-a" "5195b5d02f1d568be00252291fc5fe446495afe61d05c883401d99447e2fb374", kill_on_drop: false }`
[INFO] running `Command { std: "docker" "inspect" "5195b5d02f1d568be00252291fc5fe446495afe61d05c883401d99447e2fb374", kill_on_drop: false }`
[INFO] running `Command { std: "docker" "rm" "-f" "5195b5d02f1d568be00252291fc5fe446495afe61d05c883401d99447e2fb374", kill_on_drop: false }`
[INFO] [stdout] 5195b5d02f1d568be00252291fc5fe446495afe61d05c883401d99447e2fb374
[INFO] running `Command { std: "docker" "create" "-v" "/var/lib/crater-agent-workspace/builds/worker-2/target:/opt/rustwide/target:rw,Z" "-v" "/var/lib/crater-agent-workspace/builds/worker-2/source:/opt/rustwide/workdir:ro,Z" "-v" "/var/lib/crater-agent-workspace/cargo-home:/opt/rustwide/cargo-home:ro,Z" "-v" "/var/lib/crater-agent-workspace/rustup-home:/opt/rustwide/rustup-home:ro,Z" "-e" "SOURCE_DIR=/opt/rustwide/workdir" "-e" "CARGO_TARGET_DIR=/opt/rustwide/target" "-e" "CARGO_INCREMENTAL=0" "-e" "RUST_BACKTRACE=full" "-e" "RUSTFLAGS=--cap-lints=warn" "-e" "CARGO_HOME=/opt/rustwide/cargo-home" "-e" "RUSTUP_HOME=/opt/rustwide/rustup-home" "-w" "/opt/rustwide/workdir" "-m" "1610612736" "--user" "0:0" "--network" "none" "ghcr.io/rust-lang/crates-build-env/linux@sha256:34b6a614d2c27851fe6cbf88fbd1137609cefab8b10d0615aaeb6fd47975d74e" "/opt/rustwide/cargo-home/bin/cargo" "+beta-2021-08-01" "build" "--frozen" "--message-format=json", kill_on_drop: false }`
[INFO] [stdout] 5abdfde37c0e90f33403bbd298e52145b483de30315c9f9cefe71e82ad627ffc
[INFO] running `Command { std: "docker" "start" "-a" "5abdfde37c0e90f33403bbd298e52145b483de30315c9f9cefe71e82ad627ffc", kill_on_drop: false }`
[INFO] [stderr]    Compiling crunchy v0.2.2
[INFO] [stderr]    Compiling tiny-keccak v2.0.2
[INFO] [stderr]    Compiling syn v1.0.74
[INFO] [stderr]    Compiling utf8-ranges v1.0.4
[INFO] [stderr]    Compiling beef v0.4.4
[INFO] [stderr]    Compiling yansi-term v0.1.2
[INFO] [stderr]    Compiling difference v2.0.0
[INFO] [stderr]    Compiling copyless v0.1.5
[INFO] [stderr]    Compiling fixedbitset v0.3.2
[INFO] [stderr]    Compiling more-asserts v0.2.1
[INFO] [stderr]    Compiling bytecount v0.6.2
[INFO] [stderr]    Compiling index_vec v0.1.2
[INFO] [stderr]    Compiling bumpalo v3.7.0
[INFO] [stderr]    Compiling num-traits v0.2.14
[INFO] [stderr]    Compiling getrandom v0.2.3
[INFO] [stderr]    Compiling parking_lot_core v0.7.2
[INFO] [stderr]    Compiling intrusive-collections v0.9.2
[INFO] [stderr]    Compiling pretty_assertions v0.6.1
[INFO] [stderr]    Compiling parking_lot v0.10.2
[INFO] [stderr]    Compiling annotate-snippets v0.8.0
[INFO] [stderr]    Compiling const-random-macro v0.1.13
[INFO] [stderr]    Compiling float-cmp v0.8.0
[INFO] [stderr]    Compiling const-random v0.1.13
[INFO] [stderr]    Compiling ahash v0.3.8
[INFO] [stderr]    Compiling logos-derive v0.11.5
[INFO] [stderr]    Compiling logos v0.11.4
[INFO] [stderr]    Compiling open-vaf v0.4.2 (/opt/rustwide/workdir)
[INFO] [stdout] warning: this attribute can only be applied to a `use` item
[INFO] [stdout]   --> src/ast_lowering/name_resolution.rs:58:7
[INFO] [stdout]    |
[INFO] [stdout] 58 |   #[doc(inline)]
[INFO] [stdout]    |         ^^^^^^ only applicable on `use` items
[INFO] [stdout] 59 |   #[macro_export]
[INFO] [stdout] 60 | / macro_rules! resolve {
[INFO] [stdout] 61 | |     ($fold:expr; $name:ident as $($declaration:ident($id:ident) => $block:block),+) => {
[INFO] [stdout] 62 | |         match $fold.resolver.resolve(&$name) {
[INFO] [stdout] 63 | |             $(Ok($crate::symbol_table::SymbolDeclaration::$declaration($id)) => $block),+
[INFO] [stdout] ...  |
[INFO] [stdout] 78 | |     };
[INFO] [stdout] 79 | | }
[INFO] [stdout]    | |_- not a `use` item
[INFO] [stdout]    |
[INFO] [stdout]    = note: `#[warn(invalid_doc_attributes)]` on by default
[INFO] [stdout]    = warning: this was previously accepted by the compiler but is being phased out; it will become a hard error in a future release!
[INFO] [stdout]    = note: for more information, see issue #82730 <https://github.com/rust-lang/rust/issues/82730>
[INFO] [stdout]    = note: read https://doc.rust-lang.org/nightly/rustdoc/the-doc-attribute.html#docno_inlinedocinline for more information
[INFO] [stdout] 
[INFO] [stdout] 
[INFO] [stdout] warning: this attribute can only be applied to a `use` item
[INFO] [stdout]   --> src/ast_lowering/name_resolution.rs:58:7
[INFO] [stdout]    |
[INFO] [stdout] 58 |   #[doc(inline)]
[INFO] [stdout]    |         ^^^^^^ only applicable on `use` items
[INFO] [stdout] 59 |   #[macro_export]
[INFO] [stdout] 60 | / macro_rules! resolve {
[INFO] [stdout] 61 | |     ($fold:expr; $name:ident as $($declaration:ident($id:ident) => $block:block),+) => {
[INFO] [stdout] 62 | |         match $fold.resolver.resolve(&$name) {
[INFO] [stdout] 63 | |             $(Ok($crate::symbol_table::SymbolDeclaration::$declaration($id)) => $block),+
[INFO] [stdout] ...  |
[INFO] [stdout] 78 | |     };
[INFO] [stdout] 79 | | }
[INFO] [stdout]    | |_- not a `use` item
[INFO] [stdout]    |
[INFO] [stdout]    = warning: this was previously accepted by the compiler but is being phased out; it will become a hard error in a future release!
[INFO] [stdout]    = note: for more information, see issue #82730 <https://github.com/rust-lang/rust/issues/82730>
[INFO] [stdout]    = note: read https://doc.rust-lang.org/nightly/rustdoc/the-doc-attribute.html#docno_inlinedocinline for more information
[INFO] [stdout] 
[INFO] [stdout] 
[INFO] [stdout] warning: associated function is never used: `as_u32`
[INFO] [stdout]    --> src/symbol.rs:142:18
[INFO] [stdout]     |
[INFO] [stdout] 142 |     pub const fn as_u32(self) -> u32 {
[INFO] [stdout]     |                  ^^^^^^
[INFO] [stdout]     |
[INFO] [stdout]     = note: `#[warn(dead_code)]` on by default
[INFO] [stdout] 
[INFO] [stdout] 
[INFO] [stdout] warning: associated function is never used: `partial_derivative_read_only`
[INFO] [stdout]   --> src/hir_lowering/derivatives/mod.rs:64:12
[INFO] [stdout]    |
[INFO] [stdout] 64 |     pub fn partial_derivative_read_only(
[INFO] [stdout]    |            ^^^^^^^^^^^^^^^^^^^^^^^^^^^^
[INFO] [stdout] 
[INFO] [stdout] 
[INFO] [stdout] warning: associated function is never used: `or_for_derivative`
[INFO] [stdout]     --> src/hir_lowering/derivatives/mod.rs:1697:12
[INFO] [stdout]      |
[INFO] [stdout] 1697 |     pub fn or_for_derivative(
[INFO] [stdout]      |            ^^^^^^^^^^^^^^^^^
[INFO] [stdout] 
[INFO] [stdout] 
[INFO] [stdout] warning: type alias is never used: `Result`
[INFO] [stdout]   --> src/hir_lowering/error.rs:23:1
[INFO] [stdout]    |
[INFO] [stdout] 23 | pub type Result<T = ()> = std::result::Result<T, Error>;
[INFO] [stdout]    | ^^^^^^^^^^^^^^^^^^^^^^^^^^^^^^^^^^^^^^^^^^^^^^^^^^^^^^^^
[INFO] [stdout] 
[INFO] [stdout] 
[INFO] [stdout] warning: 6 warnings emitted
[INFO] [stdout] 
[INFO] [stdout] 
[INFO] [stderr]     Finished dev [unoptimized + debuginfo] target(s) in 27.51s
[INFO] running `Command { std: "docker" "inspect" "5abdfde37c0e90f33403bbd298e52145b483de30315c9f9cefe71e82ad627ffc", kill_on_drop: false }`
[INFO] running `Command { std: "docker" "rm" "-f" "5abdfde37c0e90f33403bbd298e52145b483de30315c9f9cefe71e82ad627ffc", kill_on_drop: false }`
[INFO] [stdout] 5abdfde37c0e90f33403bbd298e52145b483de30315c9f9cefe71e82ad627ffc
[INFO] running `Command { std: "docker" "create" "-v" "/var/lib/crater-agent-workspace/builds/worker-2/target:/opt/rustwide/target:rw,Z" "-v" "/var/lib/crater-agent-workspace/builds/worker-2/source:/opt/rustwide/workdir:ro,Z" "-v" "/var/lib/crater-agent-workspace/cargo-home:/opt/rustwide/cargo-home:ro,Z" "-v" "/var/lib/crater-agent-workspace/rustup-home:/opt/rustwide/rustup-home:ro,Z" "-e" "SOURCE_DIR=/opt/rustwide/workdir" "-e" "CARGO_TARGET_DIR=/opt/rustwide/target" "-e" "CARGO_INCREMENTAL=0" "-e" "RUST_BACKTRACE=full" "-e" "RUSTFLAGS=--cap-lints=warn" "-e" "CARGO_HOME=/opt/rustwide/cargo-home" "-e" "RUSTUP_HOME=/opt/rustwide/rustup-home" "-w" "/opt/rustwide/workdir" "-m" "1610612736" "--user" "0:0" "--network" "none" "ghcr.io/rust-lang/crates-build-env/linux@sha256:34b6a614d2c27851fe6cbf88fbd1137609cefab8b10d0615aaeb6fd47975d74e" "/opt/rustwide/cargo-home/bin/cargo" "+beta-2021-08-01" "test" "--frozen" "--no-run" "--message-format=json", kill_on_drop: false }`
[INFO] [stdout] 2f97dd927f7517070c1de588ce3c60905a0d893685692ec4482d3c91fa350b6c
[INFO] running `Command { std: "docker" "start" "-a" "2f97dd927f7517070c1de588ce3c60905a0d893685692ec4482d3c91fa350b6c", kill_on_drop: false }`
[INFO] [stderr]     Blocking waiting for file lock on package cache
[INFO] [stderr]    Compiling colored v1.9.3
[INFO] [stdout] warning: this attribute can only be applied to a `use` item
[INFO] [stdout]   --> src/ast_lowering/name_resolution.rs:58:7
[INFO] [stdout]    |
[INFO] [stdout] 58 |   #[doc(inline)]
[INFO] [stdout]    |         ^^^^^^ only applicable on `use` items
[INFO] [stdout] 59 |   #[macro_export]
[INFO] [stdout] 60 | / macro_rules! resolve {
[INFO] [stdout] 61 | |     ($fold:expr; $name:ident as $($declaration:ident($id:ident) => $block:block),+) => {
[INFO] [stdout] 62 | |         match $fold.resolver.resolve(&$name) {
[INFO] [stdout] 63 | |             $(Ok($crate::symbol_table::SymbolDeclaration::$declaration($id)) => $block),+
[INFO] [stdout] ...  |
[INFO] [stdout] 78 | |     };
[INFO] [stdout] 79 | | }
[INFO] [stdout]    | |_- not a `use` item
[INFO] [stdout]    |
[INFO] [stdout]    = note: `#[warn(invalid_doc_attributes)]` on by default
[INFO] [stdout]    = warning: this was previously accepted by the compiler but is being phased out; it will become a hard error in a future release!
[INFO] [stdout]    = note: for more information, see issue #82730 <https://github.com/rust-lang/rust/issues/82730>
[INFO] [stdout]    = note: read https://doc.rust-lang.org/nightly/rustdoc/the-doc-attribute.html#docno_inlinedocinline for more information
[INFO] [stdout] 
[INFO] [stdout] 
[INFO] [stdout] warning: this attribute can only be applied to a `use` item
[INFO] [stdout]   --> src/ast_lowering/name_resolution.rs:58:7
[INFO] [stdout]    |
[INFO] [stdout] 58 |   #[doc(inline)]
[INFO] [stdout]    |         ^^^^^^ only applicable on `use` items
[INFO] [stdout] 59 |   #[macro_export]
[INFO] [stdout] 60 | / macro_rules! resolve {
[INFO] [stdout] 61 | |     ($fold:expr; $name:ident as $($declaration:ident($id:ident) => $block:block),+) => {
[INFO] [stdout] 62 | |         match $fold.resolver.resolve(&$name) {
[INFO] [stdout] 63 | |             $(Ok($crate::symbol_table::SymbolDeclaration::$declaration($id)) => $block),+
[INFO] [stdout] ...  |
[INFO] [stdout] 78 | |     };
[INFO] [stdout] 79 | | }
[INFO] [stdout]    | |_- not a `use` item
[INFO] [stdout]    |
[INFO] [stdout]    = warning: this was previously accepted by the compiler but is being phased out; it will become a hard error in a future release!
[INFO] [stdout]    = note: for more information, see issue #82730 <https://github.com/rust-lang/rust/issues/82730>
[INFO] [stdout]    = note: read https://doc.rust-lang.org/nightly/rustdoc/the-doc-attribute.html#docno_inlinedocinline for more information
[INFO] [stdout] 
[INFO] [stdout] 
[INFO] [stdout] warning: associated function is never used: `as_u32`
[INFO] [stdout]    --> src/symbol.rs:142:18
[INFO] [stdout]     |
[INFO] [stdout] 142 |     pub const fn as_u32(self) -> u32 {
[INFO] [stdout]     |                  ^^^^^^
[INFO] [stdout]     |
[INFO] [stdout]     = note: `#[warn(dead_code)]` on by default
[INFO] [stdout] 
[INFO] [stdout] 
[INFO] [stdout] warning: associated function is never used: `partial_derivative_read_only`
[INFO] [stdout]   --> src/hir_lowering/derivatives/mod.rs:64:12
[INFO] [stdout]    |
[INFO] [stdout] 64 |     pub fn partial_derivative_read_only(
[INFO] [stdout]    |            ^^^^^^^^^^^^^^^^^^^^^^^^^^^^
[INFO] [stdout] 
[INFO] [stdout] 
[INFO] [stdout] warning: associated function is never used: `or_for_derivative`
[INFO] [stdout]     --> src/hir_lowering/derivatives/mod.rs:1697:12
[INFO] [stdout]      |
[INFO] [stdout] 1697 |     pub fn or_for_derivative(
[INFO] [stdout]      |            ^^^^^^^^^^^^^^^^^
[INFO] [stdout] 
[INFO] [stdout] 
[INFO] [stdout] warning: type alias is never used: `Result`
[INFO] [stdout]   --> src/hir_lowering/error.rs:23:1
[INFO] [stdout]    |
[INFO] [stdout] 23 | pub type Result<T = ()> = std::result::Result<T, Error>;
[INFO] [stdout]    | ^^^^^^^^^^^^^^^^^^^^^^^^^^^^^^^^^^^^^^^^^^^^^^^^^^^^^^^^
[INFO] [stdout] 
[INFO] [stdout] 
[INFO] [stdout] warning: 6 warnings emitted
[INFO] [stdout] 
[INFO] [stdout] 
[INFO] [stderr]    Compiling fern v0.6.0
[INFO] [stderr]    Compiling open-vaf v0.4.2 (/opt/rustwide/workdir)
[INFO] [stdout] warning: unused import: `std::fs::File`
[INFO] [stdout]   --> src/analysis/test.rs:14:5
[INFO] [stdout]    |
[INFO] [stdout] 14 | use std::fs::File;
[INFO] [stdout]    |     ^^^^^^^^^^^^^
[INFO] [stdout]    |
[INFO] [stdout]    = note: `#[warn(unused_imports)]` on by default
[INFO] [stdout] 
[INFO] [stdout] 
[INFO] [stdout] warning: unused import: `crate::ir::ModuleId`
[INFO] [stdout]   --> src/ast_lowering/test.rs:16:5
[INFO] [stdout]    |
[INFO] [stdout] 16 | use crate::ir::ModuleId;
[INFO] [stdout]    |     ^^^^^^^^^^^^^^^^^^^
[INFO] [stdout] 
[INFO] [stdout] 
[INFO] [stdout] warning: unused import: `crate::ir::ModuleId`
[INFO] [stdout]   --> src/hir_lowering/test.rs:16:5
[INFO] [stdout]    |
[INFO] [stdout] 16 | use crate::ir::ModuleId;
[INFO] [stdout]    |     ^^^^^^^^^^^^^^^^^^^
[INFO] [stdout] 
[INFO] [stdout] 
[INFO] [stdout] warning: unused import: `crate::ir::ModuleId`
[INFO] [stdout]   --> src/parser/test.rs:20:5
[INFO] [stdout]    |
[INFO] [stdout] 20 | use crate::ir::ModuleId;
[INFO] [stdout]    |     ^^^^^^^^^^^^^^^^^^^
[INFO] [stdout] 
[INFO] [stdout] 
[INFO] [stdout] warning: this attribute can only be applied to a `use` item
[INFO] [stdout]   --> src/ast_lowering/name_resolution.rs:58:7
[INFO] [stdout]    |
[INFO] [stdout] 58 |   #[doc(inline)]
[INFO] [stdout]    |         ^^^^^^ only applicable on `use` items
[INFO] [stdout] 59 |   #[macro_export]
[INFO] [stdout] 60 | / macro_rules! resolve {
[INFO] [stdout] 61 | |     ($fold:expr; $name:ident as $($declaration:ident($id:ident) => $block:block),+) => {
[INFO] [stdout] 62 | |         match $fold.resolver.resolve(&$name) {
[INFO] [stdout] 63 | |             $(Ok($crate::symbol_table::SymbolDeclaration::$declaration($id)) => $block),+
[INFO] [stdout] ...  |
[INFO] [stdout] 78 | |     };
[INFO] [stdout] 79 | | }
[INFO] [stdout]    | |_- not a `use` item
[INFO] [stdout]    |
[INFO] [stdout]    = note: `#[warn(invalid_doc_attributes)]` on by default
[INFO] [stdout]    = warning: this was previously accepted by the compiler but is being phased out; it will become a hard error in a future release!
[INFO] [stdout]    = note: for more information, see issue #82730 <https://github.com/rust-lang/rust/issues/82730>
[INFO] [stdout]    = note: read https://doc.rust-lang.org/nightly/rustdoc/the-doc-attribute.html#docno_inlinedocinline for more information
[INFO] [stdout] 
[INFO] [stdout] 
[INFO] [stdout] warning: this attribute can only be applied to a `use` item
[INFO] [stdout]   --> src/ast_lowering/name_resolution.rs:58:7
[INFO] [stdout]    |
[INFO] [stdout] 58 |   #[doc(inline)]
[INFO] [stdout]    |         ^^^^^^ only applicable on `use` items
[INFO] [stdout] 59 |   #[macro_export]
[INFO] [stdout] 60 | / macro_rules! resolve {
[INFO] [stdout] 61 | |     ($fold:expr; $name:ident as $($declaration:ident($id:ident) => $block:block),+) => {
[INFO] [stdout] 62 | |         match $fold.resolver.resolve(&$name) {
[INFO] [stdout] 63 | |             $(Ok($crate::symbol_table::SymbolDeclaration::$declaration($id)) => $block),+
[INFO] [stdout] ...  |
[INFO] [stdout] 78 | |     };
[INFO] [stdout] 79 | | }
[INFO] [stdout]    | |_- not a `use` item
[INFO] [stdout]    |
[INFO] [stdout]    = warning: this was previously accepted by the compiler but is being phased out; it will become a hard error in a future release!
[INFO] [stdout]    = note: for more information, see issue #82730 <https://github.com/rust-lang/rust/issues/82730>
[INFO] [stdout]    = note: read https://doc.rust-lang.org/nightly/rustdoc/the-doc-attribute.html#docno_inlinedocinline for more information
[INFO] [stdout] 
[INFO] [stdout] 
[INFO] [stdout] warning: unused variable: `record`
[INFO] [stdout]   --> src/analysis/test.rs:20:32
[INFO] [stdout]    |
[INFO] [stdout] 20 |         .format(|out, message, record| out.finish(*message))
[INFO] [stdout]    |                                ^^^^^^ help: if this is intentional, prefix it with an underscore: `_record`
[INFO] [stdout]    |
[INFO] [stdout]    = note: `#[warn(unused_variables)]` on by default
[INFO] [stdout] 
[INFO] [stdout] 
[INFO] [stdout] warning: unused variable: `record`
[INFO] [stdout]   --> src/ast_lowering/test.rs:39:32
[INFO] [stdout]    |
[INFO] [stdout] 39 |         .format(|out, message, record| out.finish(*message))
[INFO] [stdout]    |                                ^^^^^^ help: if this is intentional, prefix it with an underscore: `_record`
[INFO] [stdout] 
[INFO] [stdout] 
[INFO] [stdout] warning: unused variable: `record`
[INFO] [stdout]    --> src/parser/test.rs:244:32
[INFO] [stdout]     |
[INFO] [stdout] 244 |         .format(|out, message, record| out.finish(*message))
[INFO] [stdout]     |                                ^^^^^^ help: if this is intentional, prefix it with an underscore: `_record`
[INFO] [stdout] 
[INFO] [stdout] 
[INFO] [stdout] warning: unused variable: `record`
[INFO] [stdout]    --> src/parser/test.rs:268:32
[INFO] [stdout]     |
[INFO] [stdout] 268 |         .format(|out, message, record| out.finish(*message))
[INFO] [stdout]     |                                ^^^^^^ help: if this is intentional, prefix it with an underscore: `_record`
[INFO] [stdout] 
[INFO] [stdout] 
[INFO] [stdout] warning: unused variable: `record`
[INFO] [stdout]    --> src/parser/test.rs:294:32
[INFO] [stdout]     |
[INFO] [stdout] 294 |         .format(|out, message, record| out.finish(*message))
[INFO] [stdout]     |                                ^^^^^^ help: if this is intentional, prefix it with an underscore: `_record`
[INFO] [stdout] 
[INFO] [stdout] 
[INFO] [stdout] warning: variable does not need to be mutable
[INFO] [stdout]   --> src/analysis/test.rs:58:13
[INFO] [stdout]    |
[INFO] [stdout] 58 |         let mut control_dependencies = cfg.control_dependence_graph_from_ipdom(&ipdom);
[INFO] [stdout]    |             ----^^^^^^^^^^^^^^^^^^^^
[INFO] [stdout]    |             |
[INFO] [stdout]    |             help: remove this `mut`
[INFO] [stdout]    |
[INFO] [stdout]    = note: `#[warn(unused_mut)]` on by default
[INFO] [stdout] 
[INFO] [stdout] 
[INFO] [stdout] warning: variable does not need to be mutable
[INFO] [stdout]    --> src/parser/lexer.rs:468:13
[INFO] [stdout]     |
[INFO] [stdout] 468 |         let mut res = Self {
[INFO] [stdout]     |             ----^^^
[INFO] [stdout]     |             |
[INFO] [stdout]     |             help: remove this `mut`
[INFO] [stdout] 
[INFO] [stdout] 
[INFO] [stdout] warning: associated function is never used: `as_u32`
[INFO] [stdout]    --> src/symbol.rs:142:18
[INFO] [stdout]     |
[INFO] [stdout] 142 |     pub const fn as_u32(self) -> u32 {
[INFO] [stdout]     |                  ^^^^^^
[INFO] [stdout]     |
[INFO] [stdout]     = note: `#[warn(dead_code)]` on by default
[INFO] [stdout] 
[INFO] [stdout] 
[INFO] [stdout] warning: associated function is never used: `partial_derivative_read_only`
[INFO] [stdout]   --> src/hir_lowering/derivatives/mod.rs:64:12
[INFO] [stdout]    |
[INFO] [stdout] 64 |     pub fn partial_derivative_read_only(
[INFO] [stdout]    |            ^^^^^^^^^^^^^^^^^^^^^^^^^^^^
[INFO] [stdout] 
[INFO] [stdout] 
[INFO] [stdout] warning: associated function is never used: `or_for_derivative`
[INFO] [stdout]     --> src/hir_lowering/derivatives/mod.rs:1697:12
[INFO] [stdout]      |
[INFO] [stdout] 1697 |     pub fn or_for_derivative(
[INFO] [stdout]      |            ^^^^^^^^^^^^^^^^^
[INFO] [stdout] 
[INFO] [stdout] 
[INFO] [stdout] warning: type alias is never used: `Result`
[INFO] [stdout]   --> src/hir_lowering/error.rs:23:1
[INFO] [stdout]    |
[INFO] [stdout] 23 | pub type Result<T = ()> = std::result::Result<T, Error>;
[INFO] [stdout]    | ^^^^^^^^^^^^^^^^^^^^^^^^^^^^^^^^^^^^^^^^^^^^^^^^^^^^^^^^
[INFO] [stdout] 
[INFO] [stdout] 
[INFO] [stdout] warning: unused `std::result::Result` that must be used
[INFO] [stdout]   --> src/analysis/test.rs:19:5
[INFO] [stdout]    |
[INFO] [stdout] 19 | /     fern::Dispatch::new()
[INFO] [stdout] 20 | |         .format(|out, message, record| out.finish(*message))
[INFO] [stdout] 21 | |         .level(log::LevelFilter::Debug)
[INFO] [stdout] 22 | |         .chain(std::io::stderr())
[INFO] [stdout] 23 | |         .apply();
[INFO] [stdout]    | |_________________^
[INFO] [stdout]    |
[INFO] [stdout]    = note: `#[warn(unused_must_use)]` on by default
[INFO] [stdout]    = note: this `Result` may be an `Err` variant, which should be handled
[INFO] [stdout] 
[INFO] [stdout] 
[INFO] [stdout] warning: unused `std::result::Result` that must be used
[INFO] [stdout]   --> src/ast_lowering/test.rs:21:5
[INFO] [stdout]    |
[INFO] [stdout] 21 | /     fern::Dispatch::new()
[INFO] [stdout] 22 | |         .format(|out, message, _record| out.finish(*message))
[INFO] [stdout] 23 | |         .level(log::LevelFilter::Info)
[INFO] [stdout] 24 | |         .chain(std::io::stderr())
[INFO] [stdout] 25 | |         .apply();
[INFO] [stdout]    | |_________________^
[INFO] [stdout]    |
[INFO] [stdout]    = note: this `Result` may be an `Err` variant, which should be handled
[INFO] [stdout] 
[INFO] [stdout] 
[INFO] [stdout] warning: unused `std::result::Result` that must be used
[INFO] [stdout]   --> src/ast_lowering/test.rs:38:5
[INFO] [stdout]    |
[INFO] [stdout] 38 | /     fern::Dispatch::new()
[INFO] [stdout] 39 | |         .format(|out, message, record| out.finish(*message))
[INFO] [stdout] 40 | |         .level(log::LevelFilter::Info)
[INFO] [stdout] 41 | |         .chain(std::io::stderr())
[INFO] [stdout] 42 | |         .apply();
[INFO] [stdout]    | |_________________^
[INFO] [stdout]    |
[INFO] [stdout]    = note: this `Result` may be an `Err` variant, which should be handled
[INFO] [stdout] 
[INFO] [stdout] 
[INFO] [stdout] warning: unused `std::result::Result` that must be used
[INFO] [stdout]   --> src/hir_lowering/test.rs:21:5
[INFO] [stdout]    |
[INFO] [stdout] 21 | /     fern::Dispatch::new()
[INFO] [stdout] 22 | |         .format(|out, message, _record| out.finish(*message))
[INFO] [stdout] 23 | |         .level(log::LevelFilter::Info)
[INFO] [stdout] 24 | |         .chain(std::io::stderr())
[INFO] [stdout] 25 | |         .apply();
[INFO] [stdout]    | |_________________^
[INFO] [stdout]    |
[INFO] [stdout]    = note: this `Result` may be an `Err` variant, which should be handled
[INFO] [stdout] 
[INFO] [stdout] 
[INFO] [stdout] warning: unused `std::result::Result` that must be used
[INFO] [stdout]   --> src/hir_lowering/test.rs:53:5
[INFO] [stdout]    |
[INFO] [stdout] 53 | /     fern::Dispatch::new()
[INFO] [stdout] 54 | |         .format(|out, message, _| out.finish(*message))
[INFO] [stdout] 55 | |         .level(log::LevelFilter::Info)
[INFO] [stdout] 56 | |         .chain(std::io::stderr())
[INFO] [stdout] 57 | |         .apply();
[INFO] [stdout]    | |_________________^
[INFO] [stdout]    |
[INFO] [stdout]    = note: this `Result` may be an `Err` variant, which should be handled
[INFO] [stdout] 
[INFO] [stdout] 
[INFO] [stdout] warning: unused `std::result::Result` that must be used
[INFO] [stdout]    --> src/hir_lowering/test.rs:116:5
[INFO] [stdout]     |
[INFO] [stdout] 116 | /     fern::Dispatch::new()
[INFO] [stdout] 117 | |         .format(|out, message, _| out.finish(*message))
[INFO] [stdout] 118 | |         .level(log::LevelFilter::Info)
[INFO] [stdout] 119 | |         .chain(std::io::stderr())
[INFO] [stdout] 120 | |         .apply();
[INFO] [stdout]     | |_________________^
[INFO] [stdout]     |
[INFO] [stdout]     = note: this `Result` may be an `Err` variant, which should be handled
[INFO] [stdout] 
[INFO] [stdout] 
[INFO] [stdout] warning: unused `std::result::Result` that must be used
[INFO] [stdout]   --> src/parser/test.rs:28:5
[INFO] [stdout]    |
[INFO] [stdout] 28 | /     fern::Dispatch::new()
[INFO] [stdout] 29 | |         .format(|out, message, _| out.finish(*message))
[INFO] [stdout] 30 | |         .level(log::LevelFilter::Info)
[INFO] [stdout] 31 | |         .chain(std::io::stderr())
[INFO] [stdout] 32 | |         .apply();
[INFO] [stdout]    | |_________________^
[INFO] [stdout]    |
[INFO] [stdout]    = note: this `Result` may be an `Err` variant, which should be handled
[INFO] [stdout] 
[INFO] [stdout] 
[INFO] [stdout] warning: unused `std::result::Result` that must be used
[INFO] [stdout]    --> src/parser/test.rs:137:5
[INFO] [stdout]     |
[INFO] [stdout] 137 | /     fern::Dispatch::new()
[INFO] [stdout] 138 | |         .format(|out, message, _| out.finish(*message))
[INFO] [stdout] 139 | |         .level(log::LevelFilter::Info)
[INFO] [stdout] 140 | |         .chain(std::io::stderr())
[INFO] [stdout] 141 | |         .apply();
[INFO] [stdout]     | |_________________^
[INFO] [stdout]     |
[INFO] [stdout]     = note: this `Result` may be an `Err` variant, which should be handled
[INFO] [stdout] 
[INFO] [stdout] 
[INFO] [stdout] warning: unused `std::result::Result` that must be used
[INFO] [stdout]    --> src/parser/test.rs:243:5
[INFO] [stdout]     |
[INFO] [stdout] 243 | /     fern::Dispatch::new()
[INFO] [stdout] 244 | |         .format(|out, message, record| out.finish(*message))
[INFO] [stdout] 245 | |         .level(log::LevelFilter::Info)
[INFO] [stdout] 246 | |         .chain(std::io::stderr())
[INFO] [stdout] 247 | |         .apply();
[INFO] [stdout]     | |_________________^
[INFO] [stdout]     |
[INFO] [stdout]     = note: this `Result` may be an `Err` variant, which should be handled
[INFO] [stdout] 
[INFO] [stdout] 
[INFO] [stdout] warning: unused `std::result::Result` that must be used
[INFO] [stdout]    --> src/parser/test.rs:267:5
[INFO] [stdout]     |
[INFO] [stdout] 267 | /     fern::Dispatch::new()
[INFO] [stdout] 268 | |         .format(|out, message, record| out.finish(*message))
[INFO] [stdout] 269 | |         .level(log::LevelFilter::Info)
[INFO] [stdout] 270 | |         .chain(std::io::stderr())
[INFO] [stdout] 271 | |         .apply();
[INFO] [stdout]     | |_________________^
[INFO] [stdout]     |
[INFO] [stdout]     = note: this `Result` may be an `Err` variant, which should be handled
[INFO] [stdout] 
[INFO] [stdout] 
[INFO] [stdout] warning: unused `std::result::Result` that must be used
[INFO] [stdout]    --> src/parser/test.rs:293:5
[INFO] [stdout]     |
[INFO] [stdout] 293 | /     fern::Dispatch::new()
[INFO] [stdout] 294 | |         .format(|out, message, record| out.finish(*message))
[INFO] [stdout] 295 | |         .level(log::LevelFilter::Info)
[INFO] [stdout] 296 | |         .chain(std::io::stderr())
[INFO] [stdout] 297 | |         .apply();
[INFO] [stdout]     | |_________________^
[INFO] [stdout]     |
[INFO] [stdout]     = note: this `Result` may be an `Err` variant, which should be handled
[INFO] [stdout] 
[INFO] [stdout] 
[INFO] [stdout] warning: 28 warnings emitted
[INFO] [stdout] 
[INFO] [stdout] 
[INFO] [stderr]     Finished test [unoptimized + debuginfo] target(s) in 12.75s
[INFO] running `Command { std: "docker" "inspect" "2f97dd927f7517070c1de588ce3c60905a0d893685692ec4482d3c91fa350b6c", kill_on_drop: false }`
[INFO] running `Command { std: "docker" "rm" "-f" "2f97dd927f7517070c1de588ce3c60905a0d893685692ec4482d3c91fa350b6c", kill_on_drop: false }`
[INFO] [stdout] 2f97dd927f7517070c1de588ce3c60905a0d893685692ec4482d3c91fa350b6c
[INFO] running `Command { std: "docker" "create" "-v" "/var/lib/crater-agent-workspace/builds/worker-2/target:/opt/rustwide/target:rw,Z" "-v" "/var/lib/crater-agent-workspace/builds/worker-2/source:/opt/rustwide/workdir:ro,Z" "-v" "/var/lib/crater-agent-workspace/cargo-home:/opt/rustwide/cargo-home:ro,Z" "-v" "/var/lib/crater-agent-workspace/rustup-home:/opt/rustwide/rustup-home:ro,Z" "-e" "SOURCE_DIR=/opt/rustwide/workdir" "-e" "CARGO_TARGET_DIR=/opt/rustwide/target" "-e" "CARGO_INCREMENTAL=0" "-e" "RUST_BACKTRACE=full" "-e" "RUSTFLAGS=--cap-lints=warn" "-e" "CARGO_HOME=/opt/rustwide/cargo-home" "-e" "RUSTUP_HOME=/opt/rustwide/rustup-home" "-w" "/opt/rustwide/workdir" "-m" "1610612736" "--user" "0:0" "--network" "none" "ghcr.io/rust-lang/crates-build-env/linux@sha256:34b6a614d2c27851fe6cbf88fbd1137609cefab8b10d0615aaeb6fd47975d74e" "/opt/rustwide/cargo-home/bin/cargo" "+beta-2021-08-01" "test" "--frozen", kill_on_drop: false }`
[INFO] [stdout] 11e14103b6d0631f955d3ff7d0bf297093fc15ff5bfced46fb26cd688ddef9fe
[INFO] running `Command { std: "docker" "start" "-a" "11e14103b6d0631f955d3ff7d0bf297093fc15ff5bfced46fb26cd688ddef9fe", kill_on_drop: false }`
[INFO] [stderr] warning: this attribute can only be applied to a `use` item
[INFO] [stderr]   --> src/ast_lowering/name_resolution.rs:58:7
[INFO] [stderr]    |
[INFO] [stderr] 58 |   #[doc(inline)]
[INFO] [stderr]    |         ^^^^^^ only applicable on `use` items
[INFO] [stderr] 59 |   #[macro_export]
[INFO] [stderr] 60 | / macro_rules! resolve {
[INFO] [stderr] 61 | |     ($fold:expr; $name:ident as $($declaration:ident($id:ident) => $block:block),+) => {
[INFO] [stderr] 62 | |         match $fold.resolver.resolve(&$name) {
[INFO] [stderr] 63 | |             $(Ok($crate::symbol_table::SymbolDeclaration::$declaration($id)) => $block),+
[INFO] [stderr] ...  |
[INFO] [stderr] 78 | |     };
[INFO] [stderr] 79 | | }
[INFO] [stderr]    | |_- not a `use` item
[INFO] [stderr]    |
[INFO] [stderr]    = note: `#[warn(invalid_doc_attributes)]` on by default
[INFO] [stderr]    = warning: this was previously accepted by the compiler but is being phased out; it will become a hard error in a future release!
[INFO] [stderr]    = note: for more information, see issue #82730 <https://github.com/rust-lang/rust/issues/82730>
[INFO] [stderr]    = note: read https://doc.rust-lang.org/nightly/rustdoc/the-doc-attribute.html#docno_inlinedocinline for more information
[INFO] [stderr] 
[INFO] [stderr] warning: this attribute can only be applied to a `use` item
[INFO] [stderr]   --> src/ast_lowering/name_resolution.rs:58:7
[INFO] [stderr]    |
[INFO] [stderr] 58 |   #[doc(inline)]
[INFO] [stderr]    |         ^^^^^^ only applicable on `use` items
[INFO] [stderr] 59 |   #[macro_export]
[INFO] [stderr] 60 | / macro_rules! resolve {
[INFO] [stderr] 61 | |     ($fold:expr; $name:ident as $($declaration:ident($id:ident) => $block:block),+) => {
[INFO] [stderr] 62 | |         match $fold.resolver.resolve(&$name) {
[INFO] [stderr] 63 | |             $(Ok($crate::symbol_table::SymbolDeclaration::$declaration($id)) => $block),+
[INFO] [stderr] ...  |
[INFO] [stderr] 78 | |     };
[INFO] [stderr] 79 | | }
[INFO] [stderr]    | |_- not a `use` item
[INFO] [stderr]    |
[INFO] [stderr]    = warning: this was previously accepted by the compiler but is being phased out; it will become a hard error in a future release!
[INFO] [stderr]    = note: for more information, see issue #82730 <https://github.com/rust-lang/rust/issues/82730>
[INFO] [stderr]    = note: read https://doc.rust-lang.org/nightly/rustdoc/the-doc-attribute.html#docno_inlinedocinline for more information
[INFO] [stderr] 
[INFO] [stderr] warning: associated function is never used: `as_u32`
[INFO] [stderr]    --> src/symbol.rs:142:18
[INFO] [stderr]     |
[INFO] [stderr] 142 |     pub const fn as_u32(self) -> u32 {
[INFO] [stderr]     |                  ^^^^^^
[INFO] [stderr]     |
[INFO] [stderr]     = note: `#[warn(dead_code)]` on by default
[INFO] [stderr] 
[INFO] [stderr] warning: associated function is never used: `partial_derivative_read_only`
[INFO] [stderr]   --> src/hir_lowering/derivatives/mod.rs:64:12
[INFO] [stderr]    |
[INFO] [stderr] 64 |     pub fn partial_derivative_read_only(
[INFO] [stderr]    |            ^^^^^^^^^^^^^^^^^^^^^^^^^^^^
[INFO] [stderr] 
[INFO] [stderr] warning: associated function is never used: `or_for_derivative`
[INFO] [stderr]     --> src/hir_lowering/derivatives/mod.rs:1697:12
[INFO] [stderr]      |
[INFO] [stderr] 1697 |     pub fn or_for_derivative(
[INFO] [stderr]      |            ^^^^^^^^^^^^^^^^^
[INFO] [stderr] 
[INFO] [stderr] warning: type alias is never used: `Result`
[INFO] [stderr]   --> src/hir_lowering/error.rs:23:1
[INFO] [stderr]    |
[INFO] [stderr] 23 | pub type Result<T = ()> = std::result::Result<T, Error>;
[INFO] [stderr]    | ^^^^^^^^^^^^^^^^^^^^^^^^^^^^^^^^^^^^^^^^^^^^^^^^^^^^^^^^
[INFO] [stderr] 
[INFO] [stderr] warning: unused import: `std::fs::File`
[INFO] [stderr]   --> src/analysis/test.rs:14:5
[INFO] [stderr]    |
[INFO] [stderr] 14 | use std::fs::File;
[INFO] [stderr]    |     ^^^^^^^^^^^^^
[INFO] [stderr]    |
[INFO] [stderr]    = note: `#[warn(unused_imports)]` on by default
[INFO] [stderr] 
[INFO] [stderr] warning: unused import: `crate::ir::ModuleId`
[INFO] [stderr]   --> src/ast_lowering/test.rs:16:5
[INFO] [stderr]    |
[INFO] [stderr] 16 | use crate::ir::ModuleId;
[INFO] [stderr]    |     ^^^^^^^^^^^^^^^^^^^
[INFO] [stderr] 
[INFO] [stderr] warning: unused import: `crate::ir::ModuleId`
[INFO] [stderr]   --> src/hir_lowering/test.rs:16:5
[INFO] [stderr]    |
[INFO] [stderr] 16 | use crate::ir::ModuleId;
[INFO] [stderr]    |     ^^^^^^^^^^^^^^^^^^^
[INFO] [stderr] 
[INFO] [stderr] warning: unused import: `crate::ir::ModuleId`
[INFO] [stderr]   --> src/parser/test.rs:20:5
[INFO] [stderr]    |
[INFO] [stderr] 20 | use crate::ir::ModuleId;
[INFO] [stderr]    |     ^^^^^^^^^^^^^^^^^^^
[INFO] [stderr] 
[INFO] [stderr] warning: unused variable: `record`
[INFO] [stderr]   --> src/analysis/test.rs:20:32
[INFO] [stderr]    |
[INFO] [stderr] 20 |         .format(|out, message, record| out.finish(*message))
[INFO] [stderr]    |                                ^^^^^^ help: if this is intentional, prefix it with an underscore: `_record`
[INFO] [stderr]    |
[INFO] [stderr]    = note: `#[warn(unused_variables)]` on by default
[INFO] [stderr] 
[INFO] [stderr] warning: unused variable: `record`
[INFO] [stderr]   --> src/ast_lowering/test.rs:39:32
[INFO] [stderr]    |
[INFO] [stderr] 39 |         .format(|out, message, record| out.finish(*message))
[INFO] [stderr]    |                                ^^^^^^ help: if this is intentional, prefix it with an underscore: `_record`
[INFO] [stderr] 
[INFO] [stderr] warning: unused variable: `record`
[INFO] [stderr]    --> src/parser/test.rs:244:32
[INFO] [stderr]     |
[INFO] [stderr] 244 |         .format(|out, message, record| out.finish(*message))
[INFO] [stderr]     |                                ^^^^^^ help: if this is intentional, prefix it with an underscore: `_record`
[INFO] [stderr] 
[INFO] [stderr] warning: unused variable: `record`
[INFO] [stderr]    --> src/parser/test.rs:268:32
[INFO] [stderr]     |
[INFO] [stderr] 268 |         .format(|out, message, record| out.finish(*message))
[INFO] [stderr]     |                                ^^^^^^ help: if this is intentional, prefix it with an underscore: `_record`
[INFO] [stderr] 
[INFO] [stderr] warning: unused variable: `record`
[INFO] [stderr]    --> src/parser/test.rs:294:32
[INFO] [stderr]     |
[INFO] [stderr] 294 |         .format(|out, message, record| out.finish(*message))
[INFO] [stderr]     |                                ^^^^^^ help: if this is intentional, prefix it with an underscore: `_record`
[INFO] [stderr] 
[INFO] [stderr] warning: variable does not need to be mutable
[INFO] [stderr]   --> src/analysis/test.rs:58:13
[INFO] [stderr]    |
[INFO] [stderr] 58 |         let mut control_dependencies = cfg.control_dependence_graph_from_ipdom(&ipdom);
[INFO] [stderr]    |             ----^^^^^^^^^^^^^^^^^^^^
[INFO] [stderr]    |             |
[INFO] [stderr]    |             help: remove this `mut`
[INFO] [stderr]    |
[INFO] [stderr]    = note: `#[warn(unused_mut)]` on by default
[INFO] [stderr] 
[INFO] [stderr] warning: variable does not need to be mutable
[INFO] [stderr]    --> src/parser/lexer.rs:468:13
[INFO] [stderr]     |
[INFO] [stderr] 468 |         let mut res = Self {
[INFO] [stderr]     |             ----^^^
[INFO] [stderr]     |             |
[INFO] [stderr]     |             help: remove this `mut`
[INFO] [stderr] 
[INFO] [stderr] warning: unused `std::result::Result` that must be used
[INFO] [stderr]   --> src/analysis/test.rs:19:5
[INFO] [stderr]    |
[INFO] [stderr] 19 | /     fern::Dispatch::new()
[INFO] [stderr] 20 | |         .format(|out, message, record| out.finish(*message))
[INFO] [stderr] 21 | |         .level(log::LevelFilter::Debug)
[INFO] [stderr] 22 | |         .chain(std::io::stderr())
[INFO] [stderr] 23 | |         .apply();
[INFO] [stderr]    | |_________________^
[INFO] [stderr]    |
[INFO] [stderr]    = note: `#[warn(unused_must_use)]` on by default
[INFO] [stderr]    = note: this `Result` may be an `Err` variant, which should be handled
[INFO] [stderr] 
[INFO] [stderr] warning: unused `std::result::Result` that must be used
[INFO] [stderr]   --> src/ast_lowering/test.rs:21:5
[INFO] [stderr]    |
[INFO] [stderr] 21 | /     fern::Dispatch::new()
[INFO] [stderr] 22 | |         .format(|out, message, _record| out.finish(*message))
[INFO] [stderr] 23 | |         .level(log::LevelFilter::Info)
[INFO] [stderr] 24 | |         .chain(std::io::stderr())
[INFO] [stderr] 25 | |         .apply();
[INFO] [stderr]    | |_________________^
[INFO] [stderr]    |
[INFO] [stderr]    = note: this `Result` may be an `Err` variant, which should be handled
[INFO] [stderr] 
[INFO] [stderr] warning: unused `std::result::Result` that must be used
[INFO] [stderr]   --> src/ast_lowering/test.rs:38:5
[INFO] [stderr]    |
[INFO] [stderr] 38 | /     fern::Dispatch::new()
[INFO] [stderr] 39 | |         .format(|out, message, record| out.finish(*message))
[INFO] [stderr] 40 | |         .level(log::LevelFilter::Info)
[INFO] [stderr] 41 | |         .chain(std::io::stderr())
[INFO] [stderr] 42 | |         .apply();
[INFO] [stderr]    | |_________________^
[INFO] [stderr]    |
[INFO] [stderr]    = note: this `Result` may be an `Err` variant, which should be handled
[INFO] [stderr] 
[INFO] [stderr] warning: unused `std::result::Result` that must be used
[INFO] [stderr]   --> src/hir_lowering/test.rs:21:5
[INFO] [stderr]    |
[INFO] [stderr] 21 | /     fern::Dispatch::new()
[INFO] [stderr] 22 | |         .format(|out, message, _record| out.finish(*message))
[INFO] [stderr] 23 | |         .level(log::LevelFilter::Info)
[INFO] [stderr] 24 | |         .chain(std::io::stderr())
[INFO] [stderr] 25 | |         .apply();
[INFO] [stderr]    | |_________________^
[INFO] [stderr]    |
[INFO] [stderr]    = note: this `Result` may be an `Err` variant, which should be handled
[INFO] [stderr] 
[INFO] [stderr] warning: unused `std::result::Result` that must be used
[INFO] [stderr]   --> src/hir_lowering/test.rs:53:5
[INFO] [stderr]    |
[INFO] [stderr] 53 | /     fern::Dispatch::new()
[INFO] [stderr] 54 | |         .format(|out, message, _| out.finish(*message))
[INFO] [stderr] 55 | |         .level(log::LevelFilter::Info)
[INFO] [stderr] 56 | |         .chain(std::io::stderr())
[INFO] [stderr] 57 | |         .apply();
[INFO] [stderr]    | |_________________^
[INFO] [stderr]    |
[INFO] [stderr]    = note: this `Result` may be an `Err` variant, which should be handled
[INFO] [stderr] 
[INFO] [stderr] warning: unused `std::result::Result` that must be used
[INFO] [stderr]    --> src/hir_lowering/test.rs:116:5
[INFO] [stderr]     |
[INFO] [stderr] 116 | /     fern::Dispatch::new()
[INFO] [stderr] 117 | |         .format(|out, message, _| out.finish(*message))
[INFO] [stderr] 118 | |         .level(log::LevelFilter::Info)
[INFO] [stderr] 119 | |         .chain(std::io::stderr())
[INFO] [stderr] 120 | |         .apply();
[INFO] [stderr]     | |_________________^
[INFO] [stderr]     |
[INFO] [stderr]     = note: this `Result` may be an `Err` variant, which should be handled
[INFO] [stderr] 
[INFO] [stderr] warning: unused `std::result::Result` that must be used
[INFO] [stderr]   --> src/parser/test.rs:28:5
[INFO] [stderr]    |
[INFO] [stderr] 28 | /     fern::Dispatch::new()
[INFO] [stderr] 29 | |         .format(|out, message, _| out.finish(*message))
[INFO] [stderr] 30 | |         .level(log::LevelFilter::Info)
[INFO] [stderr] 31 | |         .chain(std::io::stderr())
[INFO] [stderr] 32 | |         .apply();
[INFO] [stderr]    | |_________________^
[INFO] [stderr]    |
[INFO] [stderr]    = note: this `Result` may be an `Err` variant, which should be handled
[INFO] [stderr] 
[INFO] [stderr] warning: unused `std::result::Result` that must be used
[INFO] [stderr]    --> src/parser/test.rs:137:5
[INFO] [stderr]     |
[INFO] [stderr] 137 | /     fern::Dispatch::new()
[INFO] [stderr] 138 | |         .format(|out, message, _| out.finish(*message))
[INFO] [stderr] 139 | |         .level(log::LevelFilter::Info)
[INFO] [stderr] 140 | |         .chain(std::io::stderr())
[INFO] [stderr] 141 | |         .apply();
[INFO] [stderr]     | |_________________^
[INFO] [stderr]     |
[INFO] [stderr]     = note: this `Result` may be an `Err` variant, which should be handled
[INFO] [stderr] 
[INFO] [stderr] warning: unused `std::result::Result` that must be used
[INFO] [stderr]    --> src/parser/test.rs:243:5
[INFO] [stderr]     |
[INFO] [stderr] 243 | /     fern::Dispatch::new()
[INFO] [stderr] 244 | |         .format(|out, message, record| out.finish(*message))
[INFO] [stderr] 245 | |         .level(log::LevelFilter::Info)
[INFO] [stderr] 246 | |         .chain(std::io::stderr())
[INFO] [stderr] 247 | |         .apply();
[INFO] [stderr]     | |_________________^
[INFO] [stderr]     |
[INFO] [stderr]     = note: this `Result` may be an `Err` variant, which should be handled
[INFO] [stderr] 
[INFO] [stderr] warning: unused `std::result::Result` that must be used
[INFO] [stderr]    --> src/parser/test.rs:267:5
[INFO] [stderr]     |
[INFO] [stderr] 267 | /     fern::Dispatch::new()
[INFO] [stderr] 268 | |         .format(|out, message, record| out.finish(*message))
[INFO] [stderr] 269 | |         .level(log::LevelFilter::Info)
[INFO] [stderr] 270 | |         .chain(std::io::stderr())
[INFO] [stderr] 271 | |         .apply();
[INFO] [stderr]     | |_________________^
[INFO] [stderr]     |
[INFO] [stderr]     = note: this `Result` may be an `Err` variant, which should be handled
[INFO] [stderr] 
[INFO] [stderr] warning: unused `std::result::Result` that must be used
[INFO] [stderr]    --> src/parser/test.rs:293:5
[INFO] [stderr]     |
[INFO] [stderr] 293 | /     fern::Dispatch::new()
[INFO] [stderr] 294 | |         .format(|out, message, record| out.finish(*message))
[INFO] [stderr] 295 | |         .level(log::LevelFilter::Info)
[INFO] [stderr] 296 | |         .chain(std::io::stderr())
[INFO] [stderr] 297 | |         .apply();
[INFO] [stderr]     | |_________________^
[INFO] [stderr]     |
[INFO] [stderr]     = note: this `Result` may be an `Err` variant, which should be handled
[INFO] [stderr] 
[INFO] [stderr] warning: `open-vaf` (lib) generated 6 warnings
[INFO] [stderr] warning: `open-vaf` (lib test) generated 28 warnings (6 duplicates)
[INFO] [stderr]     Finished test [unoptimized + debuginfo] target(s) in 0.04s
[INFO] [stderr]      Running unittests (/opt/rustwide/target/debug/deps/open_vaf-8a84c96600bc57d8)
[INFO] [stdout] 
[INFO] [stdout] running 27 tests
[INFO] [stdout] test parser::lexer::test::block_comment ... ok
[INFO] [stdout] test parser::lexer::test::comment ... ok
[INFO] [stdout] test parser::lexer::test::escaped_ident ... ok
[INFO] [stdout] test parser::lexer::test::include ... ok
[INFO] [stdout] test parser::lexer::test::macro_definition ... ok
[INFO] [stdout] test parser::lexer::test::macro_else ... ok
[INFO] [stdout] test parser::lexer::test::macro_elsif ... ok
[INFO] [stdout] test parser::lexer::test::macro_if ... ok
[INFO] [stdout] test parser::lexer::test::macro_ifn ... ok
[INFO] [stdout] test parser::lexer::test::macro_ref ... ok
[INFO] [stdout] test parser::lexer::test::real_number ... ok
[INFO] [stdout] test parser::lexer::test::simple_ident ... ok
[INFO] [stdout] test parser::lexer::test::string ... ok
[INFO] [stdout] test parser::lexer::test::unsigned_number ... ok
[INFO] [stdout] test parser::preprocessor::test::test_source_map ... ok
[INFO] [stdout] test parser::preprocessor::test::macros ... ok
[INFO] [stdout] test parser::test::branch ... ok
[INFO] [stdout] test parser::test::variable_decl ... ok
[INFO] [stdout] test parser::test::net_decl ... ok
[INFO] [stdout] test parser::test::module ... ok
[INFO] [stdout] test ast_lowering::test::linear ... FAILED
[INFO] [stdout] test hir_lowering::test::hl2 ... FAILED
[INFO] [stdout] test ast_lowering::test::diode ... FAILED
[INFO] [stdout] test hir_lowering::test::linear ... FAILED
[INFO] [stdout] test hir_lowering::test::schemantic ... FAILED
[INFO] [stdout] test analysis::test::cfg ... FAILED
[INFO] [stdout] test parser::test::linear ... FAILED
[INFO] [stdout] 
[INFO] [stdout] failures:
[INFO] [stdout] 
[INFO] [stdout] ---- ast_lowering::test::linear stdout ----
[INFO] [stdout] thread 'ast_lowering::test::linear' panicked at 'VAMS_STD enviorment variable not set', src/parser/preprocessor/mod.rs:335:38
[INFO] [stdout] stack backtrace:
[INFO] [stdout]    0:     0x56343113aee0 - std::backtrace_rs::backtrace::libunwind::trace::hff4d1766e93f64f1
[INFO] [stdout]                                at /rustc/53fd98ca776cb875bc9e5514f56b52eb74f9e7a9/library/std/src/../../backtrace/src/backtrace/libunwind.rs:90:5
[INFO] [stdout]    1:     0x56343113aee0 - std::backtrace_rs::backtrace::trace_unsynchronized::h56bbc8eb78770bcb
[INFO] [stdout]                                at /rustc/53fd98ca776cb875bc9e5514f56b52eb74f9e7a9/library/std/src/../../backtrace/src/backtrace/mod.rs:66:5
[INFO] [stdout]    2:     0x56343113aee0 - std::sys_common::backtrace::_print_fmt::h5c8e75464faca780
[INFO] [stdout]                                at /rustc/53fd98ca776cb875bc9e5514f56b52eb74f9e7a9/library/std/src/sys_common/backtrace.rs:67:5
[INFO] [stdout]    3:     0x56343113aee0 - <std::sys_common::backtrace::_print::DisplayBacktrace as core::fmt::Display>::fmt::h48b88277def8b362
[INFO] [stdout]                                at /rustc/53fd98ca776cb875bc9e5514f56b52eb74f9e7a9/library/std/src/sys_common/backtrace.rs:46:22
[INFO] [stdout]    4:     0x56343115e7cc - core::fmt::write::h3381b3176fe2b3d3
[INFO] [stdout]                                at /rustc/53fd98ca776cb875bc9e5514f56b52eb74f9e7a9/library/core/src/fmt/mod.rs:1115:17
[INFO] [stdout]    5:     0x563431137e15 - std::io::Write::write_fmt::h5f34a676f60246b5
[INFO] [stdout]                                at /rustc/53fd98ca776cb875bc9e5514f56b52eb74f9e7a9/library/std/src/io/mod.rs:1665:15
[INFO] [stdout]    6:     0x56343113d05b - std::sys_common::backtrace::_print::ha537687d6c17dd0d
[INFO] [stdout]                                at /rustc/53fd98ca776cb875bc9e5514f56b52eb74f9e7a9/library/std/src/sys_common/backtrace.rs:49:5
[INFO] [stdout]    7:     0x56343113d05b - std::sys_common::backtrace::print::h61376ae57d131d72
[INFO] [stdout]                                at /rustc/53fd98ca776cb875bc9e5514f56b52eb74f9e7a9/library/std/src/sys_common/backtrace.rs:36:9
[INFO] [stdout]    8:     0x56343113d05b - std::panicking::default_hook::{{closure}}::h0f7208c0b9644a54
[INFO] [stdout]                                at /rustc/53fd98ca776cb875bc9e5514f56b52eb74f9e7a9/library/std/src/panicking.rs:208:50
[INFO] [stdout]    9:     0x56343113cb6c - std::panicking::default_hook::hdac7fc06578c14ce
[INFO] [stdout]                                at /rustc/53fd98ca776cb875bc9e5514f56b52eb74f9e7a9/library/std/src/panicking.rs:222:9
[INFO] [stdout]   10:     0x56343113d724 - std::panicking::rust_panic_with_hook::h72b21c283da3d1ef
[INFO] [stdout]                                at /rustc/53fd98ca776cb875bc9e5514f56b52eb74f9e7a9/library/std/src/panicking.rs:622:17
[INFO] [stdout]   11:     0x56343113d207 - std::panicking::begin_panic_handler::{{closure}}::he5778f1729cff84a
[INFO] [stdout]                                at /rustc/53fd98ca776cb875bc9e5514f56b52eb74f9e7a9/library/std/src/panicking.rs:519:13
[INFO] [stdout]   12:     0x56343113b3bc - std::sys_common::backtrace::__rust_end_short_backtrace::h2d11ca8b453b4b1d
[INFO] [stdout]                                at /rustc/53fd98ca776cb875bc9e5514f56b52eb74f9e7a9/library/std/src/sys_common/backtrace.rs:141:18
[INFO] [stdout]   13:     0x56343113d169 - rust_begin_unwind
[INFO] [stdout]                                at /rustc/53fd98ca776cb875bc9e5514f56b52eb74f9e7a9/library/std/src/panicking.rs:515:5
[INFO] [stdout]   14:     0x563430e188c1 - core::panicking::panic_fmt::hf9de31d4acbce4db
[INFO] [stdout]                                at /rustc/53fd98ca776cb875bc9e5514f56b52eb74f9e7a9/library/core/src/panicking.rs:92:14
[INFO] [stdout]   15:     0x563430e187b3 - core::option::expect_failed::h954fc73c60f6b468
[INFO] [stdout]                                at /rustc/53fd98ca776cb875bc9e5514f56b52eb74f9e7a9/library/core/src/option.rs:1578:5
[INFO] [stdout]   16:     0x563431035f98 - core::option::Option<T>::expect::h98ec93450b8415b6
[INFO] [stdout]                                at /rustc/53fd98ca776cb875bc9e5514f56b52eb74f9e7a9/library/core/src/option.rs:685:21
[INFO] [stdout]   17:     0x563430ed7c83 - open_vaf::parser::preprocessor::Preprocessor::process_token::hce746a2826fdb07d
[INFO] [stdout]                                at /opt/rustwide/workdir/src/parser/preprocessor/mod.rs:334:33
[INFO] [stdout]   18:     0x563430ed6fc8 - open_vaf::parser::preprocessor::Preprocessor::process_token_until_success::h8ebc23847005dae5
[INFO] [stdout]                                at /opt/rustwide/workdir/src/parser/preprocessor/mod.rs:295:29
[INFO] [stdout]   19:     0x563430ed6f48 - open_vaf::parser::preprocessor::Preprocessor::advance::h7071e303b5a14d11
[INFO] [stdout]                                at /opt/rustwide/workdir/src/parser/preprocessor/mod.rs:290:9
[INFO] [stdout]   20:     0x56343104da63 - open_vaf::parser::<impl open_vaf::ir::ast::Ast>::parse_from::h5c8528ed3f4be61e
[INFO] [stdout]                                at /opt/rustwide/workdir/src/parser/mod.rs:452:29
[INFO] [stdout]   21:     0x56343104e04b - open_vaf::parser::<impl open_vaf::ir::ast::Ast>::parse_from_and_print_errors::h6b3f3c4955a73907
[INFO] [stdout]                                at /opt/rustwide/workdir/src/parser/mod.rs:496:15
[INFO] [stdout]   22:     0x5634310271f4 - open_vaf::ast_lowering::test::linear::h02c866b3304506e8
[INFO] [stdout]                                at /opt/rustwide/workdir/src/ast_lowering/test.rs:46:22
[INFO] [stdout]   23:     0x56343102702e - open_vaf::ast_lowering::test::linear::{{closure}}::h725fd3293dd6e91a
[INFO] [stdout]                                at /opt/rustwide/workdir/src/ast_lowering/test.rs:37:1
[INFO] [stdout]   24:     0x563430ebffee - core::ops::function::FnOnce::call_once::ha87453371e6bd24f
[INFO] [stdout]                                at /rustc/53fd98ca776cb875bc9e5514f56b52eb74f9e7a9/library/core/src/ops/function.rs:227:5
[INFO] [stdout]   25:     0x5634310b9b23 - core::ops::function::FnOnce::call_once::hbb52c4519d3137b0
[INFO] [stdout]                                at /rustc/53fd98ca776cb875bc9e5514f56b52eb74f9e7a9/library/core/src/ops/function.rs:227:5
[INFO] [stdout]   26:     0x5634310b9b23 - test::__rust_begin_short_backtrace::h86fe3a2a5a5121af
[INFO] [stdout]                                at /rustc/53fd98ca776cb875bc9e5514f56b52eb74f9e7a9/library/test/src/lib.rs:578:5
[INFO] [stdout]   27:     0x5634310b85d8 - <alloc::boxed::Box<F,A> as core::ops::function::FnOnce<Args>>::call_once::hfd956bc3d57399be
[INFO] [stdout]                                at /rustc/53fd98ca776cb875bc9e5514f56b52eb74f9e7a9/library/alloc/src/boxed.rs:1572:9
[INFO] [stdout]   28:     0x5634310b85d8 - <std::panic::AssertUnwindSafe<F> as core::ops::function::FnOnce<()>>::call_once::h40dc93e0ddb5938a
[INFO] [stdout]                                at /rustc/53fd98ca776cb875bc9e5514f56b52eb74f9e7a9/library/std/src/panic.rs:347:9
[INFO] [stdout]   29:     0x5634310b85d8 - std::panicking::try::do_call::h90d07750cb47c562
[INFO] [stdout]                                at /rustc/53fd98ca776cb875bc9e5514f56b52eb74f9e7a9/library/std/src/panicking.rs:401:40
[INFO] [stdout]   30:     0x5634310b85d8 - std::panicking::try::h063c84733ad2a629
[INFO] [stdout]                                at /rustc/53fd98ca776cb875bc9e5514f56b52eb74f9e7a9/library/std/src/panicking.rs:365:19
[INFO] [stdout]   31:     0x5634310b85d8 - std::panic::catch_unwind::h0c464836a84e7c08
[INFO] [stdout]                                at /rustc/53fd98ca776cb875bc9e5514f56b52eb74f9e7a9/library/std/src/panic.rs:434:14
[INFO] [stdout]   32:     0x5634310b85d8 - test::run_test_in_process::h5cb06ef620b157fc
[INFO] [stdout]                                at /rustc/53fd98ca776cb875bc9e5514f56b52eb74f9e7a9/library/test/src/lib.rs:601:18
[INFO] [stdout]   33:     0x5634310b85d8 - test::run_test::run_test_inner::{{closure}}::h76f677f4b93f9828
[INFO] [stdout]                                at /rustc/53fd98ca776cb875bc9e5514f56b52eb74f9e7a9/library/test/src/lib.rs:493:39
[INFO] [stdout]   34:     0x563431086d6d - test::run_test::run_test_inner::{{closure}}::h366d01fe04f4d67a
[INFO] [stdout]                                at /rustc/53fd98ca776cb875bc9e5514f56b52eb74f9e7a9/library/test/src/lib.rs:520:37
[INFO] [stdout]   35:     0x563431086d6d - std::sys_common::backtrace::__rust_begin_short_backtrace::h7dfa0de4eb395af2
[INFO] [stdout]                                at /rustc/53fd98ca776cb875bc9e5514f56b52eb74f9e7a9/library/std/src/sys_common/backtrace.rs:125:18
[INFO] [stdout]   36:     0x56343108b538 - std::thread::Builder::spawn_unchecked::{{closure}}::{{closure}}::hf0a74bb58798037f
[INFO] [stdout]                                at /rustc/53fd98ca776cb875bc9e5514f56b52eb74f9e7a9/library/std/src/thread/mod.rs:476:17
[INFO] [stdout]   37:     0x56343108b538 - <std::panic::AssertUnwindSafe<F> as core::ops::function::FnOnce<()>>::call_once::hb024e854818586ac
[INFO] [stdout]                                at /rustc/53fd98ca776cb875bc9e5514f56b52eb74f9e7a9/library/std/src/panic.rs:347:9
[INFO] [stdout]   38:     0x56343108b538 - std::panicking::try::do_call::hb2dd9f1d0d48e41d
[INFO] [stdout]                                at /rustc/53fd98ca776cb875bc9e5514f56b52eb74f9e7a9/library/std/src/panicking.rs:401:40
[INFO] [stdout]   39:     0x56343108b538 - std::panicking::try::h4717ae7bac8b2bf3
[INFO] [stdout]                                at /rustc/53fd98ca776cb875bc9e5514f56b52eb74f9e7a9/library/std/src/panicking.rs:365:19
[INFO] [stdout]   40:     0x56343108b538 - std::panic::catch_unwind::h0dc8a061326ce8d8
[INFO] [stdout]                                at /rustc/53fd98ca776cb875bc9e5514f56b52eb74f9e7a9/library/std/src/panic.rs:434:14
[INFO] [stdout]   41:     0x56343108b538 - std::thread::Builder::spawn_unchecked::{{closure}}::haa369e2d6fd00aa1
[INFO] [stdout]                                at /rustc/53fd98ca776cb875bc9e5514f56b52eb74f9e7a9/library/std/src/thread/mod.rs:475:30
[INFO] [stdout]   42:     0x56343108b538 - core::ops::function::FnOnce::call_once{{vtable.shim}}::h36dcf3de8b056f17
[INFO] [stdout]                                at /rustc/53fd98ca776cb875bc9e5514f56b52eb74f9e7a9/library/core/src/ops/function.rs:227:5
[INFO] [stdout]   43:     0x5634311422a7 - <alloc::boxed::Box<F,A> as core::ops::function::FnOnce<Args>>::call_once::h65c29e4642be2358
[INFO] [stdout]                                at /rustc/53fd98ca776cb875bc9e5514f56b52eb74f9e7a9/library/alloc/src/boxed.rs:1572:9
[INFO] [stdout]   44:     0x5634311422a7 - <alloc::boxed::Box<F,A> as core::ops::function::FnOnce<Args>>::call_once::hd0f8f7fbbd9fffbf
[INFO] [stdout]                                at /rustc/53fd98ca776cb875bc9e5514f56b52eb74f9e7a9/library/alloc/src/boxed.rs:1572:9
[INFO] [stdout]   45:     0x5634311422a7 - std::sys::unix::thread::Thread::new::thread_start::h2fd22fee3ca77b65
[INFO] [stdout]                                at /rustc/53fd98ca776cb875bc9e5514f56b52eb74f9e7a9/library/std/src/sys/unix/thread.rs:74:17
[INFO] [stdout]   46:     0x7f8d526f9609 - start_thread
[INFO] [stdout]   47:     0x7f8d524cb293 - clone
[INFO] [stdout]   48:                0x0 - <unknown>
[INFO] [stdout] 
[INFO] [stdout] ---- hir_lowering::test::hl2 stdout ----
[INFO] [stdout] thread 'hir_lowering::test::hl2' panicked at 'VAMS_STD enviorment variable not set', src/parser/preprocessor/mod.rs:327:38
[INFO] [stdout] stack backtrace:
[INFO] [stdout]    0:     0x56343113aee0 - std::backtrace_rs::backtrace::libunwind::trace::hff4d1766e93f64f1
[INFO] [stdout]                                at /rustc/53fd98ca776cb875bc9e5514f56b52eb74f9e7a9/library/std/src/../../backtrace/src/backtrace/libunwind.rs:90:5
[INFO] [stdout]    1:     0x56343113aee0 - std::backtrace_rs::backtrace::trace_unsynchronized::h56bbc8eb78770bcb
[INFO] [stdout]                                at /rustc/53fd98ca776cb875bc9e5514f56b52eb74f9e7a9/library/std/src/../../backtrace/src/backtrace/mod.rs:66:5
[INFO] [stdout]    2:     0x56343113aee0 - std::sys_common::backtrace::_print_fmt::h5c8e75464faca780
[INFO] [stdout]                                at /rustc/53fd98ca776cb875bc9e5514f56b52eb74f9e7a9/library/std/src/sys_common/backtrace.rs:67:5
[INFO] [stdout]    3:     0x56343113aee0 - <std::sys_common::backtrace::_print::DisplayBacktrace as core::fmt::Display>::fmt::h48b88277def8b362
[INFO] [stdout]                                at /rustc/53fd98ca776cb875bc9e5514f56b52eb74f9e7a9/library/std/src/sys_common/backtrace.rs:46:22
[INFO] [stdout]    4:     0x56343115e7cc - core::fmt::write::h3381b3176fe2b3d3
[INFO] [stdout]                                at /rustc/53fd98ca776cb875bc9e5514f56b52eb74f9e7a9/library/core/src/fmt/mod.rs:1115:17
[INFO] [stdout]    5:     0x563431137e15 - std::io::Write::write_fmt::h5f34a676f60246b5
[INFO] [stdout]                                at /rustc/53fd98ca776cb875bc9e5514f56b52eb74f9e7a9/library/std/src/io/mod.rs:1665:15
[INFO] [stdout]    6:     0x56343113d05b - std::sys_common::backtrace::_print::ha537687d6c17dd0d
[INFO] [stdout]                                at /rustc/53fd98ca776cb875bc9e5514f56b52eb74f9e7a9/library/std/src/sys_common/backtrace.rs:49:5
[INFO] [stdout]    7:     0x56343113d05b - std::sys_common::backtrace::print::h61376ae57d131d72
[INFO] [stdout]                                at /rustc/53fd98ca776cb875bc9e5514f56b52eb74f9e7a9/library/std/src/sys_common/backtrace.rs:36:9
[INFO] [stdout]    8:     0x56343113d05b - std::panicking::default_hook::{{closure}}::h0f7208c0b9644a54
[INFO] [stdout]                                at /rustc/53fd98ca776cb875bc9e5514f56b52eb74f9e7a9/library/std/src/panicking.rs:208:50
[INFO] [stdout]    9:     0x56343113cb6c - std::panicking::default_hook::hdac7fc06578c14ce
[INFO] [stdout]                                at /rustc/53fd98ca776cb875bc9e5514f56b52eb74f9e7a9/library/std/src/panicking.rs:222:9
[INFO] [stdout]   10:     0x56343113d724 - std::panicking::rust_panic_with_hook::h72b21c283da3d1ef
[INFO] [stdout]                                at /rustc/53fd98ca776cb875bc9e5514f56b52eb74f9e7a9/library/std/src/panicking.rs:622:17
[INFO] [stdout]   11:     0x56343113d207 - std::panicking::begin_panic_handler::{{closure}}::he5778f1729cff84a
[INFO] [stdout]                                at /rustc/53fd98ca776cb875bc9e5514f56b52eb74f9e7a9/library/std/src/panicking.rs:519:13
[INFO] [stdout]   12:     0x56343113b3bc - std::sys_common::backtrace::__rust_end_short_backtrace::h2d11ca8b453b4b1d
[INFO] [stdout]                                at /rustc/53fd98ca776cb875bc9e5514f56b52eb74f9e7a9/library/std/src/sys_common/backtrace.rs:141:18
[INFO] [stdout]   13:     0x56343113d169 - rust_begin_unwind
[INFO] [stdout]                                at /rustc/53fd98ca776cb875bc9e5514f56b52eb74f9e7a9/library/std/src/panicking.rs:515:5
[INFO] [stdout]   14:     0x563430e188c1 - core::panicking::panic_fmt::hf9de31d4acbce4db
[INFO] [stdout]                                at /rustc/53fd98ca776cb875bc9e5514f56b52eb74f9e7a9/library/core/src/panicking.rs:92:14
[INFO] [stdout]   15:     0x563430e187b3 - core::option::expect_failed::h954fc73c60f6b468
[INFO] [stdout]                                at /rustc/53fd98ca776cb875bc9e5514f56b52eb74f9e7a9/library/core/src/option.rs:1578:5
[INFO] [stdout]   16:     0x563431035f98 - core::option::Option<T>::expect::h98ec93450b8415b6
[INFO] [stdout]                                at /rustc/53fd98ca776cb875bc9e5514f56b52eb74f9e7a9/library/core/src/option.rs:685:21
[INFO] [stdout]   17:     0x563430ed78d0 - open_vaf::parser::preprocessor::Preprocessor::process_token::hce746a2826fdb07d
[INFO] [stdout]                                at /opt/rustwide/workdir/src/parser/preprocessor/mod.rs:326:33
[INFO] [stdout]   18:     0x563430ed6fc8 - open_vaf::parser::preprocessor::Preprocessor::process_token_until_success::h8ebc23847005dae5
[INFO] [stdout]                                at /opt/rustwide/workdir/src/parser/preprocessor/mod.rs:295:29
[INFO] [stdout]   19:     0x563430ed6f48 - open_vaf::parser::preprocessor::Preprocessor::advance::h7071e303b5a14d11
[INFO] [stdout]                                at /opt/rustwide/workdir/src/parser/preprocessor/mod.rs:290:9
[INFO] [stdout]   20:     0x56343104da63 - open_vaf::parser::<impl open_vaf::ir::ast::Ast>::parse_from::h5c8528ed3f4be61e
[INFO] [stdout]                                at /opt/rustwide/workdir/src/parser/mod.rs:452:29
[INFO] [stdout]   21:     0x56343104e04b - open_vaf::parser::<impl open_vaf::ir::ast::Ast>::parse_from_and_print_errors::h6b3f3c4955a73907
[INFO] [stdout]                                at /opt/rustwide/workdir/src/parser/mod.rs:496:15
[INFO] [stdout]   22:     0x563430f5c584 - open_vaf::hir_lowering::test::hl2::h40a60224a6d6c69c
[INFO] [stdout]                                at /opt/rustwide/workdir/src/hir_lowering/test.rs:124:22
[INFO] [stdout]   23:     0x563430f5c3be - open_vaf::hir_lowering::test::hl2::{{closure}}::h5a70f4279e992410
[INFO] [stdout]                                at /opt/rustwide/workdir/src/hir_lowering/test.rs:115:1
[INFO] [stdout]   24:     0x563430ebfdfe - core::ops::function::FnOnce::call_once::h9874b071ca2d61c2
[INFO] [stdout]                                at /rustc/53fd98ca776cb875bc9e5514f56b52eb74f9e7a9/library/core/src/ops/function.rs:227:5
[INFO] [stdout]   25:     0x5634310b9b23 - core::ops::function::FnOnce::call_once::hbb52c4519d3137b0
[INFO] [stdout]                                at /rustc/53fd98ca776cb875bc9e5514f56b52eb74f9e7a9/library/core/src/ops/function.rs:227:5
[INFO] [stdout]   26:     0x5634310b9b23 - test::__rust_begin_short_backtrace::h86fe3a2a5a5121af
[INFO] [stdout]                                at /rustc/53fd98ca776cb875bc9e5514f56b52eb74f9e7a9/library/test/src/lib.rs:578:5
[INFO] [stdout]   27:     0x5634310b85d8 - <alloc::boxed::Box<F,A> as core::ops::function::FnOnce<Args>>::call_once::hfd956bc3d57399be
[INFO] [stdout]                                at /rustc/53fd98ca776cb875bc9e5514f56b52eb74f9e7a9/library/alloc/src/boxed.rs:1572:9
[INFO] [stdout]   28:     0x5634310b85d8 - <std::panic::AssertUnwindSafe<F> as core::ops::function::FnOnce<()>>::call_once::h40dc93e0ddb5938a
[INFO] [stdout]                                at /rustc/53fd98ca776cb875bc9e5514f56b52eb74f9e7a9/library/std/src/panic.rs:347:9
[INFO] [stdout]   29:     0x5634310b85d8 - std::panicking::try::do_call::h90d07750cb47c562
[INFO] [stdout]                                at /rustc/53fd98ca776cb875bc9e5514f56b52eb74f9e7a9/library/std/src/panicking.rs:401:40
[INFO] [stdout]   30:     0x5634310b85d8 - std::panicking::try::h063c84733ad2a629
[INFO] [stdout]                                at /rustc/53fd98ca776cb875bc9e5514f56b52eb74f9e7a9/library/std/src/panicking.rs:365:19
[INFO] [stdout]   31:     0x5634310b85d8 - std::panic::catch_unwind::h0c464836a84e7c08
[INFO] [stdout]                                at /rustc/53fd98ca776cb875bc9e5514f56b52eb74f9e7a9/library/std/src/panic.rs:434:14
[INFO] [stdout]   32:     0x5634310b85d8 - test::run_test_in_process::h5cb06ef620b157fc
[INFO] [stdout]                                at /rustc/53fd98ca776cb875bc9e5514f56b52eb74f9e7a9/library/test/src/lib.rs:601:18
[INFO] [stdout]   33:     0x5634310b85d8 - test::run_test::run_test_inner::{{closure}}::h76f677f4b93f9828
[INFO] [stdout]                                at /rustc/53fd98ca776cb875bc9e5514f56b52eb74f9e7a9/library/test/src/lib.rs:493:39
[INFO] [stdout]   34:     0x563431086d6d - test::run_test::run_test_inner::{{closure}}::h366d01fe04f4d67a
[INFO] [stdout]                                at /rustc/53fd98ca776cb875bc9e5514f56b52eb74f9e7a9/library/test/src/lib.rs:520:37
[INFO] [stdout]   35:     0x563431086d6d - std::sys_common::backtrace::__rust_begin_short_backtrace::h7dfa0de4eb395af2
[INFO] [stdout]                                at /rustc/53fd98ca776cb875bc9e5514f56b52eb74f9e7a9/library/std/src/sys_common/backtrace.rs:125:18
[INFO] [stdout]   36:     0x56343108b538 - std::thread::Builder::spawn_unchecked::{{closure}}::{{closure}}::hf0a74bb58798037f
[INFO] [stdout]                                at /rustc/53fd98ca776cb875bc9e5514f56b52eb74f9e7a9/library/std/src/thread/mod.rs:476:17
[INFO] [stdout]   37:     0x56343108b538 - <std::panic::AssertUnwindSafe<F> as core::ops::function::FnOnce<()>>::call_once::hb024e854818586ac
[INFO] [stdout]                                at /rustc/53fd98ca776cb875bc9e5514f56b52eb74f9e7a9/library/std/src/panic.rs:347:9
[INFO] [stdout]   38:     0x56343108b538 - std::panicking::try::do_call::hb2dd9f1d0d48e41d
[INFO] [stdout]                                at /rustc/53fd98ca776cb875bc9e5514f56b52eb74f9e7a9/library/std/src/panicking.rs:401:40
[INFO] [stdout]   39:     0x56343108b538 - std::panicking::try::h4717ae7bac8b2bf3
[INFO] [stdout]                                at /rustc/53fd98ca776cb875bc9e5514f56b52eb74f9e7a9/library/std/src/panicking.rs:365:19
[INFO] [stdout]   40:     0x56343108b538 - std::panic::catch_unwind::h0dc8a061326ce8d8
[INFO] [stdout]                                at /rustc/53fd98ca776cb875bc9e5514f56b52eb74f9e7a9/library/std/src/panic.rs:434:14
[INFO] [stdout]   41:     0x56343108b538 - std::thread::Builder::spawn_unchecked::{{closure}}::haa369e2d6fd00aa1
[INFO] [stdout]                                at /rustc/53fd98ca776cb875bc9e5514f56b52eb74f9e7a9/library/std/src/thread/mod.rs:475:30
[INFO] [stdout]   42:     0x56343108b538 - core::ops::function::FnOnce::call_once{{vtable.shim}}::h36dcf3de8b056f17
[INFO] [stdout]                                at /rustc/53fd98ca776cb875bc9e5514f56b52eb74f9e7a9/library/core/src/ops/function.rs:227:5
[INFO] [stdout]   43:     0x5634311422a7 - <alloc::boxed::Box<F,A> as core::ops::function::FnOnce<Args>>::call_once::h65c29e4642be2358
[INFO] [stdout]                                at /rustc/53fd98ca776cb875bc9e5514f56b52eb74f9e7a9/library/alloc/src/boxed.rs:1572:9
[INFO] [stdout]   44:     0x5634311422a7 - <alloc::boxed::Box<F,A> as core::ops::function::FnOnce<Args>>::call_once::hd0f8f7fbbd9fffbf
[INFO] [stdout]                                at /rustc/53fd98ca776cb875bc9e5514f56b52eb74f9e7a9/library/alloc/src/boxed.rs:1572:9
[INFO] [stdout]   45:     0x5634311422a7 - std::sys::unix::thread::Thread::new::thread_start::h2fd22fee3ca77b65
[INFO] [stdout]                                at /rustc/53fd98ca776cb875bc9e5514f56b52eb74f9e7a9/library/std/src/sys/unix/thread.rs:74:17
[INFO] [stdout]   46:     0x7f8d526f9609 - start_thread
[INFO] [stdout]   47:     0x7f8d524cb293 - clone
[INFO] [stdout]   48:                0x0 - <unknown>
[INFO] [stdout] 
[INFO] [stdout] ---- ast_lowering::test::diode stdout ----
[INFO] [stdout] thread 'ast_lowering::test::diode' panicked at 'VAMS_STD enviorment variable not set', src/parser/preprocessor/mod.rs:327:38
[INFO] [stdout] stack backtrace:
[INFO] [stdout]    0:     0x56343113aee0 - std::backtrace_rs::backtrace::libunwind::trace::hff4d1766e93f64f1
[INFO] [stdout]                                at /rustc/53fd98ca776cb875bc9e5514f56b52eb74f9e7a9/library/std/src/../../backtrace/src/backtrace/libunwind.rs:90:5
[INFO] [stdout]    1:     0x56343113aee0 - std::backtrace_rs::backtrace::trace_unsynchronized::h56bbc8eb78770bcb
[INFO] [stdout]                                at /rustc/53fd98ca776cb875bc9e5514f56b52eb74f9e7a9/library/std/src/../../backtrace/src/backtrace/mod.rs:66:5
[INFO] [stdout]    2:     0x56343113aee0 - std::sys_common::backtrace::_print_fmt::h5c8e75464faca780
[INFO] [stdout]                                at /rustc/53fd98ca776cb875bc9e5514f56b52eb74f9e7a9/library/std/src/sys_common/backtrace.rs:67:5
[INFO] [stdout]    3:     0x56343113aee0 - <std::sys_common::backtrace::_print::DisplayBacktrace as core::fmt::Display>::fmt::h48b88277def8b362
[INFO] [stdout]                                at /rustc/53fd98ca776cb875bc9e5514f56b52eb74f9e7a9/library/std/src/sys_common/backtrace.rs:46:22
[INFO] [stdout]    4:     0x56343115e7cc - core::fmt::write::h3381b3176fe2b3d3
[INFO] [stdout]                                at /rustc/53fd98ca776cb875bc9e5514f56b52eb74f9e7a9/library/core/src/fmt/mod.rs:1115:17
[INFO] [stdout]    5:     0x563431137e15 - std::io::Write::write_fmt::h5f34a676f60246b5
[INFO] [stdout]                                at /rustc/53fd98ca776cb875bc9e5514f56b52eb74f9e7a9/library/std/src/io/mod.rs:1665:15
[INFO] [stdout]    6:     0x56343113d05b - std::sys_common::backtrace::_print::ha537687d6c17dd0d
[INFO] [stdout]                                at /rustc/53fd98ca776cb875bc9e5514f56b52eb74f9e7a9/library/std/src/sys_common/backtrace.rs:49:5
[INFO] [stdout]    7:     0x56343113d05b - std::sys_common::backtrace::print::h61376ae57d131d72
[INFO] [stdout]                                at /rustc/53fd98ca776cb875bc9e5514f56b52eb74f9e7a9/library/std/src/sys_common/backtrace.rs:36:9
[INFO] [stdout]    8:     0x56343113d05b - std::panicking::default_hook::{{closure}}::h0f7208c0b9644a54
[INFO] [stdout]                                at /rustc/53fd98ca776cb875bc9e5514f56b52eb74f9e7a9/library/std/src/panicking.rs:208:50
[INFO] [stdout]    9:     0x56343113cb6c - std::panicking::default_hook::hdac7fc06578c14ce
[INFO] [stdout]                                at /rustc/53fd98ca776cb875bc9e5514f56b52eb74f9e7a9/library/std/src/panicking.rs:222:9
[INFO] [stdout]   10:     0x56343113d724 - std::panicking::rust_panic_with_hook::h72b21c283da3d1ef
[INFO] [stdout]                                at /rustc/53fd98ca776cb875bc9e5514f56b52eb74f9e7a9/library/std/src/panicking.rs:622:17
[INFO] [stdout]   11:     0x56343113d207 - std::panicking::begin_panic_handler::{{closure}}::he5778f1729cff84a
[INFO] [stdout]                                at /rustc/53fd98ca776cb875bc9e5514f56b52eb74f9e7a9/library/std/src/panicking.rs:519:13
[INFO] [stdout]   12:     0x56343113b3bc - std::sys_common::backtrace::__rust_end_short_backtrace::h2d11ca8b453b4b1d
[INFO] [stdout]                                at /rustc/53fd98ca776cb875bc9e5514f56b52eb74f9e7a9/library/std/src/sys_common/backtrace.rs:141:18
[INFO] [stdout]   13:     0x56343113d169 - rust_begin_unwind
[INFO] [stdout]                                at /rustc/53fd98ca776cb875bc9e5514f56b52eb74f9e7a9/library/std/src/panicking.rs:515:5
[INFO] [stdout]   14:     0x563430e188c1 - core::panicking::panic_fmt::hf9de31d4acbce4db
[INFO] [stdout]                                at /rustc/53fd98ca776cb875bc9e5514f56b52eb74f9e7a9/library/core/src/panicking.rs:92:14
[INFO] [stdout]   15:     0x563430e187b3 - core::option::expect_failed::h954fc73c60f6b468
[INFO] [stdout]                                at /rustc/53fd98ca776cb875bc9e5514f56b52eb74f9e7a9/library/core/src/option.rs:1578:5
[INFO] [stdout]   16:     0x563431035f98 - core::option::Option<T>::expect::h98ec93450b8415b6
[INFO] [stdout]                                at /rustc/53fd98ca776cb875bc9e5514f56b52eb74f9e7a9/library/core/src/option.rs:685:21
[INFO] [stdout]   17:     0x563430ed78d0 - open_vaf::parser::preprocessor::Preprocessor::process_token::hce746a2826fdb07d
[INFO] [stdout]                                at /opt/rustwide/workdir/src/parser/preprocessor/mod.rs:326:33
[INFO] [stdout]   18:     0x563430ed6fc8 - open_vaf::parser::preprocessor::Preprocessor::process_token_until_success::h8ebc23847005dae5
[INFO] [stdout]                                at /opt/rustwide/workdir/src/parser/preprocessor/mod.rs:295:29
[INFO] [stdout]   19:     0x563430ed6f48 - open_vaf::parser::preprocessor::Preprocessor::advance::h7071e303b5a14d11
[INFO] [stdout]                                at /opt/rustwide/workdir/src/parser/preprocessor/mod.rs:290:9
[INFO] [stdout]   20:     0x56343104da63 - open_vaf::parser::<impl open_vaf::ir::ast::Ast>::parse_from::h5c8528ed3f4be61e
[INFO] [stdout]                                at /opt/rustwide/workdir/src/parser/mod.rs:452:29
[INFO] [stdout]   21:     0x56343104e04b - open_vaf::parser::<impl open_vaf::ir::ast::Ast>::parse_from_and_print_errors::h6b3f3c4955a73907
[INFO] [stdout]                                at /opt/rustwide/workdir/src/parser/mod.rs:496:15
[INFO] [stdout]   22:     0x563431026d76 - open_vaf::ast_lowering::test::diode::h6519b0c6f65f447f
[INFO] [stdout]                                at /opt/rustwide/workdir/src/ast_lowering/test.rs:28:22
[INFO] [stdout]   23:     0x563431026bce - open_vaf::ast_lowering::test::diode::{{closure}}::h7ea96f60bd49d14d
[INFO] [stdout]                                at /opt/rustwide/workdir/src/ast_lowering/test.rs:20:1
[INFO] [stdout]   24:     0x563430ebf90e - core::ops::function::FnOnce::call_once::h5d8ffaf3f273752f
[INFO] [stdout]                                at /rustc/53fd98ca776cb875bc9e5514f56b52eb74f9e7a9/library/core/src/ops/function.rs:227:5
[INFO] [stdout]   25:     0x5634310b9b23 - core::ops::function::FnOnce::call_once::hbb52c4519d3137b0
[INFO] [stdout]                                at /rustc/53fd98ca776cb875bc9e5514f56b52eb74f9e7a9/library/core/src/ops/function.rs:227:5
[INFO] [stdout]   26:     0x5634310b9b23 - test::__rust_begin_short_backtrace::h86fe3a2a5a5121af
[INFO] [stdout]                                at /rustc/53fd98ca776cb875bc9e5514f56b52eb74f9e7a9/library/test/src/lib.rs:578:5
[INFO] [stdout]   27:     0x5634310b85d8 - <alloc::boxed::Box<F,A> as core::ops::function::FnOnce<Args>>::call_once::hfd956bc3d57399be
[INFO] [stdout]                                at /rustc/53fd98ca776cb875bc9e5514f56b52eb74f9e7a9/library/alloc/src/boxed.rs:1572:9
[INFO] [stdout]   28:     0x5634310b85d8 - <std::panic::AssertUnwindSafe<F> as core::ops::function::FnOnce<()>>::call_once::h40dc93e0ddb5938a
[INFO] [stdout]                                at /rustc/53fd98ca776cb875bc9e5514f56b52eb74f9e7a9/library/std/src/panic.rs:347:9
[INFO] [stdout]   29:     0x5634310b85d8 - std::panicking::try::do_call::h90d07750cb47c562
[INFO] [stdout]                                at /rustc/53fd98ca776cb875bc9e5514f56b52eb74f9e7a9/library/std/src/panicking.rs:401:40
[INFO] [stdout]   30:     0x5634310b85d8 - std::panicking::try::h063c84733ad2a629
[INFO] [stdout]                                at /rustc/53fd98ca776cb875bc9e5514f56b52eb74f9e7a9/library/std/src/panicking.rs:365:19
[INFO] [stdout]   31:     0x5634310b85d8 - std::panic::catch_unwind::h0c464836a84e7c08
[INFO] [stdout]                                at /rustc/53fd98ca776cb875bc9e5514f56b52eb74f9e7a9/library/std/src/panic.rs:434:14
[INFO] [stdout]   32:     0x5634310b85d8 - test::run_test_in_process::h5cb06ef620b157fc
[INFO] [stdout]                                at /rustc/53fd98ca776cb875bc9e5514f56b52eb74f9e7a9/library/test/src/lib.rs:601:18
[INFO] [stdout]   33:     0x5634310b85d8 - test::run_test::run_test_inner::{{closure}}::h76f677f4b93f9828
[INFO] [stdout]                                at /rustc/53fd98ca776cb875bc9e5514f56b52eb74f9e7a9/library/test/src/lib.rs:493:39
[INFO] [stdout]   34:     0x563431086d6d - test::run_test::run_test_inner::{{closure}}::h366d01fe04f4d67a
[INFO] [stdout]                                at /rustc/53fd98ca776cb875bc9e5514f56b52eb74f9e7a9/library/test/src/lib.rs:520:37
[INFO] [stdout]   35:     0x563431086d6d - std::sys_common::backtrace::__rust_begin_short_backtrace::h7dfa0de4eb395af2
[INFO] [stdout]                                at /rustc/53fd98ca776cb875bc9e5514f56b52eb74f9e7a9/library/std/src/sys_common/backtrace.rs:125:18
[INFO] [stdout]   36:     0x56343108b538 - std::thread::Builder::spawn_unchecked::{{closure}}::{{closure}}::hf0a74bb58798037f
[INFO] [stdout]                                at /rustc/53fd98ca776cb875bc9e5514f56b52eb74f9e7a9/library/std/src/thread/mod.rs:476:17
[INFO] [stdout]   37:     0x56343108b538 - <std::panic::AssertUnwindSafe<F> as core::ops::function::FnOnce<()>>::call_once::hb024e854818586ac
[INFO] [stdout]                                at /rustc/53fd98ca776cb875bc9e5514f56b52eb74f9e7a9/library/std/src/panic.rs:347:9
[INFO] [stdout]   38:     0x56343108b538 - std::panicking::try::do_call::hb2dd9f1d0d48e41d
[INFO] [stdout]                                at /rustc/53fd98ca776cb875bc9e5514f56b52eb74f9e7a9/library/std/src/panicking.rs:401:40
[INFO] [stdout]   39:     0x56343108b538 - std::panicking::try::h4717ae7bac8b2bf3
[INFO] [stdout]                                at /rustc/53fd98ca776cb875bc9e5514f56b52eb74f9e7a9/library/std/src/panicking.rs:365:19
[INFO] [stdout]   40:     0x56343108b538 - std::panic::catch_unwind::h0dc8a061326ce8d8
[INFO] [stdout]                                at /rustc/53fd98ca776cb875bc9e5514f56b52eb74f9e7a9/library/std/src/panic.rs:434:14
[INFO] [stdout]   41:     0x56343108b538 - std::thread::Builder::spawn_unchecked::{{closure}}::haa369e2d6fd00aa1
[INFO] [stdout]                                at /rustc/53fd98ca776cb875bc9e5514f56b52eb74f9e7a9/library/std/src/thread/mod.rs:475:30
[INFO] [stdout]   42:     0x56343108b538 - core::ops::function::FnOnce::call_once{{vtable.shim}}::h36dcf3de8b056f17
[INFO] [stdout]                                at /rustc/53fd98ca776cb875bc9e5514f56b52eb74f9e7a9/library/core/src/ops/function.rs:227:5
[INFO] [stdout]   43:     0x5634311422a7 - <alloc::boxed::Box<F,A> as core::ops::function::FnOnce<Args>>::call_once::h65c29e4642be2358
[INFO] [stdout]                                at /rustc/53fd98ca776cb875bc9e5514f56b52eb74f9e7a9/library/alloc/src/boxed.rs:1572:9
[INFO] [stdout]   44:     0x5634311422a7 - <alloc::boxed::Box<F,A> as core::ops::function::FnOnce<Args>>::call_once::hd0f8f7fbbd9fffbf
[INFO] [stdout]                                at /rustc/53fd98ca776cb875bc9e5514f56b52eb74f9e7a9/library/alloc/src/boxed.rs:1572:9
[INFO] [stdout]   45:     0x5634311422a7 - std::sys::unix::thread::Thread::new::thread_start::h2fd22fee3ca77b65
[INFO] [stdout]                                at /rustc/53fd98ca776cb875bc9e5514f56b52eb74f9e7a9/library/std/src/sys/unix/thread.rs:74:17
[INFO] [stdout]   46:     0x7f8d526f9609 - start_thread
[INFO] [stdout]   47:     0x7f8d524cb293 - clone
[INFO] [stdout]   48:                0x0 - <unknown>
[INFO] [stdout] 
[INFO] [stdout] ---- hir_lowering::test::linear stdout ----
[INFO] [stdout] thread 'hir_lowering::test::linear' panicked at 'VAMS_STD enviorment variable not set', src/parser/preprocessor/mod.rs:335:38
[INFO] [stdout] stack backtrace:
[INFO] [stdout]    0:     0x56343113aee0 - std::backtrace_rs::backtrace::libunwind::trace::hff4d1766e93f64f1
[INFO] [stdout]                                at /rustc/53fd98ca776cb875bc9e5514f56b52eb74f9e7a9/library/std/src/../../backtrace/src/backtrace/libunwind.rs:90:5
[INFO] [stdout]    1:     0x56343113aee0 - std::backtrace_rs::backtrace::trace_unsynchronized::h56bbc8eb78770bcb
[INFO] [stdout]                                at /rustc/53fd98ca776cb875bc9e5514f56b52eb74f9e7a9/library/std/src/../../backtrace/src/backtrace/mod.rs:66:5
[INFO] [stdout]    2:     0x56343113aee0 - std::sys_common::backtrace::_print_fmt::h5c8e75464faca780
[INFO] [stdout]                                at /rustc/53fd98ca776cb875bc9e5514f56b52eb74f9e7a9/library/std/src/sys_common/backtrace.rs:67:5
[INFO] [stdout]    3:     0x56343113aee0 - <std::sys_common::backtrace::_print::DisplayBacktrace as core::fmt::Display>::fmt::h48b88277def8b362
[INFO] [stdout]                                at /rustc/53fd98ca776cb875bc9e5514f56b52eb74f9e7a9/library/std/src/sys_common/backtrace.rs:46:22
[INFO] [stdout]    4:     0x56343115e7cc - core::fmt::write::h3381b3176fe2b3d3
[INFO] [stdout]                                at /rustc/53fd98ca776cb875bc9e5514f56b52eb74f9e7a9/library/core/src/fmt/mod.rs:1115:17
[INFO] [stdout]    5:     0x563431137e15 - std::io::Write::write_fmt::h5f34a676f60246b5
[INFO] [stdout]                                at /rustc/53fd98ca776cb875bc9e5514f56b52eb74f9e7a9/library/std/src/io/mod.rs:1665:15
[INFO] [stdout]    6:     0x56343113d05b - std::sys_common::backtrace::_print::ha537687d6c17dd0d
[INFO] [stdout]                                at /rustc/53fd98ca776cb875bc9e5514f56b52eb74f9e7a9/library/std/src/sys_common/backtrace.rs:49:5
[INFO] [stdout]    7:     0x56343113d05b - std::sys_common::backtrace::print::h61376ae57d131d72
[INFO] [stdout]                                at /rustc/53fd98ca776cb875bc9e5514f56b52eb74f9e7a9/library/std/src/sys_common/backtrace.rs:36:9
[INFO] [stdout]    8:     0x56343113d05b - std::panicking::default_hook::{{closure}}::h0f7208c0b9644a54
[INFO] [stdout]                                at /rustc/53fd98ca776cb875bc9e5514f56b52eb74f9e7a9/library/std/src/panicking.rs:208:50
[INFO] [stdout]    9:     0x56343113cb6c - std::panicking::default_hook::hdac7fc06578c14ce
[INFO] [stdout]                                at /rustc/53fd98ca776cb875bc9e5514f56b52eb74f9e7a9/library/std/src/panicking.rs:222:9
[INFO] [stdout]   10:     0x56343113d724 - std::panicking::rust_panic_with_hook::h72b21c283da3d1ef
[INFO] [stdout]                                at /rustc/53fd98ca776cb875bc9e5514f56b52eb74f9e7a9/library/std/src/panicking.rs:622:17
[INFO] [stdout]   11:     0x56343113d207 - std::panicking::begin_panic_handler::{{closure}}::he5778f1729cff84a
[INFO] [stdout]                                at /rustc/53fd98ca776cb875bc9e5514f56b52eb74f9e7a9/library/std/src/panicking.rs:519:13
[INFO] [stdout]   12:     0x56343113b3bc - std::sys_common::backtrace::__rust_end_short_backtrace::h2d11ca8b453b4b1d
[INFO] [stdout]                                at /rustc/53fd98ca776cb875bc9e5514f56b52eb74f9e7a9/library/std/src/sys_common/backtrace.rs:141:18
[INFO] [stdout]   13:     0x56343113d169 - rust_begin_unwind
[INFO] [stdout]                                at /rustc/53fd98ca776cb875bc9e5514f56b52eb74f9e7a9/library/std/src/panicking.rs:515:5
[INFO] [stdout]   14:     0x563430e188c1 - core::panicking::panic_fmt::hf9de31d4acbce4db
[INFO] [stdout]                                at /rustc/53fd98ca776cb875bc9e5514f56b52eb74f9e7a9/library/core/src/panicking.rs:92:14
[INFO] [stdout]   15:     0x563430e187b3 - core::option::expect_failed::h954fc73c60f6b468
[INFO] [stdout]                                at /rustc/53fd98ca776cb875bc9e5514f56b52eb74f9e7a9/library/core/src/option.rs:1578:5
[INFO] [stdout]   16:     0x563431035f98 - core::option::Option<T>::expect::h98ec93450b8415b6
[INFO] [stdout]                                at /rustc/53fd98ca776cb875bc9e5514f56b52eb74f9e7a9/library/core/src/option.rs:685:21
[INFO] [stdout]   17:     0x563430ed7c83 - open_vaf::parser::preprocessor::Preprocessor::process_token::hce746a2826fdb07d
[INFO] [stdout]                                at /opt/rustwide/workdir/src/parser/preprocessor/mod.rs:334:33
[INFO] [stdout]   18:     0x563430ed6fc8 - open_vaf::parser::preprocessor::Preprocessor::process_token_until_success::h8ebc23847005dae5
[INFO] [stdout]                                at /opt/rustwide/workdir/src/parser/preprocessor/mod.rs:295:29
[INFO] [stdout]   19:     0x563430ed6f48 - open_vaf::parser::preprocessor::Preprocessor::advance::h7071e303b5a14d11
[INFO] [stdout]                                at /opt/rustwide/workdir/src/parser/preprocessor/mod.rs:290:9
[INFO] [stdout]   20:     0x56343104da63 - open_vaf::parser::<impl open_vaf::ir::ast::Ast>::parse_from::h5c8528ed3f4be61e
[INFO] [stdout]                                at /opt/rustwide/workdir/src/parser/mod.rs:452:29
[INFO] [stdout]   21:     0x56343104e04b - open_vaf::parser::<impl open_vaf::ir::ast::Ast>::parse_from_and_print_errors::h6b3f3c4955a73907
[INFO] [stdout]                                at /opt/rustwide/workdir/src/parser/mod.rs:496:15
[INFO] [stdout]   22:     0x563430f5b3cc - open_vaf::hir_lowering::test::linear::h73c5a567033dfa37
[INFO] [stdout]                                at /opt/rustwide/workdir/src/hir_lowering/test.rs:61:22
[INFO] [stdout]   23:     0x563430f5b1fe - open_vaf::hir_lowering::test::linear::{{closure}}::h1c20f2286fca19e8
[INFO] [stdout]                                at /opt/rustwide/workdir/src/hir_lowering/test.rs:52:1
[INFO] [stdout]   24:     0x563430ec036e - core::ops::function::FnOnce::call_once::hd273c088e8e6f2a4
[INFO] [stdout]                                at /rustc/53fd98ca776cb875bc9e5514f56b52eb74f9e7a9/library/core/src/ops/function.rs:227:5
[INFO] [stdout]   25:     0x5634310b9b23 - core::ops::function::FnOnce::call_once::hbb52c4519d3137b0
[INFO] [stdout]                                at /rustc/53fd98ca776cb875bc9e5514f56b52eb74f9e7a9/library/core/src/ops/function.rs:227:5
[INFO] [stdout]   26:     0x5634310b9b23 - test::__rust_begin_short_backtrace::h86fe3a2a5a5121af
[INFO] [stdout]                                at /rustc/53fd98ca776cb875bc9e5514f56b52eb74f9e7a9/library/test/src/lib.rs:578:5
[INFO] [stdout]   27:     0x5634310b85d8 - <alloc::boxed::Box<F,A> as core::ops::function::FnOnce<Args>>::call_once::hfd956bc3d57399be
[INFO] [stdout]                                at /rustc/53fd98ca776cb875bc9e5514f56b52eb74f9e7a9/library/alloc/src/boxed.rs:1572:9
[INFO] [stdout]   28:     0x5634310b85d8 - <std::panic::AssertUnwindSafe<F> as core::ops::function::FnOnce<()>>::call_once::h40dc93e0ddb5938a
[INFO] [stdout]                                at /rustc/53fd98ca776cb875bc9e5514f56b52eb74f9e7a9/library/std/src/panic.rs:347:9
[INFO] [stdout]   29:     0x5634310b85d8 - std::panicking::try::do_call::h90d07750cb47c562
[INFO] [stdout]                                at /rustc/53fd98ca776cb875bc9e5514f56b52eb74f9e7a9/library/std/src/panicking.rs:401:40
[INFO] [stdout]   30:     0x5634310b85d8 - std::panicking::try::h063c84733ad2a629
[INFO] [stdout]                                at /rustc/53fd98ca776cb875bc9e5514f56b52eb74f9e7a9/library/std/src/panicking.rs:365:19
[INFO] [stdout]   31:     0x5634310b85d8 - std::panic::catch_unwind::h0c464836a84e7c08
[INFO] [stdout]                                at /rustc/53fd98ca776cb875bc9e5514f56b52eb74f9e7a9/library/std/src/panic.rs:434:14
[INFO] [stdout]   32:     0x5634310b85d8 - test::run_test_in_process::h5cb06ef620b157fc
[INFO] [stdout]                                at /rustc/53fd98ca776cb875bc9e5514f56b52eb74f9e7a9/library/test/src/lib.rs:601:18
[INFO] [stdout]   33:     0x5634310b85d8 - test::run_test::run_test_inner::{{closure}}::h76f677f4b93f9828
[INFO] [stdout]                                at /rustc/53fd98ca776cb875bc9e5514f56b52eb74f9e7a9/library/test/src/lib.rs:493:39
[INFO] [stdout]   34:     0x563431086d6d - test::run_test::run_test_inner::{{closure}}::h366d01fe04f4d67a
[INFO] [stdout]                                at /rustc/53fd98ca776cb875bc9e5514f56b52eb74f9e7a9/library/test/src/lib.rs:520:37
[INFO] [stdout]   35:     0x563431086d6d - std::sys_common::backtrace::__rust_begin_short_backtrace::h7dfa0de4eb395af2
[INFO] [stdout]                                at /rustc/53fd98ca776cb875bc9e5514f56b52eb74f9e7a9/library/std/src/sys_common/backtrace.rs:125:18
[INFO] [stdout]   36:     0x56343108b538 - std::thread::Builder::spawn_unchecked::{{closure}}::{{closure}}::hf0a74bb58798037f
[INFO] [stdout]                                at /rustc/53fd98ca776cb875bc9e5514f56b52eb74f9e7a9/library/std/src/thread/mod.rs:476:17
[INFO] [stdout]   37:     0x56343108b538 - <std::panic::AssertUnwindSafe<F> as core::ops::function::FnOnce<()>>::call_once::hb024e854818586ac
[INFO] [stdout]                                at /rustc/53fd98ca776cb875bc9e5514f56b52eb74f9e7a9/library/std/src/panic.rs:347:9
[INFO] [stdout]   38:     0x56343108b538 - std::panicking::try::do_call::hb2dd9f1d0d48e41d
[INFO] [stdout]                                at /rustc/53fd98ca776cb875bc9e5514f56b52eb74f9e7a9/library/std/src/panicking.rs:401:40
[INFO] [stdout]   39:     0x56343108b538 - std::panicking::try::h4717ae7bac8b2bf3
[INFO] [stdout]                                at /rustc/53fd98ca776cb875bc9e5514f56b52eb74f9e7a9/library/std/src/panicking.rs:365:19
[INFO] [stdout]   40:     0x56343108b538 - std::panic::catch_unwind::h0dc8a061326ce8d8
[INFO] [stdout]                                at /rustc/53fd98ca776cb875bc9e5514f56b52eb74f9e7a9/library/std/src/panic.rs:434:14
[INFO] [stdout]   41:     0x56343108b538 - std::thread::Builder::spawn_unchecked::{{closure}}::haa369e2d6fd00aa1
[INFO] [stdout]                                at /rustc/53fd98ca776cb875bc9e5514f56b52eb74f9e7a9/library/std/src/thread/mod.rs:475:30
[INFO] [stdout]   42:     0x56343108b538 - core::ops::function::FnOnce::call_once{{vtable.shim}}::h36dcf3de8b056f17
[INFO] [stdout]                                at /rustc/53fd98ca776cb875bc9e5514f56b52eb74f9e7a9/library/core/src/ops/function.rs:227:5
[INFO] [stdout]   43:     0x5634311422a7 - <alloc::boxed::Box<F,A> as core::ops::function::FnOnce<Args>>::call_once::h65c29e4642be2358
[INFO] [stdout]                                at /rustc/53fd98ca776cb875bc9e5514f56b52eb74f9e7a9/library/alloc/src/boxed.rs:1572:9
[INFO] [stdout]   44:     0x5634311422a7 - <alloc::boxed::Box<F,A> as core::ops::function::FnOnce<Args>>::call_once::hd0f8f7fbbd9fffbf
[INFO] [stdout]                                at /rustc/53fd98ca776cb875bc9e5514f56b52eb74f9e7a9/library/alloc/src/boxed.rs:1572:9
[INFO] [stdout]   45:     0x5634311422a7 - std::sys::unix::thread::Thread::new::thread_start::h2fd22fee3ca77b65
[INFO] [stdout]                                at /rustc/53fd98ca776cb875bc9e5514f56b52eb74f9e7a9/library/std/src/sys/unix/thread.rs:74:17
[INFO] [stdout]   46:     0x7f8d526f9609 - start_thread
[INFO] [stdout]   47:     0x7f8d524cb293 - clone
[INFO] [stdout]   48:                0x0 - <unknown>
[INFO] [stdout] 
[INFO] [stdout] ---- hir_lowering::test::schemantic stdout ----
[INFO] [stdout] thread 'hir_lowering::test::schemantic' panicked at 'VAMS_STD enviorment variable not set', src/parser/preprocessor/mod.rs:327:38
[INFO] [stdout] stack backtrace:
[INFO] [stdout]    0:     0x56343113aee0 - std::backtrace_rs::backtrace::libunwind::trace::hff4d1766e93f64f1
[INFO] [stdout]                                at /rustc/53fd98ca776cb875bc9e5514f56b52eb74f9e7a9/library/std/src/../../backtrace/src/backtrace/libunwind.rs:90:5
[INFO] [stdout]    1:     0x56343113aee0 - std::backtrace_rs::backtrace::trace_unsynchronized::h56bbc8eb78770bcb
[INFO] [stdout]                                at /rustc/53fd98ca776cb875bc9e5514f56b52eb74f9e7a9/library/std/src/../../backtrace/src/backtrace/mod.rs:66:5
[INFO] [stdout]    2:     0x56343113aee0 - std::sys_common::backtrace::_print_fmt::h5c8e75464faca780
[INFO] [stdout]                                at /rustc/53fd98ca776cb875bc9e5514f56b52eb74f9e7a9/library/std/src/sys_common/backtrace.rs:67:5
[INFO] [stdout]    3:     0x56343113aee0 - <std::sys_common::backtrace::_print::DisplayBacktrace as core::fmt::Display>::fmt::h48b88277def8b362
[INFO] [stdout]                                at /rustc/53fd98ca776cb875bc9e5514f56b52eb74f9e7a9/library/std/src/sys_common/backtrace.rs:46:22
[INFO] [stdout]    4:     0x56343115e7cc - core::fmt::write::h3381b3176fe2b3d3
[INFO] [stdout]                                at /rustc/53fd98ca776cb875bc9e5514f56b52eb74f9e7a9/library/core/src/fmt/mod.rs:1115:17
[INFO] [stdout]    5:     0x563431137e15 - std::io::Write::write_fmt::h5f34a676f60246b5
[INFO] [stdout]                                at /rustc/53fd98ca776cb875bc9e5514f56b52eb74f9e7a9/library/std/src/io/mod.rs:1665:15
[INFO] [stdout]    6:     0x56343113d05b - std::sys_common::backtrace::_print::ha537687d6c17dd0d
[INFO] [stdout]                                at /rustc/53fd98ca776cb875bc9e5514f56b52eb74f9e7a9/library/std/src/sys_common/backtrace.rs:49:5
[INFO] [stdout]    7:     0x56343113d05b - std::sys_common::backtrace::print::h61376ae57d131d72
[INFO] [stdout]                                at /rustc/53fd98ca776cb875bc9e5514f56b52eb74f9e7a9/library/std/src/sys_common/backtrace.rs:36:9
[INFO] [stdout]    8:     0x56343113d05b - std::panicking::default_hook::{{closure}}::h0f7208c0b9644a54
[INFO] [stdout]                                at /rustc/53fd98ca776cb875bc9e5514f56b52eb74f9e7a9/library/std/src/panicking.rs:208:50
[INFO] [stdout]    9:     0x56343113cb6c - std::panicking::default_hook::hdac7fc06578c14ce
[INFO] [stdout]                                at /rustc/53fd98ca776cb875bc9e5514f56b52eb74f9e7a9/library/std/src/panicking.rs:222:9
[INFO] [stdout]   10:     0x56343113d724 - std::panicking::rust_panic_with_hook::h72b21c283da3d1ef
[INFO] [stdout]                                at /rustc/53fd98ca776cb875bc9e5514f56b52eb74f9e7a9/library/std/src/panicking.rs:622:17
[INFO] [stdout]   11:     0x56343113d207 - std::panicking::begin_panic_handler::{{closure}}::he5778f1729cff84a
[INFO] [stdout]                                at /rustc/53fd98ca776cb875bc9e5514f56b52eb74f9e7a9/library/std/src/panicking.rs:519:13
[INFO] [stdout]   12:     0x56343113b3bc - std::sys_common::backtrace::__rust_end_short_backtrace::h2d11ca8b453b4b1d
[INFO] [stdout]                                at /rustc/53fd98ca776cb875bc9e5514f56b52eb74f9e7a9/library/std/src/sys_common/backtrace.rs:141:18
[INFO] [stdout]   13:     0x56343113d169 - rust_begin_unwind
[INFO] [stdout]                                at /rustc/53fd98ca776cb875bc9e5514f56b52eb74f9e7a9/library/std/src/panicking.rs:515:5
[INFO] [stdout]   14:     0x563430e188c1 - core::panicking::panic_fmt::hf9de31d4acbce4db
[INFO] [stdout]                                at /rustc/53fd98ca776cb875bc9e5514f56b52eb74f9e7a9/library/core/src/panicking.rs:92:14
[INFO] [stdout]   15:     0x563430e187b3 - core::option::expect_failed::h954fc73c60f6b468
[INFO] [stdout]                                at /rustc/53fd98ca776cb875bc9e5514f56b52eb74f9e7a9/library/core/src/option.rs:1578:5
[INFO] [stdout]   16:     0x563431035f98 - core::option::Option<T>::expect::h98ec93450b8415b6
[INFO] [stdout]                                at /rustc/53fd98ca776cb875bc9e5514f56b52eb74f9e7a9/library/core/src/option.rs:685:21
[INFO] [stdout]   17:     0x563430ed78d0 - open_vaf::parser::preprocessor::Preprocessor::process_token::hce746a2826fdb07d
[INFO] [stdout]                                at /opt/rustwide/workdir/src/parser/preprocessor/mod.rs:326:33
[INFO] [stdout]   18:     0x563430ed6fc8 - open_vaf::parser::preprocessor::Preprocessor::process_token_until_success::h8ebc23847005dae5
[INFO] [stdout]                                at /opt/rustwide/workdir/src/parser/preprocessor/mod.rs:295:29
[INFO] [stdout]   19:     0x563430ed6f48 - open_vaf::parser::preprocessor::Preprocessor::advance::h7071e303b5a14d11
[INFO] [stdout]                                at /opt/rustwide/workdir/src/parser/preprocessor/mod.rs:290:9
[INFO] [stdout]   20:     0x56343104da63 - open_vaf::parser::<impl open_vaf::ir::ast::Ast>::parse_from::h5c8528ed3f4be61e
[INFO] [stdout]                                at /opt/rustwide/workdir/src/parser/mod.rs:452:29
[INFO] [stdout]   21:     0x56343104e04b - open_vaf::parser::<impl open_vaf::ir::ast::Ast>::parse_from_and_print_errors::h6b3f3c4955a73907
[INFO] [stdout]                                at /opt/rustwide/workdir/src/parser/mod.rs:496:15
[INFO] [stdout]   22:     0x563430f5ae44 - open_vaf::hir_lowering::test::schemantic::hf17309dfe7ce553f
[INFO] [stdout]                                at /opt/rustwide/workdir/src/hir_lowering/test.rs:28:22
[INFO] [stdout]   23:     0x563430f5ac7e - open_vaf::hir_lowering::test::schemantic::{{closure}}::hf5798a8fa9c96a33
[INFO] [stdout]                                at /opt/rustwide/workdir/src/hir_lowering/test.rs:20:1
[INFO] [stdout]   24:     0x563430ebf3be - core::ops::function::FnOnce::call_once::h18a45c450b292fbd
[INFO] [stdout]                                at /rustc/53fd98ca776cb875bc9e5514f56b52eb74f9e7a9/library/core/src/ops/function.rs:227:5
[INFO] [stdout]   25:     0x5634310b9b23 - core::ops::function::FnOnce::call_once::hbb52c4519d3137b0
[INFO] [stdout]                                at /rustc/53fd98ca776cb875bc9e5514f56b52eb74f9e7a9/library/core/src/ops/function.rs:227:5
[INFO] [stdout]   26:     0x5634310b9b23 - test::__rust_begin_short_backtrace::h86fe3a2a5a5121af
[INFO] [stdout]                                at /rustc/53fd98ca776cb875bc9e5514f56b52eb74f9e7a9/library/test/src/lib.rs:578:5
[INFO] [stdout]   27:     0x5634310b85d8 - <alloc::boxed::Box<F,A> as core::ops::function::FnOnce<Args>>::call_once::hfd956bc3d57399be
[INFO] [stdout]                                at /rustc/53fd98ca776cb875bc9e5514f56b52eb74f9e7a9/library/alloc/src/boxed.rs:1572:9
[INFO] [stdout]   28:     0x5634310b85d8 - <std::panic::AssertUnwindSafe<F> as core::ops::function::FnOnce<()>>::call_once::h40dc93e0ddb5938a
[INFO] [stdout]                                at /rustc/53fd98ca776cb875bc9e5514f56b52eb74f9e7a9/library/std/src/panic.rs:347:9
[INFO] [stdout]   29:     0x5634310b85d8 - std::panicking::try::do_call::h90d07750cb47c562
[INFO] [stdout]                                at /rustc/53fd98ca776cb875bc9e5514f56b52eb74f9e7a9/library/std/src/panicking.rs:401:40
[INFO] [stdout]   30:     0x5634310b85d8 - std::panicking::try::h063c84733ad2a629
[INFO] [stdout]                                at /rustc/53fd98ca776cb875bc9e5514f56b52eb74f9e7a9/library/std/src/panicking.rs:365:19
[INFO] [stdout]   31:     0x5634310b85d8 - std::panic::catch_unwind::h0c464836a84e7c08
[INFO] [stdout]                                at /rustc/53fd98ca776cb875bc9e5514f56b52eb74f9e7a9/library/std/src/panic.rs:434:14
[INFO] [stdout]   32:     0x5634310b85d8 - test::run_test_in_process::h5cb06ef620b157fc
[INFO] [stdout]                                at /rustc/53fd98ca776cb875bc9e5514f56b52eb74f9e7a9/library/test/src/lib.rs:601:18
[INFO] [stdout]   33:     0x5634310b85d8 - test::run_test::run_test_inner::{{closure}}::h76f677f4b93f9828
[INFO] [stdout]                                at /rustc/53fd98ca776cb875bc9e5514f56b52eb74f9e7a9/library/test/src/lib.rs:493:39
[INFO] [stdout]   34:     0x563431086d6d - test::run_test::run_test_inner::{{closure}}::h366d01fe04f4d67a
[INFO] [stdout]                                at /rustc/53fd98ca776cb875bc9e5514f56b52eb74f9e7a9/library/test/src/lib.rs:520:37
[INFO] [stdout]   35:     0x563431086d6d - std::sys_common::backtrace::__rust_begin_short_backtrace::h7dfa0de4eb395af2
[INFO] [stdout]                                at /rustc/53fd98ca776cb875bc9e5514f56b52eb74f9e7a9/library/std/src/sys_common/backtrace.rs:125:18
[INFO] [stdout]   36:     0x56343108b538 - std::thread::Builder::spawn_unchecked::{{closure}}::{{closure}}::hf0a74bb58798037f
[INFO] [stdout]                                at /rustc/53fd98ca776cb875bc9e5514f56b52eb74f9e7a9/library/std/src/thread/mod.rs:476:17
[INFO] [stdout]   37:     0x56343108b538 - <std::panic::AssertUnwindSafe<F> as core::ops::function::FnOnce<()>>::call_once::hb024e854818586ac
[INFO] [stdout]                                at /rustc/53fd98ca776cb875bc9e5514f56b52eb74f9e7a9/library/std/src/panic.rs:347:9
[INFO] [stdout]   38:     0x56343108b538 - std::panicking::try::do_call::hb2dd9f1d0d48e41d
[INFO] [stdout]                                at /rustc/53fd98ca776cb875bc9e5514f56b52eb74f9e7a9/library/std/src/panicking.rs:401:40
[INFO] [stdout]   39:     0x56343108b538 - std::panicking::try::h4717ae7bac8b2bf3
[INFO] [stdout]                                at /rustc/53fd98ca776cb875bc9e5514f56b52eb74f9e7a9/library/std/src/panicking.rs:365:19
[INFO] [stdout]   40:     0x56343108b538 - std::panic::catch_unwind::h0dc8a061326ce8d8
[INFO] [stdout]                                at /rustc/53fd98ca776cb875bc9e5514f56b52eb74f9e7a9/library/std/src/panic.rs:434:14
[INFO] [stdout]   41:     0x56343108b538 - std::thread::Builder::spawn_unchecked::{{closure}}::haa369e2d6fd00aa1
[INFO] [stdout]                                at /rustc/53fd98ca776cb875bc9e5514f56b52eb74f9e7a9/library/std/src/thread/mod.rs:475:30
[INFO] [stdout]   42:     0x56343108b538 - core::ops::function::FnOnce::call_once{{vtable.shim}}::h36dcf3de8b056f17
[INFO] [stdout]                                at /rustc/53fd98ca776cb875bc9e5514f56b52eb74f9e7a9/library/core/src/ops/function.rs:227:5
[INFO] [stdout]   43:     0x5634311422a7 - <alloc::boxed::Box<F,A> as core::ops::function::FnOnce<Args>>::call_once::h65c29e4642be2358
[INFO] [stdout]                                at /rustc/53fd98ca776cb875bc9e5514f56b52eb74f9e7a9/library/alloc/src/boxed.rs:1572:9
[INFO] [stdout]   44:     0x5634311422a7 - <alloc::boxed::Box<F,A> as core::ops::function::FnOnce<Args>>::call_once::hd0f8f7fbbd9fffbf
[INFO] [stdout]                                at /rustc/53fd98ca776cb875bc9e5514f56b52eb74f9e7a9/library/alloc/src/boxed.rs:1572:9
[INFO] [stdout]   45:     0x5634311422a7 - std::sys::unix::thread::Thread::new::thread_start::h2fd22fee3ca77b65
[INFO] [stdout]                                at /rustc/53fd98ca776cb875bc9e5514f56b52eb74f9e7a9/library/std/src/sys/unix/thread.rs:74:17
[INFO] [stdout]   46:     0x7f8d526f9609 - start_thread
[INFO] [stdout]   47:     0x7f8d524cb293 - clone
[INFO] [stdout]   48:                0x0 - <unknown>
[INFO] [stdout] 
[INFO] [stdout] ---- analysis::test::cfg stdout ----
[INFO] [stdout] thread 'analysis::test::cfg' panicked at 'VAMS_STD enviorment variable not set', src/parser/preprocessor/mod.rs:327:38
[INFO] [stdout] stack backtrace:
[INFO] [stdout]    0:     0x56343113aee0 - std::backtrace_rs::backtrace::libunwind::trace::hff4d1766e93f64f1
[INFO] [stdout]                                at /rustc/53fd98ca776cb875bc9e5514f56b52eb74f9e7a9/library/std/src/../../backtrace/src/backtrace/libunwind.rs:90:5
[INFO] [stdout]    1:     0x56343113aee0 - std::backtrace_rs::backtrace::trace_unsynchronized::h56bbc8eb78770bcb
[INFO] [stdout]                                at /rustc/53fd98ca776cb875bc9e5514f56b52eb74f9e7a9/library/std/src/../../backtrace/src/backtrace/mod.rs:66:5
[INFO] [stdout]    2:     0x56343113aee0 - std::sys_common::backtrace::_print_fmt::h5c8e75464faca780
[INFO] [stdout]                                at /rustc/53fd98ca776cb875bc9e5514f56b52eb74f9e7a9/library/std/src/sys_common/backtrace.rs:67:5
[INFO] [stdout]    3:     0x56343113aee0 - <std::sys_common::backtrace::_print::DisplayBacktrace as core::fmt::Display>::fmt::h48b88277def8b362
[INFO] [stdout]                                at /rustc/53fd98ca776cb875bc9e5514f56b52eb74f9e7a9/library/std/src/sys_common/backtrace.rs:46:22
[INFO] [stdout]    4:     0x56343115e7cc - core::fmt::write::h3381b3176fe2b3d3
[INFO] [stdout]                                at /rustc/53fd98ca776cb875bc9e5514f56b52eb74f9e7a9/library/core/src/fmt/mod.rs:1115:17
[INFO] [stdout]    5:     0x563431137e15 - std::io::Write::write_fmt::h5f34a676f60246b5
[INFO] [stdout]                                at /rustc/53fd98ca776cb875bc9e5514f56b52eb74f9e7a9/library/std/src/io/mod.rs:1665:15
[INFO] [stdout]    6:     0x56343113d05b - std::sys_common::backtrace::_print::ha537687d6c17dd0d
[INFO] [stdout]                                at /rustc/53fd98ca776cb875bc9e5514f56b52eb74f9e7a9/library/std/src/sys_common/backtrace.rs:49:5
[INFO] [stdout]    7:     0x56343113d05b - std::sys_common::backtrace::print::h61376ae57d131d72
[INFO] [stdout]                                at /rustc/53fd98ca776cb875bc9e5514f56b52eb74f9e7a9/library/std/src/sys_common/backtrace.rs:36:9
[INFO] [stdout]    8:     0x56343113d05b - std::panicking::default_hook::{{closure}}::h0f7208c0b9644a54
[INFO] [stdout]                                at /rustc/53fd98ca776cb875bc9e5514f56b52eb74f9e7a9/library/std/src/panicking.rs:208:50
[INFO] [stdout]    9:     0x56343113cb6c - std::panicking::default_hook::hdac7fc06578c14ce
[INFO] [stdout]                                at /rustc/53fd98ca776cb875bc9e5514f56b52eb74f9e7a9/library/std/src/panicking.rs:222:9
[INFO] [stdout]   10:     0x56343113d724 - std::panicking::rust_panic_with_hook::h72b21c283da3d1ef
[INFO] [stdout]                                at /rustc/53fd98ca776cb875bc9e5514f56b52eb74f9e7a9/library/std/src/panicking.rs:622:17
[INFO] [stdout]   11:     0x56343113d207 - std::panicking::begin_panic_handler::{{closure}}::he5778f1729cff84a
[INFO] [stdout]                                at /rustc/53fd98ca776cb875bc9e5514f56b52eb74f9e7a9/library/std/src/panicking.rs:519:13
[INFO] [stdout]   12:     0x56343113b3bc - std::sys_common::backtrace::__rust_end_short_backtrace::h2d11ca8b453b4b1d
[INFO] [stdout]                                at /rustc/53fd98ca776cb875bc9e5514f56b52eb74f9e7a9/library/std/src/sys_common/backtrace.rs:141:18
[INFO] [stdout]   13:     0x56343113d169 - rust_begin_unwind
[INFO] [stdout]                                at /rustc/53fd98ca776cb875bc9e5514f56b52eb74f9e7a9/library/std/src/panicking.rs:515:5
[INFO] [stdout]   14:     0x563430e188c1 - core::panicking::panic_fmt::hf9de31d4acbce4db
[INFO] [stdout]                                at /rustc/53fd98ca776cb875bc9e5514f56b52eb74f9e7a9/library/core/src/panicking.rs:92:14
[INFO] [stdout]   15:     0x563430e187b3 - core::option::expect_failed::h954fc73c60f6b468
[INFO] [stdout]                                at /rustc/53fd98ca776cb875bc9e5514f56b52eb74f9e7a9/library/core/src/option.rs:1578:5
[INFO] [stdout]   16:     0x563431035f98 - core::option::Option<T>::expect::h98ec93450b8415b6
[INFO] [stdout]                                at /rustc/53fd98ca776cb875bc9e5514f56b52eb74f9e7a9/library/core/src/option.rs:685:21
[INFO] [stdout]   17:     0x563430ed78d0 - open_vaf::parser::preprocessor::Preprocessor::process_token::hce746a2826fdb07d
[INFO] [stdout]                                at /opt/rustwide/workdir/src/parser/preprocessor/mod.rs:326:33
[INFO] [stdout]   18:     0x563430ed6fc8 - open_vaf::parser::preprocessor::Preprocessor::process_token_until_success::h8ebc23847005dae5
[INFO] [stdout]                                at /opt/rustwide/workdir/src/parser/preprocessor/mod.rs:295:29
[INFO] [stdout]   19:     0x563430ed6f48 - open_vaf::parser::preprocessor::Preprocessor::advance::h7071e303b5a14d11
[INFO] [stdout]                                at /opt/rustwide/workdir/src/parser/preprocessor/mod.rs:290:9
[INFO] [stdout]   20:     0x56343104da63 - open_vaf::parser::<impl open_vaf::ir::ast::Ast>::parse_from::h5c8528ed3f4be61e
[INFO] [stdout]                                at /opt/rustwide/workdir/src/parser/mod.rs:452:29
[INFO] [stdout]   21:     0x56343104e04b - open_vaf::parser::<impl open_vaf::ir::ast::Ast>::parse_from_and_print_errors::h6b3f3c4955a73907
[INFO] [stdout]                                at /opt/rustwide/workdir/src/parser/mod.rs:496:15
[INFO] [stdout]   22:     0x563431050c74 - open_vaf::analysis::test::cfg::h22b96e2b0a036e37
[INFO] [stdout]                                at /opt/rustwide/workdir/src/analysis/test.rs:26:22
[INFO] [stdout]   23:     0x563431050a9e - open_vaf::analysis::test::cfg::{{closure}}::h5f437ef76e63b33a
[INFO] [stdout]                                at /opt/rustwide/workdir/src/analysis/test.rs:18:1
[INFO] [stdout]   24:     0x563430ec067e - core::ops::function::FnOnce::call_once::hfcfcdf144ff70715
[INFO] [stdout]                                at /rustc/53fd98ca776cb875bc9e5514f56b52eb74f9e7a9/library/core/src/ops/function.rs:227:5
[INFO] [stdout]   25:     0x5634310b9b23 - core::ops::function::FnOnce::call_once::hbb52c4519d3137b0
[INFO] [stdout]                                at /rustc/53fd98ca776cb875bc9e5514f56b52eb74f9e7a9/library/core/src/ops/function.rs:227:5
[INFO] [stdout]   26:     0x5634310b9b23 - test::__rust_begin_short_backtrace::h86fe3a2a5a5121af
[INFO] [stdout]                                at /rustc/53fd98ca776cb875bc9e5514f56b52eb74f9e7a9/library/test/src/lib.rs:578:5
[INFO] [stdout]   27:     0x5634310b85d8 - <alloc::boxed::Box<F,A> as core::ops::function::FnOnce<Args>>::call_once::hfd956bc3d57399be
[INFO] [stdout]                                at /rustc/53fd98ca776cb875bc9e5514f56b52eb74f9e7a9/library/alloc/src/boxed.rs:1572:9
[INFO] [stdout]   28:     0x5634310b85d8 - <std::panic::AssertUnwindSafe<F> as core::ops::function::FnOnce<()>>::call_once::h40dc93e0ddb5938a
[INFO] [stdout]                                at /rustc/53fd98ca776cb875bc9e5514f56b52eb74f9e7a9/library/std/src/panic.rs:347:9
[INFO] [stdout]   29:     0x5634310b85d8 - std::panicking::try::do_call::h90d07750cb47c562
[INFO] [stdout]                                at /rustc/53fd98ca776cb875bc9e5514f56b52eb74f9e7a9/library/std/src/panicking.rs:401:40
[INFO] [stdout]   30:     0x5634310b85d8 - std::panicking::try::h063c84733ad2a629
[INFO] [stdout]                                at /rustc/53fd98ca776cb875bc9e5514f56b52eb74f9e7a9/library/std/src/panicking.rs:365:19
[INFO] [stdout]   31:     0x5634310b85d8 - std::panic::catch_unwind::h0c464836a84e7c08
[INFO] [stdout]                                at /rustc/53fd98ca776cb875bc9e5514f56b52eb74f9e7a9/library/std/src/panic.rs:434:14
[INFO] [stdout]   32:     0x5634310b85d8 - test::run_test_in_process::h5cb06ef620b157fc
[INFO] [stdout]                                at /rustc/53fd98ca776cb875bc9e5514f56b52eb74f9e7a9/library/test/src/lib.rs:601:18
[INFO] [stdout]   33:     0x5634310b85d8 - test::run_test::run_test_inner::{{closure}}::h76f677f4b93f9828
[INFO] [stdout]                                at /rustc/53fd98ca776cb875bc9e5514f56b52eb74f9e7a9/library/test/src/lib.rs:493:39
[INFO] [stdout]   34:     0x563431086d6d - test::run_test::run_test_inner::{{closure}}::h366d01fe04f4d67a
[INFO] [stdout]                                at /rustc/53fd98ca776cb875bc9e5514f56b52eb74f9e7a9/library/test/src/lib.rs:520:37
[INFO] [stdout]   35:     0x563431086d6d - std::sys_common::backtrace::__rust_begin_short_backtrace::h7dfa0de4eb395af2
[INFO] [stdout]                                at /rustc/53fd98ca776cb875bc9e5514f56b52eb74f9e7a9/library/std/src/sys_common/backtrace.rs:125:18
[INFO] [stdout]   36:     0x56343108b538 - std::thread::Builder::spawn_unchecked::{{closure}}::{{closure}}::hf0a74bb58798037f
[INFO] [stdout]                                at /rustc/53fd98ca776cb875bc9e5514f56b52eb74f9e7a9/library/std/src/thread/mod.rs:476:17
[INFO] [stdout]   37:     0x56343108b538 - <std::panic::AssertUnwindSafe<F> as core::ops::function::FnOnce<()>>::call_once::hb024e854818586ac
[INFO] [stdout]                                at /rustc/53fd98ca776cb875bc9e5514f56b52eb74f9e7a9/library/std/src/panic.rs:347:9
[INFO] [stdout]   38:     0x56343108b538 - std::panicking::try::do_call::hb2dd9f1d0d48e41d
[INFO] [stdout]                                at /rustc/53fd98ca776cb875bc9e5514f56b52eb74f9e7a9/library/std/src/panicking.rs:401:40
[INFO] [stdout]   39:     0x56343108b538 - std::panicking::try::h4717ae7bac8b2bf3
[INFO] [stdout]                                at /rustc/53fd98ca776cb875bc9e5514f56b52eb74f9e7a9/library/std/src/panicking.rs:365:19
[INFO] [stdout]   40:     0x56343108b538 - std::panic::catch_unwind::h0dc8a061326ce8d8
[INFO] [stdout]                                at /rustc/53fd98ca776cb875bc9e5514f56b52eb74f9e7a9/library/std/src/panic.rs:434:14
[INFO] [stdout]   41:     0x56343108b538 - std::thread::Builder::spawn_unchecked::{{closure}}::haa369e2d6fd00aa1
[INFO] [stdout]                                at /rustc/53fd98ca776cb875bc9e5514f56b52eb74f9e7a9/library/std/src/thread/mod.rs:475:30
[INFO] [stdout]   42:     0x56343108b538 - core::ops::function::FnOnce::call_once{{vtable.shim}}::h36dcf3de8b056f17
[INFO] [stdout]                                at /rustc/53fd98ca776cb875bc9e5514f56b52eb74f9e7a9/library/core/src/ops/function.rs:227:5
[INFO] [stdout]   43:     0x5634311422a7 - <alloc::boxed::Box<F,A> as core::ops::function::FnOnce<Args>>::call_once::h65c29e4642be2358
[INFO] [stdout]                                at /rustc/53fd98ca776cb875bc9e5514f56b52eb74f9e7a9/library/alloc/src/boxed.rs:1572:9
[INFO] [stdout]   44:     0x5634311422a7 - <alloc::boxed::Box<F,A> as core::ops::function::FnOnce<Args>>::call_once::hd0f8f7fbbd9fffbf
[INFO] [stdout]                                at /rustc/53fd98ca776cb875bc9e5514f56b52eb74f9e7a9/library/alloc/src/boxed.rs:1572:9
[INFO] [stdout]   45:     0x5634311422a7 - std::sys::unix::thread::Thread::new::thread_start::h2fd22fee3ca77b65
[INFO] [stdout]                                at /rustc/53fd98ca776cb875bc9e5514f56b52eb74f9e7a9/library/std/src/sys/unix/thread.rs:74:17
[INFO] [stdout]   46:     0x7f8d526f9609 - start_thread
[INFO] [stdout]   47:     0x7f8d524cb293 - clone
[INFO] [stdout]   48:                0x0 - <unknown>
[INFO] [stdout] 
[INFO] [stdout] ---- parser::test::linear stdout ----
[INFO] [stdout] thread 'parser::test::linear' panicked at 'VAMS_STD enviorment variable not set', src/parser/preprocessor/mod.rs:335:38
[INFO] [stdout] stack backtrace:
[INFO] [stdout]    0:     0x56343113aee0 - std::backtrace_rs::backtrace::libunwind::trace::hff4d1766e93f64f1
[INFO] [stdout]                                at /rustc/53fd98ca776cb875bc9e5514f56b52eb74f9e7a9/library/std/src/../../backtrace/src/backtrace/libunwind.rs:90:5
[INFO] [stdout]    1:     0x56343113aee0 - std::backtrace_rs::backtrace::trace_unsynchronized::h56bbc8eb78770bcb
[INFO] [stdout]                                at /rustc/53fd98ca776cb875bc9e5514f56b52eb74f9e7a9/library/std/src/../../backtrace/src/backtrace/mod.rs:66:5
[INFO] [stdout]    2:     0x56343113aee0 - std::sys_common::backtrace::_print_fmt::h5c8e75464faca780
[INFO] [stdout]                                at /rustc/53fd98ca776cb875bc9e5514f56b52eb74f9e7a9/library/std/src/sys_common/backtrace.rs:67:5
[INFO] [stdout]    3:     0x56343113aee0 - <std::sys_common::backtrace::_print::DisplayBacktrace as core::fmt::Display>::fmt::h48b88277def8b362
[INFO] [stdout]                                at /rustc/53fd98ca776cb875bc9e5514f56b52eb74f9e7a9/library/std/src/sys_common/backtrace.rs:46:22
[INFO] [stdout]    4:     0x56343115e7cc - core::fmt::write::h3381b3176fe2b3d3
[INFO] [stdout]                                at /rustc/53fd98ca776cb875bc9e5514f56b52eb74f9e7a9/library/core/src/fmt/mod.rs:1115:17
[INFO] [stdout]    5:     0x563431137e15 - std::io::Write::write_fmt::h5f34a676f60246b5
[INFO] [stdout]                                at /rustc/53fd98ca776cb875bc9e5514f56b52eb74f9e7a9/library/std/src/io/mod.rs:1665:15
[INFO] [stdout]    6:     0x56343113d05b - std::sys_common::backtrace::_print::ha537687d6c17dd0d
[INFO] [stdout]                                at /rustc/53fd98ca776cb875bc9e5514f56b52eb74f9e7a9/library/std/src/sys_common/backtrace.rs:49:5
[INFO] [stdout]    7:     0x56343113d05b - std::sys_common::backtrace::print::h61376ae57d131d72
[INFO] [stdout]                                at /rustc/53fd98ca776cb875bc9e5514f56b52eb74f9e7a9/library/std/src/sys_common/backtrace.rs:36:9
[INFO] [stdout]    8:     0x56343113d05b - std::panicking::default_hook::{{closure}}::h0f7208c0b9644a54
[INFO] [stdout]                                at /rustc/53fd98ca776cb875bc9e5514f56b52eb74f9e7a9/library/std/src/panicking.rs:208:50
[INFO] [stdout]    9:     0x56343113cb6c - std::panicking::default_hook::hdac7fc06578c14ce
[INFO] [stdout]                                at /rustc/53fd98ca776cb875bc9e5514f56b52eb74f9e7a9/library/std/src/panicking.rs:222:9
[INFO] [stdout]   10:     0x56343113d724 - std::panicking::rust_panic_with_hook::h72b21c283da3d1ef
[INFO] [stdout]                                at /rustc/53fd98ca776cb875bc9e5514f56b52eb74f9e7a9/library/std/src/panicking.rs:622:17
[INFO] [stdout]   11:     0x56343113d207 - std::panicking::begin_panic_handler::{{closure}}::he5778f1729cff84a
[INFO] [stdout]                                at /rustc/53fd98ca776cb875bc9e5514f56b52eb74f9e7a9/library/std/src/panicking.rs:519:13
[INFO] [stdout]   12:     0x56343113b3bc - std::sys_common::backtrace::__rust_end_short_backtrace::h2d11ca8b453b4b1d
[INFO] [stdout]                                at /rustc/53fd98ca776cb875bc9e5514f56b52eb74f9e7a9/library/std/src/sys_common/backtrace.rs:141:18
[INFO] [stdout]   13:     0x56343113d169 - rust_begin_unwind
[INFO] [stdout]                                at /rustc/53fd98ca776cb875bc9e5514f56b52eb74f9e7a9/library/std/src/panicking.rs:515:5
[INFO] [stdout]   14:     0x563430e188c1 - core::panicking::panic_fmt::hf9de31d4acbce4db
[INFO] [stdout]                                at /rustc/53fd98ca776cb875bc9e5514f56b52eb74f9e7a9/library/core/src/panicking.rs:92:14
[INFO] [stdout]   15:     0x563430e187b3 - core::option::expect_failed::h954fc73c60f6b468
[INFO] [stdout]                                at /rustc/53fd98ca776cb875bc9e5514f56b52eb74f9e7a9/library/core/src/option.rs:1578:5
[INFO] [stdout]   16:     0x563431035f98 - core::option::Option<T>::expect::h98ec93450b8415b6
[INFO] [stdout]                                at /rustc/53fd98ca776cb875bc9e5514f56b52eb74f9e7a9/library/core/src/option.rs:685:21
[INFO] [stdout]   17:     0x563430ed7c83 - open_vaf::parser::preprocessor::Preprocessor::process_token::hce746a2826fdb07d
[INFO] [stdout]                                at /opt/rustwide/workdir/src/parser/preprocessor/mod.rs:334:33
[INFO] [stdout]   18:     0x563430ed6fc8 - open_vaf::parser::preprocessor::Preprocessor::process_token_until_success::h8ebc23847005dae5
[INFO] [stdout]                                at /opt/rustwide/workdir/src/parser/preprocessor/mod.rs:295:29
[INFO] [stdout]   19:     0x563430ed6f48 - open_vaf::parser::preprocessor::Preprocessor::advance::h7071e303b5a14d11
[INFO] [stdout]                                at /opt/rustwide/workdir/src/parser/preprocessor/mod.rs:290:9
[INFO] [stdout]   20:     0x56343104da63 - open_vaf::parser::<impl open_vaf::ir::ast::Ast>::parse_from::h5c8528ed3f4be61e
[INFO] [stdout]                                at /opt/rustwide/workdir/src/parser/mod.rs:452:29
[INFO] [stdout]   21:     0x56343104e04b - open_vaf::parser::<impl open_vaf::ir::ast::Ast>::parse_from_and_print_errors::h6b3f3c4955a73907
[INFO] [stdout]                                at /opt/rustwide/workdir/src/parser/mod.rs:496:15
[INFO] [stdout]   22:     0x563430f0a31e - open_vaf::parser::test::linear::h36d4b28221ade8b1
[INFO] [stdout]                                at /opt/rustwide/workdir/src/parser/test.rs:301:5
[INFO] [stdout]   23:     0x563430f0a16e - open_vaf::parser::test::linear::{{closure}}::hf910471ccee90e35
[INFO] [stdout]                                at /opt/rustwide/workdir/src/parser/test.rs:292:1
[INFO] [stdout]   24:     0x563430ebf86e - core::ops::function::FnOnce::call_once::h592de247a73b7058
[INFO] [stdout]                                at /rustc/53fd98ca776cb875bc9e5514f56b52eb74f9e7a9/library/core/src/ops/function.rs:227:5
[INFO] [stdout]   25:     0x5634310b9b23 - core::ops::function::FnOnce::call_once::hbb52c4519d3137b0
[INFO] [stdout]                                at /rustc/53fd98ca776cb875bc9e5514f56b52eb74f9e7a9/library/core/src/ops/function.rs:227:5
[INFO] [stdout]   26:     0x5634310b9b23 - test::__rust_begin_short_backtrace::h86fe3a2a5a5121af
[INFO] [stdout]                                at /rustc/53fd98ca776cb875bc9e5514f56b52eb74f9e7a9/library/test/src/lib.rs:578:5
[INFO] [stdout]   27:     0x5634310b85d8 - <alloc::boxed::Box<F,A> as core::ops::function::FnOnce<Args>>::call_once::hfd956bc3d57399be
[INFO] [stdout]                                at /rustc/53fd98ca776cb875bc9e5514f56b52eb74f9e7a9/library/alloc/src/boxed.rs:1572:9
[INFO] [stdout]   28:     0x5634310b85d8 - <std::panic::AssertUnwindSafe<F> as core::ops::function::FnOnce<()>>::call_once::h40dc93e0ddb5938a
[INFO] [stdout]                                at /rustc/53fd98ca776cb875bc9e5514f56b52eb74f9e7a9/library/std/src/panic.rs:347:9
[INFO] [stdout]   29:     0x5634310b85d8 - std::panicking::try::do_call::h90d07750cb47c562
[INFO] [stdout]                                at /rustc/53fd98ca776cb875bc9e5514f56b52eb74f9e7a9/library/std/src/panicking.rs:401:40
[INFO] [stdout]   30:     0x5634310b85d8 - std::panicking::try::h063c84733ad2a629
[INFO] [stdout]                                at /rustc/53fd98ca776cb875bc9e5514f56b52eb74f9e7a9/library/std/src/panicking.rs:365:19
[INFO] [stdout]   31:     0x5634310b85d8 - std::panic::catch_unwind::h0c464836a84e7c08
[INFO] [stdout]                                at /rustc/53fd98ca776cb875bc9e5514f56b52eb74f9e7a9/library/std/src/panic.rs:434:14
[INFO] [stdout]   32:     0x5634310b85d8 - test::run_test_in_process::h5cb06ef620b157fc
[INFO] [stdout]                                at /rustc/53fd98ca776cb875bc9e5514f56b52eb74f9e7a9/library/test/src/lib.rs:601:18
[INFO] [stdout]   33:     0x5634310b85d8 - test::run_test::run_test_inner::{{closure}}::h76f677f4b93f9828
[INFO] [stdout]                                at /rustc/53fd98ca776cb875bc9e5514f56b52eb74f9e7a9/library/test/src/lib.rs:493:39
[INFO] [stdout]   34:     0x563431086d6d - test::run_test::run_test_inner::{{closure}}::h366d01fe04f4d67a
[INFO] [stdout]                                at /rustc/53fd98ca776cb875bc9e5514f56b52eb74f9e7a9/library/test/src/lib.rs:520:37
[INFO] [stdout]   35:     0x563431086d6d - std::sys_common::backtrace::__rust_begin_short_backtrace::h7dfa0de4eb395af2
[INFO] [stdout]                                at /rustc/53fd98ca776cb875bc9e5514f56b52eb74f9e7a9/library/std/src/sys_common/backtrace.rs:125:18
[INFO] [stdout]   36:     0x56343108b538 - std::thread::Builder::spawn_unchecked::{{closure}}::{{closure}}::hf0a74bb58798037f
[INFO] [stdout]                                at /rustc/53fd98ca776cb875bc9e5514f56b52eb74f9e7a9/library/std/src/thread/mod.rs:476:17
[INFO] [stdout]   37:     0x56343108b538 - <std::panic::AssertUnwindSafe<F> as core::ops::function::FnOnce<()>>::call_once::hb024e854818586ac
[INFO] [stdout]                                at /rustc/53fd98ca776cb875bc9e5514f56b52eb74f9e7a9/library/std/src/panic.rs:347:9
[INFO] [stdout]   38:     0x56343108b538 - std::panicking::try::do_call::hb2dd9f1d0d48e41d
[INFO] [stdout]                                at /rustc/53fd98ca776cb875bc9e5514f56b52eb74f9e7a9/library/std/src/panicking.rs:401:40
[INFO] [stdout]   39:     0x56343108b538 - std::panicking::try::h4717ae7bac8b2bf3
[INFO] [stdout]                                at /rustc/53fd98ca776cb875bc9e5514f56b52eb74f9e7a9/library/std/src/panicking.rs:365:19
[INFO] [stdout]   40:     0x56343108b538 - std::panic::catch_unwind::h0dc8a061326ce8d8
[INFO] [stdout]                                at /rustc/53fd98ca776cb875bc9e5514f56b52eb74f9e7a9/library/std/src/panic.rs:434:14
[INFO] [stdout]   41:     0x56343108b538 - std::thread::Builder::spawn_unchecked::{{closure}}::haa369e2d6fd00aa1
[INFO] [stdout]                                at /rustc/53fd98ca776cb875bc9e5514f56b52eb74f9e7a9/library/std/src/thread/mod.rs:475:30
[INFO] [stdout]   42:     0x56343108b538 - core::ops::function::FnOnce::call_once{{vtable.shim}}::h36dcf3de8b056f17
[INFO] [stdout]                                at /rustc/53fd98ca776cb875bc9e5514f56b52eb74f9e7a9/library/core/src/ops/function.rs:227:5
[INFO] [stdout]   43:     0x5634311422a7 - <alloc::boxed::Box<F,A> as core::ops::function::FnOnce<Args>>::call_once::h65c29e4642be2358
[INFO] [stdout]                                at /rustc/53fd98ca776cb875bc9e5514f56b52eb74f9e7a9/library/alloc/src/boxed.rs:1572:9
[INFO] [stdout]   44:     0x5634311422a7 - <alloc::boxed::Box<F,A> as core::ops::function::FnOnce<Args>>::call_once::hd0f8f7fbbd9fffbf
[INFO] [stdout]                                at /rustc/53fd98ca776cb875bc9e5514f56b52eb74f9e7a9/library/alloc/src/boxed.rs:1572:9
[INFO] [stdout]   45:     0x5634311422a7 - std::sys::unix::thread::Thread::new::thread_start::h2fd22fee3ca77b65
[INFO] [stdout]                                at /rustc/53fd98ca776cb875bc9e5514f56b52eb74f9e7a9/library/std/src/sys/unix/thread.rs:74:17
[INFO] [stdout]   46:     0x7f8d526f9609 - start_thread
[INFO] [stdout]   47:     0x7f8d524cb293 - clone
[INFO] [stdout]   48:                0x0 - <unknown>
[INFO] [stdout] 
[INFO] [stdout] 
[INFO] [stdout] failures:
[INFO] [stderr] error: test failed, to rerun pass '--lib'
[INFO] [stdout]     analysis::test::cfg
[INFO] [stdout]     ast_lowering::test::diode
[INFO] [stdout]     ast_lowering::test::linear
[INFO] [stdout]     hir_lowering::test::hl2
[INFO] [stdout]     hir_lowering::test::linear
[INFO] [stdout]     hir_lowering::test::schemantic
[INFO] [stdout]     parser::test::linear
[INFO] [stdout] 
[INFO] [stdout] test result: FAILED. 20 passed; 7 failed; 0 ignored; 0 measured; 0 filtered out; finished in 0.03s
[INFO] [stdout] 
[INFO] running `Command { std: "docker" "inspect" "11e14103b6d0631f955d3ff7d0bf297093fc15ff5bfced46fb26cd688ddef9fe", kill_on_drop: false }`
[INFO] running `Command { std: "docker" "rm" "-f" "11e14103b6d0631f955d3ff7d0bf297093fc15ff5bfced46fb26cd688ddef9fe", kill_on_drop: false }`
[INFO] [stdout] 11e14103b6d0631f955d3ff7d0bf297093fc15ff5bfced46fb26cd688ddef9fe
