[INFO] fetching crate online 3.0.1...
[INFO] testing online-3.0.1 against 1.54.0 for beta-1.55-1
[INFO] extracting crate online 3.0.1 into /workspace/builds/worker-5/source
[INFO] validating manifest of crates.io crate online 3.0.1 on toolchain 1.54.0
[INFO] running `Command { std: "/workspace/cargo-home/bin/cargo" "+1.54.0" "metadata" "--manifest-path" "Cargo.toml" "--no-deps", kill_on_drop: false }`
[INFO] started tweaking crates.io crate online 3.0.1
[INFO] removed 1 missing examples
[INFO] removed 1 missing tests
[INFO] finished tweaking crates.io crate online 3.0.1
[INFO] tweaked toml for crates.io crate online 3.0.1 written to /workspace/builds/worker-5/source/Cargo.toml
[INFO] crate crates.io crate online 3.0.1 already has a lockfile, it will not be regenerated
[INFO] running `Command { std: "/workspace/cargo-home/bin/cargo" "+1.54.0" "fetch" "--manifest-path" "Cargo.toml", kill_on_drop: false }`
[INFO] [stderr]     Blocking waiting for file lock on package cache
[INFO] running `Command { std: "docker" "create" "-v" "/var/lib/crater-agent-workspace/builds/worker-5/target:/opt/rustwide/target:rw,Z" "-v" "/var/lib/crater-agent-workspace/builds/worker-5/source:/opt/rustwide/workdir:ro,Z" "-v" "/var/lib/crater-agent-workspace/cargo-home:/opt/rustwide/cargo-home:ro,Z" "-v" "/var/lib/crater-agent-workspace/rustup-home:/opt/rustwide/rustup-home:ro,Z" "-e" "SOURCE_DIR=/opt/rustwide/workdir" "-e" "CARGO_TARGET_DIR=/opt/rustwide/target" "-e" "CARGO_HOME=/opt/rustwide/cargo-home" "-e" "RUSTUP_HOME=/opt/rustwide/rustup-home" "-w" "/opt/rustwide/workdir" "-m" "1610612736" "--user" "0:0" "--network" "none" "ghcr.io/rust-lang/crates-build-env/linux@sha256:34b6a614d2c27851fe6cbf88fbd1137609cefab8b10d0615aaeb6fd47975d74e" "/opt/rustwide/cargo-home/bin/cargo" "+1.54.0" "metadata" "--no-deps" "--format-version=1", kill_on_drop: false }`
[INFO] [stdout] c700f1b06a601dd69832a6814fe8cb76ecdd9c8554bce08936aa3f61a3ff0416
[INFO] running `Command { std: "docker" "start" "-a" "c700f1b06a601dd69832a6814fe8cb76ecdd9c8554bce08936aa3f61a3ff0416", kill_on_drop: false }`
[INFO] running `Command { std: "docker" "inspect" "c700f1b06a601dd69832a6814fe8cb76ecdd9c8554bce08936aa3f61a3ff0416", kill_on_drop: false }`
[INFO] running `Command { std: "docker" "rm" "-f" "c700f1b06a601dd69832a6814fe8cb76ecdd9c8554bce08936aa3f61a3ff0416", kill_on_drop: false }`
[INFO] [stdout] c700f1b06a601dd69832a6814fe8cb76ecdd9c8554bce08936aa3f61a3ff0416
[INFO] running `Command { std: "docker" "create" "-v" "/var/lib/crater-agent-workspace/builds/worker-5/target:/opt/rustwide/target:rw,Z" "-v" "/var/lib/crater-agent-workspace/builds/worker-5/source:/opt/rustwide/workdir:ro,Z" "-v" "/var/lib/crater-agent-workspace/cargo-home:/opt/rustwide/cargo-home:ro,Z" "-v" "/var/lib/crater-agent-workspace/rustup-home:/opt/rustwide/rustup-home:ro,Z" "-e" "SOURCE_DIR=/opt/rustwide/workdir" "-e" "CARGO_TARGET_DIR=/opt/rustwide/target" "-e" "CARGO_INCREMENTAL=0" "-e" "RUST_BACKTRACE=full" "-e" "RUSTFLAGS=--cap-lints=warn" "-e" "CARGO_HOME=/opt/rustwide/cargo-home" "-e" "RUSTUP_HOME=/opt/rustwide/rustup-home" "-w" "/opt/rustwide/workdir" "-m" "1610612736" "--user" "0:0" "--network" "none" "ghcr.io/rust-lang/crates-build-env/linux@sha256:34b6a614d2c27851fe6cbf88fbd1137609cefab8b10d0615aaeb6fd47975d74e" "/opt/rustwide/cargo-home/bin/cargo" "+1.54.0" "build" "--frozen" "--message-format=json", kill_on_drop: false }`
[INFO] [stdout] 3066efc3a96d9f8023c4fb4cf4c3cdd0c5619967388c4fdaf00cf13c59a95abf
[INFO] running `Command { std: "docker" "start" "-a" "3066efc3a96d9f8023c4fb4cf4c3cdd0c5619967388c4fdaf00cf13c59a95abf", kill_on_drop: false }`
[INFO] [stderr]    Compiling syn v1.0.73
[INFO] [stderr]    Compiling futures-core v0.3.15
[INFO] [stderr]    Compiling log v0.4.14
[INFO] [stderr]    Compiling cache-padded v1.1.1
[INFO] [stderr]    Compiling waker-fn v1.1.0
[INFO] [stderr]    Compiling parking v2.0.0
[INFO] [stderr]    Compiling futures-io v0.3.15
[INFO] [stderr]    Compiling fastrand v1.4.1
[INFO] [stderr]    Compiling event-listener v2.5.1
[INFO] [stderr]    Compiling async-task v4.0.3
[INFO] [stderr]    Compiling atomic-waker v1.0.0
[INFO] [stderr]    Compiling value-bag v1.0.0-alpha.7
[INFO] [stderr]    Compiling socket2 v0.4.0
[INFO] [stderr]    Compiling num_cpus v1.13.0
[INFO] [stderr]    Compiling concurrent-queue v1.2.2
[INFO] [stderr]    Compiling async-mutex v1.4.0
[INFO] [stderr]    Compiling async-lock v2.4.0
[INFO] [stderr]    Compiling futures-lite v1.12.0
[INFO] [stderr]    Compiling async-channel v1.6.1
[INFO] [stderr]    Compiling async-executor v1.4.1
[INFO] [stderr]    Compiling blocking v1.0.2
[INFO] [stderr]    Compiling ctor v0.1.20
[INFO] [stderr]    Compiling async-attributes v1.1.2
[INFO] [stderr]    Compiling polling v2.1.0
[INFO] [stderr]    Compiling kv-log-macro v1.0.7
[INFO] [stderr]    Compiling async-io v1.4.1
[INFO] [stderr]    Compiling async-global-executor v2.0.2
[INFO] [stderr]    Compiling async-std v1.9.0
[INFO] [stderr]    Compiling online v3.0.1 (/opt/rustwide/workdir)
[INFO] [stderr]     Finished dev [unoptimized + debuginfo] target(s) in 23.93s
[INFO] running `Command { std: "docker" "inspect" "3066efc3a96d9f8023c4fb4cf4c3cdd0c5619967388c4fdaf00cf13c59a95abf", kill_on_drop: false }`
[INFO] running `Command { std: "docker" "rm" "-f" "3066efc3a96d9f8023c4fb4cf4c3cdd0c5619967388c4fdaf00cf13c59a95abf", kill_on_drop: false }`
[INFO] [stdout] 3066efc3a96d9f8023c4fb4cf4c3cdd0c5619967388c4fdaf00cf13c59a95abf
[INFO] running `Command { std: "docker" "create" "-v" "/var/lib/crater-agent-workspace/builds/worker-5/target:/opt/rustwide/target:rw,Z" "-v" "/var/lib/crater-agent-workspace/builds/worker-5/source:/opt/rustwide/workdir:ro,Z" "-v" "/var/lib/crater-agent-workspace/cargo-home:/opt/rustwide/cargo-home:ro,Z" "-v" "/var/lib/crater-agent-workspace/rustup-home:/opt/rustwide/rustup-home:ro,Z" "-e" "SOURCE_DIR=/opt/rustwide/workdir" "-e" "CARGO_TARGET_DIR=/opt/rustwide/target" "-e" "CARGO_INCREMENTAL=0" "-e" "RUST_BACKTRACE=full" "-e" "RUSTFLAGS=--cap-lints=warn" "-e" "CARGO_HOME=/opt/rustwide/cargo-home" "-e" "RUSTUP_HOME=/opt/rustwide/rustup-home" "-w" "/opt/rustwide/workdir" "-m" "1610612736" "--user" "0:0" "--network" "none" "ghcr.io/rust-lang/crates-build-env/linux@sha256:34b6a614d2c27851fe6cbf88fbd1137609cefab8b10d0615aaeb6fd47975d74e" "/opt/rustwide/cargo-home/bin/cargo" "+1.54.0" "test" "--frozen" "--no-run" "--message-format=json", kill_on_drop: false }`
[INFO] [stdout] 2ffee48783df44fd33ec3b36d97f9d7113b1c055d3bb5cb85261fe5d66c399ca
[INFO] running `Command { std: "docker" "start" "-a" "2ffee48783df44fd33ec3b36d97f9d7113b1c055d3bb5cb85261fe5d66c399ca", kill_on_drop: false }`
[INFO] [stderr]     Blocking waiting for file lock on package cache
[INFO] [stderr]     Blocking waiting for file lock on package cache
[INFO] [stderr]    Compiling pretty_assertions v0.7.2
[INFO] [stderr]    Compiling online v3.0.1 (/opt/rustwide/workdir)
[INFO] [stderr]     Finished test [unoptimized + debuginfo] target(s) in 1.23s
[INFO] running `Command { std: "docker" "inspect" "2ffee48783df44fd33ec3b36d97f9d7113b1c055d3bb5cb85261fe5d66c399ca", kill_on_drop: false }`
[INFO] running `Command { std: "docker" "rm" "-f" "2ffee48783df44fd33ec3b36d97f9d7113b1c055d3bb5cb85261fe5d66c399ca", kill_on_drop: false }`
[INFO] [stdout] 2ffee48783df44fd33ec3b36d97f9d7113b1c055d3bb5cb85261fe5d66c399ca
[INFO] running `Command { std: "docker" "create" "-v" "/var/lib/crater-agent-workspace/builds/worker-5/target:/opt/rustwide/target:rw,Z" "-v" "/var/lib/crater-agent-workspace/builds/worker-5/source:/opt/rustwide/workdir:ro,Z" "-v" "/var/lib/crater-agent-workspace/cargo-home:/opt/rustwide/cargo-home:ro,Z" "-v" "/var/lib/crater-agent-workspace/rustup-home:/opt/rustwide/rustup-home:ro,Z" "-e" "SOURCE_DIR=/opt/rustwide/workdir" "-e" "CARGO_TARGET_DIR=/opt/rustwide/target" "-e" "CARGO_INCREMENTAL=0" "-e" "RUST_BACKTRACE=full" "-e" "RUSTFLAGS=--cap-lints=warn" "-e" "CARGO_HOME=/opt/rustwide/cargo-home" "-e" "RUSTUP_HOME=/opt/rustwide/rustup-home" "-w" "/opt/rustwide/workdir" "-m" "1610612736" "--user" "0:0" "--network" "none" "ghcr.io/rust-lang/crates-build-env/linux@sha256:34b6a614d2c27851fe6cbf88fbd1137609cefab8b10d0615aaeb6fd47975d74e" "/opt/rustwide/cargo-home/bin/cargo" "+1.54.0" "test" "--frozen", kill_on_drop: false }`
[INFO] [stdout] 7656f598ba9500b6b80f860e1639a8480a9a80272735e43554de9e0b5db41a3c
[INFO] running `Command { std: "docker" "start" "-a" "7656f598ba9500b6b80f860e1639a8480a9a80272735e43554de9e0b5db41a3c", kill_on_drop: false }`
[INFO] [stderr]     Blocking waiting for file lock on package cache
[INFO] [stderr]     Finished test [unoptimized + debuginfo] target(s) in 0.11s
[INFO] [stdout] 
[INFO] [stderr]      Running unittests (/opt/rustwide/target/debug/deps/online-77dc75d6f1489db9)
[INFO] [stdout] running 0 tests
[INFO] [stderr]    Doc-tests online
[INFO] [stdout] 
[INFO] [stdout] test result: ok. 0 passed; 0 failed; 0 ignored; 0 measured; 0 filtered out; finished in 0.00s
[INFO] [stdout] 
[INFO] [stdout] 
[INFO] [stdout] running 1 test
[INFO] [stdout] test src/lib.rs - (line 1) ... FAILED
[INFO] [stdout] 
[INFO] [stdout] failures:
[INFO] [stdout] 
[INFO] [stdout] ---- src/lib.rs - (line 1) stdout ----
[INFO] [stdout] Test executable failed (exit code 101).
[INFO] [stdout] 
[INFO] [stdout] stdout:
[INFO] [stdout] Online? false
[INFO] [stdout] Online (timeout)? false
[INFO] [stdout] 
[INFO] [stdout] stderr:
[INFO] [stdout] thread 'main' panicked at 'called `Result::unwrap()` on an `Err` value: Custom { kind: Other, error: VerboseError { source: Custom { kind: Other, error: "failed to lookup address information: Temporary failure in name resolution" }, message: "could not resolve address `\"detectportal.firefox.com:80\"`" } }', src/lib.rs:9:59
[INFO] [stdout] stack backtrace:
[INFO] [stdout]    0:     0x56417a229d40 - std::backtrace_rs::backtrace::libunwind::trace::h34055254b57d8e79
[INFO] [stdout]                                at /rustc/a178d0322ce20e33eac124758e837cbd80a6f633/library/std/src/../../backtrace/src/backtrace/libunwind.rs:90:5
[INFO] [stdout]    1:     0x56417a229d40 - std::backtrace_rs::backtrace::trace_unsynchronized::h8f1e3fbd9afff6ec
[INFO] [stdout]                                at /rustc/a178d0322ce20e33eac124758e837cbd80a6f633/library/std/src/../../backtrace/src/backtrace/mod.rs:66:5
[INFO] [stdout]    2:     0x56417a229d40 - std::sys_common::backtrace::_print_fmt::h3a99a796b770c360
[INFO] [stdout]                                at /rustc/a178d0322ce20e33eac124758e837cbd80a6f633/library/std/src/sys_common/backtrace.rs:67:5
[INFO] [stdout]    3:     0x56417a229d40 - <std::sys_common::backtrace::_print::DisplayBacktrace as core::fmt::Display>::fmt::h32d1f94a80615d18
[INFO] [stdout]                                at /rustc/a178d0322ce20e33eac124758e837cbd80a6f633/library/std/src/sys_common/backtrace.rs:46:22
[INFO] [stdout]    4:     0x56417a244e5c - core::fmt::write::h306731c068f7162c
[INFO] [stdout]                                at /rustc/a178d0322ce20e33eac124758e837cbd80a6f633/library/core/src/fmt/mod.rs:1110:17
[INFO] [stdout]    5:     0x56417a2265d5 - std::io::Write::write_fmt::hd2fa90334eee2a21
[INFO] [stdout]                                at /rustc/a178d0322ce20e33eac124758e837cbd80a6f633/library/std/src/io/mod.rs:1588:15
[INFO] [stdout]    6:     0x56417a22bd3b - std::sys_common::backtrace::_print::h5abaa2601a852287
[INFO] [stdout]                                at /rustc/a178d0322ce20e33eac124758e837cbd80a6f633/library/std/src/sys_common/backtrace.rs:49:5
[INFO] [stdout]    7:     0x56417a22bd3b - std::sys_common::backtrace::print::h8d81445442bb638f
[INFO] [stdout]                                at /rustc/a178d0322ce20e33eac124758e837cbd80a6f633/library/std/src/sys_common/backtrace.rs:36:9
[INFO] [stdout]    8:     0x56417a22bd3b - std::panicking::default_hook::{{closure}}::hcfe804496a9fa747
[INFO] [stdout]                                at /rustc/a178d0322ce20e33eac124758e837cbd80a6f633/library/std/src/panicking.rs:208:50
[INFO] [stdout]    9:     0x56417a22b811 - std::panicking::default_hook::hbea8e3ccf2ba8901
[INFO] [stdout]                                at /rustc/a178d0322ce20e33eac124758e837cbd80a6f633/library/std/src/panicking.rs:225:9
[INFO] [stdout]   10:     0x56417a22c404 - std::panicking::rust_panic_with_hook::h7ee9e1a2d0f8975a
[INFO] [stdout]                                at /rustc/a178d0322ce20e33eac124758e837cbd80a6f633/library/std/src/panicking.rs:622:17
[INFO] [stdout]   11:     0x56417a22bee7 - std::panicking::begin_panic_handler::{{closure}}::h8ab3b4491718b2c7
[INFO] [stdout]                                at /rustc/a178d0322ce20e33eac124758e837cbd80a6f633/library/std/src/panicking.rs:519:13
[INFO] [stdout]   12:     0x56417a22a23c - std::sys_common::backtrace::__rust_end_short_backtrace::hd489062ffa586a9f
[INFO] [stdout]                                at /rustc/a178d0322ce20e33eac124758e837cbd80a6f633/library/std/src/sys_common/backtrace.rs:141:18
[INFO] [stdout]   13:     0x56417a22be49 - rust_begin_unwind
[INFO] [stdout]                                at /rustc/a178d0322ce20e33eac124758e837cbd80a6f633/library/std/src/panicking.rs:515:5
[INFO] [stdout]   14:     0x56417a132221 - core::panicking::panic_fmt::hca6330e3e14086b4
[INFO] [stdout]                                at /rustc/a178d0322ce20e33eac124758e837cbd80a6f633/library/core/src/panicking.rs:92:14
[INFO] [stdout]   15:     0x56417a1322b3 - core::result::unwrap_failed::h6160d2b4bfbb0e87
[INFO] [stdout]                                at /rustc/a178d0322ce20e33eac124758e837cbd80a6f633/library/core/src/result.rs:1355:5
[INFO] [stdout]   16:     0x56417a138427 - core::result::Result<T,E>::unwrap::h142972150f5e614e
[INFO] [stdout]   17:     0x56417a1401b4 - rust_out::main::main::{{closure}}::h8cbf47aa3d7d4b2a
[INFO] [stdout]   18:     0x56417a13d15c - <core::future::from_generator::GenFuture<T> as core::future::future::Future>::poll::h3c4795e229b47ad0
[INFO] [stdout]   19:     0x56417a13f934 - rust_out::main::{{closure}}::h53dd94821bb3a8a4
[INFO] [stdout]   20:     0x56417a13d0dc - <core::future::from_generator::GenFuture<T> as core::future::future::Future>::poll::h2f2337b3df292f9a
[INFO] [stdout]   21:     0x56417a133555 - <async_std::task::builder::SupportTaskLocals<F> as core::future::future::Future>::poll::{{closure}}::hb339ef381e21c0d1
[INFO] [stdout]   22:     0x56417a13ed56 - async_std::task::task_locals_wrapper::TaskLocalsWrapper::set_current::{{closure}}::hee68699f55db73f3
[INFO] [stdout]   23:     0x56417a134f36 - std::thread::local::LocalKey<T>::try_with::h2bea7cec4369a291
[INFO] [stdout]   24:     0x56417a134b08 - std::thread::local::LocalKey<T>::with::h118d9ba3cf127487
[INFO] [stdout]   25:     0x56417a13eb2e - async_std::task::task_locals_wrapper::TaskLocalsWrapper::set_current::h372aed7dd5ade3be
[INFO] [stdout]   26:     0x56417a133515 - <async_std::task::builder::SupportTaskLocals<F> as core::future::future::Future>::poll::h38e7c3135641fd3b
[INFO] [stdout]   27:     0x56417a13a367 - <futures_lite::future::Or<F1,F2> as core::future::future::Future>::poll::h92a895db6e963b68
[INFO] [stdout]   28:     0x56417a134351 - async_executor::Executor::run::{{closure}}::h374db437862dc801
[INFO] [stdout]   29:     0x56417a13d37c - <core::future::from_generator::GenFuture<T> as core::future::future::Future>::poll::h91b99413eaf858cc
[INFO] [stdout]   30:     0x56417a133f1d - async_executor::LocalExecutor::run::{{closure}}::he0d3032e86e65fb4
[INFO] [stdout]   31:     0x56417a13d5cc - <core::future::from_generator::GenFuture<T> as core::future::future::Future>::poll::ha3c063fe06bc2752
[INFO] [stdout]   32:     0x56417a13b4b5 - async_io::driver::block_on::hf0e0861de51fd165
[INFO] [stdout]   33:     0x56417a1348ff - async_global_executor::reactor::block_on::{{closure}}::hfec935e38694b6c4
[INFO] [stdout]   34:     0x56417a1348d3 - async_global_executor::reactor::block_on::h346194cd1fb451b0
[INFO] [stdout]   35:     0x56417a1349b3 - async_global_executor::executor::block_on::{{closure}}::h97c48fb11972ccd0
[INFO] [stdout]   36:     0x56417a135552 - std::thread::local::LocalKey<T>::try_with::hd7c90ffc661423e1
[INFO] [stdout]   37:     0x56417a134ce8 - std::thread::local::LocalKey<T>::with::hf2acfd9fc42f5594
[INFO] [stdout]   38:     0x56417a134966 - async_global_executor::executor::block_on::h57134f221de09a96
[INFO] [stdout]   39:     0x56417a13f650 - async_std::task::builder::Builder::blocking::{{closure}}::{{closure}}::h36466ab073f6b1e6
[INFO] [stdout]   40:     0x56417a13ec39 - async_std::task::task_locals_wrapper::TaskLocalsWrapper::set_current::{{closure}}::h85a9d3e59737caf2
[INFO] [stdout]   41:     0x56417a135792 - std::thread::local::LocalKey<T>::try_with::hf6a2ecb7afaad1a4
[INFO] [stdout]   42:     0x56417a134bea - std::thread::local::LocalKey<T>::with::h64058f8d05a3e762
[INFO] [stdout]   43:     0x56417a13eb77 - async_std::task::task_locals_wrapper::TaskLocalsWrapper::set_current::h82df3a508ce83efe
[INFO] [stdout]   44:     0x56417a13f5c4 - async_std::task::builder::Builder::blocking::{{closure}}::h51c54b176e90c88c
[INFO] [stdout]   45:     0x56417a134e0a - std::thread::local::LocalKey<T>::try_with::h18cf8cdc718d0c52
[INFO] [stdout]   46:     0x56417a134c88 - std::thread::local::LocalKey<T>::with::he1aa577b5e3de344
[INFO] [stdout]   47:     0x56417a13f445 - async_std::task::builder::Builder::blocking::hf32b1cc589191ca5
[INFO] [stdout]   48:     0x56417a13f74c - async_std::task::block_on::block_on::hdcf2d978a49fc9f0
[INFO] [stdout]   49:     0x56417a13f7cb - rust_out::main::h2a38bb51b9580a7d
[INFO] [stdout]   50:     0x56417a135f23 - core::ops::function::FnOnce::call_once::hb73b95e6982fd3f0
[INFO] [stdout]   51:     0x56417a1349c9 - std::sys_common::backtrace::__rust_begin_short_backtrace::h8371d112165838d3
[INFO] [stdout]   52:     0x56417a134a39 - std::rt::lang_start::{{closure}}::h783adf50233ec5ec
[INFO] [stdout]   53:     0x56417a22c909 - core::ops::function::impls::<impl core::ops::function::FnOnce<A> for &F>::call_once::h2aabc384aab89b7b
[INFO] [stdout]                                at /rustc/a178d0322ce20e33eac124758e837cbd80a6f633/library/core/src/ops/function.rs:259:13
[INFO] [stdout]   54:     0x56417a22c909 - std::panicking::try::do_call::hc5fcacb7a85fc7b1
[INFO] [stdout]                                at /rustc/a178d0322ce20e33eac124758e837cbd80a6f633/library/std/src/panicking.rs:401:40
[INFO] [stdout]   55:     0x56417a22c909 - std::panicking::try::hb5d9603af3abbe3a
[INFO] [stdout]                                at /rustc/a178d0322ce20e33eac124758e837cbd80a6f633/library/std/src/panicking.rs:365:19
[INFO] [stdout]   56:     0x56417a22c909 - std::panic::catch_unwind::h98fe6ac3925e64b4
[INFO] [stdout]                                at /rustc/a178d0322ce20e33eac124758e837cbd80a6f633/library/std/src/panic.rs:434:14
[INFO] [stdout]   57:     0x56417a22c909 - std::rt::lang_start_internal::h22ac7383c516f93e
[INFO] [stdout]                                at /rustc/a178d0322ce20e33eac124758e837cbd80a6f633/library/std/src/rt.rs:34:21
[INFO] [stdout]   58:     0x56417a134a21 - std::rt::lang_start::h11b9716471e37ff8
[INFO] [stdout]   59:     0x56417a140283 - main
[INFO] [stdout]   60:     0x7f36364800b3 - __libc_start_main
[INFO] [stdout]   61:     0x56417a13340e - _start
[INFO] [stdout]   62:                0x0 - <unknown>
[INFO] [stdout] 
[INFO] [stdout] 
[INFO] [stdout] 
[INFO] [stdout] failures:
[INFO] [stdout]     src/lib.rs - (line 1)
[INFO] [stdout] 
[INFO] [stdout] test result: FAILED. 0 passed; 1 failed; 0 ignored; 0 measured; 0 filtered out; finished in 1.43s
[INFO] [stdout] 
[INFO] [stderr] error: test failed, to rerun pass '--doc'
[INFO] running `Command { std: "docker" "inspect" "7656f598ba9500b6b80f860e1639a8480a9a80272735e43554de9e0b5db41a3c", kill_on_drop: false }`
[INFO] running `Command { std: "docker" "rm" "-f" "7656f598ba9500b6b80f860e1639a8480a9a80272735e43554de9e0b5db41a3c", kill_on_drop: false }`
[INFO] [stdout] 7656f598ba9500b6b80f860e1639a8480a9a80272735e43554de9e0b5db41a3c
