[INFO] fetching crate odin 0.1.0...
[INFO] testing odin-0.1.0 against beta-2021-08-01 for beta-1.55-1
[INFO] extracting crate odin 0.1.0 into /workspace/builds/worker-7/source
[INFO] validating manifest of crates.io crate odin 0.1.0 on toolchain beta-2021-08-01
[INFO] running `Command { std: "/workspace/cargo-home/bin/cargo" "+beta-2021-08-01" "metadata" "--manifest-path" "Cargo.toml" "--no-deps", kill_on_drop: false }`
[INFO] started tweaking crates.io crate odin 0.1.0
[INFO] finished tweaking crates.io crate odin 0.1.0
[INFO] tweaked toml for crates.io crate odin 0.1.0 written to /workspace/builds/worker-7/source/Cargo.toml
[INFO] crate crates.io crate odin 0.1.0 already has a lockfile, it will not be regenerated
[INFO] running `Command { std: "/workspace/cargo-home/bin/cargo" "+beta-2021-08-01" "fetch" "--manifest-path" "Cargo.toml", kill_on_drop: false }`
[INFO] [stderr]     Blocking waiting for file lock on package cache
[INFO] [stderr]     Blocking waiting for file lock on package cache
[INFO] running `Command { std: "docker" "create" "-v" "/var/lib/crater-agent-workspace/builds/worker-7/target:/opt/rustwide/target:rw,Z" "-v" "/var/lib/crater-agent-workspace/builds/worker-7/source:/opt/rustwide/workdir:ro,Z" "-v" "/var/lib/crater-agent-workspace/cargo-home:/opt/rustwide/cargo-home:ro,Z" "-v" "/var/lib/crater-agent-workspace/rustup-home:/opt/rustwide/rustup-home:ro,Z" "-e" "SOURCE_DIR=/opt/rustwide/workdir" "-e" "CARGO_TARGET_DIR=/opt/rustwide/target" "-e" "CARGO_HOME=/opt/rustwide/cargo-home" "-e" "RUSTUP_HOME=/opt/rustwide/rustup-home" "-w" "/opt/rustwide/workdir" "-m" "1610612736" "--user" "0:0" "--network" "none" "ghcr.io/rust-lang/crates-build-env/linux@sha256:34b6a614d2c27851fe6cbf88fbd1137609cefab8b10d0615aaeb6fd47975d74e" "/opt/rustwide/cargo-home/bin/cargo" "+beta-2021-08-01" "metadata" "--no-deps" "--format-version=1", kill_on_drop: false }`
[INFO] [stdout] 807ec8951952101b3e99c6bed082a36a461f8499df458ea796db0dac5bb76cb0
[INFO] running `Command { std: "docker" "start" "-a" "807ec8951952101b3e99c6bed082a36a461f8499df458ea796db0dac5bb76cb0", kill_on_drop: false }`
[INFO] running `Command { std: "docker" "inspect" "807ec8951952101b3e99c6bed082a36a461f8499df458ea796db0dac5bb76cb0", kill_on_drop: false }`
[INFO] running `Command { std: "docker" "rm" "-f" "807ec8951952101b3e99c6bed082a36a461f8499df458ea796db0dac5bb76cb0", kill_on_drop: false }`
[INFO] [stdout] 807ec8951952101b3e99c6bed082a36a461f8499df458ea796db0dac5bb76cb0
[INFO] running `Command { std: "docker" "create" "-v" "/var/lib/crater-agent-workspace/builds/worker-7/target:/opt/rustwide/target:rw,Z" "-v" "/var/lib/crater-agent-workspace/builds/worker-7/source:/opt/rustwide/workdir:ro,Z" "-v" "/var/lib/crater-agent-workspace/cargo-home:/opt/rustwide/cargo-home:ro,Z" "-v" "/var/lib/crater-agent-workspace/rustup-home:/opt/rustwide/rustup-home:ro,Z" "-e" "SOURCE_DIR=/opt/rustwide/workdir" "-e" "CARGO_TARGET_DIR=/opt/rustwide/target" "-e" "CARGO_INCREMENTAL=0" "-e" "RUST_BACKTRACE=full" "-e" "RUSTFLAGS=--cap-lints=warn" "-e" "CARGO_HOME=/opt/rustwide/cargo-home" "-e" "RUSTUP_HOME=/opt/rustwide/rustup-home" "-w" "/opt/rustwide/workdir" "-m" "1610612736" "--user" "0:0" "--network" "none" "ghcr.io/rust-lang/crates-build-env/linux@sha256:34b6a614d2c27851fe6cbf88fbd1137609cefab8b10d0615aaeb6fd47975d74e" "/opt/rustwide/cargo-home/bin/cargo" "+beta-2021-08-01" "build" "--frozen" "--message-format=json", kill_on_drop: false }`
[INFO] [stdout] 67c7def4b639721c1ae0e443cfa1f23d7437e7a3ff4b393d6af262049e7ed3cb
[INFO] running `Command { std: "docker" "start" "-a" "67c7def4b639721c1ae0e443cfa1f23d7437e7a3ff4b393d6af262049e7ed3cb", kill_on_drop: false }`
[INFO] [stderr]     Blocking waiting for file lock on package cache
[INFO] [stderr]    Compiling memchr v2.2.1
[INFO] [stderr]    Compiling proc-macro2 v1.0.1
[INFO] [stderr]    Compiling autocfg v0.1.5
[INFO] [stderr]    Compiling lazy_static v1.3.0
[INFO] [stderr]    Compiling syn v0.15.44
[INFO] [stderr]    Compiling log v0.4.8
[INFO] [stderr]    Compiling syn v1.0.3
[INFO] [stderr]    Compiling regex-syntax v0.6.11
[INFO] [stderr]    Compiling serde v1.0.99
[INFO] [stderr]    Compiling ucd-trie v0.1.2
[INFO] [stderr]    Compiling same-file v1.0.5
[INFO] [stderr]    Compiling maplit v1.0.1
[INFO] [stderr]    Compiling unic-common v0.9.0
[INFO] [stderr]    Compiling unic-char-range v0.9.0
[INFO] [stderr]    Compiling unicode-width v0.1.5
[INFO] [stderr]    Compiling unindent v0.1.4
[INFO] [stderr]    Compiling deunicode v0.4.3
[INFO] [stderr]    Compiling either v1.5.2
[INFO] [stderr]    Compiling humansize v1.1.0
[INFO] [stderr]    Compiling webbrowser v0.5.1
[INFO] [stderr]    Compiling xdg v2.2.0
[INFO] [stderr]    Compiling ansi_term v0.12.0
[INFO] [stderr]    Compiling thread_local v0.3.6
[INFO] [stderr]    Compiling crossbeam-utils v0.6.6
[INFO] [stderr]    Compiling walkdir v2.2.9
[INFO] [stderr]    Compiling itertools v0.8.0
[INFO] [stderr]    Compiling slug v0.1.4
[INFO] [stderr]    Compiling unic-ucd-version v0.9.0
[INFO] [stderr]    Compiling unic-char-property v0.9.0
[INFO] [stderr]    Compiling textwrap v0.11.0
[INFO] [stderr]    Compiling pest v2.1.1
[INFO] [stderr]    Compiling num-traits v0.2.8
[INFO] [stderr]    Compiling num-integer v0.1.41
[INFO] [stderr]    Compiling unic-ucd-segment v0.9.0
[INFO] [stderr]    Compiling clap v2.33.0
[INFO] [stderr]    Compiling crossbeam-channel v0.3.9
[INFO] [stderr]    Compiling unic-segment v0.9.0
[INFO] [stderr]    Compiling quote v1.0.2
[INFO] [stderr]    Compiling aho-corasick v0.7.6
[INFO] [stderr]    Compiling bstr v0.2.7
[INFO] [stderr]    Compiling pest_meta v2.1.1
[INFO] [stderr]    Compiling regex v1.2.1
[INFO] [stderr]    Compiling pest_generator v2.1.0
[INFO] [stderr]    Compiling chrono v0.4.7
[INFO] [stderr]    Compiling globset v0.4.4
[INFO] [stderr]    Compiling serde_json v1.0.40
[INFO] [stderr]    Compiling serde_yaml v0.8.9
[INFO] [stderr]    Compiling structopt-derive v0.2.18
[INFO] [stderr]    Compiling pest_derive v2.1.0
[INFO] [stderr]    Compiling ignore v0.4.10
[INFO] [stderr]    Compiling proc-macro-hack v0.5.9
[INFO] [stderr]    Compiling serde_derive v1.0.99
[INFO] [stderr]    Compiling globwalk v0.7.1
[INFO] [stderr]    Compiling structopt v0.2.18
[INFO] [stderr]    Compiling tera v1.0.0-beta.14
[INFO] [stderr]    Compiling indoc-impl v0.3.4
[INFO] [stderr]    Compiling indoc v0.3.4
[INFO] [stderr]    Compiling odin v0.1.0 (/opt/rustwide/workdir)
[INFO] [stderr]     Finished dev [unoptimized + debuginfo] target(s) in 45.84s
[INFO] running `Command { std: "docker" "inspect" "67c7def4b639721c1ae0e443cfa1f23d7437e7a3ff4b393d6af262049e7ed3cb", kill_on_drop: false }`
[INFO] running `Command { std: "docker" "rm" "-f" "67c7def4b639721c1ae0e443cfa1f23d7437e7a3ff4b393d6af262049e7ed3cb", kill_on_drop: false }`
[INFO] [stdout] 67c7def4b639721c1ae0e443cfa1f23d7437e7a3ff4b393d6af262049e7ed3cb
[INFO] running `Command { std: "docker" "create" "-v" "/var/lib/crater-agent-workspace/builds/worker-7/target:/opt/rustwide/target:rw,Z" "-v" "/var/lib/crater-agent-workspace/builds/worker-7/source:/opt/rustwide/workdir:ro,Z" "-v" "/var/lib/crater-agent-workspace/cargo-home:/opt/rustwide/cargo-home:ro,Z" "-v" "/var/lib/crater-agent-workspace/rustup-home:/opt/rustwide/rustup-home:ro,Z" "-e" "SOURCE_DIR=/opt/rustwide/workdir" "-e" "CARGO_TARGET_DIR=/opt/rustwide/target" "-e" "CARGO_INCREMENTAL=0" "-e" "RUST_BACKTRACE=full" "-e" "RUSTFLAGS=--cap-lints=warn" "-e" "CARGO_HOME=/opt/rustwide/cargo-home" "-e" "RUSTUP_HOME=/opt/rustwide/rustup-home" "-w" "/opt/rustwide/workdir" "-m" "1610612736" "--user" "0:0" "--network" "none" "ghcr.io/rust-lang/crates-build-env/linux@sha256:34b6a614d2c27851fe6cbf88fbd1137609cefab8b10d0615aaeb6fd47975d74e" "/opt/rustwide/cargo-home/bin/cargo" "+beta-2021-08-01" "test" "--frozen" "--no-run" "--message-format=json", kill_on_drop: false }`
[INFO] [stdout] 2367a68a903ee483e214ad87a7c67fbd1922eda938414999434fff173fb418d5
[INFO] running `Command { std: "docker" "start" "-a" "2367a68a903ee483e214ad87a7c67fbd1922eda938414999434fff173fb418d5", kill_on_drop: false }`
[INFO] [stderr]     Blocking waiting for file lock on package cache
[INFO] [stderr]    Compiling getrandom v0.1.10
[INFO] [stderr]    Compiling ppv-lite86 v0.2.5
[INFO] [stderr]    Compiling remove_dir_all v0.5.2
[INFO] [stderr]    Compiling executable-path v1.0.0
[INFO] [stderr]    Compiling c2-chacha v0.2.2
[INFO] [stderr]    Compiling rand_core v0.5.0
[INFO] [stderr]    Compiling rand_chacha v0.2.1
[INFO] [stderr]    Compiling rand v0.7.0
[INFO] [stderr]    Compiling tempfile v3.1.0
[INFO] [stderr]    Compiling odin v0.1.0 (/opt/rustwide/workdir)
[INFO] [stderr]     Finished test [unoptimized + debuginfo] target(s) in 10.10s
[INFO] running `Command { std: "docker" "inspect" "2367a68a903ee483e214ad87a7c67fbd1922eda938414999434fff173fb418d5", kill_on_drop: false }`
[INFO] running `Command { std: "docker" "rm" "-f" "2367a68a903ee483e214ad87a7c67fbd1922eda938414999434fff173fb418d5", kill_on_drop: false }`
[INFO] [stdout] 2367a68a903ee483e214ad87a7c67fbd1922eda938414999434fff173fb418d5
[INFO] running `Command { std: "docker" "create" "-v" "/var/lib/crater-agent-workspace/builds/worker-7/target:/opt/rustwide/target:rw,Z" "-v" "/var/lib/crater-agent-workspace/builds/worker-7/source:/opt/rustwide/workdir:ro,Z" "-v" "/var/lib/crater-agent-workspace/cargo-home:/opt/rustwide/cargo-home:ro,Z" "-v" "/var/lib/crater-agent-workspace/rustup-home:/opt/rustwide/rustup-home:ro,Z" "-e" "SOURCE_DIR=/opt/rustwide/workdir" "-e" "CARGO_TARGET_DIR=/opt/rustwide/target" "-e" "CARGO_INCREMENTAL=0" "-e" "RUST_BACKTRACE=full" "-e" "RUSTFLAGS=--cap-lints=warn" "-e" "CARGO_HOME=/opt/rustwide/cargo-home" "-e" "RUSTUP_HOME=/opt/rustwide/rustup-home" "-w" "/opt/rustwide/workdir" "-m" "1610612736" "--user" "0:0" "--network" "none" "ghcr.io/rust-lang/crates-build-env/linux@sha256:34b6a614d2c27851fe6cbf88fbd1137609cefab8b10d0615aaeb6fd47975d74e" "/opt/rustwide/cargo-home/bin/cargo" "+beta-2021-08-01" "test" "--frozen", kill_on_drop: false }`
[INFO] [stdout] da1941a203b34056dc22b7824f78588e8f73d8a9e1e8887b939ae7942f1fbace
[INFO] running `Command { std: "docker" "start" "-a" "da1941a203b34056dc22b7824f78588e8f73d8a9e1e8887b939ae7942f1fbace", kill_on_drop: false }`
[INFO] [stdout] 
[INFO] [stderr]     Finished test [unoptimized + debuginfo] target(s) in 0.09s
[INFO] [stdout] running 20 tests
[INFO] [stderr]      Running unittests (/opt/rustwide/target/debug/deps/odin-849b73952cad3fd0)
[INFO] [stdout] test config::tests::alias_in_parent_does_not_find_target_in_child ... ok
[INFO] [stdout] test config::tests::unknown_alias ... ok
[INFO] [stdout] test config::tests::child_has_parent ... ok
[INFO] [stdout] test location::tests::display_name ... ok
[INFO] [stdout] test location::tests::display_path ... ok
[INFO] [stdout] test context::tests::simple ... ok
[INFO] [stdout] test error::test::display_alias_target_unknown ... ok
[INFO] [stdout] test error::test::display_config_deserialize ... ok
[INFO] [stdout] test fn_env::tests::missing ... ok
[INFO] [stdout] test context::tests::child_alias_finds_child_target ... ok
[INFO] [stdout] test context::tests::alias_in_parent_ignores_targets_in_child ... ok
[INFO] [stdout] test fn_env::tests::not_unicode ... ok
[INFO] [stdout] test context::tests::child_template_shadows_parent ... ok
[INFO] [stdout] test config::tests::root_has_no_parent ... ok
[INFO] [stdout] test context::tests::parent_template_resolves ... ok
[INFO] [stdout] test fn_env::tests::simple ... ok
[INFO] [stdout] test config::tests::child_inherits_from_default ... ok
[INFO] [stdout] test context::tests::child_alias_resolves_to_parent_target ... ok
[INFO] [stderr] error: test failed, to rerun pass '--bin odin'
[INFO] [stdout] test subcommand::dump::tests::templates_and_aliases ... FAILED
[INFO] [stdout] test subcommand::dump::tests::templates ... FAILED
[INFO] [stdout] 
[INFO] [stdout] failures:
[INFO] [stdout] 
[INFO] [stdout] ---- subcommand::dump::tests::templates_and_aliases stdout ----
[INFO] [stdout] thread 'subcommand::dump::tests::templates_and_aliases' panicked at 'attempted to leave type `linked_hash_map::Node<yaml::Yaml, yaml::Yaml>` uninitialized, which is invalid', /rustc/53fd98ca776cb875bc9e5514f56b52eb74f9e7a9/library/core/src/mem/mod.rs:663:9
[INFO] [stdout] stack backtrace:
[INFO] [stdout]    0:     0x561137025920 - std::backtrace_rs::backtrace::libunwind::trace::hff4d1766e93f64f1
[INFO] [stdout]                                at /rustc/53fd98ca776cb875bc9e5514f56b52eb74f9e7a9/library/std/src/../../backtrace/src/backtrace/libunwind.rs:90:5
[INFO] [stdout]    1:     0x561137025920 - std::backtrace_rs::backtrace::trace_unsynchronized::h56bbc8eb78770bcb
[INFO] [stdout]                                at /rustc/53fd98ca776cb875bc9e5514f56b52eb74f9e7a9/library/std/src/../../backtrace/src/backtrace/mod.rs:66:5
[INFO] [stdout]    2:     0x561137025920 - std::sys_common::backtrace::_print_fmt::h5c8e75464faca780
[INFO] [stdout]                                at /rustc/53fd98ca776cb875bc9e5514f56b52eb74f9e7a9/library/std/src/sys_common/backtrace.rs:67:5
[INFO] [stdout]    3:     0x561137025920 - <std::sys_common::backtrace::_print::DisplayBacktrace as core::fmt::Display>::fmt::h48b88277def8b362
[INFO] [stdout]                                at /rustc/53fd98ca776cb875bc9e5514f56b52eb74f9e7a9/library/std/src/sys_common/backtrace.rs:46:22
[INFO] [stdout]    4:     0x56113704a2ec - core::fmt::write::h3381b3176fe2b3d3
[INFO] [stdout]                                at /rustc/53fd98ca776cb875bc9e5514f56b52eb74f9e7a9/library/core/src/fmt/mod.rs:1115:17
[INFO] [stdout]    5:     0x5611370223f5 - std::io::Write::write_fmt::h5f34a676f60246b5
[INFO] [stdout]                                at /rustc/53fd98ca776cb875bc9e5514f56b52eb74f9e7a9/library/std/src/io/mod.rs:1665:15
[INFO] [stdout]    6:     0x561137027aab - std::sys_common::backtrace::_print::ha537687d6c17dd0d
[INFO] [stdout]                                at /rustc/53fd98ca776cb875bc9e5514f56b52eb74f9e7a9/library/std/src/sys_common/backtrace.rs:49:5
[INFO] [stdout]    7:     0x561137027aab - std::sys_common::backtrace::print::h61376ae57d131d72
[INFO] [stdout]                                at /rustc/53fd98ca776cb875bc9e5514f56b52eb74f9e7a9/library/std/src/sys_common/backtrace.rs:36:9
[INFO] [stdout]    8:     0x561137027aab - std::panicking::default_hook::{{closure}}::h0f7208c0b9644a54
[INFO] [stdout]                                at /rustc/53fd98ca776cb875bc9e5514f56b52eb74f9e7a9/library/std/src/panicking.rs:208:50
[INFO] [stdout]    9:     0x5611370275bc - std::panicking::default_hook::hdac7fc06578c14ce
[INFO] [stdout]                                at /rustc/53fd98ca776cb875bc9e5514f56b52eb74f9e7a9/library/std/src/panicking.rs:222:9
[INFO] [stdout]   10:     0x561137028174 - std::panicking::rust_panic_with_hook::h72b21c283da3d1ef
[INFO] [stdout]                                at /rustc/53fd98ca776cb875bc9e5514f56b52eb74f9e7a9/library/std/src/panicking.rs:622:17
[INFO] [stdout]   11:     0x561137027c27 - std::panicking::begin_panic_handler::{{closure}}::he5778f1729cff84a
[INFO] [stdout]                                at /rustc/53fd98ca776cb875bc9e5514f56b52eb74f9e7a9/library/std/src/panicking.rs:517:13
[INFO] [stdout]   12:     0x561137025dfc - std::sys_common::backtrace::__rust_end_short_backtrace::h2d11ca8b453b4b1d
[INFO] [stdout]                                at /rustc/53fd98ca776cb875bc9e5514f56b52eb74f9e7a9/library/std/src/sys_common/backtrace.rs:141:18
[INFO] [stdout]   13:     0x561137027bb9 - rust_begin_unwind
[INFO] [stdout]                                at /rustc/53fd98ca776cb875bc9e5514f56b52eb74f9e7a9/library/std/src/panicking.rs:515:5
[INFO] [stdout]   14:     0x561136a9a941 - core::panicking::panic_fmt::hf9de31d4acbce4db
[INFO] [stdout]                                at /rustc/53fd98ca776cb875bc9e5514f56b52eb74f9e7a9/library/core/src/panicking.rs:92:14
[INFO] [stdout]   15:     0x561136a9a88d - core::panicking::panic::h8a6bc58a21c6c095
[INFO] [stdout]                                at /rustc/53fd98ca776cb875bc9e5514f56b52eb74f9e7a9/library/core/src/panicking.rs:50:5
[INFO] [stdout]   16:     0x561136b0e9da - core::mem::uninitialized::hb9e14656c3d3927b
[INFO] [stdout]                                at /rustc/53fd98ca776cb875bc9e5514f56b52eb74f9e7a9/library/core/src/mem/mod.rs:663:9
[INFO] [stdout]   17:     0x561136b0e9da - linked_hash_map::LinkedHashMap<K,V,S>::ensure_guard_node::h5128c65546d2e52d
[INFO] [stdout]                                at /opt/rustwide/cargo-home/registry/src/github.com-1ecc6299db9ec823/linked-hash-map-0.5.2/src/lib.rs:174:52
[INFO] [stdout]   18:     0x561136b0ebfc - linked_hash_map::LinkedHashMap<K,V,S>::insert::h718999058f83295d
[INFO] [stdout]                                at /opt/rustwide/cargo-home/registry/src/github.com-1ecc6299db9ec823/linked-hash-map-0.5.2/src/lib.rs:304:9
[INFO] [stdout]   19:     0x561136ad6547 - <serde_yaml::ser::SerializeMap as serde::ser::SerializeMap>::serialize_entry::h8919b7e10f8c41b9
[INFO] [stdout]                                at /opt/rustwide/cargo-home/registry/src/github.com-1ecc6299db9ec823/serde_yaml-0.8.9/src/ser.rs:346:9
[INFO] [stdout]   20:     0x561136ad5f40 - serde::ser::Serializer::collect_map::h5381d861b2286940
[INFO] [stdout]                                at /opt/rustwide/cargo-home/registry/src/github.com-1ecc6299db9ec823/serde-1.0.99/src/ser/mod.rs:1315:18
[INFO] [stdout]   21:     0x561136ab6db5 - serde::ser::impls::<impl serde::ser::Serialize for alloc::collections::btree::map::BTreeMap<K,V>>::serialize::h1d8bd3526f68b1a0
[INFO] [stdout]                                at /opt/rustwide/cargo-home/registry/src/github.com-1ecc6299db9ec823/serde-1.0.99/src/ser/impls.rs:364:17
[INFO] [stdout]   22:     0x561136ab6dd8 - serde::ser::impls::<impl serde::ser::Serialize for &T>::serialize::hc7e4fc01af6a3919
[INFO] [stdout]                                at /opt/rustwide/cargo-home/registry/src/github.com-1ecc6299db9ec823/serde-1.0.99/src/ser/impls.rs:390:17
[INFO] [stdout]   23:     0x561136ad6225 - <serde_yaml::ser::Serializer as serde::ser::Serializer>::serialize_some::hee46dde9ac8c2356
[INFO] [stdout]                                at /opt/rustwide/cargo-home/registry/src/github.com-1ecc6299db9ec823/serde_yaml-0.8.9/src/ser.rs:165:9
[INFO] [stdout]   24:     0x561136abfc3d - serde::ser::impls::<impl serde::ser::Serialize for core::option::Option<T>>::serialize::h4ba1bbb3e8ae0a1b
[INFO] [stdout]                                at /opt/rustwide/cargo-home/registry/src/github.com-1ecc6299db9ec823/serde-1.0.99/src/ser/impls.rs:109:32
[INFO] [stdout]   25:     0x561136abfbd8 - serde::ser::impls::<impl serde::ser::Serialize for &T>::serialize::h23366ab51ffdcd7f
[INFO] [stdout]                                at /opt/rustwide/cargo-home/registry/src/github.com-1ecc6299db9ec823/serde-1.0.99/src/ser/impls.rs:390:17
[INFO] [stdout]   26:     0x561136ad48eb - serde_yaml::ser::to_yaml::h8675b79c7f5f5f9b
[INFO] [stdout]                                at /opt/rustwide/cargo-home/registry/src/github.com-1ecc6299db9ec823/serde_yaml-0.8.9/src/ser.rs:452:5
[INFO] [stdout]   27:     0x561136ad680a - <serde_yaml::ser::SerializeStruct as serde::ser::SerializeStruct>::serialize_field::h01ed403627bac7b5
[INFO] [stdout]                                at /opt/rustwide/cargo-home/registry/src/github.com-1ecc6299db9ec823/serde_yaml-0.8.9/src/ser.rs:363:41
[INFO] [stdout]   28:     0x561136ab5b0a - odin::subcommand::dump::Dump::format::_IMPL_SERIALIZE_FOR_Pretty::<impl serde::ser::Serialize for odin::subcommand::dump::Dump::format::Pretty>::serialize::hafb10f611da15e02
[INFO] [stdout]                                at /opt/rustwide/workdir/src/subcommand/dump.rs:13:14
[INFO] [stdout]   29:     0x561136ab2b18 - serde::ser::impls::<impl serde::ser::Serialize for &T>::serialize::h55a19e47b63ef349
[INFO] [stdout]                                at /opt/rustwide/cargo-home/registry/src/github.com-1ecc6299db9ec823/serde-1.0.99/src/ser/impls.rs:390:17
[INFO] [stdout]   30:     0x561136ad489b - serde_yaml::ser::to_yaml::h64e2982bc66c6386
[INFO] [stdout]                                at /opt/rustwide/cargo-home/registry/src/github.com-1ecc6299db9ec823/serde_yaml-0.8.9/src/ser.rs:452:5
[INFO] [stdout]   31:     0x561136ad4b09 - serde_yaml::ser::to_writer::h9e62d3136edd3692
[INFO] [stdout]                                at /opt/rustwide/cargo-home/registry/src/github.com-1ecc6299db9ec823/serde_yaml-0.8.9/src/ser.rs:398:15
[INFO] [stdout]   32:     0x561136ad472a - serde_yaml::ser::to_vec::h874e1a5a05a6324f
[INFO] [stdout]                                at /opt/rustwide/cargo-home/registry/src/github.com-1ecc6299db9ec823/serde_yaml-0.8.9/src/ser.rs:415:5
[INFO] [stdout]   33:     0x561136ad4945 - serde_yaml::ser::to_string::h7b82e6114e8cf9ae
[INFO] [stdout]                                at /opt/rustwide/cargo-home/registry/src/github.com-1ecc6299db9ec823/serde_yaml-0.8.9/src/ser.rs:427:26
[INFO] [stdout]   34:     0x561136ab43a9 - odin::subcommand::dump::Dump::format::h8ca2ec92b07c40ad
[INFO] [stdout]                                at /opt/rustwide/workdir/src/subcommand/dump.rs:26:7
[INFO] [stdout]   35:     0x561136ac49ae - odin::subcommand::dump::tests::templates_and_aliases::h407fd0cf9c8616f7
[INFO] [stdout]                                at /opt/rustwide/workdir/src/subcommand/dump.rs:68:7
[INFO] [stdout]   36:     0x561136ac48b7 - odin::subcommand::dump::tests::templates_and_aliases::{{closure}}::h380a3d34403ae958
[INFO] [stdout]                                at /opt/rustwide/workdir/src/subcommand/dump.rs:56:3
[INFO] [stdout]   37:     0x561136ad90fe - core::ops::function::FnOnce::call_once::hecc92d8025dfcb96
[INFO] [stdout]                                at /rustc/53fd98ca776cb875bc9e5514f56b52eb74f9e7a9/library/core/src/ops/function.rs:227:5
[INFO] [stdout]   38:     0x561136b672e3 - core::ops::function::FnOnce::call_once::hbb52c4519d3137b0
[INFO] [stdout]                                at /rustc/53fd98ca776cb875bc9e5514f56b52eb74f9e7a9/library/core/src/ops/function.rs:227:5
[INFO] [stdout]   39:     0x561136b672e3 - test::__rust_begin_short_backtrace::h86fe3a2a5a5121af
[INFO] [stdout]                                at /rustc/53fd98ca776cb875bc9e5514f56b52eb74f9e7a9/library/test/src/lib.rs:578:5
[INFO] [stdout]   40:     0x561136b65d98 - <alloc::boxed::Box<F,A> as core::ops::function::FnOnce<Args>>::call_once::hfd956bc3d57399be
[INFO] [stdout]                                at /rustc/53fd98ca776cb875bc9e5514f56b52eb74f9e7a9/library/alloc/src/boxed.rs:1572:9
[INFO] [stdout]   41:     0x561136b65d98 - <std::panic::AssertUnwindSafe<F> as core::ops::function::FnOnce<()>>::call_once::h40dc93e0ddb5938a
[INFO] [stdout]                                at /rustc/53fd98ca776cb875bc9e5514f56b52eb74f9e7a9/library/std/src/panic.rs:347:9
[INFO] [stdout]   42:     0x561136b65d98 - std::panicking::try::do_call::h90d07750cb47c562
[INFO] [stdout]                                at /rustc/53fd98ca776cb875bc9e5514f56b52eb74f9e7a9/library/std/src/panicking.rs:401:40
[INFO] [stdout]   43:     0x561136b65d98 - std::panicking::try::h063c84733ad2a629
[INFO] [stdout]                                at /rustc/53fd98ca776cb875bc9e5514f56b52eb74f9e7a9/library/std/src/panicking.rs:365:19
[INFO] [stdout]   44:     0x561136b65d98 - std::panic::catch_unwind::h0c464836a84e7c08
[INFO] [stdout]                                at /rustc/53fd98ca776cb875bc9e5514f56b52eb74f9e7a9/library/std/src/panic.rs:434:14
[INFO] [stdout]   45:     0x561136b65d98 - test::run_test_in_process::h5cb06ef620b157fc
[INFO] [stdout]                                at /rustc/53fd98ca776cb875bc9e5514f56b52eb74f9e7a9/library/test/src/lib.rs:601:18
[INFO] [stdout]   46:     0x561136b65d98 - test::run_test::run_test_inner::{{closure}}::h76f677f4b93f9828
[INFO] [stdout]                                at /rustc/53fd98ca776cb875bc9e5514f56b52eb74f9e7a9/library/test/src/lib.rs:493:39
[INFO] [stdout]   47:     0x561136b3452d - test::run_test::run_test_inner::{{closure}}::h366d01fe04f4d67a
[INFO] [stdout]                                at /rustc/53fd98ca776cb875bc9e5514f56b52eb74f9e7a9/library/test/src/lib.rs:520:37
[INFO] [stdout]   48:     0x561136b3452d - std::sys_common::backtrace::__rust_begin_short_backtrace::h7dfa0de4eb395af2
[INFO] [stdout]                                at /rustc/53fd98ca776cb875bc9e5514f56b52eb74f9e7a9/library/std/src/sys_common/backtrace.rs:125:18
[INFO] [stdout]   49:     0x561136b38cf8 - std::thread::Builder::spawn_unchecked::{{closure}}::{{closure}}::hf0a74bb58798037f
[INFO] [stdout]                                at /rustc/53fd98ca776cb875bc9e5514f56b52eb74f9e7a9/library/std/src/thread/mod.rs:476:17
[INFO] [stdout]   50:     0x561136b38cf8 - <std::panic::AssertUnwindSafe<F> as core::ops::function::FnOnce<()>>::call_once::hb024e854818586ac
[INFO] [stdout]                                at /rustc/53fd98ca776cb875bc9e5514f56b52eb74f9e7a9/library/std/src/panic.rs:347:9
[INFO] [stdout]   51:     0x561136b38cf8 - std::panicking::try::do_call::hb2dd9f1d0d48e41d
[INFO] [stdout]                                at /rustc/53fd98ca776cb875bc9e5514f56b52eb74f9e7a9/library/std/src/panicking.rs:401:40
[INFO] [stdout]   52:     0x561136b38cf8 - std::panicking::try::h4717ae7bac8b2bf3
[INFO] [stdout]                                at /rustc/53fd98ca776cb875bc9e5514f56b52eb74f9e7a9/library/std/src/panicking.rs:365:19
[INFO] [stdout]   53:     0x561136b38cf8 - std::panic::catch_unwind::h0dc8a061326ce8d8
[INFO] [stdout]                                at /rustc/53fd98ca776cb875bc9e5514f56b52eb74f9e7a9/library/std/src/panic.rs:434:14
[INFO] [stdout]   54:     0x561136b38cf8 - std::thread::Builder::spawn_unchecked::{{closure}}::haa369e2d6fd00aa1
[INFO] [stdout]                                at /rustc/53fd98ca776cb875bc9e5514f56b52eb74f9e7a9/library/std/src/thread/mod.rs:475:30
[INFO] [stdout]   55:     0x561136b38cf8 - core::ops::function::FnOnce::call_once{{vtable.shim}}::h36dcf3de8b056f17
[INFO] [stdout]                                at /rustc/53fd98ca776cb875bc9e5514f56b52eb74f9e7a9/library/core/src/ops/function.rs:227:5
[INFO] [stdout]   56:     0x56113702ce37 - <alloc::boxed::Box<F,A> as core::ops::function::FnOnce<Args>>::call_once::h65c29e4642be2358
[INFO] [stdout]                                at /rustc/53fd98ca776cb875bc9e5514f56b52eb74f9e7a9/library/alloc/src/boxed.rs:1572:9
[INFO] [stdout]   57:     0x56113702ce37 - <alloc::boxed::Box<F,A> as core::ops::function::FnOnce<Args>>::call_once::hd0f8f7fbbd9fffbf
[INFO] [stdout]                                at /rustc/53fd98ca776cb875bc9e5514f56b52eb74f9e7a9/library/alloc/src/boxed.rs:1572:9
[INFO] [stdout]   58:     0x56113702ce37 - std::sys::unix::thread::Thread::new::thread_start::h2fd22fee3ca77b65
[INFO] [stdout]                                at /rustc/53fd98ca776cb875bc9e5514f56b52eb74f9e7a9/library/std/src/sys/unix/thread.rs:74:17
[INFO] [stdout]   59:     0x7ff2b4552609 - start_thread
[INFO] [stdout]   60:     0x7ff2b4324293 - clone
[INFO] [stdout]   61:                0x0 - <unknown>
[INFO] [stdout] 
[INFO] [stdout] ---- subcommand::dump::tests::templates stdout ----
[INFO] [stdout] thread 'subcommand::dump::tests::templates' panicked at 'attempted to leave type `linked_hash_map::Node<yaml::Yaml, yaml::Yaml>` uninitialized, which is invalid', /rustc/53fd98ca776cb875bc9e5514f56b52eb74f9e7a9/library/core/src/mem/mod.rs:663:9
[INFO] [stdout] stack backtrace:
[INFO] [stdout]    0:     0x561137025920 - std::backtrace_rs::backtrace::libunwind::trace::hff4d1766e93f64f1
[INFO] [stdout]                                at /rustc/53fd98ca776cb875bc9e5514f56b52eb74f9e7a9/library/std/src/../../backtrace/src/backtrace/libunwind.rs:90:5
[INFO] [stdout]    1:     0x561137025920 - std::backtrace_rs::backtrace::trace_unsynchronized::h56bbc8eb78770bcb
[INFO] [stdout]                                at /rustc/53fd98ca776cb875bc9e5514f56b52eb74f9e7a9/library/std/src/../../backtrace/src/backtrace/mod.rs:66:5
[INFO] [stdout]    2:     0x561137025920 - std::sys_common::backtrace::_print_fmt::h5c8e75464faca780
[INFO] [stdout]                                at /rustc/53fd98ca776cb875bc9e5514f56b52eb74f9e7a9/library/std/src/sys_common/backtrace.rs:67:5
[INFO] [stdout]    3:     0x561137025920 - <std::sys_common::backtrace::_print::DisplayBacktrace as core::fmt::Display>::fmt::h48b88277def8b362
[INFO] [stdout]                                at /rustc/53fd98ca776cb875bc9e5514f56b52eb74f9e7a9/library/std/src/sys_common/backtrace.rs:46:22
[INFO] [stdout]    4:     0x56113704a2ec - core::fmt::write::h3381b3176fe2b3d3
[INFO] [stdout]                                at /rustc/53fd98ca776cb875bc9e5514f56b52eb74f9e7a9/library/core/src/fmt/mod.rs:1115:17
[INFO] [stdout]    5:     0x5611370223f5 - std::io::Write::write_fmt::h5f34a676f60246b5
[INFO] [stdout]                                at /rustc/53fd98ca776cb875bc9e5514f56b52eb74f9e7a9/library/std/src/io/mod.rs:1665:15
[INFO] [stdout]    6:     0x561137027aab - std::sys_common::backtrace::_print::ha537687d6c17dd0d
[INFO] [stdout]                                at /rustc/53fd98ca776cb875bc9e5514f56b52eb74f9e7a9/library/std/src/sys_common/backtrace.rs:49:5
[INFO] [stdout]    7:     0x561137027aab - std::sys_common::backtrace::print::h61376ae57d131d72
[INFO] [stdout]                                at /rustc/53fd98ca776cb875bc9e5514f56b52eb74f9e7a9/library/std/src/sys_common/backtrace.rs:36:9
[INFO] [stdout]    8:     0x561137027aab - std::panicking::default_hook::{{closure}}::h0f7208c0b9644a54
[INFO] [stdout]                                at /rustc/53fd98ca776cb875bc9e5514f56b52eb74f9e7a9/library/std/src/panicking.rs:208:50
[INFO] [stdout]    9:     0x5611370275bc - std::panicking::default_hook::hdac7fc06578c14ce
[INFO] [stdout]                                at /rustc/53fd98ca776cb875bc9e5514f56b52eb74f9e7a9/library/std/src/panicking.rs:222:9
[INFO] [stdout]   10:     0x561137028174 - std::panicking::rust_panic_with_hook::h72b21c283da3d1ef
[INFO] [stdout]                                at /rustc/53fd98ca776cb875bc9e5514f56b52eb74f9e7a9/library/std/src/panicking.rs:622:17
[INFO] [stdout]   11:     0x561137027c27 - std::panicking::begin_panic_handler::{{closure}}::he5778f1729cff84a
[INFO] [stdout]                                at /rustc/53fd98ca776cb875bc9e5514f56b52eb74f9e7a9/library/std/src/panicking.rs:517:13
[INFO] [stdout]   12:     0x561137025dfc - std::sys_common::backtrace::__rust_end_short_backtrace::h2d11ca8b453b4b1d
[INFO] [stdout]                                at /rustc/53fd98ca776cb875bc9e5514f56b52eb74f9e7a9/library/std/src/sys_common/backtrace.rs:141:18
[INFO] [stdout]   13:     0x561137027bb9 - rust_begin_unwind
[INFO] [stdout]                                at /rustc/53fd98ca776cb875bc9e5514f56b52eb74f9e7a9/library/std/src/panicking.rs:515:5
[INFO] [stdout]   14:     0x561136a9a941 - core::panicking::panic_fmt::hf9de31d4acbce4db
[INFO] [stdout]                                at /rustc/53fd98ca776cb875bc9e5514f56b52eb74f9e7a9/library/core/src/panicking.rs:92:14
[INFO] [stdout]   15:     0x561136a9a88d - core::panicking::panic::h8a6bc58a21c6c095
[INFO] [stdout]                                at /rustc/53fd98ca776cb875bc9e5514f56b52eb74f9e7a9/library/core/src/panicking.rs:50:5
[INFO] [stdout]   16:     0x561136b0e9da - core::mem::uninitialized::hb9e14656c3d3927b
[INFO] [stdout]                                at /rustc/53fd98ca776cb875bc9e5514f56b52eb74f9e7a9/library/core/src/mem/mod.rs:663:9
[INFO] [stdout]   17:     0x561136b0e9da - linked_hash_map::LinkedHashMap<K,V,S>::ensure_guard_node::h5128c65546d2e52d
[INFO] [stdout]                                at /opt/rustwide/cargo-home/registry/src/github.com-1ecc6299db9ec823/linked-hash-map-0.5.2/src/lib.rs:174:52
[INFO] [stdout]   18:     0x561136b0ebfc - linked_hash_map::LinkedHashMap<K,V,S>::insert::h718999058f83295d
[INFO] [stdout]                                at /opt/rustwide/cargo-home/registry/src/github.com-1ecc6299db9ec823/linked-hash-map-0.5.2/src/lib.rs:304:9
[INFO] [stdout]   19:     0x561136ad6547 - <serde_yaml::ser::SerializeMap as serde::ser::SerializeMap>::serialize_entry::h8919b7e10f8c41b9
[INFO] [stdout]                                at /opt/rustwide/cargo-home/registry/src/github.com-1ecc6299db9ec823/serde_yaml-0.8.9/src/ser.rs:346:9
[INFO] [stdout]   20:     0x561136ad5f40 - serde::ser::Serializer::collect_map::h5381d861b2286940
[INFO] [stdout]                                at /opt/rustwide/cargo-home/registry/src/github.com-1ecc6299db9ec823/serde-1.0.99/src/ser/mod.rs:1315:18
[INFO] [stdout]   21:     0x561136ab6db5 - serde::ser::impls::<impl serde::ser::Serialize for alloc::collections::btree::map::BTreeMap<K,V>>::serialize::h1d8bd3526f68b1a0
[INFO] [stdout]                                at /opt/rustwide/cargo-home/registry/src/github.com-1ecc6299db9ec823/serde-1.0.99/src/ser/impls.rs:364:17
[INFO] [stdout]   22:     0x561136ab6dd8 - serde::ser::impls::<impl serde::ser::Serialize for &T>::serialize::hc7e4fc01af6a3919
[INFO] [stdout]                                at /opt/rustwide/cargo-home/registry/src/github.com-1ecc6299db9ec823/serde-1.0.99/src/ser/impls.rs:390:17
[INFO] [stdout]   23:     0x561136ad6225 - <serde_yaml::ser::Serializer as serde::ser::Serializer>::serialize_some::hee46dde9ac8c2356
[INFO] [stdout]                                at /opt/rustwide/cargo-home/registry/src/github.com-1ecc6299db9ec823/serde_yaml-0.8.9/src/ser.rs:165:9
[INFO] [stdout]   24:     0x561136abfc3d - serde::ser::impls::<impl serde::ser::Serialize for core::option::Option<T>>::serialize::h4ba1bbb3e8ae0a1b
[INFO] [stdout]                                at /opt/rustwide/cargo-home/registry/src/github.com-1ecc6299db9ec823/serde-1.0.99/src/ser/impls.rs:109:32
[INFO] [stdout]   25:     0x561136abfbd8 - serde::ser::impls::<impl serde::ser::Serialize for &T>::serialize::h23366ab51ffdcd7f
[INFO] [stdout]                                at /opt/rustwide/cargo-home/registry/src/github.com-1ecc6299db9ec823/serde-1.0.99/src/ser/impls.rs:390:17
[INFO] [stdout]   26:     0x561136ad48eb - serde_yaml::ser::to_yaml::h8675b79c7f5f5f9b
[INFO] [stdout]                                at /opt/rustwide/cargo-home/registry/src/github.com-1ecc6299db9ec823/serde_yaml-0.8.9/src/ser.rs:452:5
[INFO] [stdout]   27:     0x561136ad680a - <serde_yaml::ser::SerializeStruct as serde::ser::SerializeStruct>::serialize_field::h01ed403627bac7b5
[INFO] [stdout]                                at /opt/rustwide/cargo-home/registry/src/github.com-1ecc6299db9ec823/serde_yaml-0.8.9/src/ser.rs:363:41
[INFO] [stdout]   28:     0x561136ab5b0a - odin::subcommand::dump::Dump::format::_IMPL_SERIALIZE_FOR_Pretty::<impl serde::ser::Serialize for odin::subcommand::dump::Dump::format::Pretty>::serialize::hafb10f611da15e02
[INFO] [stdout]                                at /opt/rustwide/workdir/src/subcommand/dump.rs:13:14
[INFO] [stdout]   29:     0x561136ab2b18 - serde::ser::impls::<impl serde::ser::Serialize for &T>::serialize::h55a19e47b63ef349
[INFO] [stdout]                                at /opt/rustwide/cargo-home/registry/src/github.com-1ecc6299db9ec823/serde-1.0.99/src/ser/impls.rs:390:17
[INFO] [stdout]   30:     0x561136ad489b - serde_yaml::ser::to_yaml::h64e2982bc66c6386
[INFO] [stdout]                                at /opt/rustwide/cargo-home/registry/src/github.com-1ecc6299db9ec823/serde_yaml-0.8.9/src/ser.rs:452:5
[INFO] [stdout]   31:     0x561136ad4b09 - serde_yaml::ser::to_writer::h9e62d3136edd3692
[INFO] [stdout]                                at /opt/rustwide/cargo-home/registry/src/github.com-1ecc6299db9ec823/serde_yaml-0.8.9/src/ser.rs:398:15
[INFO] [stdout]   32:     0x561136ad472a - serde_yaml::ser::to_vec::h874e1a5a05a6324f
[INFO] [stdout]                                at /opt/rustwide/cargo-home/registry/src/github.com-1ecc6299db9ec823/serde_yaml-0.8.9/src/ser.rs:415:5
[INFO] [stdout]   33:     0x561136ad4945 - serde_yaml::ser::to_string::h7b82e6114e8cf9ae
[INFO] [stdout]                                at /opt/rustwide/cargo-home/registry/src/github.com-1ecc6299db9ec823/serde_yaml-0.8.9/src/ser.rs:427:26
[INFO] [stdout]   34:     0x561136ab43a9 - odin::subcommand::dump::Dump::format::h8ca2ec92b07c40ad
[INFO] [stdout]                                at /opt/rustwide/workdir/src/subcommand/dump.rs:26:7
[INFO] [stdout]   35:     0x561136ac462e - odin::subcommand::dump::tests::templates::h56a8f363d9f30c64
[INFO] [stdout]                                at /opt/rustwide/workdir/src/subcommand/dump.rs:48:7
[INFO] [stdout]   36:     0x561136ac4537 - odin::subcommand::dump::tests::templates::{{closure}}::hed261d80176bc54f
[INFO] [stdout]                                at /opt/rustwide/workdir/src/subcommand/dump.rs:39:3
[INFO] [stdout]   37:     0x561136ad87fe - core::ops::function::FnOnce::call_once::h100ed79e35fe7ff1
[INFO] [stdout]                                at /rustc/53fd98ca776cb875bc9e5514f56b52eb74f9e7a9/library/core/src/ops/function.rs:227:5
[INFO] [stdout]   38:     0x561136b672e3 - core::ops::function::FnOnce::call_once::hbb52c4519d3137b0
[INFO] [stdout]                                at /rustc/53fd98ca776cb875bc9e5514f56b52eb74f9e7a9/library/core/src/ops/function.rs:227:5
[INFO] [stdout]   39:     0x561136b672e3 - test::__rust_begin_short_backtrace::h86fe3a2a5a5121af
[INFO] [stdout]                                at /rustc/53fd98ca776cb875bc9e5514f56b52eb74f9e7a9/library/test/src/lib.rs:578:5
[INFO] [stdout]   40:     0x561136b65d98 - <alloc::boxed::Box<F,A> as core::ops::function::FnOnce<Args>>::call_once::hfd956bc3d57399be
[INFO] [stdout]                                at /rustc/53fd98ca776cb875bc9e5514f56b52eb74f9e7a9/library/alloc/src/boxed.rs:1572:9
[INFO] [stdout]   41:     0x561136b65d98 - <std::panic::AssertUnwindSafe<F> as core::ops::function::FnOnce<()>>::call_once::h40dc93e0ddb5938a
[INFO] [stdout]                                at /rustc/53fd98ca776cb875bc9e5514f56b52eb74f9e7a9/library/std/src/panic.rs:347:9
[INFO] [stdout]   42:     0x561136b65d98 - std::panicking::try::do_call::h90d07750cb47c562
[INFO] [stdout]                                at /rustc/53fd98ca776cb875bc9e5514f56b52eb74f9e7a9/library/std/src/panicking.rs:401:40
[INFO] [stdout]   43:     0x561136b65d98 - std::panicking::try::h063c84733ad2a629
[INFO] [stdout]                                at /rustc/53fd98ca776cb875bc9e5514f56b52eb74f9e7a9/library/std/src/panicking.rs:365:19
[INFO] [stdout]   44:     0x561136b65d98 - std::panic::catch_unwind::h0c464836a84e7c08
[INFO] [stdout]                                at /rustc/53fd98ca776cb875bc9e5514f56b52eb74f9e7a9/library/std/src/panic.rs:434:14
[INFO] [stdout]   45:     0x561136b65d98 - test::run_test_in_process::h5cb06ef620b157fc
[INFO] [stdout]                                at /rustc/53fd98ca776cb875bc9e5514f56b52eb74f9e7a9/library/test/src/lib.rs:601:18
[INFO] [stdout]   46:     0x561136b65d98 - test::run_test::run_test_inner::{{closure}}::h76f677f4b93f9828
[INFO] [stdout]                                at /rustc/53fd98ca776cb875bc9e5514f56b52eb74f9e7a9/library/test/src/lib.rs:493:39
[INFO] [stdout]   47:     0x561136b3452d - test::run_test::run_test_inner::{{closure}}::h366d01fe04f4d67a
[INFO] [stdout]                                at /rustc/53fd98ca776cb875bc9e5514f56b52eb74f9e7a9/library/test/src/lib.rs:520:37
[INFO] [stdout]   48:     0x561136b3452d - std::sys_common::backtrace::__rust_begin_short_backtrace::h7dfa0de4eb395af2
[INFO] [stdout]                                at /rustc/53fd98ca776cb875bc9e5514f56b52eb74f9e7a9/library/std/src/sys_common/backtrace.rs:125:18
[INFO] [stdout]   49:     0x561136b38cf8 - std::thread::Builder::spawn_unchecked::{{closure}}::{{closure}}::hf0a74bb58798037f
[INFO] [stdout]                                at /rustc/53fd98ca776cb875bc9e5514f56b52eb74f9e7a9/library/std/src/thread/mod.rs:476:17
[INFO] [stdout]   50:     0x561136b38cf8 - <std::panic::AssertUnwindSafe<F> as core::ops::function::FnOnce<()>>::call_once::hb024e854818586ac
[INFO] [stdout]                                at /rustc/53fd98ca776cb875bc9e5514f56b52eb74f9e7a9/library/std/src/panic.rs:347:9
[INFO] [stdout]   51:     0x561136b38cf8 - std::panicking::try::do_call::hb2dd9f1d0d48e41d
[INFO] [stdout]                                at /rustc/53fd98ca776cb875bc9e5514f56b52eb74f9e7a9/library/std/src/panicking.rs:401:40
[INFO] [stdout]   52:     0x561136b38cf8 - std::panicking::try::h4717ae7bac8b2bf3
[INFO] [stdout]                                at /rustc/53fd98ca776cb875bc9e5514f56b52eb74f9e7a9/library/std/src/panicking.rs:365:19
[INFO] [stdout]   53:     0x561136b38cf8 - std::panic::catch_unwind::h0dc8a061326ce8d8
[INFO] [stdout]                                at /rustc/53fd98ca776cb875bc9e5514f56b52eb74f9e7a9/library/std/src/panic.rs:434:14
[INFO] [stdout]   54:     0x561136b38cf8 - std::thread::Builder::spawn_unchecked::{{closure}}::haa369e2d6fd00aa1
[INFO] [stdout]                                at /rustc/53fd98ca776cb875bc9e5514f56b52eb74f9e7a9/library/std/src/thread/mod.rs:475:30
[INFO] [stdout]   55:     0x561136b38cf8 - core::ops::function::FnOnce::call_once{{vtable.shim}}::h36dcf3de8b056f17
[INFO] [stdout]                                at /rustc/53fd98ca776cb875bc9e5514f56b52eb74f9e7a9/library/core/src/ops/function.rs:227:5
[INFO] [stdout]   56:     0x56113702ce37 - <alloc::boxed::Box<F,A> as core::ops::function::FnOnce<Args>>::call_once::h65c29e4642be2358
[INFO] [stdout]                                at /rustc/53fd98ca776cb875bc9e5514f56b52eb74f9e7a9/library/alloc/src/boxed.rs:1572:9
[INFO] [stdout]   57:     0x56113702ce37 - <alloc::boxed::Box<F,A> as core::ops::function::FnOnce<Args>>::call_once::hd0f8f7fbbd9fffbf
[INFO] [stdout]                                at /rustc/53fd98ca776cb875bc9e5514f56b52eb74f9e7a9/library/alloc/src/boxed.rs:1572:9
[INFO] [stdout]   58:     0x56113702ce37 - std::sys::unix::thread::Thread::new::thread_start::h2fd22fee3ca77b65
[INFO] [stdout]                                at /rustc/53fd98ca776cb875bc9e5514f56b52eb74f9e7a9/library/std/src/sys/unix/thread.rs:74:17
[INFO] [stdout]   59:     0x7ff2b4552609 - start_thread
[INFO] [stdout]   60:     0x7ff2b4324293 - clone
[INFO] [stdout]   61:                0x0 - <unknown>
[INFO] [stdout] 
[INFO] [stdout] 
[INFO] [stdout] failures:
[INFO] [stdout]     subcommand::dump::tests::templates
[INFO] [stdout]     subcommand::dump::tests::templates_and_aliases
[INFO] [stdout] 
[INFO] [stdout] test result: FAILED. 18 passed; 2 failed; 0 ignored; 0 measured; 0 filtered out; finished in 0.14s
[INFO] [stdout] 
[INFO] running `Command { std: "docker" "inspect" "da1941a203b34056dc22b7824f78588e8f73d8a9e1e8887b939ae7942f1fbace", kill_on_drop: false }`
[INFO] running `Command { std: "docker" "rm" "-f" "da1941a203b34056dc22b7824f78588e8f73d8a9e1e8887b939ae7942f1fbace", kill_on_drop: false }`
[INFO] [stdout] da1941a203b34056dc22b7824f78588e8f73d8a9e1e8887b939ae7942f1fbace
