[INFO] fetching crate object-pool 0.5.4...
[INFO] testing object-pool-0.5.4 against 1.54.0 for beta-1.55-1
[INFO] extracting crate object-pool 0.5.4 into /workspace/builds/worker-41/source
[INFO] validating manifest of crates.io crate object-pool 0.5.4 on toolchain 1.54.0
[INFO] running `Command { std: "/workspace/cargo-home/bin/cargo" "+1.54.0" "metadata" "--manifest-path" "Cargo.toml" "--no-deps", kill_on_drop: false }`
[INFO] started tweaking crates.io crate object-pool 0.5.4
[INFO] finished tweaking crates.io crate object-pool 0.5.4
[INFO] tweaked toml for crates.io crate object-pool 0.5.4 written to /workspace/builds/worker-41/source/Cargo.toml
[INFO] running `Command { std: "/workspace/cargo-home/bin/cargo" "+1.54.0" "generate-lockfile" "--manifest-path" "Cargo.toml" "-Zno-index-update", kill_on_drop: false }`
[INFO] running `Command { std: "/workspace/cargo-home/bin/cargo" "+1.54.0" "fetch" "--manifest-path" "Cargo.toml", kill_on_drop: false }`
[INFO] running `Command { std: "docker" "create" "-v" "/var/lib/crater-agent-workspace/builds/worker-41/target:/opt/rustwide/target:rw,Z" "-v" "/var/lib/crater-agent-workspace/builds/worker-41/source:/opt/rustwide/workdir:ro,Z" "-v" "/var/lib/crater-agent-workspace/cargo-home:/opt/rustwide/cargo-home:ro,Z" "-v" "/var/lib/crater-agent-workspace/rustup-home:/opt/rustwide/rustup-home:ro,Z" "-e" "SOURCE_DIR=/opt/rustwide/workdir" "-e" "CARGO_TARGET_DIR=/opt/rustwide/target" "-e" "CARGO_HOME=/opt/rustwide/cargo-home" "-e" "RUSTUP_HOME=/opt/rustwide/rustup-home" "-w" "/opt/rustwide/workdir" "-m" "1610612736" "--user" "0:0" "--network" "none" "ghcr.io/rust-lang/crates-build-env/linux@sha256:34b6a614d2c27851fe6cbf88fbd1137609cefab8b10d0615aaeb6fd47975d74e" "/opt/rustwide/cargo-home/bin/cargo" "+1.54.0" "metadata" "--no-deps" "--format-version=1", kill_on_drop: false }`
[INFO] [stdout] 6c47f24455c091be1e5de271ffab12d92638798ef48832c2c911c12370444706
[INFO] running `Command { std: "docker" "start" "-a" "6c47f24455c091be1e5de271ffab12d92638798ef48832c2c911c12370444706", kill_on_drop: false }`
[INFO] running `Command { std: "docker" "inspect" "6c47f24455c091be1e5de271ffab12d92638798ef48832c2c911c12370444706", kill_on_drop: false }`
[INFO] running `Command { std: "docker" "rm" "-f" "6c47f24455c091be1e5de271ffab12d92638798ef48832c2c911c12370444706", kill_on_drop: false }`
[INFO] [stdout] 6c47f24455c091be1e5de271ffab12d92638798ef48832c2c911c12370444706
[INFO] running `Command { std: "docker" "create" "-v" "/var/lib/crater-agent-workspace/builds/worker-41/target:/opt/rustwide/target:rw,Z" "-v" "/var/lib/crater-agent-workspace/builds/worker-41/source:/opt/rustwide/workdir:ro,Z" "-v" "/var/lib/crater-agent-workspace/cargo-home:/opt/rustwide/cargo-home:ro,Z" "-v" "/var/lib/crater-agent-workspace/rustup-home:/opt/rustwide/rustup-home:ro,Z" "-e" "SOURCE_DIR=/opt/rustwide/workdir" "-e" "CARGO_TARGET_DIR=/opt/rustwide/target" "-e" "CARGO_INCREMENTAL=0" "-e" "RUST_BACKTRACE=full" "-e" "RUSTFLAGS=--cap-lints=warn" "-e" "CARGO_HOME=/opt/rustwide/cargo-home" "-e" "RUSTUP_HOME=/opt/rustwide/rustup-home" "-w" "/opt/rustwide/workdir" "-m" "1610612736" "--user" "0:0" "--network" "none" "ghcr.io/rust-lang/crates-build-env/linux@sha256:34b6a614d2c27851fe6cbf88fbd1137609cefab8b10d0615aaeb6fd47975d74e" "/opt/rustwide/cargo-home/bin/cargo" "+1.54.0" "build" "--frozen" "--message-format=json", kill_on_drop: false }`
[INFO] [stdout] 5e38fe6f145740fb88ee339d3481318060fef3d03f40323abecb7040d989ab6b
[INFO] running `Command { std: "docker" "start" "-a" "5e38fe6f145740fb88ee339d3481318060fef3d03f40323abecb7040d989ab6b", kill_on_drop: false }`
[INFO] [stderr]     Blocking waiting for file lock on package cache
[INFO] [stderr]     Blocking waiting for file lock on package cache
[INFO] [stderr]     Blocking waiting for file lock on package cache
[INFO] [stderr]    Compiling cfg-if v1.0.0
[INFO] [stderr]    Compiling scopeguard v1.1.0
[INFO] [stderr]    Compiling smallvec v1.6.1
[INFO] [stderr]    Compiling instant v0.1.10
[INFO] [stderr]    Compiling lock_api v0.4.4
[INFO] [stderr]    Compiling parking_lot_core v0.8.3
[INFO] [stderr]    Compiling parking_lot v0.11.1
[INFO] [stderr]    Compiling object-pool v0.5.4 (/opt/rustwide/workdir)
[INFO] [stderr]     Finished dev [unoptimized + debuginfo] target(s) in 1.69s
[INFO] running `Command { std: "docker" "inspect" "5e38fe6f145740fb88ee339d3481318060fef3d03f40323abecb7040d989ab6b", kill_on_drop: false }`
[INFO] running `Command { std: "docker" "rm" "-f" "5e38fe6f145740fb88ee339d3481318060fef3d03f40323abecb7040d989ab6b", kill_on_drop: false }`
[INFO] [stdout] 5e38fe6f145740fb88ee339d3481318060fef3d03f40323abecb7040d989ab6b
[INFO] running `Command { std: "docker" "create" "-v" "/var/lib/crater-agent-workspace/builds/worker-41/target:/opt/rustwide/target:rw,Z" "-v" "/var/lib/crater-agent-workspace/builds/worker-41/source:/opt/rustwide/workdir:ro,Z" "-v" "/var/lib/crater-agent-workspace/cargo-home:/opt/rustwide/cargo-home:ro,Z" "-v" "/var/lib/crater-agent-workspace/rustup-home:/opt/rustwide/rustup-home:ro,Z" "-e" "SOURCE_DIR=/opt/rustwide/workdir" "-e" "CARGO_TARGET_DIR=/opt/rustwide/target" "-e" "CARGO_INCREMENTAL=0" "-e" "RUST_BACKTRACE=full" "-e" "RUSTFLAGS=--cap-lints=warn" "-e" "CARGO_HOME=/opt/rustwide/cargo-home" "-e" "RUSTUP_HOME=/opt/rustwide/rustup-home" "-w" "/opt/rustwide/workdir" "-m" "1610612736" "--user" "0:0" "--network" "none" "ghcr.io/rust-lang/crates-build-env/linux@sha256:34b6a614d2c27851fe6cbf88fbd1137609cefab8b10d0615aaeb6fd47975d74e" "/opt/rustwide/cargo-home/bin/cargo" "+1.54.0" "test" "--frozen" "--no-run" "--message-format=json", kill_on_drop: false }`
[INFO] [stdout] 09ade7be1be8ee9c01fc43ac3e789d63e97dc6f9da250c36d0cb902da3232796
[INFO] running `Command { std: "docker" "start" "-a" "09ade7be1be8ee9c01fc43ac3e789d63e97dc6f9da250c36d0cb902da3232796", kill_on_drop: false }`
[INFO] [stderr]    Compiling crossbeam-utils v0.8.5
[INFO] [stderr]    Compiling serde v1.0.127
[INFO] [stderr]    Compiling semver v1.0.4
[INFO] [stderr]    Compiling memchr v2.4.0
[INFO] [stderr]    Compiling ryu v1.0.5
[INFO] [stderr]    Compiling crossbeam-epoch v0.9.5
[INFO] [stderr]    Compiling rayon-core v1.9.1
[INFO] [stderr]    Compiling itoa v0.4.7
[INFO] [stderr]    Compiling either v1.6.1
[INFO] [stderr]    Compiling serde_json v1.0.66
[INFO] [stderr]    Compiling syn v1.0.74
[INFO] [stderr]    Compiling serde_derive v1.0.127
[INFO] [stderr]    Compiling plotters-backend v0.3.2
[INFO] [stderr]    Compiling regex-automata v0.1.10
[INFO] [stderr]    Compiling unicode-width v0.1.8
[INFO] [stderr]    Compiling half v1.7.1
[INFO] [stderr]    Compiling same-file v1.0.6
[INFO] [stderr]    Compiling regex-syntax v0.6.25
[INFO] [stderr]    Compiling oorandom v11.1.3
[INFO] [stderr]    Compiling memoffset v0.6.4
[INFO] [stderr]    Compiling rayon v1.5.1
[INFO] [stderr]    Compiling quote v1.0.9
[INFO] [stderr]    Compiling num_cpus v1.13.0
[INFO] [stderr]    Compiling atty v0.2.14
[INFO] [stderr]    Compiling itertools v0.10.1
[INFO] [stderr]    Compiling textwrap v0.11.0
[INFO] [stderr]    Compiling walkdir v2.3.2
[INFO] [stderr]    Compiling plotters-svg v0.3.1
[INFO] [stderr]    Compiling clap v2.33.3
[INFO] [stderr]    Compiling plotters v0.3.1
[INFO] [stderr]    Compiling csv-core v0.1.10
[INFO] [stderr]    Compiling crossbeam-channel v0.5.1
[INFO] [stderr]    Compiling rustc_version v0.4.0
[INFO] [stderr]    Compiling regex v1.5.4
[INFO] [stderr]    Compiling cast v0.2.7
[INFO] [stderr]    Compiling crossbeam-deque v0.8.1
[INFO] [stderr]    Compiling criterion-plot v0.4.4
[INFO] [stderr]    Compiling bstr v0.2.16
[INFO] [stderr]    Compiling serde_cbor v0.11.1
[INFO] [stderr]    Compiling csv v1.1.6
[INFO] [stderr]    Compiling tinytemplate v1.2.1
[INFO] [stderr]    Compiling criterion v0.3.5
[INFO] [stderr]    Compiling object-pool v0.5.4 (/opt/rustwide/workdir)
[INFO] [stderr]     Finished test [unoptimized + debuginfo] target(s) in 29.60s
[INFO] running `Command { std: "docker" "inspect" "09ade7be1be8ee9c01fc43ac3e789d63e97dc6f9da250c36d0cb902da3232796", kill_on_drop: false }`
[INFO] running `Command { std: "docker" "rm" "-f" "09ade7be1be8ee9c01fc43ac3e789d63e97dc6f9da250c36d0cb902da3232796", kill_on_drop: false }`
[INFO] [stdout] 09ade7be1be8ee9c01fc43ac3e789d63e97dc6f9da250c36d0cb902da3232796
[INFO] running `Command { std: "docker" "create" "-v" "/var/lib/crater-agent-workspace/builds/worker-41/target:/opt/rustwide/target:rw,Z" "-v" "/var/lib/crater-agent-workspace/builds/worker-41/source:/opt/rustwide/workdir:ro,Z" "-v" "/var/lib/crater-agent-workspace/cargo-home:/opt/rustwide/cargo-home:ro,Z" "-v" "/var/lib/crater-agent-workspace/rustup-home:/opt/rustwide/rustup-home:ro,Z" "-e" "SOURCE_DIR=/opt/rustwide/workdir" "-e" "CARGO_TARGET_DIR=/opt/rustwide/target" "-e" "CARGO_INCREMENTAL=0" "-e" "RUST_BACKTRACE=full" "-e" "RUSTFLAGS=--cap-lints=warn" "-e" "CARGO_HOME=/opt/rustwide/cargo-home" "-e" "RUSTUP_HOME=/opt/rustwide/rustup-home" "-w" "/opt/rustwide/workdir" "-m" "1610612736" "--user" "0:0" "--network" "none" "ghcr.io/rust-lang/crates-build-env/linux@sha256:34b6a614d2c27851fe6cbf88fbd1137609cefab8b10d0615aaeb6fd47975d74e" "/opt/rustwide/cargo-home/bin/cargo" "+1.54.0" "test" "--frozen", kill_on_drop: false }`
[INFO] [stdout] 16eaae185eeff82ccd0ed5f819a046ad6adf7f912f49a44ae0131ffe38960cf0
[INFO] running `Command { std: "docker" "start" "-a" "16eaae185eeff82ccd0ed5f819a046ad6adf7f912f49a44ae0131ffe38960cf0", kill_on_drop: false }`
[INFO] [stderr]     Blocking waiting for file lock on package cache
[INFO] [stderr]     Blocking waiting for file lock on package cache
[INFO] [stderr]     Finished test [unoptimized + debuginfo] target(s) in 0.20s
[INFO] [stderr]      Running unittests (/opt/rustwide/target/debug/deps/object_pool-f490b6a339ff2fef)
[INFO] [stdout] 
[INFO] [stdout] running 4 tests
[INFO] [stdout] test tests::detach ... ok
[INFO] [stdout] test tests::pull ... ok
[INFO] [stdout] test tests::e2e ... ok
[INFO] [stdout] test tests::detach_then_attach ... ok
[INFO] [stdout] 
[INFO] [stdout] test result: ok. 4 passed; 0 failed; 0 ignored; 0 measured; 0 filtered out; finished in 0.00s
[INFO] [stdout] 
[INFO] [stderr]    Doc-tests object-pool
[INFO] [stdout] 
[INFO] [stdout] running 5 tests
[INFO] [stdout] test src/lib.rs - (line 43) ... FAILED
[INFO] [stdout] test src/lib.rs - (line 10) ... FAILED
[INFO] [stdout] test src/lib.rs - (line 14) ... FAILED
[INFO] [stdout] test src/lib.rs - (line 21) ... FAILED
[INFO] [stdout] test src/lib.rs - (line 29) ... FAILED
[INFO] [stdout] 
[INFO] [stdout] failures:
[INFO] [stdout] 
[INFO] [stdout] ---- src/lib.rs - (line 43) stdout ----
[INFO] [stdout] error[E0433]: failed to resolve: use of undeclared type `T`
[INFO] [stdout]  --> src/lib.rs:44:53
[INFO] [stdout]   |
[INFO] [stdout] 3 | let pool: Arc<Pool<T>> = Arc::new(Pool::new(cap, || T::new()));
[INFO] [stdout]   |                                                     ^ use of undeclared type `T`
[INFO] [stdout] 
[INFO] [stdout] error[E0412]: cannot find type `Arc` in this scope
[INFO] [stdout]  --> src/lib.rs:44:11
[INFO] [stdout]   |
[INFO] [stdout] 3 | let pool: Arc<Pool<T>> = Arc::new(Pool::new(cap, || T::new()));
[INFO] [stdout]   |           ^^^ not found in this scope
[INFO] [stdout]   |
[INFO] [stdout] help: consider importing this struct
[INFO] [stdout]   |
[INFO] [stdout] 2 | use std::sync::Arc;
[INFO] [stdout]   |
[INFO] [stdout] 
[INFO] [stdout] error[E0412]: cannot find type `Pool` in this scope
[INFO] [stdout]  --> src/lib.rs:44:15
[INFO] [stdout]   |
[INFO] [stdout] 3 | let pool: Arc<Pool<T>> = Arc::new(Pool::new(cap, || T::new()));
[INFO] [stdout]   |               ^^^^
[INFO] [stdout]   |
[INFO] [stdout] help: a builtin type with a similar name exists
[INFO] [stdout]   |
[INFO] [stdout] 3 | let pool: Arc<bool<T>> = Arc::new(Pool::new(cap, || T::new()));
[INFO] [stdout]   |               ^^^^
[INFO] [stdout] help: consider importing this struct
[INFO] [stdout]   |
[INFO] [stdout] 2 | use object_pool::Pool;
[INFO] [stdout]   |
[INFO] [stdout] 
[INFO] [stdout] error[E0412]: cannot find type `T` in this scope
[INFO] [stdout]  --> src/lib.rs:44:20
[INFO] [stdout]   |
[INFO] [stdout] 2 | fn main() { #[allow(non_snake_case)] fn _doctest_main_src_lib_rs_43_0() {
[INFO] [stdout]   |                                                                      - help: you might be missing a type parameter: `<T>`
[INFO] [stdout] 3 | let pool: Arc<Pool<T>> = Arc::new(Pool::new(cap, || T::new()));
[INFO] [stdout]   |                    ^ not found in this scope
[INFO] [stdout] 
[INFO] [stdout] error[E0433]: failed to resolve: use of undeclared type `Arc`
[INFO] [stdout]  --> src/lib.rs:44:26
[INFO] [stdout]   |
[INFO] [stdout] 3 | let pool: Arc<Pool<T>> = Arc::new(Pool::new(cap, || T::new()));
[INFO] [stdout]   |                          ^^^ not found in this scope
[INFO] [stdout]   |
[INFO] [stdout] help: consider importing this struct
[INFO] [stdout]   |
[INFO] [stdout] 2 | use std::sync::Arc;
[INFO] [stdout]   |
[INFO] [stdout] 
[INFO] [stdout] error[E0433]: failed to resolve: use of undeclared type `Pool`
[INFO] [stdout]  --> src/lib.rs:44:35
[INFO] [stdout]   |
[INFO] [stdout] 3 | let pool: Arc<Pool<T>> = Arc::new(Pool::new(cap, || T::new()));
[INFO] [stdout]   |                                   ^^^^
[INFO] [stdout]   |
[INFO] [stdout] help: a builtin type with a similar name exists
[INFO] [stdout]   |
[INFO] [stdout] 3 | let pool: Arc<Pool<T>> = Arc::new(bool::new(cap, || T::new()));
[INFO] [stdout]   |                                   ^^^^
[INFO] [stdout] help: consider importing this struct
[INFO] [stdout]   |
[INFO] [stdout] 2 | use object_pool::Pool;
[INFO] [stdout]   |
[INFO] [stdout] 
[INFO] [stdout] error[E0425]: cannot find value `cap` in this scope
[INFO] [stdout]  --> src/lib.rs:44:45
[INFO] [stdout]   |
[INFO] [stdout] 3 | let pool: Arc<Pool<T>> = Arc::new(Pool::new(cap, || T::new()));
[INFO] [stdout]   |                                             ^^^ not found in this scope
[INFO] [stdout] 
[INFO] [stdout] error: aborting due to 7 previous errors
[INFO] [stdout] 
[INFO] [stdout] Some errors have detailed explanations: E0412, E0425, E0433.
[INFO] [stdout] For more information about an error, try `rustc --explain E0412`.
[INFO] [stdout] Couldn't compile the test.
[INFO] [stdout] ---- src/lib.rs - (line 10) stdout ----
[INFO] [stdout] error[E0433]: failed to resolve: use of undeclared type `T`
[INFO] [stdout]  --> src/lib.rs:11:44
[INFO] [stdout]   |
[INFO] [stdout] 3 | let pool: Pool<T> = Pool::new(capacity, || T::new());
[INFO] [stdout]   |                                            ^ use of undeclared type `T`
[INFO] [stdout] 
[INFO] [stdout] error[E0412]: cannot find type `Pool` in this scope
[INFO] [stdout]  --> src/lib.rs:11:11
[INFO] [stdout]   |
[INFO] [stdout] 3 | let pool: Pool<T> = Pool::new(capacity, || T::new());
[INFO] [stdout]   |           ^^^^
[INFO] [stdout]   |
[INFO] [stdout] help: a builtin type with a similar name exists
[INFO] [stdout]   |
[INFO] [stdout] 3 | let pool: bool<T> = Pool::new(capacity, || T::new());
[INFO] [stdout]   |           ^^^^
[INFO] [stdout] help: consider importing this struct
[INFO] [stdout]   |
[INFO] [stdout] 2 | use object_pool::Pool;
[INFO] [stdout]   |
[INFO] [stdout] 
[INFO] [stdout] error[E0412]: cannot find type `T` in this scope
[INFO] [stdout]  --> src/lib.rs:11:16
[INFO] [stdout]   |
[INFO] [stdout] 2 | fn main() { #[allow(non_snake_case)] fn _doctest_main_src_lib_rs_10_0() {
[INFO] [stdout]   |                                                                      - help: you might be missing a type parameter: `<T>`
[INFO] [stdout] 3 | let pool: Pool<T> = Pool::new(capacity, || T::new());
[INFO] [stdout]   |                ^ not found in this scope
[INFO] [stdout] 
[INFO] [stdout] error[E0433]: failed to resolve: use of undeclared type `Pool`
[INFO] [stdout]  --> src/lib.rs:11:21
[INFO] [stdout]   |
[INFO] [stdout] 3 | let pool: Pool<T> = Pool::new(capacity, || T::new());
[INFO] [stdout]   |                     ^^^^
[INFO] [stdout]   |
[INFO] [stdout] help: a builtin type with a similar name exists
[INFO] [stdout]   |
[INFO] [stdout] 3 | let pool: Pool<T> = bool::new(capacity, || T::new());
[INFO] [stdout]   |                     ^^^^
[INFO] [stdout] help: consider importing this struct
[INFO] [stdout]   |
[INFO] [stdout] 2 | use object_pool::Pool;
[INFO] [stdout]   |
[INFO] [stdout] 
[INFO] [stdout] error[E0425]: cannot find value `capacity` in this scope
[INFO] [stdout]  --> src/lib.rs:11:31
[INFO] [stdout]   |
[INFO] [stdout] 3 | let pool: Pool<T> = Pool::new(capacity, || T::new());
[INFO] [stdout]   |                               ^^^^^^^^ not found in this scope
[INFO] [stdout] 
[INFO] [stdout] error: aborting due to 5 previous errors
[INFO] [stdout] 
[INFO] [stdout] Some errors have detailed explanations: E0412, E0425, E0433.
[INFO] [stdout] For more information about an error, try `rustc --explain E0412`.
[INFO] [stdout] Couldn't compile the test.
[INFO] [stdout] ---- src/lib.rs - (line 14) stdout ----
[INFO] [stdout] error[E0412]: cannot find type `Pool` in this scope
[INFO] [stdout]  --> src/lib.rs:15:11
[INFO] [stdout]   |
[INFO] [stdout] 3 | let pool: Pool<Vec<u8>> = Pool::new(32, || Vec::with_capacity(4096));
[INFO] [stdout]   |           ^^^^
[INFO] [stdout]   |
[INFO] [stdout] help: a builtin type with a similar name exists
[INFO] [stdout]   |
[INFO] [stdout] 3 | let pool: bool<Vec<u8>> = Pool::new(32, || Vec::with_capacity(4096));
[INFO] [stdout]   |           ^^^^
[INFO] [stdout] help: consider importing this struct
[INFO] [stdout]   |
[INFO] [stdout] 2 | use object_pool::Pool;
[INFO] [stdout]   |
[INFO] [stdout] 
[INFO] [stdout] error[E0433]: failed to resolve: use of undeclared type `Pool`
[INFO] [stdout]  --> src/lib.rs:15:27
[INFO] [stdout]   |
[INFO] [stdout] 3 | let pool: Pool<Vec<u8>> = Pool::new(32, || Vec::with_capacity(4096));
[INFO] [stdout]   |                           ^^^^
[INFO] [stdout]   |
[INFO] [stdout] help: a builtin type with a similar name exists
[INFO] [stdout]   |
[INFO] [stdout] 3 | let pool: Pool<Vec<u8>> = bool::new(32, || Vec::with_capacity(4096));
[INFO] [stdout]   |                           ^^^^
[INFO] [stdout] help: consider importing this struct
[INFO] [stdout]   |
[INFO] [stdout] 2 | use object_pool::Pool;
[INFO] [stdout]   |
[INFO] [stdout] 
[INFO] [stdout] error: aborting due to 2 previous errors
[INFO] [stdout] 
[INFO] [stdout] Some errors have detailed explanations: E0412, E0433.
[INFO] [stdout] For more information about an error, try `rustc --explain E0412`.
[INFO] [stdout] Couldn't compile the test.
[INFO] [stdout] ---- src/lib.rs - (line 21) stdout ----
[INFO] [stdout] error[E0412]: cannot find type `Pool` in this scope
[INFO] [stdout]  --> src/lib.rs:22:11
[INFO] [stdout]   |
[INFO] [stdout] 3 | let pool: Pool<Vec<u8>> = Pool::new(32, || Vec::with_capacity(4096));
[INFO] [stdout]   |           ^^^^
[INFO] [stdout]   |
[INFO] [stdout] help: a builtin type with a similar name exists
[INFO] [stdout]   |
[INFO] [stdout] 3 | let pool: bool<Vec<u8>> = Pool::new(32, || Vec::with_capacity(4096));
[INFO] [stdout]   |           ^^^^
[INFO] [stdout] help: consider importing this struct
[INFO] [stdout]   |
[INFO] [stdout] 2 | use object_pool::Pool;
[INFO] [stdout]   |
[INFO] [stdout] 
[INFO] [stdout] error[E0433]: failed to resolve: use of undeclared type `Pool`
[INFO] [stdout]  --> src/lib.rs:22:27
[INFO] [stdout]   |
[INFO] [stdout] 3 | let pool: Pool<Vec<u8>> = Pool::new(32, || Vec::with_capacity(4096));
[INFO] [stdout]   |                           ^^^^
[INFO] [stdout]   |
[INFO] [stdout] help: a builtin type with a similar name exists
[INFO] [stdout]   |
[INFO] [stdout] 3 | let pool: Pool<Vec<u8>> = bool::new(32, || Vec::with_capacity(4096));
[INFO] [stdout]   |                           ^^^^
[INFO] [stdout] help: consider importing this struct
[INFO] [stdout]   |
[INFO] [stdout] 2 | use object_pool::Pool;
[INFO] [stdout]   |
[INFO] [stdout] 
[INFO] [stdout] error[E0425]: cannot find value `some_file` in this scope
[INFO] [stdout]  --> src/lib.rs:25:1
[INFO] [stdout]   |
[INFO] [stdout] 6 | some_file.read_to_end(reusable_buff);
[INFO] [stdout]   | ^^^^^^^^^ not found in this scope
[INFO] [stdout] 
[INFO] [stdout] error: aborting due to 3 previous errors
[INFO] [stdout] 
[INFO] [stdout] Some errors have detailed explanations: E0412, E0425, E0433.
[INFO] [stdout] For more information about an error, try `rustc --explain E0412`.
[INFO] [stdout] Couldn't compile the test.
[INFO] [stdout] ---- src/lib.rs - (line 29) stdout ----
[INFO] [stdout] error[E0412]: cannot find type `Pool` in this scope
[INFO] [stdout]  --> src/lib.rs:30:11
[INFO] [stdout]   |
[INFO] [stdout] 3 | let pool: Pool<Vec<u8>> = Pool::new(32, || Vec::with_capacity(4096));
[INFO] [stdout]   |           ^^^^
[INFO] [stdout]   |
[INFO] [stdout] help: a builtin type with a similar name exists
[INFO] [stdout]   |
[INFO] [stdout] 3 | let pool: bool<Vec<u8>> = Pool::new(32, || Vec::with_capacity(4096));
[INFO] [stdout]   |           ^^^^
[INFO] [stdout] help: consider importing this struct
[INFO] [stdout]   |
[INFO] [stdout] 2 | use object_pool::Pool;
[INFO] [stdout]   |
[INFO] [stdout] 
[INFO] [stdout] error[E0433]: failed to resolve: use of undeclared type `Pool`
[INFO] [stdout]  --> src/lib.rs:30:27
[INFO] [stdout]   |
[INFO] [stdout] 3 | let pool: Pool<Vec<u8>> = Pool::new(32, || Vec::with_capacity(4096));
[INFO] [stdout]   |                           ^^^^
[INFO] [stdout]   |
[INFO] [stdout] help: a builtin type with a similar name exists
[INFO] [stdout]   |
[INFO] [stdout] 3 | let pool: Pool<Vec<u8>> = bool::new(32, || Vec::with_capacity(4096));
[INFO] [stdout]   |                           ^^^^
[INFO] [stdout] help: consider importing this struct
[INFO] [stdout]   |
[INFO] [stdout] 2 | use object_pool::Pool;
[INFO] [stdout]   |
[INFO] [stdout] 
[INFO] [stdout] error: aborting due to 2 previous errors
[INFO] [stdout] 
[INFO] [stdout] Some errors have detailed explanations: E0412, E0433.
[INFO] [stdout] For more information about an error, try `rustc --explain E0412`.
[INFO] [stdout] Couldn't compile the test.
[INFO] [stdout] 
[INFO] [stdout] failures:
[INFO] [stdout]     src/lib.rs - (line 10)
[INFO] [stdout]     src/lib.rs - (line 14)
[INFO] [stdout]     src/lib.rs - (line 21)
[INFO] [stdout]     src/lib.rs - (line 29)
[INFO] [stdout]     src/lib.rs - (line 43)
[INFO] [stdout] 
[INFO] [stdout] test result: FAILED. 0 passed; 5 failed; 0 ignored; 0 measured; 0 filtered out; finished in 0.19s
[INFO] [stdout] 
[INFO] [stderr] error: test failed, to rerun pass '--doc'
[INFO] running `Command { std: "docker" "inspect" "16eaae185eeff82ccd0ed5f819a046ad6adf7f912f49a44ae0131ffe38960cf0", kill_on_drop: false }`
[INFO] running `Command { std: "docker" "rm" "-f" "16eaae185eeff82ccd0ed5f819a046ad6adf7f912f49a44ae0131ffe38960cf0", kill_on_drop: false }`
[INFO] [stdout] 16eaae185eeff82ccd0ed5f819a046ad6adf7f912f49a44ae0131ffe38960cf0
