[INFO] fetching crate oauth1-request 0.5.0...
[INFO] testing oauth1-request-0.5.0 against 1.54.0 for beta-1.55-1
[INFO] extracting crate oauth1-request 0.5.0 into /workspace/builds/worker-12/source
[INFO] validating manifest of crates.io crate oauth1-request 0.5.0 on toolchain 1.54.0
[INFO] running `Command { std: "/workspace/cargo-home/bin/cargo" "+1.54.0" "metadata" "--manifest-path" "Cargo.toml" "--no-deps", kill_on_drop: false }`
[INFO] started tweaking crates.io crate oauth1-request 0.5.0
[INFO] finished tweaking crates.io crate oauth1-request 0.5.0
[INFO] tweaked toml for crates.io crate oauth1-request 0.5.0 written to /workspace/builds/worker-12/source/Cargo.toml
[INFO] running `Command { std: "/workspace/cargo-home/bin/cargo" "+1.54.0" "generate-lockfile" "--manifest-path" "Cargo.toml" "-Zno-index-update", kill_on_drop: false }`
[INFO] [stderr]     Blocking waiting for file lock on package cache
[INFO] running `Command { std: "/workspace/cargo-home/bin/cargo" "+1.54.0" "fetch" "--manifest-path" "Cargo.toml", kill_on_drop: false }`
[INFO] [stderr]     Blocking waiting for file lock on package cache
[INFO] [stderr]     Blocking waiting for file lock on package cache
[INFO] [stderr]  Downloading crates ...
[INFO] [stderr]   Downloaded oauth-credentials v0.3.0
[INFO] running `Command { std: "docker" "create" "-v" "/var/lib/crater-agent-workspace/builds/worker-12/target:/opt/rustwide/target:rw,Z" "-v" "/var/lib/crater-agent-workspace/builds/worker-12/source:/opt/rustwide/workdir:ro,Z" "-v" "/var/lib/crater-agent-workspace/cargo-home:/opt/rustwide/cargo-home:ro,Z" "-v" "/var/lib/crater-agent-workspace/rustup-home:/opt/rustwide/rustup-home:ro,Z" "-e" "SOURCE_DIR=/opt/rustwide/workdir" "-e" "CARGO_TARGET_DIR=/opt/rustwide/target" "-e" "CARGO_HOME=/opt/rustwide/cargo-home" "-e" "RUSTUP_HOME=/opt/rustwide/rustup-home" "-w" "/opt/rustwide/workdir" "-m" "1610612736" "--user" "0:0" "--network" "none" "ghcr.io/rust-lang/crates-build-env/linux@sha256:34b6a614d2c27851fe6cbf88fbd1137609cefab8b10d0615aaeb6fd47975d74e" "/opt/rustwide/cargo-home/bin/cargo" "+1.54.0" "metadata" "--no-deps" "--format-version=1", kill_on_drop: false }`
[INFO] [stdout] dab7c16bd42e417769956ee412d1440c7ddbe08ccfe22c011c9476b8eca8b5b8
[INFO] running `Command { std: "docker" "start" "-a" "dab7c16bd42e417769956ee412d1440c7ddbe08ccfe22c011c9476b8eca8b5b8", kill_on_drop: false }`
[INFO] running `Command { std: "docker" "inspect" "dab7c16bd42e417769956ee412d1440c7ddbe08ccfe22c011c9476b8eca8b5b8", kill_on_drop: false }`
[INFO] running `Command { std: "docker" "rm" "-f" "dab7c16bd42e417769956ee412d1440c7ddbe08ccfe22c011c9476b8eca8b5b8", kill_on_drop: false }`
[INFO] [stdout] dab7c16bd42e417769956ee412d1440c7ddbe08ccfe22c011c9476b8eca8b5b8
[INFO] running `Command { std: "docker" "create" "-v" "/var/lib/crater-agent-workspace/builds/worker-12/target:/opt/rustwide/target:rw,Z" "-v" "/var/lib/crater-agent-workspace/builds/worker-12/source:/opt/rustwide/workdir:ro,Z" "-v" "/var/lib/crater-agent-workspace/cargo-home:/opt/rustwide/cargo-home:ro,Z" "-v" "/var/lib/crater-agent-workspace/rustup-home:/opt/rustwide/rustup-home:ro,Z" "-e" "SOURCE_DIR=/opt/rustwide/workdir" "-e" "CARGO_TARGET_DIR=/opt/rustwide/target" "-e" "CARGO_INCREMENTAL=0" "-e" "RUST_BACKTRACE=full" "-e" "RUSTFLAGS=--cap-lints=warn" "-e" "CARGO_HOME=/opt/rustwide/cargo-home" "-e" "RUSTUP_HOME=/opt/rustwide/rustup-home" "-w" "/opt/rustwide/workdir" "-m" "1610612736" "--user" "0:0" "--network" "none" "ghcr.io/rust-lang/crates-build-env/linux@sha256:34b6a614d2c27851fe6cbf88fbd1137609cefab8b10d0615aaeb6fd47975d74e" "/opt/rustwide/cargo-home/bin/cargo" "+1.54.0" "build" "--frozen" "--message-format=json", kill_on_drop: false }`
[INFO] [stdout] d99df89732078d832c7bbc53fee6433ee494d1e1e044a1bde4a3535df4e279be
[INFO] running `Command { std: "docker" "start" "-a" "d99df89732078d832c7bbc53fee6433ee494d1e1e044a1bde4a3535df4e279be", kill_on_drop: false }`
[INFO] [stderr]    Compiling version_check v0.9.3
[INFO] [stderr]    Compiling typenum v1.13.0
[INFO] [stderr]    Compiling proc-macro2 v1.0.28
[INFO] [stderr]    Compiling serde v1.0.127
[INFO] [stderr]    Compiling syn v1.0.74
[INFO] [stderr]    Compiling ppv-lite86 v0.2.10
[INFO] [stderr]    Compiling subtle v2.4.1
[INFO] [stderr]    Compiling cpufeatures v0.1.5
[INFO] [stderr]    Compiling oauth-credentials v0.3.0
[INFO] [stderr]    Compiling getrandom v0.2.3
[INFO] [stderr]    Compiling rand_core v0.6.3
[INFO] [stderr]    Compiling generic-array v0.14.4
[INFO] [stderr]    Compiling proc-macro-error-attr v1.0.4
[INFO] [stderr]    Compiling proc-macro-error v1.0.4
[INFO] [stderr]    Compiling rand_chacha v0.3.1
[INFO] [stderr]    Compiling rand v0.8.4
[INFO] [stderr]    Compiling quote v1.0.9
[INFO] [stderr]    Compiling digest v0.9.0
[INFO] [stderr]    Compiling crypto-mac v0.10.1
[INFO] [stderr]    Compiling block-buffer v0.9.0
[INFO] [stderr]    Compiling hmac v0.10.1
[INFO] [stderr]    Compiling sha-1 v0.9.7
[INFO] [stderr]    Compiling toml v0.5.8
[INFO] [stderr]    Compiling proc-macro-crate v0.1.5
[INFO] [stderr]    Compiling oauth1-request-derive v0.4.1
[INFO] [stderr]    Compiling oauth1-request v0.5.0 (/opt/rustwide/workdir)
[INFO] [stdout] warning: `#[cold]` is ignored on struct fields, match arms and macro defs
[INFO] [stdout]    --> src/serializer/auth.rs:240:21
[INFO] [stdout]     |
[INFO] [stdout] 240 |                     #[cold]
[INFO] [stdout]     |                     ^^^^^^^
[INFO] [stdout]     |
[INFO] [stdout]     = note: `#[warn(unused_attributes)]` on by default
[INFO] [stdout]     = warning: this was previously accepted by the compiler but is being phased out; it will become a hard error in a future release!
[INFO] [stdout]     = note: see issue #80564 <https://github.com/rust-lang/rust/issues/80564> for more information
[INFO] [stdout] 
[INFO] [stdout] 
[INFO] [stdout] warning: 1 warning emitted
[INFO] [stdout] 
[INFO] [stdout] 
[INFO] [stderr]     Finished dev [unoptimized + debuginfo] target(s) in 16.12s
[INFO] running `Command { std: "docker" "inspect" "d99df89732078d832c7bbc53fee6433ee494d1e1e044a1bde4a3535df4e279be", kill_on_drop: false }`
[INFO] running `Command { std: "docker" "rm" "-f" "d99df89732078d832c7bbc53fee6433ee494d1e1e044a1bde4a3535df4e279be", kill_on_drop: false }`
[INFO] [stdout] d99df89732078d832c7bbc53fee6433ee494d1e1e044a1bde4a3535df4e279be
[INFO] running `Command { std: "docker" "create" "-v" "/var/lib/crater-agent-workspace/builds/worker-12/target:/opt/rustwide/target:rw,Z" "-v" "/var/lib/crater-agent-workspace/builds/worker-12/source:/opt/rustwide/workdir:ro,Z" "-v" "/var/lib/crater-agent-workspace/cargo-home:/opt/rustwide/cargo-home:ro,Z" "-v" "/var/lib/crater-agent-workspace/rustup-home:/opt/rustwide/rustup-home:ro,Z" "-e" "SOURCE_DIR=/opt/rustwide/workdir" "-e" "CARGO_TARGET_DIR=/opt/rustwide/target" "-e" "CARGO_INCREMENTAL=0" "-e" "RUST_BACKTRACE=full" "-e" "RUSTFLAGS=--cap-lints=warn" "-e" "CARGO_HOME=/opt/rustwide/cargo-home" "-e" "RUSTUP_HOME=/opt/rustwide/rustup-home" "-w" "/opt/rustwide/workdir" "-m" "1610612736" "--user" "0:0" "--network" "none" "ghcr.io/rust-lang/crates-build-env/linux@sha256:34b6a614d2c27851fe6cbf88fbd1137609cefab8b10d0615aaeb6fd47975d74e" "/opt/rustwide/cargo-home/bin/cargo" "+1.54.0" "test" "--frozen" "--no-run" "--message-format=json", kill_on_drop: false }`
[INFO] [stdout] f3c1569706a1f2a2c1a1c18a31f2f0317492f0da52cc037f14cd4a88da85f35c
[INFO] running `Command { std: "docker" "start" "-a" "f3c1569706a1f2a2c1a1c18a31f2f0317492f0da52cc037f14cd4a88da85f35c", kill_on_drop: false }`
[INFO] [stderr]     Blocking waiting for file lock on package cache
[INFO] [stderr]    Compiling pulldown-cmark v0.8.0
[INFO] [stderr]    Compiling regex-syntax v0.6.25
[INFO] [stderr]    Compiling semver-parser v0.9.0
[INFO] [stderr]    Compiling unicase v2.6.0
[INFO] [stderr]    Compiling tinyvec v1.3.1
[INFO] [stderr]    Compiling unicode-bidi v0.3.5
[INFO] [stderr]    Compiling form_urlencoded v1.0.1
[INFO] [stdout] warning: `#[cold]` is ignored on struct fields, match arms and macro defs
[INFO] [stdout]    --> src/serializer/auth.rs:240:21
[INFO] [stdout]     |
[INFO] [stdout] 240 |                     #[cold]
[INFO] [stdout]     |                     ^^^^^^^
[INFO] [stdout]     |
[INFO] [stdout]     = note: `#[warn(unused_attributes)]` on by default
[INFO] [stdout]     = warning: this was previously accepted by the compiler but is being phased out; it will become a hard error in a future release!
[INFO] [stdout]     = note: see issue #80564 <https://github.com/rust-lang/rust/issues/80564> for more information
[INFO] [stdout] 
[INFO] [stdout] 
[INFO] [stdout] warning: 1 warning emitted
[INFO] [stdout] 
[INFO] [stdout] 
[INFO] [stderr]    Compiling unicode-normalization v0.1.19
[INFO] [stderr]    Compiling regex v1.5.4
[INFO] [stderr]    Compiling idna v0.2.3
[INFO] [stderr]    Compiling url v2.2.2
[INFO] [stderr]    Compiling version-sync v0.9.2
[INFO] [stderr]    Compiling oauth1-request v0.5.0 (/opt/rustwide/workdir)
[INFO] [stdout] warning: `#[cold]` is ignored on struct fields, match arms and macro defs
[INFO] [stdout]    --> src/serializer/auth.rs:240:21
[INFO] [stdout]     |
[INFO] [stdout] 240 |                     #[cold]
[INFO] [stdout]     |                     ^^^^^^^
[INFO] [stdout]     |
[INFO] [stdout]     = note: `#[warn(unused_attributes)]` on by default
[INFO] [stdout]     = warning: this was previously accepted by the compiler but is being phased out; it will become a hard error in a future release!
[INFO] [stdout]     = note: see issue #80564 <https://github.com/rust-lang/rust/issues/80564> for more information
[INFO] [stdout] 
[INFO] [stdout] 
[INFO] [stdout] warning: 1 warning emitted
[INFO] [stdout] 
[INFO] [stdout] 
[INFO] [stderr]     Finished test [unoptimized + debuginfo] target(s) in 10.99s
[INFO] running `Command { std: "docker" "inspect" "f3c1569706a1f2a2c1a1c18a31f2f0317492f0da52cc037f14cd4a88da85f35c", kill_on_drop: false }`
[INFO] running `Command { std: "docker" "rm" "-f" "f3c1569706a1f2a2c1a1c18a31f2f0317492f0da52cc037f14cd4a88da85f35c", kill_on_drop: false }`
[INFO] [stdout] f3c1569706a1f2a2c1a1c18a31f2f0317492f0da52cc037f14cd4a88da85f35c
[INFO] running `Command { std: "docker" "create" "-v" "/var/lib/crater-agent-workspace/builds/worker-12/target:/opt/rustwide/target:rw,Z" "-v" "/var/lib/crater-agent-workspace/builds/worker-12/source:/opt/rustwide/workdir:ro,Z" "-v" "/var/lib/crater-agent-workspace/cargo-home:/opt/rustwide/cargo-home:ro,Z" "-v" "/var/lib/crater-agent-workspace/rustup-home:/opt/rustwide/rustup-home:ro,Z" "-e" "SOURCE_DIR=/opt/rustwide/workdir" "-e" "CARGO_TARGET_DIR=/opt/rustwide/target" "-e" "CARGO_INCREMENTAL=0" "-e" "RUST_BACKTRACE=full" "-e" "RUSTFLAGS=--cap-lints=warn" "-e" "CARGO_HOME=/opt/rustwide/cargo-home" "-e" "RUSTUP_HOME=/opt/rustwide/rustup-home" "-w" "/opt/rustwide/workdir" "-m" "1610612736" "--user" "0:0" "--network" "none" "ghcr.io/rust-lang/crates-build-env/linux@sha256:34b6a614d2c27851fe6cbf88fbd1137609cefab8b10d0615aaeb6fd47975d74e" "/opt/rustwide/cargo-home/bin/cargo" "+1.54.0" "test" "--frozen", kill_on_drop: false }`
[INFO] [stdout] d17ed202e8845d076843af962c25317cadf14f7c06055cfe9d96dccfa310d70c
[INFO] running `Command { std: "docker" "start" "-a" "d17ed202e8845d076843af962c25317cadf14f7c06055cfe9d96dccfa310d70c", kill_on_drop: false }`
[INFO] [stderr] warning: `#[cold]` is ignored on struct fields, match arms and macro defs
[INFO] [stderr]    --> src/serializer/auth.rs:240:21
[INFO] [stderr]     |
[INFO] [stderr] 240 |                     #[cold]
[INFO] [stderr]     |                     ^^^^^^^
[INFO] [stderr]     |
[INFO] [stderr]     = note: `#[warn(unused_attributes)]` on by default
[INFO] [stderr]     = warning: this was previously accepted by the compiler but is being phased out; it will become a hard error in a future release!
[INFO] [stderr]     = note: see issue #80564 <https://github.com/rust-lang/rust/issues/80564> for more information
[INFO] [stderr] 
[INFO] [stderr] warning: 1 warning emitted
[INFO] [stderr] 
[INFO] [stderr] warning: `#[cold]` is ignored on struct fields, match arms and macro defs
[INFO] [stderr]    --> src/serializer/auth.rs:240:21
[INFO] [stderr]     |
[INFO] [stderr] 240 |                     #[cold]
[INFO] [stderr]     |                     ^^^^^^^
[INFO] [stderr]     |
[INFO] [stderr]     = note: `#[warn(unused_attributes)]` on by default
[INFO] [stderr]     = warning: this was previously accepted by the compiler but is being phased out; it will become a hard error in a future release!
[INFO] [stderr]     = note: see issue #80564 <https://github.com/rust-lang/rust/issues/80564> for more information
[INFO] [stderr] 
[INFO] [stderr] warning: 1 warning emitted
[INFO] [stderr] 
[INFO] [stderr]     Finished test [unoptimized + debuginfo] target(s) in 0.08s
[INFO] [stderr]      Running unittests (/opt/rustwide/target/debug/deps/oauth1_request-22a877acd725d098)
[INFO] [stdout] 
[INFO] [stdout] running 5 tests
[INFO] [stdout] test serializer::tests::serialize ... ok
[INFO] [stdout] test util::percent_encoding::tests::double_percent_encode ... ok
[INFO] [stdout] test util::percent_encoding::tests::encode_map ... ok
[INFO] [stdout] test signature_method::hmac_sha1::tests::signing_key ... ok
[INFO] [stdout] test serializer::tests::panic_on_misordering - should panic ... ok
[INFO] [stdout] 
[INFO] [stdout] test result: ok. 5 passed; 0 failed; 0 ignored; 0 measured; 0 filtered out; finished in 0.02s
[INFO] [stdout] 
[INFO] [stderr]      Running tests/version_numbers.rs (/opt/rustwide/target/debug/deps/version_numbers-17f54229d67b1af9)
[INFO] [stdout] 
[INFO] [stdout] running 1 test
[INFO] [stdout] test test_html_root_url ... ok
[INFO] [stdout] 
[INFO] [stdout] test result: ok. 1 passed; 0 failed; 0 ignored; 0 measured; 0 filtered out; finished in 0.04s
[INFO] [stdout] 
[INFO] [stderr]    Doc-tests oauth1-request
[INFO] [stdout] 
[INFO] [stdout] running 5 tests
[INFO] [stdout] test src/lib.rs - Request (line 110) ... FAILED
[INFO] [stdout] test src/lib.rs - (line 19) ... FAILED
[INFO] [stdout] test src/signature_method.rs - signature_method::Sign (line 91) ... ok
[INFO] [stdout] test src/lib.rs - (line 76) ... ok
[INFO] [stdout] test src/serializer.rs - serializer::Serializer (line 43) ... ok
[INFO] [stdout] 
[INFO] [stdout] failures:
[INFO] [stdout] 
[INFO] [stdout] ---- src/lib.rs - Request (line 110) stdout ----
[INFO] [stdout] error: proc-macro derive panicked
[INFO] [stdout]  --> src/lib.rs:113:10
[INFO] [stdout]   |
[INFO] [stdout] 5 | #[derive(oauth::Request)]
[INFO] [stdout]   |          ^^^^^^^^^^^^^^
[INFO] [stdout]   |
[INFO] [stdout]   = help: message: called `Result::unwrap()` on an `Err` value: "Could not find `oauth1-request` in `dependencies` or `dev-dependencies` in `/opt/rustwide/workdir/Cargo.toml`!"
[INFO] [stdout] 
[INFO] [stdout] error[E0277]: the trait bound `CreateItem<'_>: Request` is not satisfied
[INFO] [stdout]    --> src/lib.rs:128:38
[INFO] [stdout]     |
[INFO] [stdout] 20  | assert_eq!(oauth::to_form_urlencoded(&request), "name=test&type=42");
[INFO] [stdout]     |                                      ^^^^^^^^ the trait `Request` is not implemented for `CreateItem<'_>`
[INFO] [stdout]     | 
[INFO] [stdout]    ::: /opt/rustwide/workdir/src/lib.rs:501:8
[INFO] [stdout]     |
[INFO] [stdout] 501 |     R: Request + ?Sized,
[INFO] [stdout]     |        ------- required by this bound in `to_form_urlencoded`
[INFO] [stdout] 
[INFO] [stdout] error: aborting due to 2 previous errors
[INFO] [stdout] 
[INFO] [stdout] For more information about this error, try `rustc --explain E0277`.
[INFO] [stdout] Couldn't compile the test.
[INFO] [stdout] ---- src/lib.rs - (line 19) stdout ----
[INFO] [stdout] error: proc-macro derive panicked
[INFO] [stdout]  --> src/lib.rs:23:10
[INFO] [stdout]   |
[INFO] [stdout] 6 | #[derive(oauth::Request)]
[INFO] [stdout]   |          ^^^^^^^^^^^^^^
[INFO] [stdout]   |
[INFO] [stdout]   = help: message: called `Result::unwrap()` on an `Err` value: "Could not find `oauth1-request` in `dependencies` or `dev-dependencies` in `/opt/rustwide/workdir/Cargo.toml`!"
[INFO] [stdout] 
[INFO] [stdout] error[E0277]: the trait bound `CreateComment<'_>: Request` is not satisfied
[INFO] [stdout]    --> src/lib.rs:41:28
[INFO] [stdout]     |
[INFO] [stdout] 24  |   let authorization_header = oauth::post(uri, &request, &token, oauth::HmacSha1);
[INFO] [stdout]     |                              ^^^^^^^^^^^ the trait `Request` is not implemented for `CreateComment<'_>`
[INFO] [stdout]     | 
[INFO] [stdout]    ::: /opt/rustwide/workdir/src/lib.rs:417:1
[INFO] [stdout]     |
[INFO] [stdout] 417 | / def_shorthand! {
[INFO] [stdout] 418 | |     /// Authorizes a `GET` request to `uri` using the given credentials.
[INFO] [stdout] 419 | |     ///
[INFO] [stdout] 420 | |     /// `uri` must not contain a query part, which would result in a wrong signature.
[INFO] [stdout] ...   |
[INFO] [stdout] 461 | |     trace("TRACE");
[INFO] [stdout] 462 | | }
[INFO] [stdout]     | |_- required by this bound in `post`
[INFO] [stdout] 
[INFO] [stdout] error[E0277]: the trait bound `CreateComment<'_>: Request` is not satisfied
[INFO] [stdout]   --> src/lib.rs:46:46
[INFO] [stdout]    |
[INFO] [stdout] 29 | let authorization_header = builder.post(uri, &request);
[INFO] [stdout]    |                                              ^^^^^^^^ the trait `Request` is not implemented for `CreateComment<'_>`
[INFO] [stdout] 
[INFO] [stdout] error[E0277]: the trait bound `CreateComment<'_>: Request` is not satisfied
[INFO] [stdout]    --> src/lib.rs:61:38
[INFO] [stdout]     |
[INFO] [stdout] 44  | let form = oauth::to_form_urlencoded(&request);
[INFO] [stdout]     |                                      ^^^^^^^^ the trait `Request` is not implemented for `CreateComment<'_>`
[INFO] [stdout]     | 
[INFO] [stdout]    ::: /opt/rustwide/workdir/src/lib.rs:501:8
[INFO] [stdout]     |
[INFO] [stdout] 501 |     R: Request + ?Sized,
[INFO] [stdout]     |        ------- required by this bound in `to_form_urlencoded`
[INFO] [stdout] 
[INFO] [stdout] error[E0277]: the trait bound `CreateComment<'_>: Request` is not satisfied
[INFO] [stdout]    --> src/lib.rs:67:47
[INFO] [stdout]     |
[INFO] [stdout] 50  | let uri = oauth::to_uri_query(uri.to_owned(), &request);
[INFO] [stdout]     |                                               ^^^^^^^^ the trait `Request` is not implemented for `CreateComment<'_>`
[INFO] [stdout]     | 
[INFO] [stdout]    ::: /opt/rustwide/workdir/src/lib.rs:512:8
[INFO] [stdout]     |
[INFO] [stdout] 512 |     R: Request + ?Sized,
[INFO] [stdout]     |        ------- required by this bound in `to_uri_query`
[INFO] [stdout] 
[INFO] [stdout] error: aborting due to 5 previous errors
[INFO] [stdout] 
[INFO] [stdout] For more information about this error, try `rustc --explain E0277`.
[INFO] [stdout] Couldn't compile the test.
[INFO] [stdout] 
[INFO] [stdout] failures:
[INFO] [stdout]     src/lib.rs - (line 19)
[INFO] [stdout]     src/lib.rs - Request (line 110)
[INFO] [stdout] 
[INFO] [stdout] test result: FAILED. 3 passed; 2 failed; 0 ignored; 0 measured; 0 filtered out; finished in 0.58s
[INFO] [stdout] 
[INFO] [stderr] error: test failed, to rerun pass '--doc'
[INFO] running `Command { std: "docker" "inspect" "d17ed202e8845d076843af962c25317cadf14f7c06055cfe9d96dccfa310d70c", kill_on_drop: false }`
[INFO] running `Command { std: "docker" "rm" "-f" "d17ed202e8845d076843af962c25317cadf14f7c06055cfe9d96dccfa310d70c", kill_on_drop: false }`
[INFO] [stdout] d17ed202e8845d076843af962c25317cadf14f7c06055cfe9d96dccfa310d70c
