[INFO] fetching crate nvim-meta 0.1.0...
[INFO] testing nvim-meta-0.1.0 against 1.54.0 for beta-1.55-1
[INFO] extracting crate nvim-meta 0.1.0 into /workspace/builds/worker-67/source
[INFO] validating manifest of crates.io crate nvim-meta 0.1.0 on toolchain 1.54.0
[INFO] running `Command { std: "/workspace/cargo-home/bin/cargo" "+1.54.0" "metadata" "--manifest-path" "Cargo.toml" "--no-deps", kill_on_drop: false }`
[INFO] started tweaking crates.io crate nvim-meta 0.1.0
[INFO] finished tweaking crates.io crate nvim-meta 0.1.0
[INFO] tweaked toml for crates.io crate nvim-meta 0.1.0 written to /workspace/builds/worker-67/source/Cargo.toml
[INFO] running `Command { std: "/workspace/cargo-home/bin/cargo" "+1.54.0" "generate-lockfile" "--manifest-path" "Cargo.toml" "-Zno-index-update", kill_on_drop: false }`
[INFO] running `Command { std: "/workspace/cargo-home/bin/cargo" "+1.54.0" "fetch" "--manifest-path" "Cargo.toml", kill_on_drop: false }`
[INFO] [stderr]     Blocking waiting for file lock on package cache
[INFO] [stderr]  Downloading crates ...
[INFO] [stderr]   Downloaded nvim-rs v0.2.0
[INFO] running `Command { std: "docker" "create" "-v" "/var/lib/crater-agent-workspace/builds/worker-67/target:/opt/rustwide/target:rw,Z" "-v" "/var/lib/crater-agent-workspace/builds/worker-67/source:/opt/rustwide/workdir:ro,Z" "-v" "/var/lib/crater-agent-workspace/cargo-home:/opt/rustwide/cargo-home:ro,Z" "-v" "/var/lib/crater-agent-workspace/rustup-home:/opt/rustwide/rustup-home:ro,Z" "-e" "SOURCE_DIR=/opt/rustwide/workdir" "-e" "CARGO_TARGET_DIR=/opt/rustwide/target" "-e" "CARGO_HOME=/opt/rustwide/cargo-home" "-e" "RUSTUP_HOME=/opt/rustwide/rustup-home" "-w" "/opt/rustwide/workdir" "-m" "1610612736" "--user" "0:0" "--network" "none" "ghcr.io/rust-lang/crates-build-env/linux@sha256:34b6a614d2c27851fe6cbf88fbd1137609cefab8b10d0615aaeb6fd47975d74e" "/opt/rustwide/cargo-home/bin/cargo" "+1.54.0" "metadata" "--no-deps" "--format-version=1", kill_on_drop: false }`
[INFO] [stdout] 645e59fb963acf70d95aa0be1a0e5da43530b1e9773d5b7f8a3bae0eeb4841b0
[INFO] running `Command { std: "docker" "start" "-a" "645e59fb963acf70d95aa0be1a0e5da43530b1e9773d5b7f8a3bae0eeb4841b0", kill_on_drop: false }`
[INFO] running `Command { std: "docker" "inspect" "645e59fb963acf70d95aa0be1a0e5da43530b1e9773d5b7f8a3bae0eeb4841b0", kill_on_drop: false }`
[INFO] running `Command { std: "docker" "rm" "-f" "645e59fb963acf70d95aa0be1a0e5da43530b1e9773d5b7f8a3bae0eeb4841b0", kill_on_drop: false }`
[INFO] [stdout] 645e59fb963acf70d95aa0be1a0e5da43530b1e9773d5b7f8a3bae0eeb4841b0
[INFO] running `Command { std: "docker" "create" "-v" "/var/lib/crater-agent-workspace/builds/worker-67/target:/opt/rustwide/target:rw,Z" "-v" "/var/lib/crater-agent-workspace/builds/worker-67/source:/opt/rustwide/workdir:ro,Z" "-v" "/var/lib/crater-agent-workspace/cargo-home:/opt/rustwide/cargo-home:ro,Z" "-v" "/var/lib/crater-agent-workspace/rustup-home:/opt/rustwide/rustup-home:ro,Z" "-e" "SOURCE_DIR=/opt/rustwide/workdir" "-e" "CARGO_TARGET_DIR=/opt/rustwide/target" "-e" "CARGO_INCREMENTAL=0" "-e" "RUST_BACKTRACE=full" "-e" "RUSTFLAGS=--cap-lints=warn" "-e" "CARGO_HOME=/opt/rustwide/cargo-home" "-e" "RUSTUP_HOME=/opt/rustwide/rustup-home" "-w" "/opt/rustwide/workdir" "-m" "1610612736" "--user" "0:0" "--network" "none" "ghcr.io/rust-lang/crates-build-env/linux@sha256:34b6a614d2c27851fe6cbf88fbd1137609cefab8b10d0615aaeb6fd47975d74e" "/opt/rustwide/cargo-home/bin/cargo" "+1.54.0" "build" "--frozen" "--message-format=json", kill_on_drop: false }`
[INFO] [stdout] bd53db869b6969d34b5f743fb32b6bb19ae582e98eb8abed99dd48a1460566c9
[INFO] running `Command { std: "docker" "start" "-a" "bd53db869b6969d34b5f743fb32b6bb19ae582e98eb8abed99dd48a1460566c9", kill_on_drop: false }`
[INFO] [stderr]    Compiling proc-macro2 v1.0.28
[INFO] [stderr]    Compiling libc v0.2.98
[INFO] [stderr]    Compiling unicode-xid v0.2.2
[INFO] [stderr]    Compiling syn v1.0.74
[INFO] [stderr]    Compiling byteorder v1.4.3
[INFO] [stderr]    Compiling proc-macro-hack v0.5.19
[INFO] [stderr]    Compiling futures-core v0.3.16
[INFO] [stderr]    Compiling log v0.4.14
[INFO] [stderr]    Compiling futures-channel v0.3.16
[INFO] [stderr]    Compiling futures-task v0.3.16
[INFO] [stderr]    Compiling proc-macro-nested v0.1.7
[INFO] [stderr]    Compiling futures v0.1.31
[INFO] [stderr]    Compiling futures-sink v0.3.16
[INFO] [stderr]    Compiling futures-io v0.3.16
[INFO] [stderr]    Compiling pin-utils v0.1.0
[INFO] [stderr]    Compiling slab v0.4.4
[INFO] [stderr]    Compiling pin-project-lite v0.2.7
[INFO] [stderr]    Compiling async-trait v0.1.51
[INFO] [stderr]    Compiling futures-macro v0.3.16
[INFO] [stderr]    Compiling num-traits v0.2.14
[INFO] [stderr]    Compiling futures-util v0.3.16
[INFO] [stderr]    Compiling quote v1.0.9
[INFO] [stderr]    Compiling iovec v0.1.4
[INFO] [stderr]    Compiling bytes v0.4.12
[INFO] [stderr]    Compiling tokio-io v0.1.13
[INFO] [stderr]    Compiling rmp v0.8.10
[INFO] [stderr]    Compiling rmpv v0.4.7
[INFO] [stderr]    Compiling futures-executor v0.3.16
[INFO] [stderr]    Compiling futures v0.3.16
[INFO] [stderr]    Compiling nvim-rs v0.2.0
[INFO] [stderr]    Compiling nvim-meta v0.1.0 (/opt/rustwide/workdir)
[INFO] [stderr]     Finished dev [unoptimized + debuginfo] target(s) in 19.28s
[INFO] running `Command { std: "docker" "inspect" "bd53db869b6969d34b5f743fb32b6bb19ae582e98eb8abed99dd48a1460566c9", kill_on_drop: false }`
[INFO] running `Command { std: "docker" "rm" "-f" "bd53db869b6969d34b5f743fb32b6bb19ae582e98eb8abed99dd48a1460566c9", kill_on_drop: false }`
[INFO] [stdout] bd53db869b6969d34b5f743fb32b6bb19ae582e98eb8abed99dd48a1460566c9
[INFO] running `Command { std: "docker" "create" "-v" "/var/lib/crater-agent-workspace/builds/worker-67/target:/opt/rustwide/target:rw,Z" "-v" "/var/lib/crater-agent-workspace/builds/worker-67/source:/opt/rustwide/workdir:ro,Z" "-v" "/var/lib/crater-agent-workspace/cargo-home:/opt/rustwide/cargo-home:ro,Z" "-v" "/var/lib/crater-agent-workspace/rustup-home:/opt/rustwide/rustup-home:ro,Z" "-e" "SOURCE_DIR=/opt/rustwide/workdir" "-e" "CARGO_TARGET_DIR=/opt/rustwide/target" "-e" "CARGO_INCREMENTAL=0" "-e" "RUST_BACKTRACE=full" "-e" "RUSTFLAGS=--cap-lints=warn" "-e" "CARGO_HOME=/opt/rustwide/cargo-home" "-e" "RUSTUP_HOME=/opt/rustwide/rustup-home" "-w" "/opt/rustwide/workdir" "-m" "1610612736" "--user" "0:0" "--network" "none" "ghcr.io/rust-lang/crates-build-env/linux@sha256:34b6a614d2c27851fe6cbf88fbd1137609cefab8b10d0615aaeb6fd47975d74e" "/opt/rustwide/cargo-home/bin/cargo" "+1.54.0" "test" "--frozen" "--no-run" "--message-format=json", kill_on_drop: false }`
[INFO] [stdout] 36ad3ec478d4408a6b0cee2df14637549b25f6c780147807e0d6d0dff2305499
[INFO] running `Command { std: "docker" "start" "-a" "36ad3ec478d4408a6b0cee2df14637549b25f6c780147807e0d6d0dff2305499", kill_on_drop: false }`
[INFO] [stderr]    Compiling nvim-meta v0.1.0 (/opt/rustwide/workdir)
[INFO] [stderr]     Finished test [unoptimized + debuginfo] target(s) in 0.68s
[INFO] running `Command { std: "docker" "inspect" "36ad3ec478d4408a6b0cee2df14637549b25f6c780147807e0d6d0dff2305499", kill_on_drop: false }`
[INFO] running `Command { std: "docker" "rm" "-f" "36ad3ec478d4408a6b0cee2df14637549b25f6c780147807e0d6d0dff2305499", kill_on_drop: false }`
[INFO] [stdout] 36ad3ec478d4408a6b0cee2df14637549b25f6c780147807e0d6d0dff2305499
[INFO] running `Command { std: "docker" "create" "-v" "/var/lib/crater-agent-workspace/builds/worker-67/target:/opt/rustwide/target:rw,Z" "-v" "/var/lib/crater-agent-workspace/builds/worker-67/source:/opt/rustwide/workdir:ro,Z" "-v" "/var/lib/crater-agent-workspace/cargo-home:/opt/rustwide/cargo-home:ro,Z" "-v" "/var/lib/crater-agent-workspace/rustup-home:/opt/rustwide/rustup-home:ro,Z" "-e" "SOURCE_DIR=/opt/rustwide/workdir" "-e" "CARGO_TARGET_DIR=/opt/rustwide/target" "-e" "CARGO_INCREMENTAL=0" "-e" "RUST_BACKTRACE=full" "-e" "RUSTFLAGS=--cap-lints=warn" "-e" "CARGO_HOME=/opt/rustwide/cargo-home" "-e" "RUSTUP_HOME=/opt/rustwide/rustup-home" "-w" "/opt/rustwide/workdir" "-m" "1610612736" "--user" "0:0" "--network" "none" "ghcr.io/rust-lang/crates-build-env/linux@sha256:34b6a614d2c27851fe6cbf88fbd1137609cefab8b10d0615aaeb6fd47975d74e" "/opt/rustwide/cargo-home/bin/cargo" "+1.54.0" "test" "--frozen", kill_on_drop: false }`
[INFO] [stdout] 05a95af65eb7ba5506151eea47f082928223a4e1e2de05cb19d483fd409425ed
[INFO] running `Command { std: "docker" "start" "-a" "05a95af65eb7ba5506151eea47f082928223a4e1e2de05cb19d483fd409425ed", kill_on_drop: false }`
[INFO] [stderr]     Finished test [unoptimized + debuginfo] target(s) in 0.06s
[INFO] [stderr]      Running unittests (/opt/rustwide/target/debug/deps/nvim_meta-141b1db8119e898a)
[INFO] [stdout] 
[INFO] [stdout] running 0 tests
[INFO] [stdout] 
[INFO] [stdout] test result: ok. 0 passed; 0 failed; 0 ignored; 0 measured; 0 filtered out; finished in 0.00s
[INFO] [stdout] 
[INFO] [stderr]    Doc-tests nvim-meta
[INFO] [stdout] 
[INFO] [stdout] running 4 tests
[INFO] [stdout] test crates/regular/value.rs - value (line 24) ... FAILED
[INFO] [stdout] test crates/regular/value.rs - value (line 16) ... FAILED
[INFO] [stdout] test crates/regular/value.rs - value (line 10) ... FAILED
[INFO] [stdout] test crates/regular/value.rs - value (line 4) ... FAILED
[INFO] [stdout] 
[INFO] [stdout] failures:
[INFO] [stdout] 
[INFO] [stdout] ---- crates/regular/value.rs - value (line 24) stdout ----
[INFO] [stdout] error: expected one of `.`, `;`, `?`, `}`, or an operator, found `value`
[INFO] [stdout]  --> crates/regular/value.rs:26:1
[INFO] [stdout]   |
[INFO] [stdout] 3 | value!([=>]) // empty map
[INFO] [stdout]   |             - expected one of `.`, `;`, `?`, `}`, or an operator
[INFO] [stdout] 4 | value!(["Cat" => false, "Dog" => true, "Fish" => false]);
[INFO] [stdout]   | ^^^^^ unexpected token
[INFO] [stdout] 
[INFO] [stdout] error: aborting due to previous error
[INFO] [stdout] 
[INFO] [stdout] Couldn't compile the test.
[INFO] [stdout] ---- crates/regular/value.rs - value (line 16) stdout ----
[INFO] [stdout] error: expected one of `.`, `;`, `?`, `}`, or an operator, found `value`
[INFO] [stdout]  --> crates/regular/value.rs:18:1
[INFO] [stdout]   |
[INFO] [stdout] 3 | value!([]) // empty array
[INFO] [stdout]   |           - expected one of `.`, `;`, `?`, `}`, or an operator
[INFO] [stdout] 4 | value!([3, 4, 2, 234, 213]);
[INFO] [stdout]   | ^^^^^ unexpected token
[INFO] [stdout] 
[INFO] [stdout] error: aborting due to previous error
[INFO] [stdout] 
[INFO] [stdout] Couldn't compile the test.
[INFO] [stdout] ---- crates/regular/value.rs - value (line 10) stdout ----
[INFO] [stdout] error: expected one of `.`, `;`, `?`, `}`, or an operator, found `value`
[INFO] [stdout]  --> crates/regular/value.rs:12:1
[INFO] [stdout]   |
[INFO] [stdout] 3 | value!(true)
[INFO] [stdout]   |             - expected one of `.`, `;`, `?`, `}`, or an operator
[INFO] [stdout] 4 | value!(3)
[INFO] [stdout]   | ^^^^^ unexpected token
[INFO] [stdout] 
[INFO] [stdout] error: aborting due to previous error
[INFO] [stdout] 
[INFO] [stdout] Couldn't compile the test.
[INFO] [stdout] ---- crates/regular/value.rs - value (line 4) stdout ----
[INFO] [stdout] error: cannot find macro `value` in this scope
[INFO] [stdout]  --> crates/regular/value.rs:5:1
[INFO] [stdout]   |
[INFO] [stdout] 3 | value!()
[INFO] [stdout]   | ^^^^^
[INFO] [stdout]   |
[INFO] [stdout]   = note: consider importing this macro:
[INFO] [stdout]           nvim_meta::value
[INFO] [stdout] 
[INFO] [stdout] error: aborting due to previous error
[INFO] [stdout] 
[INFO] [stdout] Couldn't compile the test.
[INFO] [stdout] 
[INFO] [stdout] failures:
[INFO] [stdout]     crates/regular/value.rs - value (line 10)
[INFO] [stdout]     crates/regular/value.rs - value (line 16)
[INFO] [stdout]     crates/regular/value.rs - value (line 24)
[INFO] [stdout]     crates/regular/value.rs - value (line 4)
[INFO] [stdout] 
[INFO] [stdout] test result: FAILED. 0 passed; 4 failed; 0 ignored; 0 measured; 0 filtered out; finished in 0.11s
[INFO] [stdout] 
[INFO] [stderr] error: test failed, to rerun pass '--doc'
[INFO] running `Command { std: "docker" "inspect" "05a95af65eb7ba5506151eea47f082928223a4e1e2de05cb19d483fd409425ed", kill_on_drop: false }`
[INFO] running `Command { std: "docker" "rm" "-f" "05a95af65eb7ba5506151eea47f082928223a4e1e2de05cb19d483fd409425ed", kill_on_drop: false }`
[INFO] [stdout] 05a95af65eb7ba5506151eea47f082928223a4e1e2de05cb19d483fd409425ed
