[INFO] fetching crate num-dual 0.2.0...
[INFO] testing num-dual-0.2.0 against 1.54.0 for beta-1.55-1
[INFO] extracting crate num-dual 0.2.0 into /workspace/builds/worker-43/source
[INFO] validating manifest of crates.io crate num-dual 0.2.0 on toolchain 1.54.0
[INFO] running `Command { std: "/workspace/cargo-home/bin/cargo" "+1.54.0" "metadata" "--manifest-path" "Cargo.toml" "--no-deps", kill_on_drop: false }`
[INFO] started tweaking crates.io crate num-dual 0.2.0
[INFO] finished tweaking crates.io crate num-dual 0.2.0
[INFO] tweaked toml for crates.io crate num-dual 0.2.0 written to /workspace/builds/worker-43/source/Cargo.toml
[INFO] running `Command { std: "/workspace/cargo-home/bin/cargo" "+1.54.0" "generate-lockfile" "--manifest-path" "Cargo.toml" "-Zno-index-update", kill_on_drop: false }`
[INFO] running `Command { std: "/workspace/cargo-home/bin/cargo" "+1.54.0" "fetch" "--manifest-path" "Cargo.toml", kill_on_drop: false }`
[INFO] running `Command { std: "docker" "create" "-v" "/var/lib/crater-agent-workspace/builds/worker-43/target:/opt/rustwide/target:rw,Z" "-v" "/var/lib/crater-agent-workspace/builds/worker-43/source:/opt/rustwide/workdir:ro,Z" "-v" "/var/lib/crater-agent-workspace/cargo-home:/opt/rustwide/cargo-home:ro,Z" "-v" "/var/lib/crater-agent-workspace/rustup-home:/opt/rustwide/rustup-home:ro,Z" "-e" "SOURCE_DIR=/opt/rustwide/workdir" "-e" "CARGO_TARGET_DIR=/opt/rustwide/target" "-e" "CARGO_HOME=/opt/rustwide/cargo-home" "-e" "RUSTUP_HOME=/opt/rustwide/rustup-home" "-w" "/opt/rustwide/workdir" "-m" "1610612736" "--user" "0:0" "--network" "none" "ghcr.io/rust-lang/crates-build-env/linux@sha256:34b6a614d2c27851fe6cbf88fbd1137609cefab8b10d0615aaeb6fd47975d74e" "/opt/rustwide/cargo-home/bin/cargo" "+1.54.0" "metadata" "--no-deps" "--format-version=1", kill_on_drop: false }`
[INFO] [stdout] ae4225972a31efe53a8867b9b7d98215e97c1873062f1f1d413ecd63362c702f
[INFO] running `Command { std: "docker" "start" "-a" "ae4225972a31efe53a8867b9b7d98215e97c1873062f1f1d413ecd63362c702f", kill_on_drop: false }`
[INFO] running `Command { std: "docker" "inspect" "ae4225972a31efe53a8867b9b7d98215e97c1873062f1f1d413ecd63362c702f", kill_on_drop: false }`
[INFO] running `Command { std: "docker" "rm" "-f" "ae4225972a31efe53a8867b9b7d98215e97c1873062f1f1d413ecd63362c702f", kill_on_drop: false }`
[INFO] [stdout] ae4225972a31efe53a8867b9b7d98215e97c1873062f1f1d413ecd63362c702f
[INFO] running `Command { std: "docker" "create" "-v" "/var/lib/crater-agent-workspace/builds/worker-43/target:/opt/rustwide/target:rw,Z" "-v" "/var/lib/crater-agent-workspace/builds/worker-43/source:/opt/rustwide/workdir:ro,Z" "-v" "/var/lib/crater-agent-workspace/cargo-home:/opt/rustwide/cargo-home:ro,Z" "-v" "/var/lib/crater-agent-workspace/rustup-home:/opt/rustwide/rustup-home:ro,Z" "-e" "SOURCE_DIR=/opt/rustwide/workdir" "-e" "CARGO_TARGET_DIR=/opt/rustwide/target" "-e" "CARGO_INCREMENTAL=0" "-e" "RUST_BACKTRACE=full" "-e" "RUSTFLAGS=--cap-lints=warn" "-e" "CARGO_HOME=/opt/rustwide/cargo-home" "-e" "RUSTUP_HOME=/opt/rustwide/rustup-home" "-w" "/opt/rustwide/workdir" "-m" "1610612736" "--user" "0:0" "--network" "none" "ghcr.io/rust-lang/crates-build-env/linux@sha256:34b6a614d2c27851fe6cbf88fbd1137609cefab8b10d0615aaeb6fd47975d74e" "/opt/rustwide/cargo-home/bin/cargo" "+1.54.0" "build" "--frozen" "--message-format=json", kill_on_drop: false }`
[INFO] [stdout] ca4cc7901d4b35861307619e025b14194cad69274bcf8b0d2d1b01f96ff5e152
[INFO] running `Command { std: "docker" "start" "-a" "ca4cc7901d4b35861307619e025b14194cad69274bcf8b0d2d1b01f96ff5e152", kill_on_drop: false }`
[INFO] [stderr]     Blocking waiting for file lock on package cache
[INFO] [stderr]     Blocking waiting for file lock on package cache
[INFO] [stderr]    Compiling serde v1.0.127
[INFO] [stderr]    Compiling syn v1.0.74
[INFO] [stderr]    Compiling rawpointer v0.2.1
[INFO] [stderr]    Compiling num-traits v0.2.14
[INFO] [stderr]    Compiling lapack-sys v0.12.1
[INFO] [stderr]    Compiling cblas-sys v0.1.4
[INFO] [stderr]    Compiling matrixmultiply v0.3.1
[INFO] [stderr]    Compiling num-integer v0.1.44
[INFO] [stderr]    Compiling approx v0.4.0
[INFO] [stderr]    Compiling num-complex v0.4.0
[INFO] [stderr]    Compiling lapack v0.18.0
[INFO] [stderr]    Compiling cauchy v0.4.0
[INFO] [stderr]    Compiling ndarray v0.15.3
[INFO] [stderr]    Compiling thiserror-impl v1.0.26
[INFO] [stderr]    Compiling thiserror v1.0.26
[INFO] [stderr]    Compiling lax v0.2.0
[INFO] [stderr]    Compiling ndarray-linalg v0.14.0
[INFO] [stderr]    Compiling num-dual v0.2.0 (/opt/rustwide/workdir)
[INFO] [stderr]     Finished dev [unoptimized + debuginfo] target(s) in 16.21s
[INFO] running `Command { std: "docker" "inspect" "ca4cc7901d4b35861307619e025b14194cad69274bcf8b0d2d1b01f96ff5e152", kill_on_drop: false }`
[INFO] running `Command { std: "docker" "rm" "-f" "ca4cc7901d4b35861307619e025b14194cad69274bcf8b0d2d1b01f96ff5e152", kill_on_drop: false }`
[INFO] [stdout] ca4cc7901d4b35861307619e025b14194cad69274bcf8b0d2d1b01f96ff5e152
[INFO] running `Command { std: "docker" "create" "-v" "/var/lib/crater-agent-workspace/builds/worker-43/target:/opt/rustwide/target:rw,Z" "-v" "/var/lib/crater-agent-workspace/builds/worker-43/source:/opt/rustwide/workdir:ro,Z" "-v" "/var/lib/crater-agent-workspace/cargo-home:/opt/rustwide/cargo-home:ro,Z" "-v" "/var/lib/crater-agent-workspace/rustup-home:/opt/rustwide/rustup-home:ro,Z" "-e" "SOURCE_DIR=/opt/rustwide/workdir" "-e" "CARGO_TARGET_DIR=/opt/rustwide/target" "-e" "CARGO_INCREMENTAL=0" "-e" "RUST_BACKTRACE=full" "-e" "RUSTFLAGS=--cap-lints=warn" "-e" "CARGO_HOME=/opt/rustwide/cargo-home" "-e" "RUSTUP_HOME=/opt/rustwide/rustup-home" "-w" "/opt/rustwide/workdir" "-m" "1610612736" "--user" "0:0" "--network" "none" "ghcr.io/rust-lang/crates-build-env/linux@sha256:34b6a614d2c27851fe6cbf88fbd1137609cefab8b10d0615aaeb6fd47975d74e" "/opt/rustwide/cargo-home/bin/cargo" "+1.54.0" "test" "--frozen" "--no-run" "--message-format=json", kill_on_drop: false }`
[INFO] [stdout] 630bc894e4dbd9624f89eb1c2d0abedcb385d792faa54186ebcddee832b7a787
[INFO] running `Command { std: "docker" "start" "-a" "630bc894e4dbd9624f89eb1c2d0abedcb385d792faa54186ebcddee832b7a787", kill_on_drop: false }`
[INFO] [stderr]     Blocking waiting for file lock on package cache
[INFO] [stderr]    Compiling semver v1.0.4
[INFO] [stderr]    Compiling crossbeam-utils v0.8.5
[INFO] [stderr]    Compiling crossbeam-epoch v0.9.5
[INFO] [stderr]    Compiling memchr v2.4.0
[INFO] [stderr]    Compiling rayon-core v1.9.1
[INFO] [stderr]    Compiling either v1.6.1
[INFO] [stderr]    Compiling serde_json v1.0.66
[INFO] [stderr]    Compiling regex-automata v0.1.10
[INFO] [stderr]    Compiling plotters-backend v0.3.2
[INFO] [stderr]    Compiling serde_derive v1.0.127
[INFO] [stderr]    Compiling unicode-width v0.1.8
[INFO] [stderr]    Compiling regex-syntax v0.6.25
[INFO] [stderr]    Compiling same-file v1.0.6
[INFO] [stderr]    Compiling half v1.7.1
[INFO] [stderr]    Compiling oorandom v11.1.3
[INFO] [stderr]    Compiling memoffset v0.6.4
[INFO] [stderr]    Compiling rayon v1.5.1
[INFO] [stderr]    Compiling bitflags v1.2.1
[INFO] [stderr]    Compiling atty v0.2.14
[INFO] [stderr]    Compiling walkdir v2.3.2
[INFO] [stderr]    Compiling itertools v0.10.1
[INFO] [stderr]    Compiling textwrap v0.11.0
[INFO] [stderr]    Compiling serde_cbor v0.11.1
[INFO] [stderr]    Compiling plotters-svg v0.3.1
[INFO] [stderr]    Compiling clap v2.33.3
[INFO] [stderr]    Compiling csv-core v0.1.10
[INFO] [stderr]    Compiling bstr v0.2.16
[INFO] [stderr]    Compiling plotters v0.3.1
[INFO] [stderr]    Compiling crossbeam-channel v0.5.1
[INFO] [stderr]    Compiling regex v1.5.4
[INFO] [stderr]    Compiling rustc_version v0.4.0
[INFO] [stderr]    Compiling csv v1.1.6
[INFO] [stderr]    Compiling tinytemplate v1.2.1
[INFO] [stderr]    Compiling crossbeam-deque v0.8.1
[INFO] [stderr]    Compiling cast v0.2.7
[INFO] [stderr]    Compiling criterion-plot v0.4.4
[INFO] [stderr]    Compiling criterion v0.3.5
[INFO] [stderr]    Compiling num-dual v0.2.0 (/opt/rustwide/workdir)
[INFO] [stderr]     Finished test [unoptimized + debuginfo] target(s) in 29.09s
[INFO] running `Command { std: "docker" "inspect" "630bc894e4dbd9624f89eb1c2d0abedcb385d792faa54186ebcddee832b7a787", kill_on_drop: false }`
[INFO] running `Command { std: "docker" "rm" "-f" "630bc894e4dbd9624f89eb1c2d0abedcb385d792faa54186ebcddee832b7a787", kill_on_drop: false }`
[INFO] [stdout] 630bc894e4dbd9624f89eb1c2d0abedcb385d792faa54186ebcddee832b7a787
[INFO] running `Command { std: "docker" "create" "-v" "/var/lib/crater-agent-workspace/builds/worker-43/target:/opt/rustwide/target:rw,Z" "-v" "/var/lib/crater-agent-workspace/builds/worker-43/source:/opt/rustwide/workdir:ro,Z" "-v" "/var/lib/crater-agent-workspace/cargo-home:/opt/rustwide/cargo-home:ro,Z" "-v" "/var/lib/crater-agent-workspace/rustup-home:/opt/rustwide/rustup-home:ro,Z" "-e" "SOURCE_DIR=/opt/rustwide/workdir" "-e" "CARGO_TARGET_DIR=/opt/rustwide/target" "-e" "CARGO_INCREMENTAL=0" "-e" "RUST_BACKTRACE=full" "-e" "RUSTFLAGS=--cap-lints=warn" "-e" "CARGO_HOME=/opt/rustwide/cargo-home" "-e" "RUSTUP_HOME=/opt/rustwide/rustup-home" "-w" "/opt/rustwide/workdir" "-m" "1610612736" "--user" "0:0" "--network" "none" "ghcr.io/rust-lang/crates-build-env/linux@sha256:34b6a614d2c27851fe6cbf88fbd1137609cefab8b10d0615aaeb6fd47975d74e" "/opt/rustwide/cargo-home/bin/cargo" "+1.54.0" "test" "--frozen", kill_on_drop: false }`
[INFO] [stdout] 6d01788ad463037a9a79a797077d4d29d5e08f44e6c1564317dd2d8e407740eb
[INFO] running `Command { std: "docker" "start" "-a" "6d01788ad463037a9a79a797077d4d29d5e08f44e6c1564317dd2d8e407740eb", kill_on_drop: false }`
[INFO] [stderr]     Blocking waiting for file lock on package cache
[INFO] [stdout] 
[INFO] [stderr]     Finished test [unoptimized + debuginfo] target(s) in 1.65s
[INFO] [stdout] running 2 tests
[INFO] [stderr]      Running unittests (/opt/rustwide/target/debug/deps/num_dual-efe39222d5b330e6)
[INFO] [stdout] test linalg::lu::tests::test_solve_f64 ... ok
[INFO] [stdout] test linalg::lu::tests::test_solve_dual64 ... ok
[INFO] [stdout] 
[INFO] [stdout] test result: ok. 2 passed; 0 failed; 0 ignored; 0 measured; 0 filtered out; finished in 0.01s
[INFO] [stdout] 
[INFO] [stderr]      Running tests/test_dual.rs (/opt/rustwide/target/debug/deps/test_dual-500796030be8b24f)
[INFO] [stdout] 
[INFO] [stdout] running 38 tests
[INFO] [stdout] test test_dual_asin ... ok
[INFO] [stdout] test test_dual_powf_0 ... ok
[INFO] [stdout] test test_dual_powf_2 ... ok
[INFO] [stdout] test test_dual_powf_3 ... ok
[INFO] [stdout] test test_dual_powf_1 ... ok
[INFO] [stdout] test test_dual_atanh ... ok
[INFO] [stdout] test test_dual_powf ... ok
[INFO] [stdout] test test_dual_log2 ... ok
[INFO] [stdout] test test_dual_acos ... ok
[INFO] [stdout] test test_dual_cbrt ... ok
[INFO] [stdout] test test_dual_exp_m1 ... ok
[INFO] [stdout] test test_dual_acosh ... ok
[INFO] [stdout] test test_dual_powi ... ok
[INFO] [stdout] test test_dual_sin ... ok
[INFO] [stdout] test test_dual_exp ... ok
[INFO] [stdout] test test_dual_sph_j1 ... ok
[INFO] [stdout] test test_dual_sph_j0 ... ok
[INFO] [stdout] test test_dual_sinh ... ok
[INFO] [stdout] test test_dual_sph_j2 ... ok
[INFO] [stdout] test test_dual_powi_1 ... ok
[INFO] [stdout] test test_dual_powi_0 ... ok
[INFO] [stdout] test test_dual_cosh ... ok
[INFO] [stdout] test test_dual_sqrt ... ok
[INFO] [stdout] test test_dual_powi_3 ... ok
[INFO] [stdout] test test_dual_recip ... ok
[INFO] [stdout] test test_dual_cos ... ok
[INFO] [stdout] test test_dual_atan ... ok
[INFO] [stdout] test test_dual_log10 ... ok
[INFO] [stdout] test test_dual_asinh ... ok
[INFO] [stdout] test test_dual_exp2 ... ok
[INFO] [stdout] test test_dual_tanh ... ok
[INFO] [stdout] test test_dual_ln ... ok
[INFO] [stdout] test test_dual_ln_1p ... ok
[INFO] [stdout] test test_dual_log ... ok
[INFO] [stdout] test test_dual_powf_4 ... ok
[INFO] [stdout] test test_dual_tan ... ok
[INFO] [stdout] test test_dual_powi_2 ... ok
[INFO] [stdout] test test_dual_powi_4 ... ok
[INFO] [stdout] 
[INFO] [stdout] test result: ok. 38 passed; 0 failed; 0 ignored; 0 measured; 0 filtered out; finished in 0.02s
[INFO] [stdout] 
[INFO] [stderr]      Running tests/test_dual2.rs (/opt/rustwide/target/debug/deps/test_dual2-cacc4a94e66ba25c)
[INFO] [stdout] 
[INFO] [stdout] running 38 tests
[INFO] [stdout] test test_dual2_cos ... ok
[INFO] [stdout] test test_dual2_asin ... ok
[INFO] [stdout] test test_dual2_asinh ... ok
[INFO] [stdout] test test_dual2_acos ... ok
[INFO] [stdout] test test_dual2_cosh ... ok
[INFO] [stdout] test test_dual2_acosh ... ok
[INFO] [stdout] test test_dual2_atan ... ok
[INFO] [stdout] test test_dual2_exp ... ok
[INFO] [stdout] test test_dual2_ln ... ok
[INFO] [stdout] test test_dual2_exp_m1 ... ok
[INFO] [stdout] test test_dual2_exp2 ... ok
[INFO] [stdout] test test_dual2_atanh ... ok
[INFO] [stdout] test test_dual2_cbrt ... ok
[INFO] [stdout] test test_dual2_log ... ok
[INFO] [stdout] test test_dual2_log2 ... ok
[INFO] [stdout] test test_dual2_powf_0 ... ok
[INFO] [stdout] test test_dual2_powf_2 ... ok
[INFO] [stdout] test test_dual2_powf_1 ... ok
[INFO] [stdout] test test_dual2_powf ... ok
[INFO] [stdout] test test_dual2_powf_4 ... ok
[INFO] [stdout] test test_dual2_powi ... ok
[INFO] [stdout] test test_dual2_powi_2 ... ok
[INFO] [stdout] test test_dual2_powf_3 ... ok
[INFO] [stdout] test test_dual2_recip ... ok
[INFO] [stdout] test test_dual2_ln_1p ... ok
[INFO] [stdout] test test_dual2_powi_0 ... ok
[INFO] [stdout] test test_dual2_powi_3 ... ok
[INFO] [stdout] test test_dual2_powi_4 ... ok
[INFO] [stdout] test test_dual2_powi_1 ... ok
[INFO] [stdout] test test_dual2_log10 ... ok
[INFO] [stdout] test test_dual2_sinh ... ok
[INFO] [stdout] test test_dual2_sph_j0 ... ok
[INFO] [stdout] test test_dual2_sph_j2 ... ok
[INFO] [stdout] test test_dual2_sqrt ... ok
[INFO] [stdout] test test_dual2_tan ... ok
[INFO] [stdout] test test_dual2_tanh ... ok
[INFO] [stdout] test test_dual2_sin ... ok
[INFO] [stdout] test test_dual2_sph_j1 ... ok
[INFO] [stdout] 
[INFO] [stdout] test result: ok. 38 passed; 0 failed; 0 ignored; 0 measured; 0 filtered out; finished in 0.02s
[INFO] [stdout] 
[INFO] [stderr]      Running tests/test_dual2_vec.rs (/opt/rustwide/target/debug/deps/test_dual2_vec-acaf92a2fafc40f8)
[INFO] [stdout] 
[INFO] [stdout] running 38 tests
[INFO] [stdout] test test_dual2_vec_acos ... ok
[INFO] [stdout] test test_dual2_vec_asin ... ok
[INFO] [stdout] test test_dual2_vec_asinh ... ok
[INFO] [stdout] test test_dual2_vec_atan ... ok
[INFO] [stdout] test test_dual2_vec_atanh ... ok
[INFO] [stdout] test test_dual2_vec_cbrt ... ok
[INFO] [stdout] test test_dual2_vec_cosh ... ok
[INFO] [stdout] test test_dual2_vec_cos ... ok
[INFO] [stdout] test test_dual2_vec_log ... ok
[INFO] [stdout] test test_dual2_vec_ln ... ok
[INFO] [stdout] test test_dual2_vec_powf_2 ... ok
[INFO] [stdout] test test_dual2_vec_powi_1 ... ok
[INFO] [stdout] test test_dual2_vec_ln_1p ... ok
[INFO] [stdout] test test_dual2_vec_powi_2 ... ok
[INFO] [stdout] test test_dual2_vec_powi_3 ... ok
[INFO] [stdout] test test_dual2_vec_powi_4 ... ok
[INFO] [stdout] test test_dual2_vec_sinh ... ok
[INFO] [stdout] test test_dual2_vec_sph_j1 ... ok
[INFO] [stdout] test test_dual2_vec_sqrt ... ok
[INFO] [stdout] test test_dual2_vec_sph_j0 ... ok
[INFO] [stdout] test test_dual2_vec_sph_j2 ... ok
[INFO] [stdout] test test_dual2_vec_sin ... ok
[INFO] [stdout] test test_dual2_vec_exp ... ok
[INFO] [stdout] test test_dual2_vec_exp2 ... ok
[INFO] [stdout] test test_dual2_vec_powf ... ok
[INFO] [stdout] test test_dual2_vec_powf_0 ... ok
[INFO] [stdout] test test_dual2_vec_powf_1 ... ok
[INFO] [stdout] test test_dual2_vec_powi_0 ... ok
[INFO] [stdout] test test_dual2_vec_recip ... ok
[INFO] [stdout] test test_dual2_vec_exp_m1 ... ok
[INFO] [stdout] test test_dual2_vec_powf_3 ... ok
[INFO] [stdout] test test_dual2_vec_log10 ... ok
[INFO] [stdout] test test_dual2_vec_powi ... ok
[INFO] [stdout] test test_dual2_vec_powf_4 ... ok
[INFO] [stdout] test test_dual2_vec_acosh ... ok
[INFO] [stdout] test test_dual2_vec_tanh ... ok
[INFO] [stdout] test test_dual2_vec_log2 ... ok
[INFO] [stderr]      Running tests/test_dual3.rs (/opt/rustwide/target/debug/deps/test_dual3-356dbb38738a6957)
[INFO] [stdout] test test_dual2_vec_tan ... ok
[INFO] [stdout] 
[INFO] [stdout] test result: ok. 38 passed; 0 failed; 0 ignored; 0 measured; 0 filtered out; finished in 0.03s
[INFO] [stdout] 
[INFO] [stdout] 
[INFO] [stdout] running 38 tests
[INFO] [stdout] test test_dual3_asin ... ok
[INFO] [stdout] test test_dual3_acos ... ok
[INFO] [stdout] test test_dual3_acosh ... ok
[INFO] [stdout] test test_dual3_ln ... ok
[INFO] [stdout] test test_dual3_ln_1p ... ok
[INFO] [stdout] test test_dual3_cbrt ... ok
[INFO] [stdout] test test_dual3_exp_m1 ... ok
[INFO] [stdout] test test_dual3_atan ... ok
[INFO] [stdout] test test_dual3_exp2 ... ok
[INFO] [stdout] test test_dual3_cos ... ok
[INFO] [stdout] test test_dual3_asinh ... ok
[INFO] [stdout] test test_dual3_atanh ... ok
[INFO] [stdout] test test_dual3_log2 ... ok
[INFO] [stdout] test test_dual3_powf_2 ... ok
[INFO] [stdout] test test_dual3_powi_2 ... ok
[INFO] [stdout] test test_dual3_powi_3 ... ok
[INFO] [stdout] test test_dual3_powf_3 ... ok
[INFO] [stdout] test test_dual3_recip ... ok
[INFO] [stdout] test test_dual3_sinh ... ok
[INFO] [stdout] test test_dual3_sph_j0 ... ok
[INFO] [stdout] test test_dual3_sin ... ok
[INFO] [stdout] test test_dual3_powi_4 ... ok
[INFO] [stdout] test test_dual3_sph_j1 ... ok
[INFO] [stdout] test test_dual3_sqrt ... ok
[INFO] [stdout] test test_dual3_sph_j2 ... ok
[INFO] [stdout] test test_dual3_tan ... ok
[INFO] [stdout] test test_dual3_tanh ... ok
[INFO] [stdout] test test_dual3_powf_0 ... ok
[INFO] [stdout] test test_dual3_log10 ... ok
[INFO] [stdout] test test_dual3_powf_4 ... ok
[INFO] [stdout] test test_dual3_powf_1 ... ok
[INFO] [stdout] test test_dual3_powi ... ok
[INFO] [stdout] test test_dual3_powf ... ok
[INFO] [stdout] test test_dual3_powi_1 ... ok
[INFO] [stdout] test test_dual3_log ... ok
[INFO] [stdout] test test_dual3_exp ... ok
[INFO] [stdout] test test_dual3_cosh ... ok
[INFO] [stdout] test test_dual3_powi_0 ... ok
[INFO] [stdout] 
[INFO] [stdout] test result: ok. 38 passed; 0 failed; 0 ignored; 0 measured; 0 filtered out; finished in 0.03s
[INFO] [stdout] 
[INFO] [stderr]      Running tests/test_dual_vec.rs (/opt/rustwide/target/debug/deps/test_dual_vec-d9b8cb25a1b02522)
[INFO] [stdout] 
[INFO] [stdout] running 38 tests
[INFO] [stdout] test test_dual_vec_acos ... ok
[INFO] [stdout] test test_dual_vec_cosh ... ok
[INFO] [stdout] test test_dual_vec_asin ... ok
[INFO] [stdout] test test_dual_vec_acosh ... ok
[INFO] [stdout] test test_dual_vec_exp ... ok
[INFO] [stdout] test test_dual_vec_cos ... ok
[INFO] [stdout] test test_dual_vec_exp2 ... ok
[INFO] [stdout] test test_dual_vec_ln_1p ... ok
[INFO] [stdout] test test_dual_vec_log ... ok
[INFO] [stdout] test test_dual_vec_log10 ... ok
[INFO] [stdout] test test_dual_vec_log2 ... ok
[INFO] [stdout] test test_dual_vec_powf ... ok
[INFO] [stdout] test test_dual_vec_cbrt ... ok
[INFO] [stdout] test test_dual_vec_powf_0 ... ok
[INFO] [stdout] test test_dual_vec_asinh ... ok
[INFO] [stdout] test test_dual_vec_ln ... ok
[INFO] [stdout] test test_dual_vec_powf_1 ... ok
[INFO] [stdout] test test_dual_vec_powf_2 ... ok
[INFO] [stdout] test test_dual_vec_exp_m1 ... ok
[INFO] [stdout] test test_dual_vec_powi ... ok
[INFO] [stdout] test test_dual_vec_powi_2 ... ok
[INFO] [stdout] test test_dual_vec_powi_1 ... ok
[INFO] [stdout] test test_dual_vec_sinh ... ok
[INFO] [stdout] test test_dual_vec_atanh ... ok
[INFO] [stdout] test test_dual_vec_recip ... ok
[INFO] [stdout] test test_dual_vec_sin ... ok
[INFO] [stdout] test test_dual_vec_sph_j0 ... ok
[INFO] [stdout] test test_dual_vec_sph_j2 ... ok
[INFO] [stdout] test test_dual_vec_sqrt ... ok
[INFO] [stdout] test test_dual_vec_tan ... ok
[INFO] [stdout] test test_dual_vec_atan ... ok
[INFO] [stdout] test test_dual_vec_powi_0 ... ok
[INFO] [stdout] test test_dual_vec_powi_3 ... ok
[INFO] [stdout] test test_dual_vec_powi_4 ... ok
[INFO] [stdout] test test_dual_vec_powf_4 ... ok
[INFO] [stderr]      Running tests/test_hyperdual.rs (/opt/rustwide/target/debug/deps/test_hyperdual-3384ec8f27a1d54c)
[INFO] [stdout] test test_dual_vec_powf_3 ... ok
[INFO] [stdout] test test_dual_vec_sph_j1 ... ok
[INFO] [stdout] test test_dual_vec_tanh ... ok
[INFO] [stdout] 
[INFO] [stdout] test result: ok. 38 passed; 0 failed; 0 ignored; 0 measured; 0 filtered out; finished in 0.02s
[INFO] [stdout] 
[INFO] [stdout] 
[INFO] [stdout] running 38 tests
[INFO] [stdout] test test_hyperdual_acos ... ok
[INFO] [stdout] test test_hyperdual_asinh ... ok
[INFO] [stdout] test test_hyperdual_acosh ... ok
[INFO] [stdout] test test_hyperdual_asin ... ok
[INFO] [stdout] test test_hyperdual_atanh ... ok
[INFO] [stdout] test test_hyperdual_cosh ... ok
[INFO] [stdout] test test_hyperdual_log10 ... ok
[INFO] [stdout] test test_hyperdual_powf_0 ... ok
[INFO] [stdout] test test_hyperdual_powf ... ok
[INFO] [stdout] test test_hyperdual_exp ... ok
[INFO] [stdout] test test_hyperdual_powf_2 ... ok
[INFO] [stdout] test test_hyperdual_powf_3 ... ok
[INFO] [stdout] test test_hyperdual_powf_4 ... ok
[INFO] [stdout] test test_hyperdual_sin ... ok
[INFO] [stdout] test test_hyperdual_cbrt ... ok
[INFO] [stdout] test test_hyperdual_exp2 ... ok
[INFO] [stdout] test test_hyperdual_sph_j1 ... ok
[INFO] [stdout] test test_hyperdual_exp_m1 ... ok
[INFO] [stdout] test test_hyperdual_powf_1 ... ok
[INFO] [stdout] test test_hyperdual_ln ... ok
[INFO] [stdout] test test_hyperdual_log2 ... ok
[INFO] [stdout] test test_hyperdual_ln_1p ... ok
[INFO] [stdout] test test_hyperdual_atan ... ok
[INFO] [stdout] test test_hyperdual_cos ... ok
[INFO] [stdout] test test_hyperdual_log ... ok
[INFO] [stdout] test test_hyperdual_powi ... ok
[INFO] [stdout] test test_hyperdual_powi_0 ... ok
[INFO] [stdout] test test_hyperdual_powi_1 ... ok
[INFO] [stdout] test test_hyperdual_powi_2 ... ok
[INFO] [stdout] test test_hyperdual_powi_3 ... ok
[INFO] [stdout] test test_hyperdual_tanh ... ok
[INFO] [stdout] test test_hyperdual_tan ... ok
[INFO] [stdout] test test_hyperdual_powi_4 ... ok
[INFO] [stdout] test test_hyperdual_recip ... ok
[INFO] [stdout] test test_hyperdual_sinh ... ok
[INFO] [stdout] test test_hyperdual_sph_j0 ... ok
[INFO] [stdout] test test_hyperdual_sqrt ... ok
[INFO] [stdout] test test_hyperdual_sph_j2 ... ok
[INFO] [stdout] 
[INFO] [stdout] test result: ok. 38 passed; 0 failed; 0 ignored; 0 measured; 0 filtered out; finished in 0.07s
[INFO] [stdout] 
[INFO] [stderr]      Running tests/test_hyperdual_vec.rs (/opt/rustwide/target/debug/deps/test_hyperdual_vec-70df3cdf2909eda1)
[INFO] [stdout] 
[INFO] [stdout] running 38 tests
[INFO] [stdout] test test_hyperdual_vec_atan ... ok
[INFO] [stdout] test test_hyperdual_vec_cos ... ok
[INFO] [stdout] test test_hyperdual_vec_acosh ... ok
[INFO] [stdout] test test_hyperdual_vec_asinh ... ok
[INFO] [stdout] test test_hyperdual_vec_exp ... ok
[INFO] [stdout] test test_hyperdual_vec_exp2 ... ok
[INFO] [stdout] test test_hyperdual_vec_exp_m1 ... ok
[INFO] [stdout] test test_hyperdual_vec_ln ... ok
[INFO] [stdout] test test_hyperdual_vec_ln_1p ... ok
[INFO] [stdout] test test_hyperdual_vec_log ... ok
[INFO] [stdout] test test_hyperdual_vec_log10 ... ok
[INFO] [stdout] test test_hyperdual_vec_log2 ... ok
[INFO] [stdout] test test_hyperdual_vec_powf ... ok
[INFO] [stdout] test test_hyperdual_vec_powf_1 ... ok
[INFO] [stdout] test test_hyperdual_vec_powf_2 ... ok
[INFO] [stdout] test test_hyperdual_vec_powf_0 ... ok
[INFO] [stdout] test test_hyperdual_vec_recip ... ok
[INFO] [stdout] test test_hyperdual_vec_sin ... ok
[INFO] [stdout] test test_hyperdual_vec_sinh ... ok
[INFO] [stdout] test test_hyperdual_vec_sph_j0 ... ok
[INFO] [stdout] test test_hyperdual_vec_sph_j1 ... ok
[INFO] [stdout] test test_hyperdual_vec_sph_j2 ... ok
[INFO] [stdout] test test_hyperdual_vec_sqrt ... ok
[INFO] [stdout] test test_hyperdual_vec_powi_4 ... ok
[INFO] [stdout] test test_hyperdual_vec_acos ... ok
[INFO] [stdout] test test_hyperdual_vec_powf_4 ... ok
[INFO] [stdout] test test_hyperdual_vec_atanh ... ok
[INFO] [stdout] test test_hyperdual_vec_powi ... ok
[INFO] [stdout] test test_hyperdual_vec_asin ... ok
[INFO] [stdout] test test_hyperdual_vec_powi_3 ... ok
[INFO] [stdout] test test_hyperdual_vec_powi_1 ... ok
[INFO] [stdout] test test_hyperdual_vec_powi_2 ... ok
[INFO] [stdout] test test_hyperdual_vec_tan ... ok
[INFO] [stdout] test test_hyperdual_vec_cosh ... ok
[INFO] [stdout] test test_hyperdual_vec_tanh ... ok
[INFO] [stdout] test test_hyperdual_vec_powi_0 ... ok
[INFO] [stdout] test test_hyperdual_vec_powf_3 ... ok
[INFO] [stdout] test test_hyperdual_vec_cbrt ... ok
[INFO] [stdout] 
[INFO] [stdout] test result: ok. 38 passed; 0 failed; 0 ignored; 0 measured; 0 filtered out; finished in 0.02s
[INFO] [stdout] 
[INFO] [stderr]    Doc-tests num-dual
[INFO] [stdout] 
[INFO] [stdout] running 19 tests
[INFO] [stdout] test src/static_mat.rs - static_mat::StaticMat<T, M, N>::matmul_transpose (line 300) ... ok
[INFO] [stdout] test src/static_mat.rs - static_mat::StaticMat<T, M, N>::matmul (line 240) ... ok
[INFO] [stdout] test src/static_mat.rs - static_mat::StaticMat<T, M, N>::transpose_matmul (line 270) ... ok
[INFO] [stdout] test src/static_mat.rs - static_mat::StaticVec<T, N>::dot (line 361) ... ok
[INFO] [stdout] test src/lib.rs - (line 5) ... ok
[INFO] [stdout] test src/dual2.rs - dual2::Dual2<T, F>::derive (line 59) ... ok
[INFO] [stdout] test src/linalg/linalg_ndarray.rs - linalg::linalg_ndarray::Array2<DualVec64<2>>::eigh (line 318) ... FAILED
[INFO] [stdout] test src/linalg/linalg_ndarray.rs - linalg::linalg_ndarray::Array2<Dual3<D, f64>>::solve_recursive_inplace (line 225) ... FAILED
[INFO] [stdout] test src/dual3.rs - dual3::Dual3<T, F>::derive (line 49) ... ok
[INFO] [stdout] test src/dual.rs - dual::StaticVec<DualVec<T, F, N>, N>::derive (line 71) ... ok
[INFO] [stdout] test src/linalg/linalg_ndarray.rs - linalg::linalg_ndarray::Array2<DualVec<D, f64, 2>>::solve_recursive_inplace (line 128) ... FAILED
[INFO] [stdout] test src/linalg/linalg_ndarray.rs - linalg::linalg_ndarray::Array2<Dual64>::eigh (line 276) ... FAILED
[INFO] [stdout] test src/linalg/linalg_ndarray.rs - linalg::linalg_ndarray::Array2<HyperDual<D, f64>>::solve_recursive_inplace (line 176) ... FAILED
[INFO] [stdout] test src/dual2.rs - dual2::StaticVec<Dual2Vec<T, F, N>, N>::derive (line 80) ... ok
[INFO] [stdout] test src/hyperdual.rs - hyperdual::StaticVec<HyperDualVec<T, F, M, N>, N>::derive2 (line 101) ... ok
[INFO] [stdout] test src/linalg/linalg_ndarray.rs - linalg::linalg_ndarray::Array2<f64>::solve_inplace (line 59) ... FAILED
[INFO] [stdout] test src/dual.rs - dual::StaticVec<DualVec<T, F, N>, M>::jacobian (line 93) ... ok
[INFO] [stdout] test src/dual.rs - dual::Dual<T, F>::derive (line 56) ... ok
[INFO] [stdout] test src/linalg/linalg_ndarray.rs - linalg::linalg_ndarray::Array2<Dual<D, f64>>::solve_recursive_inplace (line 89) ... FAILED
[INFO] [stdout] 
[INFO] [stdout] failures:
[INFO] [stdout] 
[INFO] [stdout] ---- src/linalg/linalg_ndarray.rs - linalg::linalg_ndarray::Array2<DualVec64<2>>::eigh (line 318) stdout ----
[INFO] [stdout] error: linking with `cc` failed: exit status: 1
[INFO] [stdout]   |
[INFO] [stdout]   = note: "cc" "-m64" "/tmp/rustdocteste61CYb/rust_out.rust_out.7rcbfp3g-cgu.0.rcgu.o" "/tmp/rustdocteste61CYb/rust_out.33dyzt1ekirinwy8.rcgu.o" "-Wl,--as-needed" "-L" "/opt/rustwide/target/debug/deps" "-L" "/opt/rustwide/target/debug/deps" "-L" "/opt/rustwide/rustup-home/toolchains/1.54.0-x86_64-unknown-linux-gnu/lib/rustlib/x86_64-unknown-linux-gnu/lib" "-Wl,-Bstatic" "/opt/rustwide/target/debug/deps/libnum_dual-952efd27587e3633.rlib" "/opt/rustwide/target/debug/deps/libndarray_linalg-436ab03fe60a0c7b.rlib" "/opt/rustwide/target/debug/deps/liblax-b7e9993a3d245b23.rlib" "/opt/rustwide/target/debug/deps/liblapack-b7c8132b7c2c22f2.rlib" "/opt/rustwide/target/debug/deps/liblapack_sys-6a25f5350debfecc.rlib" "/opt/rustwide/target/debug/deps/libcauchy-d3b58defcf869e58.rlib" "/opt/rustwide/target/debug/deps/libthiserror-b18e4f16bbd1b898.rlib" "/opt/rustwide/target/debug/deps/libndarray-70c42b21716f2a7d.rlib" "/opt/rustwide/target/debug/deps/libmatrixmultiply-1a62024ab58fa575.rlib" "/opt/rustwide/target/debug/deps/libapprox-293e02d2204a3839.rlib" "/opt/rustwide/target/debug/deps/libnum_complex-1781bebdf74dc90e.rlib" "/opt/rustwide/target/debug/deps/libserde-1d37970d7e69b8e5.rlib" "/opt/rustwide/target/debug/deps/librand-08af1d871362c2fe.rlib" "/opt/rustwide/target/debug/deps/librand_chacha-cbc694fa134c6e01.rlib" "/opt/rustwide/target/debug/deps/libppv_lite86-545d86392ea1d8e4.rlib" "/opt/rustwide/target/debug/deps/librand_core-8b6215ce75f700d0.rlib" "/opt/rustwide/target/debug/deps/libgetrandom-d801f701964b43b4.rlib" "/opt/rustwide/target/debug/deps/libcfg_if-38c8a3e888ecb06a.rlib" "/opt/rustwide/target/debug/deps/libnum_integer-37e0a44a8f2fd158.rlib" "/opt/rustwide/target/debug/deps/librawpointer-007031bc2b481d22.rlib" "/opt/rustwide/target/debug/deps/libcblas_sys-afcf3c80431a22db.rlib" "/opt/rustwide/target/debug/deps/liblibc-ef703b7b559de845.rlib" "/opt/rustwide/target/debug/deps/libnum_traits-a2639720a0ec4c76.rlib" "-Wl,--start-group" "/opt/rustwide/rustup-home/toolchains/1.54.0-x86_64-unknown-linux-gnu/lib/rustlib/x86_64-unknown-linux-gnu/lib/libstd-2420485b9e5ef5e1.rlib" "/opt/rustwide/rustup-home/toolchains/1.54.0-x86_64-unknown-linux-gnu/lib/rustlib/x86_64-unknown-linux-gnu/lib/libpanic_unwind-785e3cb61c4b1960.rlib" "/opt/rustwide/rustup-home/toolchains/1.54.0-x86_64-unknown-linux-gnu/lib/rustlib/x86_64-unknown-linux-gnu/lib/libminiz_oxide-087191a88bdaa22d.rlib" "/opt/rustwide/rustup-home/toolchains/1.54.0-x86_64-unknown-linux-gnu/lib/rustlib/x86_64-unknown-linux-gnu/lib/libadler-9981842c02975178.rlib" "/opt/rustwide/rustup-home/toolchains/1.54.0-x86_64-unknown-linux-gnu/lib/rustlib/x86_64-unknown-linux-gnu/lib/libobject-6fb405869b015fde.rlib" "/opt/rustwide/rustup-home/toolchains/1.54.0-x86_64-unknown-linux-gnu/lib/rustlib/x86_64-unknown-linux-gnu/lib/libaddr2line-d05c5c3c56004b7b.rlib" "/opt/rustwide/rustup-home/toolchains/1.54.0-x86_64-unknown-linux-gnu/lib/rustlib/x86_64-unknown-linux-gnu/lib/libgimli-42d74d2097528b38.rlib" "/opt/rustwide/rustup-home/toolchains/1.54.0-x86_64-unknown-linux-gnu/lib/rustlib/x86_64-unknown-linux-gnu/lib/libstd_detect-fb36534c113d2209.rlib" "/opt/rustwide/rustup-home/toolchains/1.54.0-x86_64-unknown-linux-gnu/lib/rustlib/x86_64-unknown-linux-gnu/lib/librustc_demangle-b56b9042c12b6535.rlib" "/opt/rustwide/rustup-home/toolchains/1.54.0-x86_64-unknown-linux-gnu/lib/rustlib/x86_64-unknown-linux-gnu/lib/libhashbrown-491902d6cb3e76df.rlib" "/opt/rustwide/rustup-home/toolchains/1.54.0-x86_64-unknown-linux-gnu/lib/rustlib/x86_64-unknown-linux-gnu/lib/librustc_std_workspace_alloc-61834e0981b8c367.rlib" "/opt/rustwide/rustup-home/toolchains/1.54.0-x86_64-unknown-linux-gnu/lib/rustlib/x86_64-unknown-linux-gnu/lib/libunwind-f78aa99d613a55bc.rlib" "/opt/rustwide/rustup-home/toolchains/1.54.0-x86_64-unknown-linux-gnu/lib/rustlib/x86_64-unknown-linux-gnu/lib/libcfg_if-53ee54cd7fed2c57.rlib" "/opt/rustwide/rustup-home/toolchains/1.54.0-x86_64-unknown-linux-gnu/lib/rustlib/x86_64-unknown-linux-gnu/lib/liblibc-544ecdbd6cda3c58.rlib" "/opt/rustwide/rustup-home/toolchains/1.54.0-x86_64-unknown-linux-gnu/lib/rustlib/x86_64-unknown-linux-gnu/lib/liballoc-379cc252b6943a79.rlib" "/opt/rustwide/rustup-home/toolchains/1.54.0-x86_64-unknown-linux-gnu/lib/rustlib/x86_64-unknown-linux-gnu/lib/librustc_std_workspace_core-8063eea38dcc5e62.rlib" "/opt/rustwide/rustup-home/toolchains/1.54.0-x86_64-unknown-linux-gnu/lib/rustlib/x86_64-unknown-linux-gnu/lib/libcore-5b228734afae15ee.rlib" "-Wl,--end-group" "/opt/rustwide/rustup-home/toolchains/1.54.0-x86_64-unknown-linux-gnu/lib/rustlib/x86_64-unknown-linux-gnu/lib/libcompiler_builtins-d6c7a399d95d173f.rlib" "-Wl,-Bdynamic" "-lgcc_s" "-lutil" "-lrt" "-lpthread" "-lm" "-ldl" "-lc" "-Wl,--eh-frame-hdr" "-Wl,-znoexecstack" "-L" "/opt/rustwide/rustup-home/toolchains/1.54.0-x86_64-unknown-linux-gnu/lib/rustlib/x86_64-unknown-linux-gnu/lib" "-o" "/tmp/rustdocteste61CYb/rust_out" "-Wl,--gc-sections" "-pie" "-Wl,-zrelro" "-Wl,-znow" "-nodefaultlibs"
[INFO] [stdout]   = note: /usr/bin/ld: /tmp/rustdocteste61CYb/rust_out.rust_out.7rcbfp3g-cgu.0.rcgu.o: in function `ndarray::linalg::impl_linalg::mat_mul_impl':
[INFO] [stdout]           rust_out.7rcbfp3g-cgu.0:(.text._ZN7ndarray6linalg11impl_linalg12mat_mul_impl17hb74223f3ca3d0ba2E+0xb7f): undefined reference to `cblas_sgemm'
[INFO] [stdout]           /usr/bin/ld: rust_out.7rcbfp3g-cgu.0:(.text._ZN7ndarray6linalg11impl_linalg12mat_mul_impl17hb74223f3ca3d0ba2E+0x10cf): undefined reference to `cblas_dgemm'
[INFO] [stdout]           /usr/bin/ld: /opt/rustwide/target/debug/deps/libnum_dual-952efd27587e3633.rlib(num_dual-952efd27587e3633.num_dual.6attlgsk-cgu.7.rcgu.o): in function `ndarray::linalg::impl_linalg::mat_mul_impl':
[INFO] [stdout]           /opt/rustwide/cargo-home/registry/src/github.com-1ecc6299db9ec823/ndarray-0.15.3/src/linalg/impl_linalg.rs:453: undefined reference to `cblas_sgemm'
[INFO] [stdout]           /usr/bin/ld: /opt/rustwide/cargo-home/registry/src/github.com-1ecc6299db9ec823/ndarray-0.15.3/src/linalg/impl_linalg.rs:454: undefined reference to `cblas_dgemm'
[INFO] [stdout]           /usr/bin/ld: /opt/rustwide/target/debug/deps/liblax-b7e9993a3d245b23.rlib(lax-b7e9993a3d245b23.lax.70dsj1ww-cgu.1.rcgu.o): in function `lapack::dsyev':
[INFO] [stdout]           /opt/rustwide/cargo-home/registry/src/github.com-1ecc6299db9ec823/lapack-0.18.0/src/lib.rs:21713: undefined reference to `dsyev_'
[INFO] [stdout]           collect2: error: ld returned 1 exit status
[INFO] [stdout]           
[INFO] [stdout] 
[INFO] [stdout] error: aborting due to previous error
[INFO] [stdout] 
[INFO] [stdout] Couldn't compile the test.
[INFO] [stdout] ---- src/linalg/linalg_ndarray.rs - linalg::linalg_ndarray::Array2<Dual3<D, f64>>::solve_recursive_inplace (line 225) stdout ----
[INFO] [stdout] error: linking with `cc` failed: exit status: 1
[INFO] [stdout]   |
[INFO] [stdout]   = note: "cc" "-m64" "/tmp/rustdoctestFvePBu/rust_out.rust_out.7rcbfp3g-cgu.0.rcgu.o" "/tmp/rustdoctestFvePBu/rust_out.33dyzt1ekirinwy8.rcgu.o" "-Wl,--as-needed" "-L" "/opt/rustwide/target/debug/deps" "-L" "/opt/rustwide/target/debug/deps" "-L" "/opt/rustwide/rustup-home/toolchains/1.54.0-x86_64-unknown-linux-gnu/lib/rustlib/x86_64-unknown-linux-gnu/lib" "-Wl,-Bstatic" "/opt/rustwide/target/debug/deps/libnum_dual-952efd27587e3633.rlib" "/opt/rustwide/target/debug/deps/libndarray_linalg-436ab03fe60a0c7b.rlib" "/opt/rustwide/target/debug/deps/liblax-b7e9993a3d245b23.rlib" "/opt/rustwide/target/debug/deps/liblapack-b7c8132b7c2c22f2.rlib" "/opt/rustwide/target/debug/deps/liblapack_sys-6a25f5350debfecc.rlib" "/opt/rustwide/target/debug/deps/libcauchy-d3b58defcf869e58.rlib" "/opt/rustwide/target/debug/deps/libthiserror-b18e4f16bbd1b898.rlib" "/opt/rustwide/target/debug/deps/libndarray-70c42b21716f2a7d.rlib" "/opt/rustwide/target/debug/deps/libmatrixmultiply-1a62024ab58fa575.rlib" "/opt/rustwide/target/debug/deps/libapprox-293e02d2204a3839.rlib" "/opt/rustwide/target/debug/deps/libnum_complex-1781bebdf74dc90e.rlib" "/opt/rustwide/target/debug/deps/libserde-1d37970d7e69b8e5.rlib" "/opt/rustwide/target/debug/deps/librand-08af1d871362c2fe.rlib" "/opt/rustwide/target/debug/deps/librand_chacha-cbc694fa134c6e01.rlib" "/opt/rustwide/target/debug/deps/libppv_lite86-545d86392ea1d8e4.rlib" "/opt/rustwide/target/debug/deps/librand_core-8b6215ce75f700d0.rlib" "/opt/rustwide/target/debug/deps/libgetrandom-d801f701964b43b4.rlib" "/opt/rustwide/target/debug/deps/libcfg_if-38c8a3e888ecb06a.rlib" "/opt/rustwide/target/debug/deps/libnum_integer-37e0a44a8f2fd158.rlib" "/opt/rustwide/target/debug/deps/librawpointer-007031bc2b481d22.rlib" "/opt/rustwide/target/debug/deps/libcblas_sys-afcf3c80431a22db.rlib" "/opt/rustwide/target/debug/deps/liblibc-ef703b7b559de845.rlib" "/opt/rustwide/target/debug/deps/libnum_traits-a2639720a0ec4c76.rlib" "-Wl,--start-group" "/opt/rustwide/rustup-home/toolchains/1.54.0-x86_64-unknown-linux-gnu/lib/rustlib/x86_64-unknown-linux-gnu/lib/libstd-2420485b9e5ef5e1.rlib" "/opt/rustwide/rustup-home/toolchains/1.54.0-x86_64-unknown-linux-gnu/lib/rustlib/x86_64-unknown-linux-gnu/lib/libpanic_unwind-785e3cb61c4b1960.rlib" "/opt/rustwide/rustup-home/toolchains/1.54.0-x86_64-unknown-linux-gnu/lib/rustlib/x86_64-unknown-linux-gnu/lib/libminiz_oxide-087191a88bdaa22d.rlib" "/opt/rustwide/rustup-home/toolchains/1.54.0-x86_64-unknown-linux-gnu/lib/rustlib/x86_64-unknown-linux-gnu/lib/libadler-9981842c02975178.rlib" "/opt/rustwide/rustup-home/toolchains/1.54.0-x86_64-unknown-linux-gnu/lib/rustlib/x86_64-unknown-linux-gnu/lib/libobject-6fb405869b015fde.rlib" "/opt/rustwide/rustup-home/toolchains/1.54.0-x86_64-unknown-linux-gnu/lib/rustlib/x86_64-unknown-linux-gnu/lib/libaddr2line-d05c5c3c56004b7b.rlib" "/opt/rustwide/rustup-home/toolchains/1.54.0-x86_64-unknown-linux-gnu/lib/rustlib/x86_64-unknown-linux-gnu/lib/libgimli-42d74d2097528b38.rlib" "/opt/rustwide/rustup-home/toolchains/1.54.0-x86_64-unknown-linux-gnu/lib/rustlib/x86_64-unknown-linux-gnu/lib/libstd_detect-fb36534c113d2209.rlib" "/opt/rustwide/rustup-home/toolchains/1.54.0-x86_64-unknown-linux-gnu/lib/rustlib/x86_64-unknown-linux-gnu/lib/librustc_demangle-b56b9042c12b6535.rlib" "/opt/rustwide/rustup-home/toolchains/1.54.0-x86_64-unknown-linux-gnu/lib/rustlib/x86_64-unknown-linux-gnu/lib/libhashbrown-491902d6cb3e76df.rlib" "/opt/rustwide/rustup-home/toolchains/1.54.0-x86_64-unknown-linux-gnu/lib/rustlib/x86_64-unknown-linux-gnu/lib/librustc_std_workspace_alloc-61834e0981b8c367.rlib" "/opt/rustwide/rustup-home/toolchains/1.54.0-x86_64-unknown-linux-gnu/lib/rustlib/x86_64-unknown-linux-gnu/lib/libunwind-f78aa99d613a55bc.rlib" "/opt/rustwide/rustup-home/toolchains/1.54.0-x86_64-unknown-linux-gnu/lib/rustlib/x86_64-unknown-linux-gnu/lib/libcfg_if-53ee54cd7fed2c57.rlib" "/opt/rustwide/rustup-home/toolchains/1.54.0-x86_64-unknown-linux-gnu/lib/rustlib/x86_64-unknown-linux-gnu/lib/liblibc-544ecdbd6cda3c58.rlib" "/opt/rustwide/rustup-home/toolchains/1.54.0-x86_64-unknown-linux-gnu/lib/rustlib/x86_64-unknown-linux-gnu/lib/liballoc-379cc252b6943a79.rlib" "/opt/rustwide/rustup-home/toolchains/1.54.0-x86_64-unknown-linux-gnu/lib/rustlib/x86_64-unknown-linux-gnu/lib/librustc_std_workspace_core-8063eea38dcc5e62.rlib" "/opt/rustwide/rustup-home/toolchains/1.54.0-x86_64-unknown-linux-gnu/lib/rustlib/x86_64-unknown-linux-gnu/lib/libcore-5b228734afae15ee.rlib" "-Wl,--end-group" "/opt/rustwide/rustup-home/toolchains/1.54.0-x86_64-unknown-linux-gnu/lib/rustlib/x86_64-unknown-linux-gnu/lib/libcompiler_builtins-d6c7a399d95d173f.rlib" "-Wl,-Bdynamic" "-lgcc_s" "-lutil" "-lrt" "-lpthread" "-lm" "-ldl" "-lc" "-Wl,--eh-frame-hdr" "-Wl,-znoexecstack" "-L" "/opt/rustwide/rustup-home/toolchains/1.54.0-x86_64-unknown-linux-gnu/lib/rustlib/x86_64-unknown-linux-gnu/lib" "-o" "/tmp/rustdoctestFvePBu/rust_out" "-Wl,--gc-sections" "-pie" "-Wl,-zrelro" "-Wl,-znow" "-nodefaultlibs"
[INFO] [stdout]   = note: /usr/bin/ld: /tmp/rustdoctestFvePBu/rust_out.rust_out.7rcbfp3g-cgu.0.rcgu.o: in function `ndarray::linalg::impl_linalg::<impl ndarray::ArrayBase<S,ndarray::dimension::dim::Dim<[usize; 1]>>>::dot_impl':
[INFO] [stdout]           rust_out.7rcbfp3g-cgu.0:(.text._ZN7ndarray6linalg11impl_linalg110_$LT$impl$u20$ndarray..ArrayBase$LT$S$C$ndarray..dimension..dim..Dim$LT$$u5b$usize$u3b$$u20$1$u5d$$GT$$GT$$GT$8dot_impl17h93333651ebf6485bE+0x3a9): undefined reference to `cblas_sdot'
[INFO] [stdout]           /usr/bin/ld: rust_out.7rcbfp3g-cgu.0:(.text._ZN7ndarray6linalg11impl_linalg110_$LT$impl$u20$ndarray..ArrayBase$LT$S$C$ndarray..dimension..dim..Dim$LT$$u5b$usize$u3b$$u20$1$u5d$$GT$$GT$$GT$8dot_impl17h93333651ebf6485bE+0x5d1): undefined reference to `cblas_ddot'
[INFO] [stdout]           /usr/bin/ld: /tmp/rustdoctestFvePBu/rust_out.rust_out.7rcbfp3g-cgu.0.rcgu.o: in function `ndarray::linalg::impl_linalg::general_mat_vec_mul_impl':
[INFO] [stdout]           rust_out.7rcbfp3g-cgu.0:(.text._ZN7ndarray6linalg11impl_linalg24general_mat_vec_mul_impl17hd8e3cfc86abbac72E+0x565): undefined reference to `cblas_sgemv'
[INFO] [stdout]           /usr/bin/ld: rust_out.7rcbfp3g-cgu.0:(.text._ZN7ndarray6linalg11impl_linalg24general_mat_vec_mul_impl17hd8e3cfc86abbac72E+0x8f6): undefined reference to `cblas_dgemv'
[INFO] [stdout]           /usr/bin/ld: /opt/rustwide/target/debug/deps/liblax-b7e9993a3d245b23.rlib(lax-b7e9993a3d245b23.lax.70dsj1ww-cgu.1.rcgu.o): in function `lapack::dgetrf':
[INFO] [stdout]           /opt/rustwide/cargo-home/registry/src/github.com-1ecc6299db9ec823/lapack-0.18.0/src/lib.rs:67: undefined reference to `dgetrf_'
[INFO] [stdout]           /usr/bin/ld: /opt/rustwide/target/debug/deps/liblax-b7e9993a3d245b23.rlib(lax-b7e9993a3d245b23.lax.70dsj1ww-cgu.1.rcgu.o): in function `lapack::dgetrs':
[INFO] [stdout]           /opt/rustwide/cargo-home/registry/src/github.com-1ecc6299db9ec823/lapack-0.18.0/src/lib.rs:803: undefined reference to `dgetrs_'
[INFO] [stdout]           collect2: error: ld returned 1 exit status
[INFO] [stdout]           
[INFO] [stdout] 
[INFO] [stdout] error: aborting due to previous error
[INFO] [stdout] 
[INFO] [stdout] Couldn't compile the test.
[INFO] [stdout] ---- src/linalg/linalg_ndarray.rs - linalg::linalg_ndarray::Array2<DualVec<D, f64, 2>>::solve_recursive_inplace (line 128) stdout ----
[INFO] [stdout] error: linking with `cc` failed: exit status: 1
[INFO] [stdout]   |
[INFO] [stdout]   = note: "cc" "-m64" "/tmp/rustdoctestb6FOtz/rust_out.rust_out.7rcbfp3g-cgu.0.rcgu.o" "/tmp/rustdoctestb6FOtz/rust_out.33dyzt1ekirinwy8.rcgu.o" "-Wl,--as-needed" "-L" "/opt/rustwide/target/debug/deps" "-L" "/opt/rustwide/target/debug/deps" "-L" "/opt/rustwide/rustup-home/toolchains/1.54.0-x86_64-unknown-linux-gnu/lib/rustlib/x86_64-unknown-linux-gnu/lib" "-Wl,-Bstatic" "/opt/rustwide/target/debug/deps/libnum_dual-952efd27587e3633.rlib" "/opt/rustwide/target/debug/deps/libndarray_linalg-436ab03fe60a0c7b.rlib" "/opt/rustwide/target/debug/deps/liblax-b7e9993a3d245b23.rlib" "/opt/rustwide/target/debug/deps/liblapack-b7c8132b7c2c22f2.rlib" "/opt/rustwide/target/debug/deps/liblapack_sys-6a25f5350debfecc.rlib" "/opt/rustwide/target/debug/deps/libcauchy-d3b58defcf869e58.rlib" "/opt/rustwide/target/debug/deps/libthiserror-b18e4f16bbd1b898.rlib" "/opt/rustwide/target/debug/deps/libndarray-70c42b21716f2a7d.rlib" "/opt/rustwide/target/debug/deps/libmatrixmultiply-1a62024ab58fa575.rlib" "/opt/rustwide/target/debug/deps/libapprox-293e02d2204a3839.rlib" "/opt/rustwide/target/debug/deps/libnum_complex-1781bebdf74dc90e.rlib" "/opt/rustwide/target/debug/deps/libserde-1d37970d7e69b8e5.rlib" "/opt/rustwide/target/debug/deps/librand-08af1d871362c2fe.rlib" "/opt/rustwide/target/debug/deps/librand_chacha-cbc694fa134c6e01.rlib" "/opt/rustwide/target/debug/deps/libppv_lite86-545d86392ea1d8e4.rlib" "/opt/rustwide/target/debug/deps/librand_core-8b6215ce75f700d0.rlib" "/opt/rustwide/target/debug/deps/libgetrandom-d801f701964b43b4.rlib" "/opt/rustwide/target/debug/deps/libcfg_if-38c8a3e888ecb06a.rlib" "/opt/rustwide/target/debug/deps/libnum_integer-37e0a44a8f2fd158.rlib" "/opt/rustwide/target/debug/deps/librawpointer-007031bc2b481d22.rlib" "/opt/rustwide/target/debug/deps/libcblas_sys-afcf3c80431a22db.rlib" "/opt/rustwide/target/debug/deps/liblibc-ef703b7b559de845.rlib" "/opt/rustwide/target/debug/deps/libnum_traits-a2639720a0ec4c76.rlib" "-Wl,--start-group" "/opt/rustwide/rustup-home/toolchains/1.54.0-x86_64-unknown-linux-gnu/lib/rustlib/x86_64-unknown-linux-gnu/lib/libstd-2420485b9e5ef5e1.rlib" "/opt/rustwide/rustup-home/toolchains/1.54.0-x86_64-unknown-linux-gnu/lib/rustlib/x86_64-unknown-linux-gnu/lib/libpanic_unwind-785e3cb61c4b1960.rlib" "/opt/rustwide/rustup-home/toolchains/1.54.0-x86_64-unknown-linux-gnu/lib/rustlib/x86_64-unknown-linux-gnu/lib/libminiz_oxide-087191a88bdaa22d.rlib" "/opt/rustwide/rustup-home/toolchains/1.54.0-x86_64-unknown-linux-gnu/lib/rustlib/x86_64-unknown-linux-gnu/lib/libadler-9981842c02975178.rlib" "/opt/rustwide/rustup-home/toolchains/1.54.0-x86_64-unknown-linux-gnu/lib/rustlib/x86_64-unknown-linux-gnu/lib/libobject-6fb405869b015fde.rlib" "/opt/rustwide/rustup-home/toolchains/1.54.0-x86_64-unknown-linux-gnu/lib/rustlib/x86_64-unknown-linux-gnu/lib/libaddr2line-d05c5c3c56004b7b.rlib" "/opt/rustwide/rustup-home/toolchains/1.54.0-x86_64-unknown-linux-gnu/lib/rustlib/x86_64-unknown-linux-gnu/lib/libgimli-42d74d2097528b38.rlib" "/opt/rustwide/rustup-home/toolchains/1.54.0-x86_64-unknown-linux-gnu/lib/rustlib/x86_64-unknown-linux-gnu/lib/libstd_detect-fb36534c113d2209.rlib" "/opt/rustwide/rustup-home/toolchains/1.54.0-x86_64-unknown-linux-gnu/lib/rustlib/x86_64-unknown-linux-gnu/lib/librustc_demangle-b56b9042c12b6535.rlib" "/opt/rustwide/rustup-home/toolchains/1.54.0-x86_64-unknown-linux-gnu/lib/rustlib/x86_64-unknown-linux-gnu/lib/libhashbrown-491902d6cb3e76df.rlib" "/opt/rustwide/rustup-home/toolchains/1.54.0-x86_64-unknown-linux-gnu/lib/rustlib/x86_64-unknown-linux-gnu/lib/librustc_std_workspace_alloc-61834e0981b8c367.rlib" "/opt/rustwide/rustup-home/toolchains/1.54.0-x86_64-unknown-linux-gnu/lib/rustlib/x86_64-unknown-linux-gnu/lib/libunwind-f78aa99d613a55bc.rlib" "/opt/rustwide/rustup-home/toolchains/1.54.0-x86_64-unknown-linux-gnu/lib/rustlib/x86_64-unknown-linux-gnu/lib/libcfg_if-53ee54cd7fed2c57.rlib" "/opt/rustwide/rustup-home/toolchains/1.54.0-x86_64-unknown-linux-gnu/lib/rustlib/x86_64-unknown-linux-gnu/lib/liblibc-544ecdbd6cda3c58.rlib" "/opt/rustwide/rustup-home/toolchains/1.54.0-x86_64-unknown-linux-gnu/lib/rustlib/x86_64-unknown-linux-gnu/lib/liballoc-379cc252b6943a79.rlib" "/opt/rustwide/rustup-home/toolchains/1.54.0-x86_64-unknown-linux-gnu/lib/rustlib/x86_64-unknown-linux-gnu/lib/librustc_std_workspace_core-8063eea38dcc5e62.rlib" "/opt/rustwide/rustup-home/toolchains/1.54.0-x86_64-unknown-linux-gnu/lib/rustlib/x86_64-unknown-linux-gnu/lib/libcore-5b228734afae15ee.rlib" "-Wl,--end-group" "/opt/rustwide/rustup-home/toolchains/1.54.0-x86_64-unknown-linux-gnu/lib/rustlib/x86_64-unknown-linux-gnu/lib/libcompiler_builtins-d6c7a399d95d173f.rlib" "-Wl,-Bdynamic" "-lgcc_s" "-lutil" "-lrt" "-lpthread" "-lm" "-ldl" "-lc" "-Wl,--eh-frame-hdr" "-Wl,-znoexecstack" "-L" "/opt/rustwide/rustup-home/toolchains/1.54.0-x86_64-unknown-linux-gnu/lib/rustlib/x86_64-unknown-linux-gnu/lib" "-o" "/tmp/rustdoctestb6FOtz/rust_out" "-Wl,--gc-sections" "-pie" "-Wl,-zrelro" "-Wl,-znow" "-nodefaultlibs"
[INFO] [stdout]   = note: /usr/bin/ld: /tmp/rustdoctestb6FOtz/rust_out.rust_out.7rcbfp3g-cgu.0.rcgu.o: in function `ndarray::linalg::impl_linalg::<impl ndarray::ArrayBase<S,ndarray::dimension::dim::Dim<[usize; 1]>>>::dot_impl':
[INFO] [stdout]           rust_out.7rcbfp3g-cgu.0:(.text._ZN7ndarray6linalg11impl_linalg110_$LT$impl$u20$ndarray..ArrayBase$LT$S$C$ndarray..dimension..dim..Dim$LT$$u5b$usize$u3b$$u20$1$u5d$$GT$$GT$$GT$8dot_impl17h93333651ebf6485bE+0x3a9): undefined reference to `cblas_sdot'
[INFO] [stdout]           /usr/bin/ld: rust_out.7rcbfp3g-cgu.0:(.text._ZN7ndarray6linalg11impl_linalg110_$LT$impl$u20$ndarray..ArrayBase$LT$S$C$ndarray..dimension..dim..Dim$LT$$u5b$usize$u3b$$u20$1$u5d$$GT$$GT$$GT$8dot_impl17h93333651ebf6485bE+0x5d1): undefined reference to `cblas_ddot'
[INFO] [stdout]           /usr/bin/ld: /tmp/rustdoctestb6FOtz/rust_out.rust_out.7rcbfp3g-cgu.0.rcgu.o: in function `ndarray::linalg::impl_linalg::general_mat_vec_mul_impl':
[INFO] [stdout]           rust_out.7rcbfp3g-cgu.0:(.text._ZN7ndarray6linalg11impl_linalg24general_mat_vec_mul_impl17hd8e3cfc86abbac72E+0x565): undefined reference to `cblas_sgemv'
[INFO] [stdout]           /usr/bin/ld: rust_out.7rcbfp3g-cgu.0:(.text._ZN7ndarray6linalg11impl_linalg24general_mat_vec_mul_impl17hd8e3cfc86abbac72E+0x8f6): undefined reference to `cblas_dgemv'
[INFO] [stdout]           /usr/bin/ld: /opt/rustwide/target/debug/deps/liblax-b7e9993a3d245b23.rlib(lax-b7e9993a3d245b23.lax.70dsj1ww-cgu.1.rcgu.o): in function `lapack::dgetrf':
[INFO] [stdout]           /opt/rustwide/cargo-home/registry/src/github.com-1ecc6299db9ec823/lapack-0.18.0/src/lib.rs:67: undefined reference to `dgetrf_'
[INFO] [stdout]           /usr/bin/ld: /opt/rustwide/target/debug/deps/liblax-b7e9993a3d245b23.rlib(lax-b7e9993a3d245b23.lax.70dsj1ww-cgu.1.rcgu.o): in function `lapack::dgetrs':
[INFO] [stdout]           /opt/rustwide/cargo-home/registry/src/github.com-1ecc6299db9ec823/lapack-0.18.0/src/lib.rs:803: undefined reference to `dgetrs_'
[INFO] [stdout]           collect2: error: ld returned 1 exit status
[INFO] [stdout]           
[INFO] [stdout] 
[INFO] [stdout] error: aborting due to previous error
[INFO] [stdout] 
[INFO] [stdout] Couldn't compile the test.
[INFO] [stdout] ---- src/linalg/linalg_ndarray.rs - linalg::linalg_ndarray::Array2<Dual64>::eigh (line 276) stdout ----
[INFO] [stdout] error: linking with `cc` failed: exit status: 1
[INFO] [stdout]   |
[INFO] [stdout]   = note: "cc" "-m64" "/tmp/rustdoctestFBkqUj/rust_out.rust_out.7rcbfp3g-cgu.0.rcgu.o" "/tmp/rustdoctestFBkqUj/rust_out.33dyzt1ekirinwy8.rcgu.o" "-Wl,--as-needed" "-L" "/opt/rustwide/target/debug/deps" "-L" "/opt/rustwide/target/debug/deps" "-L" "/opt/rustwide/rustup-home/toolchains/1.54.0-x86_64-unknown-linux-gnu/lib/rustlib/x86_64-unknown-linux-gnu/lib" "-Wl,-Bstatic" "/opt/rustwide/target/debug/deps/libnum_dual-952efd27587e3633.rlib" "/opt/rustwide/target/debug/deps/libndarray_linalg-436ab03fe60a0c7b.rlib" "/opt/rustwide/target/debug/deps/liblax-b7e9993a3d245b23.rlib" "/opt/rustwide/target/debug/deps/liblapack-b7c8132b7c2c22f2.rlib" "/opt/rustwide/target/debug/deps/liblapack_sys-6a25f5350debfecc.rlib" "/opt/rustwide/target/debug/deps/libcauchy-d3b58defcf869e58.rlib" "/opt/rustwide/target/debug/deps/libthiserror-b18e4f16bbd1b898.rlib" "/opt/rustwide/target/debug/deps/libndarray-70c42b21716f2a7d.rlib" "/opt/rustwide/target/debug/deps/libmatrixmultiply-1a62024ab58fa575.rlib" "/opt/rustwide/target/debug/deps/libapprox-293e02d2204a3839.rlib" "/opt/rustwide/target/debug/deps/libnum_complex-1781bebdf74dc90e.rlib" "/opt/rustwide/target/debug/deps/libserde-1d37970d7e69b8e5.rlib" "/opt/rustwide/target/debug/deps/librand-08af1d871362c2fe.rlib" "/opt/rustwide/target/debug/deps/librand_chacha-cbc694fa134c6e01.rlib" "/opt/rustwide/target/debug/deps/libppv_lite86-545d86392ea1d8e4.rlib" "/opt/rustwide/target/debug/deps/librand_core-8b6215ce75f700d0.rlib" "/opt/rustwide/target/debug/deps/libgetrandom-d801f701964b43b4.rlib" "/opt/rustwide/target/debug/deps/libcfg_if-38c8a3e888ecb06a.rlib" "/opt/rustwide/target/debug/deps/libnum_integer-37e0a44a8f2fd158.rlib" "/opt/rustwide/target/debug/deps/librawpointer-007031bc2b481d22.rlib" "/opt/rustwide/target/debug/deps/libcblas_sys-afcf3c80431a22db.rlib" "/opt/rustwide/target/debug/deps/liblibc-ef703b7b559de845.rlib" "/opt/rustwide/target/debug/deps/libnum_traits-a2639720a0ec4c76.rlib" "-Wl,--start-group" "/opt/rustwide/rustup-home/toolchains/1.54.0-x86_64-unknown-linux-gnu/lib/rustlib/x86_64-unknown-linux-gnu/lib/libstd-2420485b9e5ef5e1.rlib" "/opt/rustwide/rustup-home/toolchains/1.54.0-x86_64-unknown-linux-gnu/lib/rustlib/x86_64-unknown-linux-gnu/lib/libpanic_unwind-785e3cb61c4b1960.rlib" "/opt/rustwide/rustup-home/toolchains/1.54.0-x86_64-unknown-linux-gnu/lib/rustlib/x86_64-unknown-linux-gnu/lib/libminiz_oxide-087191a88bdaa22d.rlib" "/opt/rustwide/rustup-home/toolchains/1.54.0-x86_64-unknown-linux-gnu/lib/rustlib/x86_64-unknown-linux-gnu/lib/libadler-9981842c02975178.rlib" "/opt/rustwide/rustup-home/toolchains/1.54.0-x86_64-unknown-linux-gnu/lib/rustlib/x86_64-unknown-linux-gnu/lib/libobject-6fb405869b015fde.rlib" "/opt/rustwide/rustup-home/toolchains/1.54.0-x86_64-unknown-linux-gnu/lib/rustlib/x86_64-unknown-linux-gnu/lib/libaddr2line-d05c5c3c56004b7b.rlib" "/opt/rustwide/rustup-home/toolchains/1.54.0-x86_64-unknown-linux-gnu/lib/rustlib/x86_64-unknown-linux-gnu/lib/libgimli-42d74d2097528b38.rlib" "/opt/rustwide/rustup-home/toolchains/1.54.0-x86_64-unknown-linux-gnu/lib/rustlib/x86_64-unknown-linux-gnu/lib/libstd_detect-fb36534c113d2209.rlib" "/opt/rustwide/rustup-home/toolchains/1.54.0-x86_64-unknown-linux-gnu/lib/rustlib/x86_64-unknown-linux-gnu/lib/librustc_demangle-b56b9042c12b6535.rlib" "/opt/rustwide/rustup-home/toolchains/1.54.0-x86_64-unknown-linux-gnu/lib/rustlib/x86_64-unknown-linux-gnu/lib/libhashbrown-491902d6cb3e76df.rlib" "/opt/rustwide/rustup-home/toolchains/1.54.0-x86_64-unknown-linux-gnu/lib/rustlib/x86_64-unknown-linux-gnu/lib/librustc_std_workspace_alloc-61834e0981b8c367.rlib" "/opt/rustwide/rustup-home/toolchains/1.54.0-x86_64-unknown-linux-gnu/lib/rustlib/x86_64-unknown-linux-gnu/lib/libunwind-f78aa99d613a55bc.rlib" "/opt/rustwide/rustup-home/toolchains/1.54.0-x86_64-unknown-linux-gnu/lib/rustlib/x86_64-unknown-linux-gnu/lib/libcfg_if-53ee54cd7fed2c57.rlib" "/opt/rustwide/rustup-home/toolchains/1.54.0-x86_64-unknown-linux-gnu/lib/rustlib/x86_64-unknown-linux-gnu/lib/liblibc-544ecdbd6cda3c58.rlib" "/opt/rustwide/rustup-home/toolchains/1.54.0-x86_64-unknown-linux-gnu/lib/rustlib/x86_64-unknown-linux-gnu/lib/liballoc-379cc252b6943a79.rlib" "/opt/rustwide/rustup-home/toolchains/1.54.0-x86_64-unknown-linux-gnu/lib/rustlib/x86_64-unknown-linux-gnu/lib/librustc_std_workspace_core-8063eea38dcc5e62.rlib" "/opt/rustwide/rustup-home/toolchains/1.54.0-x86_64-unknown-linux-gnu/lib/rustlib/x86_64-unknown-linux-gnu/lib/libcore-5b228734afae15ee.rlib" "-Wl,--end-group" "/opt/rustwide/rustup-home/toolchains/1.54.0-x86_64-unknown-linux-gnu/lib/rustlib/x86_64-unknown-linux-gnu/lib/libcompiler_builtins-d6c7a399d95d173f.rlib" "-Wl,-Bdynamic" "-lgcc_s" "-lutil" "-lrt" "-lpthread" "-lm" "-ldl" "-lc" "-Wl,--eh-frame-hdr" "-Wl,-znoexecstack" "-L" "/opt/rustwide/rustup-home/toolchains/1.54.0-x86_64-unknown-linux-gnu/lib/rustlib/x86_64-unknown-linux-gnu/lib" "-o" "/tmp/rustdoctestFBkqUj/rust_out" "-Wl,--gc-sections" "-pie" "-Wl,-zrelro" "-Wl,-znow" "-nodefaultlibs"
[INFO] [stdout]   = note: /usr/bin/ld: /tmp/rustdoctestFBkqUj/rust_out.rust_out.7rcbfp3g-cgu.0.rcgu.o: in function `ndarray::linalg::impl_linalg::mat_mul_impl':
[INFO] [stdout]           rust_out.7rcbfp3g-cgu.0:(.text._ZN7ndarray6linalg11impl_linalg12mat_mul_impl17h670948f642508f71E+0xb9c): undefined reference to `cblas_sgemm'
[INFO] [stdout]           /usr/bin/ld: rust_out.7rcbfp3g-cgu.0:(.text._ZN7ndarray6linalg11impl_linalg12mat_mul_impl17h670948f642508f71E+0x10c8): undefined reference to `cblas_dgemm'
[INFO] [stdout]           /usr/bin/ld: /opt/rustwide/target/debug/deps/libnum_dual-952efd27587e3633.rlib(num_dual-952efd27587e3633.num_dual.6attlgsk-cgu.7.rcgu.o): in function `ndarray::linalg::impl_linalg::mat_mul_impl':
[INFO] [stdout]           /opt/rustwide/cargo-home/registry/src/github.com-1ecc6299db9ec823/ndarray-0.15.3/src/linalg/impl_linalg.rs:453: undefined reference to `cblas_sgemm'
[INFO] [stdout]           /usr/bin/ld: /opt/rustwide/cargo-home/registry/src/github.com-1ecc6299db9ec823/ndarray-0.15.3/src/linalg/impl_linalg.rs:454: undefined reference to `cblas_dgemm'
[INFO] [stdout]           /usr/bin/ld: /opt/rustwide/target/debug/deps/liblax-b7e9993a3d245b23.rlib(lax-b7e9993a3d245b23.lax.70dsj1ww-cgu.1.rcgu.o): in function `lapack::dsyev':
[INFO] [stdout]           /opt/rustwide/cargo-home/registry/src/github.com-1ecc6299db9ec823/lapack-0.18.0/src/lib.rs:21713: undefined reference to `dsyev_'
[INFO] [stdout]           collect2: error: ld returned 1 exit status
[INFO] [stdout]           
[INFO] [stdout] 
[INFO] [stdout] error: aborting due to previous error
[INFO] [stdout] 
[INFO] [stdout] Couldn't compile the test.
[INFO] [stdout] ---- src/linalg/linalg_ndarray.rs - linalg::linalg_ndarray::Array2<HyperDual<D, f64>>::solve_recursive_inplace (line 176) stdout ----
[INFO] [stdout] error: linking with `cc` failed: exit status: 1
[INFO] [stdout]   |
[INFO] [stdout]   = note: "cc" "-m64" "/tmp/rustdoctestnpi3A0/rust_out.rust_out.7rcbfp3g-cgu.0.rcgu.o" "/tmp/rustdoctestnpi3A0/rust_out.33dyzt1ekirinwy8.rcgu.o" "-Wl,--as-needed" "-L" "/opt/rustwide/target/debug/deps" "-L" "/opt/rustwide/target/debug/deps" "-L" "/opt/rustwide/rustup-home/toolchains/1.54.0-x86_64-unknown-linux-gnu/lib/rustlib/x86_64-unknown-linux-gnu/lib" "-Wl,-Bstatic" "/opt/rustwide/target/debug/deps/libnum_dual-952efd27587e3633.rlib" "/opt/rustwide/target/debug/deps/libndarray_linalg-436ab03fe60a0c7b.rlib" "/opt/rustwide/target/debug/deps/liblax-b7e9993a3d245b23.rlib" "/opt/rustwide/target/debug/deps/liblapack-b7c8132b7c2c22f2.rlib" "/opt/rustwide/target/debug/deps/liblapack_sys-6a25f5350debfecc.rlib" "/opt/rustwide/target/debug/deps/libcauchy-d3b58defcf869e58.rlib" "/opt/rustwide/target/debug/deps/libthiserror-b18e4f16bbd1b898.rlib" "/opt/rustwide/target/debug/deps/libndarray-70c42b21716f2a7d.rlib" "/opt/rustwide/target/debug/deps/libmatrixmultiply-1a62024ab58fa575.rlib" "/opt/rustwide/target/debug/deps/libapprox-293e02d2204a3839.rlib" "/opt/rustwide/target/debug/deps/libnum_complex-1781bebdf74dc90e.rlib" "/opt/rustwide/target/debug/deps/libserde-1d37970d7e69b8e5.rlib" "/opt/rustwide/target/debug/deps/librand-08af1d871362c2fe.rlib" "/opt/rustwide/target/debug/deps/librand_chacha-cbc694fa134c6e01.rlib" "/opt/rustwide/target/debug/deps/libppv_lite86-545d86392ea1d8e4.rlib" "/opt/rustwide/target/debug/deps/librand_core-8b6215ce75f700d0.rlib" "/opt/rustwide/target/debug/deps/libgetrandom-d801f701964b43b4.rlib" "/opt/rustwide/target/debug/deps/libcfg_if-38c8a3e888ecb06a.rlib" "/opt/rustwide/target/debug/deps/libnum_integer-37e0a44a8f2fd158.rlib" "/opt/rustwide/target/debug/deps/librawpointer-007031bc2b481d22.rlib" "/opt/rustwide/target/debug/deps/libcblas_sys-afcf3c80431a22db.rlib" "/opt/rustwide/target/debug/deps/liblibc-ef703b7b559de845.rlib" "/opt/rustwide/target/debug/deps/libnum_traits-a2639720a0ec4c76.rlib" "-Wl,--start-group" "/opt/rustwide/rustup-home/toolchains/1.54.0-x86_64-unknown-linux-gnu/lib/rustlib/x86_64-unknown-linux-gnu/lib/libstd-2420485b9e5ef5e1.rlib" "/opt/rustwide/rustup-home/toolchains/1.54.0-x86_64-unknown-linux-gnu/lib/rustlib/x86_64-unknown-linux-gnu/lib/libpanic_unwind-785e3cb61c4b1960.rlib" "/opt/rustwide/rustup-home/toolchains/1.54.0-x86_64-unknown-linux-gnu/lib/rustlib/x86_64-unknown-linux-gnu/lib/libminiz_oxide-087191a88bdaa22d.rlib" "/opt/rustwide/rustup-home/toolchains/1.54.0-x86_64-unknown-linux-gnu/lib/rustlib/x86_64-unknown-linux-gnu/lib/libadler-9981842c02975178.rlib" "/opt/rustwide/rustup-home/toolchains/1.54.0-x86_64-unknown-linux-gnu/lib/rustlib/x86_64-unknown-linux-gnu/lib/libobject-6fb405869b015fde.rlib" "/opt/rustwide/rustup-home/toolchains/1.54.0-x86_64-unknown-linux-gnu/lib/rustlib/x86_64-unknown-linux-gnu/lib/libaddr2line-d05c5c3c56004b7b.rlib" "/opt/rustwide/rustup-home/toolchains/1.54.0-x86_64-unknown-linux-gnu/lib/rustlib/x86_64-unknown-linux-gnu/lib/libgimli-42d74d2097528b38.rlib" "/opt/rustwide/rustup-home/toolchains/1.54.0-x86_64-unknown-linux-gnu/lib/rustlib/x86_64-unknown-linux-gnu/lib/libstd_detect-fb36534c113d2209.rlib" "/opt/rustwide/rustup-home/toolchains/1.54.0-x86_64-unknown-linux-gnu/lib/rustlib/x86_64-unknown-linux-gnu/lib/librustc_demangle-b56b9042c12b6535.rlib" "/opt/rustwide/rustup-home/toolchains/1.54.0-x86_64-unknown-linux-gnu/lib/rustlib/x86_64-unknown-linux-gnu/lib/libhashbrown-491902d6cb3e76df.rlib" "/opt/rustwide/rustup-home/toolchains/1.54.0-x86_64-unknown-linux-gnu/lib/rustlib/x86_64-unknown-linux-gnu/lib/librustc_std_workspace_alloc-61834e0981b8c367.rlib" "/opt/rustwide/rustup-home/toolchains/1.54.0-x86_64-unknown-linux-gnu/lib/rustlib/x86_64-unknown-linux-gnu/lib/libunwind-f78aa99d613a55bc.rlib" "/opt/rustwide/rustup-home/toolchains/1.54.0-x86_64-unknown-linux-gnu/lib/rustlib/x86_64-unknown-linux-gnu/lib/libcfg_if-53ee54cd7fed2c57.rlib" "/opt/rustwide/rustup-home/toolchains/1.54.0-x86_64-unknown-linux-gnu/lib/rustlib/x86_64-unknown-linux-gnu/lib/liblibc-544ecdbd6cda3c58.rlib" "/opt/rustwide/rustup-home/toolchains/1.54.0-x86_64-unknown-linux-gnu/lib/rustlib/x86_64-unknown-linux-gnu/lib/liballoc-379cc252b6943a79.rlib" "/opt/rustwide/rustup-home/toolchains/1.54.0-x86_64-unknown-linux-gnu/lib/rustlib/x86_64-unknown-linux-gnu/lib/librustc_std_workspace_core-8063eea38dcc5e62.rlib" "/opt/rustwide/rustup-home/toolchains/1.54.0-x86_64-unknown-linux-gnu/lib/rustlib/x86_64-unknown-linux-gnu/lib/libcore-5b228734afae15ee.rlib" "-Wl,--end-group" "/opt/rustwide/rustup-home/toolchains/1.54.0-x86_64-unknown-linux-gnu/lib/rustlib/x86_64-unknown-linux-gnu/lib/libcompiler_builtins-d6c7a399d95d173f.rlib" "-Wl,-Bdynamic" "-lgcc_s" "-lutil" "-lrt" "-lpthread" "-lm" "-ldl" "-lc" "-Wl,--eh-frame-hdr" "-Wl,-znoexecstack" "-L" "/opt/rustwide/rustup-home/toolchains/1.54.0-x86_64-unknown-linux-gnu/lib/rustlib/x86_64-unknown-linux-gnu/lib" "-o" "/tmp/rustdoctestnpi3A0/rust_out" "-Wl,--gc-sections" "-pie" "-Wl,-zrelro" "-Wl,-znow" "-nodefaultlibs"
[INFO] [stdout]   = note: /usr/bin/ld: /tmp/rustdoctestnpi3A0/rust_out.rust_out.7rcbfp3g-cgu.0.rcgu.o: in function `ndarray::linalg::impl_linalg::<impl ndarray::ArrayBase<S,ndarray::dimension::dim::Dim<[usize; 1]>>>::dot_impl':
[INFO] [stdout]           rust_out.7rcbfp3g-cgu.0:(.text._ZN7ndarray6linalg11impl_linalg110_$LT$impl$u20$ndarray..ArrayBase$LT$S$C$ndarray..dimension..dim..Dim$LT$$u5b$usize$u3b$$u20$1$u5d$$GT$$GT$$GT$8dot_impl17h93333651ebf6485bE+0x3a9): undefined reference to `cblas_sdot'
[INFO] [stdout]           /usr/bin/ld: rust_out.7rcbfp3g-cgu.0:(.text._ZN7ndarray6linalg11impl_linalg110_$LT$impl$u20$ndarray..ArrayBase$LT$S$C$ndarray..dimension..dim..Dim$LT$$u5b$usize$u3b$$u20$1$u5d$$GT$$GT$$GT$8dot_impl17h93333651ebf6485bE+0x5d1): undefined reference to `cblas_ddot'
[INFO] [stdout]           /usr/bin/ld: /tmp/rustdoctestnpi3A0/rust_out.rust_out.7rcbfp3g-cgu.0.rcgu.o: in function `ndarray::linalg::impl_linalg::general_mat_vec_mul_impl':
[INFO] [stdout]           rust_out.7rcbfp3g-cgu.0:(.text._ZN7ndarray6linalg11impl_linalg24general_mat_vec_mul_impl17hd8e3cfc86abbac72E+0x565): undefined reference to `cblas_sgemv'
[INFO] [stdout]           /usr/bin/ld: rust_out.7rcbfp3g-cgu.0:(.text._ZN7ndarray6linalg11impl_linalg24general_mat_vec_mul_impl17hd8e3cfc86abbac72E+0x8f6): undefined reference to `cblas_dgemv'
[INFO] [stdout]           /usr/bin/ld: /opt/rustwide/target/debug/deps/liblax-b7e9993a3d245b23.rlib(lax-b7e9993a3d245b23.lax.70dsj1ww-cgu.1.rcgu.o): in function `lapack::dgetrf':
[INFO] [stdout]           /opt/rustwide/cargo-home/registry/src/github.com-1ecc6299db9ec823/lapack-0.18.0/src/lib.rs:67: undefined reference to `dgetrf_'
[INFO] [stdout]           /usr/bin/ld: /opt/rustwide/target/debug/deps/liblax-b7e9993a3d245b23.rlib(lax-b7e9993a3d245b23.lax.70dsj1ww-cgu.1.rcgu.o): in function `lapack::dgetrs':
[INFO] [stdout]           /opt/rustwide/cargo-home/registry/src/github.com-1ecc6299db9ec823/lapack-0.18.0/src/lib.rs:803: undefined reference to `dgetrs_'
[INFO] [stdout]           collect2: error: ld returned 1 exit status
[INFO] [stdout]           
[INFO] [stdout] 
[INFO] [stdout] error: aborting due to previous error
[INFO] [stdout] 
[INFO] [stdout] Couldn't compile the test.
[INFO] [stdout] ---- src/linalg/linalg_ndarray.rs - linalg::linalg_ndarray::Array2<f64>::solve_inplace (line 59) stdout ----
[INFO] [stdout] error: linking with `cc` failed: exit status: 1
[INFO] [stdout]   |
[INFO] [stdout]   = note: "cc" "-m64" "/tmp/rustdoctesttdayZC/rust_out.rust_out.7rcbfp3g-cgu.0.rcgu.o" "/tmp/rustdoctesttdayZC/rust_out.33dyzt1ekirinwy8.rcgu.o" "-Wl,--as-needed" "-L" "/opt/rustwide/target/debug/deps" "-L" "/opt/rustwide/target/debug/deps" "-L" "/opt/rustwide/rustup-home/toolchains/1.54.0-x86_64-unknown-linux-gnu/lib/rustlib/x86_64-unknown-linux-gnu/lib" "-Wl,-Bstatic" "/opt/rustwide/target/debug/deps/libnum_dual-952efd27587e3633.rlib" "/opt/rustwide/target/debug/deps/libndarray_linalg-436ab03fe60a0c7b.rlib" "/opt/rustwide/target/debug/deps/liblax-b7e9993a3d245b23.rlib" "/opt/rustwide/target/debug/deps/liblapack-b7c8132b7c2c22f2.rlib" "/opt/rustwide/target/debug/deps/liblapack_sys-6a25f5350debfecc.rlib" "/opt/rustwide/target/debug/deps/libcauchy-d3b58defcf869e58.rlib" "/opt/rustwide/target/debug/deps/libthiserror-b18e4f16bbd1b898.rlib" "/opt/rustwide/target/debug/deps/libndarray-70c42b21716f2a7d.rlib" "/opt/rustwide/target/debug/deps/libmatrixmultiply-1a62024ab58fa575.rlib" "/opt/rustwide/target/debug/deps/libapprox-293e02d2204a3839.rlib" "/opt/rustwide/target/debug/deps/libnum_complex-1781bebdf74dc90e.rlib" "/opt/rustwide/target/debug/deps/libserde-1d37970d7e69b8e5.rlib" "/opt/rustwide/target/debug/deps/librand-08af1d871362c2fe.rlib" "/opt/rustwide/target/debug/deps/librand_chacha-cbc694fa134c6e01.rlib" "/opt/rustwide/target/debug/deps/libppv_lite86-545d86392ea1d8e4.rlib" "/opt/rustwide/target/debug/deps/librand_core-8b6215ce75f700d0.rlib" "/opt/rustwide/target/debug/deps/libgetrandom-d801f701964b43b4.rlib" "/opt/rustwide/target/debug/deps/libcfg_if-38c8a3e888ecb06a.rlib" "/opt/rustwide/target/debug/deps/libnum_integer-37e0a44a8f2fd158.rlib" "/opt/rustwide/target/debug/deps/librawpointer-007031bc2b481d22.rlib" "/opt/rustwide/target/debug/deps/libcblas_sys-afcf3c80431a22db.rlib" "/opt/rustwide/target/debug/deps/liblibc-ef703b7b559de845.rlib" "/opt/rustwide/target/debug/deps/libnum_traits-a2639720a0ec4c76.rlib" "-Wl,--start-group" "/opt/rustwide/rustup-home/toolchains/1.54.0-x86_64-unknown-linux-gnu/lib/rustlib/x86_64-unknown-linux-gnu/lib/libstd-2420485b9e5ef5e1.rlib" "/opt/rustwide/rustup-home/toolchains/1.54.0-x86_64-unknown-linux-gnu/lib/rustlib/x86_64-unknown-linux-gnu/lib/libpanic_unwind-785e3cb61c4b1960.rlib" "/opt/rustwide/rustup-home/toolchains/1.54.0-x86_64-unknown-linux-gnu/lib/rustlib/x86_64-unknown-linux-gnu/lib/libminiz_oxide-087191a88bdaa22d.rlib" "/opt/rustwide/rustup-home/toolchains/1.54.0-x86_64-unknown-linux-gnu/lib/rustlib/x86_64-unknown-linux-gnu/lib/libadler-9981842c02975178.rlib" "/opt/rustwide/rustup-home/toolchains/1.54.0-x86_64-unknown-linux-gnu/lib/rustlib/x86_64-unknown-linux-gnu/lib/libobject-6fb405869b015fde.rlib" "/opt/rustwide/rustup-home/toolchains/1.54.0-x86_64-unknown-linux-gnu/lib/rustlib/x86_64-unknown-linux-gnu/lib/libaddr2line-d05c5c3c56004b7b.rlib" "/opt/rustwide/rustup-home/toolchains/1.54.0-x86_64-unknown-linux-gnu/lib/rustlib/x86_64-unknown-linux-gnu/lib/libgimli-42d74d2097528b38.rlib" "/opt/rustwide/rustup-home/toolchains/1.54.0-x86_64-unknown-linux-gnu/lib/rustlib/x86_64-unknown-linux-gnu/lib/libstd_detect-fb36534c113d2209.rlib" "/opt/rustwide/rustup-home/toolchains/1.54.0-x86_64-unknown-linux-gnu/lib/rustlib/x86_64-unknown-linux-gnu/lib/librustc_demangle-b56b9042c12b6535.rlib" "/opt/rustwide/rustup-home/toolchains/1.54.0-x86_64-unknown-linux-gnu/lib/rustlib/x86_64-unknown-linux-gnu/lib/libhashbrown-491902d6cb3e76df.rlib" "/opt/rustwide/rustup-home/toolchains/1.54.0-x86_64-unknown-linux-gnu/lib/rustlib/x86_64-unknown-linux-gnu/lib/librustc_std_workspace_alloc-61834e0981b8c367.rlib" "/opt/rustwide/rustup-home/toolchains/1.54.0-x86_64-unknown-linux-gnu/lib/rustlib/x86_64-unknown-linux-gnu/lib/libunwind-f78aa99d613a55bc.rlib" "/opt/rustwide/rustup-home/toolchains/1.54.0-x86_64-unknown-linux-gnu/lib/rustlib/x86_64-unknown-linux-gnu/lib/libcfg_if-53ee54cd7fed2c57.rlib" "/opt/rustwide/rustup-home/toolchains/1.54.0-x86_64-unknown-linux-gnu/lib/rustlib/x86_64-unknown-linux-gnu/lib/liblibc-544ecdbd6cda3c58.rlib" "/opt/rustwide/rustup-home/toolchains/1.54.0-x86_64-unknown-linux-gnu/lib/rustlib/x86_64-unknown-linux-gnu/lib/liballoc-379cc252b6943a79.rlib" "/opt/rustwide/rustup-home/toolchains/1.54.0-x86_64-unknown-linux-gnu/lib/rustlib/x86_64-unknown-linux-gnu/lib/librustc_std_workspace_core-8063eea38dcc5e62.rlib" "/opt/rustwide/rustup-home/toolchains/1.54.0-x86_64-unknown-linux-gnu/lib/rustlib/x86_64-unknown-linux-gnu/lib/libcore-5b228734afae15ee.rlib" "-Wl,--end-group" "/opt/rustwide/rustup-home/toolchains/1.54.0-x86_64-unknown-linux-gnu/lib/rustlib/x86_64-unknown-linux-gnu/lib/libcompiler_builtins-d6c7a399d95d173f.rlib" "-Wl,-Bdynamic" "-lgcc_s" "-lutil" "-lrt" "-lpthread" "-lm" "-ldl" "-lc" "-Wl,--eh-frame-hdr" "-Wl,-znoexecstack" "-L" "/opt/rustwide/rustup-home/toolchains/1.54.0-x86_64-unknown-linux-gnu/lib/rustlib/x86_64-unknown-linux-gnu/lib" "-o" "/tmp/rustdoctesttdayZC/rust_out" "-Wl,--gc-sections" "-pie" "-Wl,-zrelro" "-Wl,-znow" "-nodefaultlibs"
[INFO] [stdout]   = note: /usr/bin/ld: /opt/rustwide/target/debug/deps/liblax-b7e9993a3d245b23.rlib(lax-b7e9993a3d245b23.lax.70dsj1ww-cgu.1.rcgu.o): in function `lapack::dgetrf':
[INFO] [stdout]           /opt/rustwide/cargo-home/registry/src/github.com-1ecc6299db9ec823/lapack-0.18.0/src/lib.rs:67: undefined reference to `dgetrf_'
[INFO] [stdout]           /usr/bin/ld: /opt/rustwide/target/debug/deps/liblax-b7e9993a3d245b23.rlib(lax-b7e9993a3d245b23.lax.70dsj1ww-cgu.1.rcgu.o): in function `lapack::dgetrs':
[INFO] [stdout]           /opt/rustwide/cargo-home/registry/src/github.com-1ecc6299db9ec823/lapack-0.18.0/src/lib.rs:803: undefined reference to `dgetrs_'
[INFO] [stdout]           collect2: error: ld returned 1 exit status
[INFO] [stdout]           
[INFO] [stdout] 
[INFO] [stdout] error: aborting due to previous error
[INFO] [stdout] 
[INFO] [stdout] Couldn't compile the test.
[INFO] [stdout] ---- src/linalg/linalg_ndarray.rs - linalg::linalg_ndarray::Array2<Dual<D, f64>>::solve_recursive_inplace (line 89) stdout ----
[INFO] [stdout] error: linking with `cc` failed: exit status: 1
[INFO] [stdout]   |
[INFO] [stdout]   = note: "cc" "-m64" "/tmp/rustdoctestZpUIAl/rust_out.rust_out.7rcbfp3g-cgu.0.rcgu.o" "/tmp/rustdoctestZpUIAl/rust_out.33dyzt1ekirinwy8.rcgu.o" "-Wl,--as-needed" "-L" "/opt/rustwide/target/debug/deps" "-L" "/opt/rustwide/target/debug/deps" "-L" "/opt/rustwide/rustup-home/toolchains/1.54.0-x86_64-unknown-linux-gnu/lib/rustlib/x86_64-unknown-linux-gnu/lib" "-Wl,-Bstatic" "/opt/rustwide/target/debug/deps/libnum_dual-952efd27587e3633.rlib" "/opt/rustwide/target/debug/deps/libndarray_linalg-436ab03fe60a0c7b.rlib" "/opt/rustwide/target/debug/deps/liblax-b7e9993a3d245b23.rlib" "/opt/rustwide/target/debug/deps/liblapack-b7c8132b7c2c22f2.rlib" "/opt/rustwide/target/debug/deps/liblapack_sys-6a25f5350debfecc.rlib" "/opt/rustwide/target/debug/deps/libcauchy-d3b58defcf869e58.rlib" "/opt/rustwide/target/debug/deps/libthiserror-b18e4f16bbd1b898.rlib" "/opt/rustwide/target/debug/deps/libndarray-70c42b21716f2a7d.rlib" "/opt/rustwide/target/debug/deps/libmatrixmultiply-1a62024ab58fa575.rlib" "/opt/rustwide/target/debug/deps/libapprox-293e02d2204a3839.rlib" "/opt/rustwide/target/debug/deps/libnum_complex-1781bebdf74dc90e.rlib" "/opt/rustwide/target/debug/deps/libserde-1d37970d7e69b8e5.rlib" "/opt/rustwide/target/debug/deps/librand-08af1d871362c2fe.rlib" "/opt/rustwide/target/debug/deps/librand_chacha-cbc694fa134c6e01.rlib" "/opt/rustwide/target/debug/deps/libppv_lite86-545d86392ea1d8e4.rlib" "/opt/rustwide/target/debug/deps/librand_core-8b6215ce75f700d0.rlib" "/opt/rustwide/target/debug/deps/libgetrandom-d801f701964b43b4.rlib" "/opt/rustwide/target/debug/deps/libcfg_if-38c8a3e888ecb06a.rlib" "/opt/rustwide/target/debug/deps/libnum_integer-37e0a44a8f2fd158.rlib" "/opt/rustwide/target/debug/deps/librawpointer-007031bc2b481d22.rlib" "/opt/rustwide/target/debug/deps/libcblas_sys-afcf3c80431a22db.rlib" "/opt/rustwide/target/debug/deps/liblibc-ef703b7b559de845.rlib" "/opt/rustwide/target/debug/deps/libnum_traits-a2639720a0ec4c76.rlib" "-Wl,--start-group" "/opt/rustwide/rustup-home/toolchains/1.54.0-x86_64-unknown-linux-gnu/lib/rustlib/x86_64-unknown-linux-gnu/lib/libstd-2420485b9e5ef5e1.rlib" "/opt/rustwide/rustup-home/toolchains/1.54.0-x86_64-unknown-linux-gnu/lib/rustlib/x86_64-unknown-linux-gnu/lib/libpanic_unwind-785e3cb61c4b1960.rlib" "/opt/rustwide/rustup-home/toolchains/1.54.0-x86_64-unknown-linux-gnu/lib/rustlib/x86_64-unknown-linux-gnu/lib/libminiz_oxide-087191a88bdaa22d.rlib" "/opt/rustwide/rustup-home/toolchains/1.54.0-x86_64-unknown-linux-gnu/lib/rustlib/x86_64-unknown-linux-gnu/lib/libadler-9981842c02975178.rlib" "/opt/rustwide/rustup-home/toolchains/1.54.0-x86_64-unknown-linux-gnu/lib/rustlib/x86_64-unknown-linux-gnu/lib/libobject-6fb405869b015fde.rlib" "/opt/rustwide/rustup-home/toolchains/1.54.0-x86_64-unknown-linux-gnu/lib/rustlib/x86_64-unknown-linux-gnu/lib/libaddr2line-d05c5c3c56004b7b.rlib" "/opt/rustwide/rustup-home/toolchains/1.54.0-x86_64-unknown-linux-gnu/lib/rustlib/x86_64-unknown-linux-gnu/lib/libgimli-42d74d2097528b38.rlib" "/opt/rustwide/rustup-home/toolchains/1.54.0-x86_64-unknown-linux-gnu/lib/rustlib/x86_64-unknown-linux-gnu/lib/libstd_detect-fb36534c113d2209.rlib" "/opt/rustwide/rustup-home/toolchains/1.54.0-x86_64-unknown-linux-gnu/lib/rustlib/x86_64-unknown-linux-gnu/lib/librustc_demangle-b56b9042c12b6535.rlib" "/opt/rustwide/rustup-home/toolchains/1.54.0-x86_64-unknown-linux-gnu/lib/rustlib/x86_64-unknown-linux-gnu/lib/libhashbrown-491902d6cb3e76df.rlib" "/opt/rustwide/rustup-home/toolchains/1.54.0-x86_64-unknown-linux-gnu/lib/rustlib/x86_64-unknown-linux-gnu/lib/librustc_std_workspace_alloc-61834e0981b8c367.rlib" "/opt/rustwide/rustup-home/toolchains/1.54.0-x86_64-unknown-linux-gnu/lib/rustlib/x86_64-unknown-linux-gnu/lib/libunwind-f78aa99d613a55bc.rlib" "/opt/rustwide/rustup-home/toolchains/1.54.0-x86_64-unknown-linux-gnu/lib/rustlib/x86_64-unknown-linux-gnu/lib/libcfg_if-53ee54cd7fed2c57.rlib" "/opt/rustwide/rustup-home/toolchains/1.54.0-x86_64-unknown-linux-gnu/lib/rustlib/x86_64-unknown-linux-gnu/lib/liblibc-544ecdbd6cda3c58.rlib" "/opt/rustwide/rustup-home/toolchains/1.54.0-x86_64-unknown-linux-gnu/lib/rustlib/x86_64-unknown-linux-gnu/lib/liballoc-379cc252b6943a79.rlib" "/opt/rustwide/rustup-home/toolchains/1.54.0-x86_64-unknown-linux-gnu/lib/rustlib/x86_64-unknown-linux-gnu/lib/librustc_std_workspace_core-8063eea38dcc5e62.rlib" "/opt/rustwide/rustup-home/toolchains/1.54.0-x86_64-unknown-linux-gnu/lib/rustlib/x86_64-unknown-linux-gnu/lib/libcore-5b228734afae15ee.rlib" "-Wl,--end-group" "/opt/rustwide/rustup-home/toolchains/1.54.0-x86_64-unknown-linux-gnu/lib/rustlib/x86_64-unknown-linux-gnu/lib/libcompiler_builtins-d6c7a399d95d173f.rlib" "-Wl,-Bdynamic" "-lgcc_s" "-lutil" "-lrt" "-lpthread" "-lm" "-ldl" "-lc" "-Wl,--eh-frame-hdr" "-Wl,-znoexecstack" "-L" "/opt/rustwide/rustup-home/toolchains/1.54.0-x86_64-unknown-linux-gnu/lib/rustlib/x86_64-unknown-linux-gnu/lib" "-o" "/tmp/rustdoctestZpUIAl/rust_out" "-Wl,--gc-sections" "-pie" "-Wl,-zrelro" "-Wl,-znow" "-nodefaultlibs"
[INFO] [stdout]   = note: /usr/bin/ld: /tmp/rustdoctestZpUIAl/rust_out.rust_out.7rcbfp3g-cgu.0.rcgu.o: in function `ndarray::linalg::impl_linalg::<impl ndarray::ArrayBase<S,ndarray::dimension::dim::Dim<[usize; 1]>>>::dot_impl':
[INFO] [stdout]           rust_out.7rcbfp3g-cgu.0:(.text._ZN7ndarray6linalg11impl_linalg110_$LT$impl$u20$ndarray..ArrayBase$LT$S$C$ndarray..dimension..dim..Dim$LT$$u5b$usize$u3b$$u20$1$u5d$$GT$$GT$$GT$8dot_impl17h93333651ebf6485bE+0x3a9): undefined reference to `cblas_sdot'
[INFO] [stdout]           /usr/bin/ld: rust_out.7rcbfp3g-cgu.0:(.text._ZN7ndarray6linalg11impl_linalg110_$LT$impl$u20$ndarray..ArrayBase$LT$S$C$ndarray..dimension..dim..Dim$LT$$u5b$usize$u3b$$u20$1$u5d$$GT$$GT$$GT$8dot_impl17h93333651ebf6485bE+0x5d1): undefined reference to `cblas_ddot'
[INFO] [stdout]           /usr/bin/ld: /tmp/rustdoctestZpUIAl/rust_out.rust_out.7rcbfp3g-cgu.0.rcgu.o: in function `ndarray::linalg::impl_linalg::general_mat_vec_mul_impl':
[INFO] [stdout]           rust_out.7rcbfp3g-cgu.0:(.text._ZN7ndarray6linalg11impl_linalg24general_mat_vec_mul_impl17hd8e3cfc86abbac72E+0x565): undefined reference to `cblas_sgemv'
[INFO] [stdout]           /usr/bin/ld: rust_out.7rcbfp3g-cgu.0:(.text._ZN7ndarray6linalg11impl_linalg24general_mat_vec_mul_impl17hd8e3cfc86abbac72E+0x8f6): undefined reference to `cblas_dgemv'
[INFO] [stdout]           /usr/bin/ld: /opt/rustwide/target/debug/deps/liblax-b7e9993a3d245b23.rlib(lax-b7e9993a3d245b23.lax.70dsj1ww-cgu.1.rcgu.o): in function `lapack::dgetrf':
[INFO] [stdout]           /opt/rustwide/cargo-home/registry/src/github.com-1ecc6299db9ec823/lapack-0.18.0/src/lib.rs:67: undefined reference to `dgetrf_'
[INFO] [stdout]           /usr/bin/ld: /opt/rustwide/target/debug/deps/liblax-b7e9993a3d245b23.rlib(lax-b7e9993a3d245b23.lax.70dsj1ww-cgu.1.rcgu.o): in function `lapack::dgetrs':
[INFO] [stdout]           /opt/rustwide/cargo-home/registry/src/github.com-1ecc6299db9ec823/lapack-0.18.0/src/lib.rs:803: undefined reference to `dgetrs_'
[INFO] [stdout]           collect2: error: ld returned 1 exit status
[INFO] [stdout]           
[INFO] [stdout] 
[INFO] [stdout] error: aborting due to previous error
[INFO] [stdout] 
[INFO] [stdout] Couldn't compile the test.
[INFO] [stdout] 
[INFO] [stdout] failures:
[INFO] [stdout]     src/linalg/linalg_ndarray.rs - linalg::linalg_ndarray::Array2<Dual3<D, f64>>::solve_recursive_inplace (line 225)
[INFO] [stdout]     src/linalg/linalg_ndarray.rs - linalg::linalg_ndarray::Array2<Dual64>::eigh (line 276)
[INFO] [stdout]     src/linalg/linalg_ndarray.rs - linalg::linalg_ndarray::Array2<Dual<D, f64>>::solve_recursive_inplace (line 89)
[INFO] [stdout]     src/linalg/linalg_ndarray.rs - linalg::linalg_ndarray::Array2<DualVec64<2>>::eigh (line 318)
[INFO] [stdout]     src/linalg/linalg_ndarray.rs - linalg::linalg_ndarray::Array2<DualVec<D, f64, 2>>::solve_recursive_inplace (line 128)
[INFO] [stdout]     src/linalg/linalg_ndarray.rs - linalg::linalg_ndarray::Array2<HyperDual<D, f64>>::solve_recursive_inplace (line 176)
[INFO] [stdout]     src/linalg/linalg_ndarray.rs - linalg::linalg_ndarray::Array2<f64>::solve_inplace (line 59)
[INFO] [stdout] 
[INFO] [stdout] test result: FAILED. 12 passed; 7 failed; 0 ignored; 0 measured; 0 filtered out; finished in 3.52s
[INFO] [stdout] 
[INFO] [stderr] error: test failed, to rerun pass '--doc'
[INFO] running `Command { std: "docker" "inspect" "6d01788ad463037a9a79a797077d4d29d5e08f44e6c1564317dd2d8e407740eb", kill_on_drop: false }`
[INFO] running `Command { std: "docker" "rm" "-f" "6d01788ad463037a9a79a797077d4d29d5e08f44e6c1564317dd2d8e407740eb", kill_on_drop: false }`
[INFO] [stdout] 6d01788ad463037a9a79a797077d4d29d5e08f44e6c1564317dd2d8e407740eb
