[INFO] fetching crate northstar 0.4.0...
[INFO] testing northstar-0.4.0 against 1.54.0 for beta-1.55-1
[INFO] extracting crate northstar 0.4.0 into /workspace/builds/worker-104/source
[INFO] validating manifest of crates.io crate northstar 0.4.0 on toolchain 1.54.0
[INFO] running `Command { std: "/workspace/cargo-home/bin/cargo" "+1.54.0" "metadata" "--manifest-path" "Cargo.toml" "--no-deps", kill_on_drop: false }`
[INFO] started tweaking crates.io crate northstar 0.4.0
[INFO] removed 0 missing examples
[INFO] finished tweaking crates.io crate northstar 0.4.0
[INFO] tweaked toml for crates.io crate northstar 0.4.0 written to /workspace/builds/worker-104/source/Cargo.toml
[INFO] crate crates.io crate northstar 0.4.0 already has a lockfile, it will not be regenerated
[INFO] running `Command { std: "/workspace/cargo-home/bin/cargo" "+1.54.0" "fetch" "--manifest-path" "Cargo.toml", kill_on_drop: false }`
[INFO] [stderr]     Blocking waiting for file lock on package cache
[INFO] running `Command { std: "docker" "create" "-v" "/var/lib/crater-agent-workspace/builds/worker-104/target:/opt/rustwide/target:rw,Z" "-v" "/var/lib/crater-agent-workspace/builds/worker-104/source:/opt/rustwide/workdir:ro,Z" "-v" "/var/lib/crater-agent-workspace/cargo-home:/opt/rustwide/cargo-home:ro,Z" "-v" "/var/lib/crater-agent-workspace/rustup-home:/opt/rustwide/rustup-home:ro,Z" "-e" "SOURCE_DIR=/opt/rustwide/workdir" "-e" "CARGO_TARGET_DIR=/opt/rustwide/target" "-e" "CARGO_HOME=/opt/rustwide/cargo-home" "-e" "RUSTUP_HOME=/opt/rustwide/rustup-home" "-w" "/opt/rustwide/workdir" "-m" "1610612736" "--user" "0:0" "--network" "none" "ghcr.io/rust-lang/crates-build-env/linux@sha256:34b6a614d2c27851fe6cbf88fbd1137609cefab8b10d0615aaeb6fd47975d74e" "/opt/rustwide/cargo-home/bin/cargo" "+1.54.0" "metadata" "--no-deps" "--format-version=1", kill_on_drop: false }`
[INFO] [stdout] 1a8ef162d8be08e1c2227dfd660945e9f7a568eafa01eb770f9f87fd36a63417
[INFO] running `Command { std: "docker" "start" "-a" "1a8ef162d8be08e1c2227dfd660945e9f7a568eafa01eb770f9f87fd36a63417", kill_on_drop: false }`
[INFO] running `Command { std: "docker" "inspect" "1a8ef162d8be08e1c2227dfd660945e9f7a568eafa01eb770f9f87fd36a63417", kill_on_drop: false }`
[INFO] running `Command { std: "docker" "rm" "-f" "1a8ef162d8be08e1c2227dfd660945e9f7a568eafa01eb770f9f87fd36a63417", kill_on_drop: false }`
[INFO] [stdout] 1a8ef162d8be08e1c2227dfd660945e9f7a568eafa01eb770f9f87fd36a63417
[INFO] running `Command { std: "docker" "create" "-v" "/var/lib/crater-agent-workspace/builds/worker-104/target:/opt/rustwide/target:rw,Z" "-v" "/var/lib/crater-agent-workspace/builds/worker-104/source:/opt/rustwide/workdir:ro,Z" "-v" "/var/lib/crater-agent-workspace/cargo-home:/opt/rustwide/cargo-home:ro,Z" "-v" "/var/lib/crater-agent-workspace/rustup-home:/opt/rustwide/rustup-home:ro,Z" "-e" "SOURCE_DIR=/opt/rustwide/workdir" "-e" "CARGO_TARGET_DIR=/opt/rustwide/target" "-e" "CARGO_INCREMENTAL=0" "-e" "RUST_BACKTRACE=full" "-e" "RUSTFLAGS=--cap-lints=warn" "-e" "CARGO_HOME=/opt/rustwide/cargo-home" "-e" "RUSTUP_HOME=/opt/rustwide/rustup-home" "-w" "/opt/rustwide/workdir" "-m" "1610612736" "--user" "0:0" "--network" "none" "ghcr.io/rust-lang/crates-build-env/linux@sha256:34b6a614d2c27851fe6cbf88fbd1137609cefab8b10d0615aaeb6fd47975d74e" "/opt/rustwide/cargo-home/bin/cargo" "+1.54.0" "build" "--frozen" "--message-format=json", kill_on_drop: false }`
[INFO] [stdout] 15d23201a2ca83b8ed5d624281292561460e528bb96054246d266f6d2edb809b
[INFO] running `Command { std: "docker" "start" "-a" "15d23201a2ca83b8ed5d624281292561460e528bb96054246d266f6d2edb809b", kill_on_drop: false }`
[INFO] [stderr]    Compiling libc v0.2.80
[INFO] [stderr]    Compiling cc v1.0.61
[INFO] [stderr]    Compiling proc-macro2 v1.0.24
[INFO] [stderr]    Compiling log v0.4.11
[INFO] [stderr]    Compiling version_check v0.9.2
[INFO] [stderr]    Compiling once_cell v1.4.1
[INFO] [stderr]    Compiling untrusted v0.7.1
[INFO] [stderr]    Compiling syn v1.0.48
[INFO] [stderr]    Compiling spin v0.5.2
[INFO] [stderr]    Compiling fnv v1.0.7
[INFO] [stderr]    Compiling anyhow v1.0.33
[INFO] [stderr]    Compiling base64 v0.12.3
[INFO] [stderr]    Compiling bytes v0.6.0
[INFO] [stderr]    Compiling pin-project-lite v0.1.11
[INFO] [stderr]    Compiling slab v0.4.2
[INFO] [stderr]    Compiling futures-core v0.3.7
[INFO] [stderr]    Compiling uriparse v0.6.3
[INFO] [stderr]    Compiling unicase v2.6.0
[INFO] [stderr]    Compiling quote v1.0.7
[INFO] [stderr]    Compiling num_cpus v1.13.0
[INFO] [stderr]    Compiling mio v0.7.4
[INFO] [stderr]    Compiling ring v0.16.15
[INFO] [stderr]    Compiling mime_guess v2.0.3
[INFO] [stderr]    Compiling webpki v0.21.3
[INFO] [stderr]    Compiling sct v0.6.0
[INFO] [stderr]    Compiling rustls v0.18.1
[INFO] [stderr]    Compiling tokio-macros v0.3.1
[INFO] [stderr]    Compiling tokio v0.3.1
[INFO] [stderr]    Compiling tokio-rustls v0.20.0
[INFO] [stderr]    Compiling northstar v0.4.0 (/opt/rustwide/workdir)
[INFO] [stderr]     Finished dev [unoptimized + debuginfo] target(s) in 17.02s
[INFO] running `Command { std: "docker" "inspect" "15d23201a2ca83b8ed5d624281292561460e528bb96054246d266f6d2edb809b", kill_on_drop: false }`
[INFO] running `Command { std: "docker" "rm" "-f" "15d23201a2ca83b8ed5d624281292561460e528bb96054246d266f6d2edb809b", kill_on_drop: false }`
[INFO] [stdout] 15d23201a2ca83b8ed5d624281292561460e528bb96054246d266f6d2edb809b
[INFO] running `Command { std: "docker" "create" "-v" "/var/lib/crater-agent-workspace/builds/worker-104/target:/opt/rustwide/target:rw,Z" "-v" "/var/lib/crater-agent-workspace/builds/worker-104/source:/opt/rustwide/workdir:ro,Z" "-v" "/var/lib/crater-agent-workspace/cargo-home:/opt/rustwide/cargo-home:ro,Z" "-v" "/var/lib/crater-agent-workspace/rustup-home:/opt/rustwide/rustup-home:ro,Z" "-e" "SOURCE_DIR=/opt/rustwide/workdir" "-e" "CARGO_TARGET_DIR=/opt/rustwide/target" "-e" "CARGO_INCREMENTAL=0" "-e" "RUST_BACKTRACE=full" "-e" "RUSTFLAGS=--cap-lints=warn" "-e" "CARGO_HOME=/opt/rustwide/cargo-home" "-e" "RUSTUP_HOME=/opt/rustwide/rustup-home" "-w" "/opt/rustwide/workdir" "-m" "1610612736" "--user" "0:0" "--network" "none" "ghcr.io/rust-lang/crates-build-env/linux@sha256:34b6a614d2c27851fe6cbf88fbd1137609cefab8b10d0615aaeb6fd47975d74e" "/opt/rustwide/cargo-home/bin/cargo" "+1.54.0" "test" "--frozen" "--no-run" "--message-format=json", kill_on_drop: false }`
[INFO] [stdout] a852dfc3a66f02625e76c88000dd9a6f76f70e607b1f8841e26fc1fa67a3f8c4
[INFO] running `Command { std: "docker" "start" "-a" "a852dfc3a66f02625e76c88000dd9a6f76f70e607b1f8841e26fc1fa67a3f8c4", kill_on_drop: false }`
[INFO] [stderr]    Compiling proc-macro-hack v0.5.19
[INFO] [stderr]    Compiling proc-macro-nested v0.1.6
[INFO] [stderr]    Compiling regex-syntax v0.6.21
[INFO] [stderr]    Compiling pin-utils v0.1.0
[INFO] [stderr]    Compiling humantime v2.0.1
[INFO] [stderr]    Compiling futures-task v0.3.7
[INFO] [stderr]    Compiling atty v0.2.14
[INFO] [stderr]    Compiling aho-corasick v0.7.15
[INFO] [stderr]    Compiling pin-project-internal v1.0.1
[INFO] [stderr]    Compiling regex v1.4.2
[INFO] [stderr]    Compiling futures-macro v0.3.7
[INFO] [stderr]    Compiling pin-project v1.0.1
[INFO] [stderr]    Compiling env_logger v0.8.1
[INFO] [stderr]    Compiling futures-util v0.3.7
[INFO] [stderr]    Compiling northstar v0.4.0 (/opt/rustwide/workdir)
[INFO] [stdout] warning: use of deprecated associated function `northstar::Response::document`: Deprecated in favor of Response::success_gemini() or Document::into()
[INFO] [stdout]   --> examples/routing.rs:24:22
[INFO] [stdout]    |
[INFO] [stdout] 24 |         Ok(Response::document(doc))
[INFO] [stdout]    |                      ^^^^^^^^
[INFO] [stdout]    |
[INFO] [stdout]    = note: `#[warn(deprecated)]` on by default
[INFO] [stdout] 
[INFO] [stdout] 
[INFO] [stdout] warning: use of deprecated associated function `northstar::Response::document`: Deprecated in favor of Response::success_gemini() or Document::into()
[INFO] [stdout]   --> examples/routing.rs:31:22
[INFO] [stdout]    |
[INFO] [stdout] 31 |         Ok(Response::document(doc))
[INFO] [stdout]    |                      ^^^^^^^^
[INFO] [stdout] 
[INFO] [stdout] 
[INFO] [stdout] warning: use of deprecated associated function `northstar::Response::document`: Deprecated in favor of Response::success_gemini() or Document::into()
[INFO] [stdout]   --> examples/routing.rs:38:22
[INFO] [stdout]    |
[INFO] [stdout] 38 |         Ok(Response::document(doc))
[INFO] [stdout]    |                      ^^^^^^^^
[INFO] [stdout] 
[INFO] [stdout] 
[INFO] [stdout] warning: 3 warnings emitted
[INFO] [stdout] 
[INFO] [stdout] 
[INFO] [stderr]     Finished test [unoptimized + debuginfo] target(s) in 11.99s
[INFO] running `Command { std: "docker" "inspect" "a852dfc3a66f02625e76c88000dd9a6f76f70e607b1f8841e26fc1fa67a3f8c4", kill_on_drop: false }`
[INFO] running `Command { std: "docker" "rm" "-f" "a852dfc3a66f02625e76c88000dd9a6f76f70e607b1f8841e26fc1fa67a3f8c4", kill_on_drop: false }`
[INFO] [stdout] a852dfc3a66f02625e76c88000dd9a6f76f70e607b1f8841e26fc1fa67a3f8c4
[INFO] running `Command { std: "docker" "create" "-v" "/var/lib/crater-agent-workspace/builds/worker-104/target:/opt/rustwide/target:rw,Z" "-v" "/var/lib/crater-agent-workspace/builds/worker-104/source:/opt/rustwide/workdir:ro,Z" "-v" "/var/lib/crater-agent-workspace/cargo-home:/opt/rustwide/cargo-home:ro,Z" "-v" "/var/lib/crater-agent-workspace/rustup-home:/opt/rustwide/rustup-home:ro,Z" "-e" "SOURCE_DIR=/opt/rustwide/workdir" "-e" "CARGO_TARGET_DIR=/opt/rustwide/target" "-e" "CARGO_INCREMENTAL=0" "-e" "RUST_BACKTRACE=full" "-e" "RUSTFLAGS=--cap-lints=warn" "-e" "CARGO_HOME=/opt/rustwide/cargo-home" "-e" "RUSTUP_HOME=/opt/rustwide/rustup-home" "-w" "/opt/rustwide/workdir" "-m" "1610612736" "--user" "0:0" "--network" "none" "ghcr.io/rust-lang/crates-build-env/linux@sha256:34b6a614d2c27851fe6cbf88fbd1137609cefab8b10d0615aaeb6fd47975d74e" "/opt/rustwide/cargo-home/bin/cargo" "+1.54.0" "test" "--frozen", kill_on_drop: false }`
[INFO] [stdout] f1f336bf44aca23459fae6d04a8b14ba2edeabbc322e9604924d68aa2ccbf087
[INFO] running `Command { std: "docker" "start" "-a" "f1f336bf44aca23459fae6d04a8b14ba2edeabbc322e9604924d68aa2ccbf087", kill_on_drop: false }`
[INFO] [stderr] warning: use of deprecated associated function `northstar::Response::document`: Deprecated in favor of Response::success_gemini() or Document::into()
[INFO] [stderr]   --> examples/routing.rs:24:22
[INFO] [stderr]    |
[INFO] [stderr] 24 |         Ok(Response::document(doc))
[INFO] [stderr]    |                      ^^^^^^^^
[INFO] [stderr]    |
[INFO] [stderr]    = note: `#[warn(deprecated)]` on by default
[INFO] [stderr] 
[INFO] [stderr] warning: use of deprecated associated function `northstar::Response::document`: Deprecated in favor of Response::success_gemini() or Document::into()
[INFO] [stderr]   --> examples/routing.rs:31:22
[INFO] [stderr]    |
[INFO] [stderr] 31 |         Ok(Response::document(doc))
[INFO] [stderr]    |                      ^^^^^^^^
[INFO] [stderr] 
[INFO] [stderr] warning: use of deprecated associated function `northstar::Response::document`: Deprecated in favor of Response::success_gemini() or Document::into()
[INFO] [stderr]   --> examples/routing.rs:38:22
[INFO] [stderr]    |
[INFO] [stderr] 38 |         Ok(Response::document(doc))
[INFO] [stderr]    |                      ^^^^^^^^
[INFO] [stderr] 
[INFO] [stderr] warning: 3 warnings emitted
[INFO] [stderr] 
[INFO] [stderr]     Finished test [unoptimized + debuginfo] target(s) in 0.10s
[INFO] [stderr]      Running unittests (/opt/rustwide/target/debug/deps/northstar-eb83fff8fe371bb9)
[INFO] [stdout] 
[INFO] [stdout] running 10 tests
[INFO] [stdout] test tests::gemini_mime_parses ... ok
[INFO] [stdout] test types::meta::tests::new_accepts_max_len ... ok
[INFO] [stdout] test types::meta::tests::new_lossy_empty ... ok
[INFO] [stdout] test types::meta::tests::new_lossy_no_truncate ... ok
[INFO] [stdout] test types::meta::tests::new_lossy_truncates ... ok
[INFO] [stdout] test types::meta::tests::new_lossy_truncates_multi_byte_sequences ... ok
[INFO] [stdout] test types::meta::tests::new_lossy_truncates_to_empty ... ok
[INFO] [stdout] test types::meta::tests::new_rejects_exceeding_max_len ... ok
[INFO] [stdout] test types::meta::tests::new_lossy_truncates_to_max_len ... ok
[INFO] [stdout] test types::meta::tests::new_rejects_newlines ... ok
[INFO] [stdout] 
[INFO] [stdout] test result: ok. 10 passed; 0 failed; 0 ignored; 0 measured; 0 filtered out; finished in 0.01s
[INFO] [stdout] 
[INFO] [stderr]    Doc-tests northstar
[INFO] [stdout] 
[INFO] [stdout] running 15 tests
[INFO] [stdout] test src/types/document.rs - types::document::Document::add_item (line 75) - compile fail ... ok
[INFO] [stdout] test src/types/document.rs - types::document::Document::add_items (line 97) - compile fail ... ok
[INFO] [stdout] test src/routing.rs - routing::RoutingNode (line 27) ... FAILED
[INFO] [stdout] test src/types/document.rs - types::document::Document::add_link_without_label (line 201) ... FAILED
[INFO] [stdout] test src/types/document.rs - types::document::Document::add_preformatted (line 233) ... FAILED
[INFO] [stdout] test src/types/document.rs - types::document::Document::add_heading (line 286) ... FAILED
[INFO] [stdout] test src/types/document.rs - types::document::Document::add_preformatted_with_alt (line 254) ... ok
[INFO] [stdout] test src/types/document.rs - types::document::Document::add_text (line 143) ... ok
[INFO] [stdout] test src/types/document.rs - types::document::Document::add_quote (line 338) ... ok
[INFO] [stdout] test src/types/document.rs - types::document (line 9) ... ok
[INFO] [stdout] test src/types/document.rs - types::document::Document::add_blank_line (line 122) ... ok
[INFO] [stdout] test src/types/document.rs - types::document::Document::new (line 59) ... ok
[INFO] [stdout] test src/types/document.rs - types::document::Document::add_unordered_list_item (line 315) ... ok
[INFO] [stdout] test src/routing.rs - routing::RoutingNode<T>::iter (line 172) ... ok
[INFO] [stdout] test src/types/document.rs - types::document::Document::add_link (line 171) ... ok
[INFO] [stdout] 
[INFO] [stdout] failures:
[INFO] [stdout] 
[INFO] [stdout] ---- src/routing.rs - routing::RoutingNode (line 27) stdout ----
[INFO] [stdout] Couldn't compile the test.
[INFO] [stdout] ---- src/types/document.rs - types::document::Document::add_link_without_label (line 201) stdout ----
[INFO] [stdout] error: linking with `cc` failed: exit status: 1
[INFO] [stdout]   |
[INFO] [stdout]   = note: "cc" "-m64" "/tmp/rustdoctesta0Z8ZD/rust_out.rust_out.7rcbfp3g-cgu.0.rcgu.o" "/tmp/rustdoctesta0Z8ZD/rust_out.33dyzt1ekirinwy8.rcgu.o" "-Wl,--as-needed" "-L" "/opt/rustwide/target/debug/deps" "-L" "/opt/rustwide/target/debug/deps" "-L" "/opt/rustwide/target/debug/build/ring-09c8bf452d87a827/out" "-L" "/opt/rustwide/rustup-home/toolchains/1.54.0-x86_64-unknown-linux-gnu/lib/rustlib/x86_64-unknown-linux-gnu/lib" "-Wl,-Bstatic" "/opt/rustwide/target/debug/deps/libnorthstar-08a3373e03d810ac.rlib" "/opt/rustwide/target/debug/deps/libmime_guess-53ac31b7231bfa62.rlib" "/opt/rustwide/target/debug/deps/libunicase-4a08b382c01023e9.rlib" "/opt/rustwide/target/debug/deps/libpercent_encoding-549c334c22432c49.rlib" "/opt/rustwide/target/debug/deps/liburiparse-325bf9bc4f793fc3.rlib" "/opt/rustwide/target/debug/deps/libfnv-56e05e18a5751d51.rlib" "/opt/rustwide/target/debug/deps/libmime-12522ef5c2462da9.rlib" "/opt/rustwide/target/debug/deps/liblazy_static-5c53d641eb010a81.rlib" "/opt/rustwide/target/debug/deps/libanyhow-d66471d3edcfe5a8.rlib" "/opt/rustwide/target/debug/deps/libtokio_rustls-bfe558b53ac1a31a.rlib" "/opt/rustwide/target/debug/deps/librustls-96e78c1cbbdccae5.rlib" "/opt/rustwide/target/debug/deps/libbase64-e2a906ac29617111.rlib" "/opt/rustwide/target/debug/deps/libsct-b619dfd383db8e6f.rlib" "/opt/rustwide/target/debug/deps/libwebpki-830fd44c8832a946.rlib" "/opt/rustwide/target/debug/deps/libring-5ff892ee9888ef08.rlib" "/opt/rustwide/target/debug/deps/libspin-136df111413e15c8.rlib" "/opt/rustwide/target/debug/deps/libonce_cell-9a69dd56775c894a.rlib" "/opt/rustwide/target/debug/deps/libuntrusted-5c50346dcbd6ef19.rlib" "/opt/rustwide/target/debug/deps/libtokio-b511355894be2523.rlib" "/opt/rustwide/target/debug/deps/libnum_cpus-b0e37bd7bfd8f8d0.rlib" "/opt/rustwide/target/debug/deps/libmemchr-d7dcdb754b97af01.rlib" "/opt/rustwide/target/debug/deps/libslab-a95947d689540fa4.rlib" "/opt/rustwide/target/debug/deps/libbytes-dbd75d09e16d86d1.rlib" "/opt/rustwide/target/debug/deps/libpin_project_lite-a846630f4822496e.rlib" "/opt/rustwide/target/debug/deps/libmio-8a5076e5a9570cf6.rlib" "/opt/rustwide/target/debug/deps/liblibc-21f1f63d3b3c1b06.rlib" "/opt/rustwide/target/debug/deps/libfutures_core-bcc6796a0546b994.rlib" "/opt/rustwide/target/debug/deps/liblog-5cbe0f12134ea5ad.rlib" "/opt/rustwide/target/debug/deps/libcfg_if-e7a28af79b261e75.rlib" "-Wl,--start-group" "/opt/rustwide/rustup-home/toolchains/1.54.0-x86_64-unknown-linux-gnu/lib/rustlib/x86_64-unknown-linux-gnu/lib/libstd-2420485b9e5ef5e1.rlib" "/opt/rustwide/rustup-home/toolchains/1.54.0-x86_64-unknown-linux-gnu/lib/rustlib/x86_64-unknown-linux-gnu/lib/libpanic_unwind-785e3cb61c4b1960.rlib" "/opt/rustwide/rustup-home/toolchains/1.54.0-x86_64-unknown-linux-gnu/lib/rustlib/x86_64-unknown-linux-gnu/lib/libminiz_oxide-087191a88bdaa22d.rlib" "/opt/rustwide/rustup-home/toolchains/1.54.0-x86_64-unknown-linux-gnu/lib/rustlib/x86_64-unknown-linux-gnu/lib/libadler-9981842c02975178.rlib" "/opt/rustwide/rustup-home/toolchains/1.54.0-x86_64-unknown-linux-gnu/lib/rustlib/x86_64-unknown-linux-gnu/lib/libobject-6fb405869b015fde.rlib" "/opt/rustwide/rustup-home/toolchains/1.54.0-x86_64-unknown-linux-gnu/lib/rustlib/x86_64-unknown-linux-gnu/lib/libaddr2line-d05c5c3c56004b7b.rlib" "/opt/rustwide/rustup-home/toolchains/1.54.0-x86_64-unknown-linux-gnu/lib/rustlib/x86_64-unknown-linux-gnu/lib/libgimli-42d74d2097528b38.rlib" "/opt/rustwide/rustup-home/toolchains/1.54.0-x86_64-unknown-linux-gnu/lib/rustlib/x86_64-unknown-linux-gnu/lib/libstd_detect-fb36534c113d2209.rlib" "/opt/rustwide/rustup-home/toolchains/1.54.0-x86_64-unknown-linux-gnu/lib/rustlib/x86_64-unknown-linux-gnu/lib/librustc_demangle-b56b9042c12b6535.rlib" "/opt/rustwide/rustup-home/toolchains/1.54.0-x86_64-unknown-linux-gnu/lib/rustlib/x86_64-unknown-linux-gnu/lib/libhashbrown-491902d6cb3e76df.rlib" "/opt/rustwide/rustup-home/toolchains/1.54.0-x86_64-unknown-linux-gnu/lib/rustlib/x86_64-unknown-linux-gnu/lib/librustc_std_workspace_alloc-61834e0981b8c367.rlib" "/opt/rustwide/rustup-home/toolchains/1.54.0-x86_64-unknown-linux-gnu/lib/rustlib/x86_64-unknown-linux-gnu/lib/libunwind-f78aa99d613a55bc.rlib" "/opt/rustwide/rustup-home/toolchains/1.54.0-x86_64-unknown-linux-gnu/lib/rustlib/x86_64-unknown-linux-gnu/lib/libcfg_if-53ee54cd7fed2c57.rlib" "/opt/rustwide/rustup-home/toolchains/1.54.0-x86_64-unknown-linux-gnu/lib/rustlib/x86_64-unknown-linux-gnu/lib/liblibc-544ecdbd6cda3c58.rlib" "/opt/rustwide/rustup-home/toolchains/1.54.0-x86_64-unknown-linux-gnu/lib/rustlib/x86_64-unknown-linux-gnu/lib/liballoc-379cc252b6943a79.rlib" "/opt/rustwide/rustup-home/toolchains/1.54.0-x86_64-unknown-linux-gnu/lib/rustlib/x86_64-unknown-linux-gnu/lib/librustc_std_workspace_core-8063eea38dcc5e62.rlib" "/opt/rustwide/rustup-home/toolchains/1.54.0-x86_64-unknown-linux-gnu/lib/rustlib/x86_64-unknown-linux-gnu/lib/libcore-5b228734afae15ee.rlib" "-Wl,--end-group" "/opt/rustwide/rustup-home/toolchains/1.54.0-x86_64-unknown-linux-gnu/lib/rustlib/x86_64-unknown-linux-gnu/lib/libcompiler_builtins-d6c7a399d95d173f.rlib" "-Wl,-Bdynamic" "-lgcc_s" "-lutil" "-lrt" "-lpthread" "-lm" "-ldl" "-lc" "-Wl,--eh-frame-hdr" "-Wl,-znoexecstack" "-L" "/opt/rustwide/rustup-home/toolchains/1.54.0-x86_64-unknown-linux-gnu/lib/rustlib/x86_64-unknown-linux-gnu/lib" "-o" "/tmp/rustdoctesta0Z8ZD/rust_out" "-Wl,--gc-sections" "-pie" "-Wl,-zrelro" "-Wl,-znow" "-nodefaultlibs"
[INFO] [stdout]   = note: collect2: fatal error: ld terminated with signal 9 [Killed]
[INFO] [stdout]           compilation terminated.
[INFO] [stdout]           
[INFO] [stdout] 
[INFO] [stdout] error: aborting due to previous error
[INFO] [stdout] 
[INFO] [stdout] Couldn't compile the test.
[INFO] [stdout] ---- src/types/document.rs - types::document::Document::add_preformatted (line 233) stdout ----
[INFO] [stdout] error: linking with `cc` failed: exit status: 1
[INFO] [stdout]   |
[INFO] [stdout]   = note: "cc" "-m64" "/tmp/rustdoctestGIPZMi/rust_out.rust_out.7rcbfp3g-cgu.0.rcgu.o" "/tmp/rustdoctestGIPZMi/rust_out.33dyzt1ekirinwy8.rcgu.o" "-Wl,--as-needed" "-L" "/opt/rustwide/target/debug/deps" "-L" "/opt/rustwide/target/debug/deps" "-L" "/opt/rustwide/target/debug/build/ring-09c8bf452d87a827/out" "-L" "/opt/rustwide/rustup-home/toolchains/1.54.0-x86_64-unknown-linux-gnu/lib/rustlib/x86_64-unknown-linux-gnu/lib" "-Wl,-Bstatic" "/opt/rustwide/target/debug/deps/libnorthstar-08a3373e03d810ac.rlib" "/opt/rustwide/target/debug/deps/libmime_guess-53ac31b7231bfa62.rlib" "/opt/rustwide/target/debug/deps/libunicase-4a08b382c01023e9.rlib" "/opt/rustwide/target/debug/deps/libpercent_encoding-549c334c22432c49.rlib" "/opt/rustwide/target/debug/deps/liburiparse-325bf9bc4f793fc3.rlib" "/opt/rustwide/target/debug/deps/libfnv-56e05e18a5751d51.rlib" "/opt/rustwide/target/debug/deps/libmime-12522ef5c2462da9.rlib" "/opt/rustwide/target/debug/deps/liblazy_static-5c53d641eb010a81.rlib" "/opt/rustwide/target/debug/deps/libanyhow-d66471d3edcfe5a8.rlib" "/opt/rustwide/target/debug/deps/libtokio_rustls-bfe558b53ac1a31a.rlib" "/opt/rustwide/target/debug/deps/librustls-96e78c1cbbdccae5.rlib" "/opt/rustwide/target/debug/deps/libbase64-e2a906ac29617111.rlib" "/opt/rustwide/target/debug/deps/libsct-b619dfd383db8e6f.rlib" "/opt/rustwide/target/debug/deps/libwebpki-830fd44c8832a946.rlib" "/opt/rustwide/target/debug/deps/libring-5ff892ee9888ef08.rlib" "/opt/rustwide/target/debug/deps/libspin-136df111413e15c8.rlib" "/opt/rustwide/target/debug/deps/libonce_cell-9a69dd56775c894a.rlib" "/opt/rustwide/target/debug/deps/libuntrusted-5c50346dcbd6ef19.rlib" "/opt/rustwide/target/debug/deps/libtokio-b511355894be2523.rlib" "/opt/rustwide/target/debug/deps/libnum_cpus-b0e37bd7bfd8f8d0.rlib" "/opt/rustwide/target/debug/deps/libmemchr-d7dcdb754b97af01.rlib" "/opt/rustwide/target/debug/deps/libslab-a95947d689540fa4.rlib" "/opt/rustwide/target/debug/deps/libbytes-dbd75d09e16d86d1.rlib" "/opt/rustwide/target/debug/deps/libpin_project_lite-a846630f4822496e.rlib" "/opt/rustwide/target/debug/deps/libmio-8a5076e5a9570cf6.rlib" "/opt/rustwide/target/debug/deps/liblibc-21f1f63d3b3c1b06.rlib" "/opt/rustwide/target/debug/deps/libfutures_core-bcc6796a0546b994.rlib" "/opt/rustwide/target/debug/deps/liblog-5cbe0f12134ea5ad.rlib" "/opt/rustwide/target/debug/deps/libcfg_if-e7a28af79b261e75.rlib" "-Wl,--start-group" "/opt/rustwide/rustup-home/toolchains/1.54.0-x86_64-unknown-linux-gnu/lib/rustlib/x86_64-unknown-linux-gnu/lib/libstd-2420485b9e5ef5e1.rlib" "/opt/rustwide/rustup-home/toolchains/1.54.0-x86_64-unknown-linux-gnu/lib/rustlib/x86_64-unknown-linux-gnu/lib/libpanic_unwind-785e3cb61c4b1960.rlib" "/opt/rustwide/rustup-home/toolchains/1.54.0-x86_64-unknown-linux-gnu/lib/rustlib/x86_64-unknown-linux-gnu/lib/libminiz_oxide-087191a88bdaa22d.rlib" "/opt/rustwide/rustup-home/toolchains/1.54.0-x86_64-unknown-linux-gnu/lib/rustlib/x86_64-unknown-linux-gnu/lib/libadler-9981842c02975178.rlib" "/opt/rustwide/rustup-home/toolchains/1.54.0-x86_64-unknown-linux-gnu/lib/rustlib/x86_64-unknown-linux-gnu/lib/libobject-6fb405869b015fde.rlib" "/opt/rustwide/rustup-home/toolchains/1.54.0-x86_64-unknown-linux-gnu/lib/rustlib/x86_64-unknown-linux-gnu/lib/libaddr2line-d05c5c3c56004b7b.rlib" "/opt/rustwide/rustup-home/toolchains/1.54.0-x86_64-unknown-linux-gnu/lib/rustlib/x86_64-unknown-linux-gnu/lib/libgimli-42d74d2097528b38.rlib" "/opt/rustwide/rustup-home/toolchains/1.54.0-x86_64-unknown-linux-gnu/lib/rustlib/x86_64-unknown-linux-gnu/lib/libstd_detect-fb36534c113d2209.rlib" "/opt/rustwide/rustup-home/toolchains/1.54.0-x86_64-unknown-linux-gnu/lib/rustlib/x86_64-unknown-linux-gnu/lib/librustc_demangle-b56b9042c12b6535.rlib" "/opt/rustwide/rustup-home/toolchains/1.54.0-x86_64-unknown-linux-gnu/lib/rustlib/x86_64-unknown-linux-gnu/lib/libhashbrown-491902d6cb3e76df.rlib" "/opt/rustwide/rustup-home/toolchains/1.54.0-x86_64-unknown-linux-gnu/lib/rustlib/x86_64-unknown-linux-gnu/lib/librustc_std_workspace_alloc-61834e0981b8c367.rlib" "/opt/rustwide/rustup-home/toolchains/1.54.0-x86_64-unknown-linux-gnu/lib/rustlib/x86_64-unknown-linux-gnu/lib/libunwind-f78aa99d613a55bc.rlib" "/opt/rustwide/rustup-home/toolchains/1.54.0-x86_64-unknown-linux-gnu/lib/rustlib/x86_64-unknown-linux-gnu/lib/libcfg_if-53ee54cd7fed2c57.rlib" "/opt/rustwide/rustup-home/toolchains/1.54.0-x86_64-unknown-linux-gnu/lib/rustlib/x86_64-unknown-linux-gnu/lib/liblibc-544ecdbd6cda3c58.rlib" "/opt/rustwide/rustup-home/toolchains/1.54.0-x86_64-unknown-linux-gnu/lib/rustlib/x86_64-unknown-linux-gnu/lib/liballoc-379cc252b6943a79.rlib" "/opt/rustwide/rustup-home/toolchains/1.54.0-x86_64-unknown-linux-gnu/lib/rustlib/x86_64-unknown-linux-gnu/lib/librustc_std_workspace_core-8063eea38dcc5e62.rlib" "/opt/rustwide/rustup-home/toolchains/1.54.0-x86_64-unknown-linux-gnu/lib/rustlib/x86_64-unknown-linux-gnu/lib/libcore-5b228734afae15ee.rlib" "-Wl,--end-group" "/opt/rustwide/rustup-home/toolchains/1.54.0-x86_64-unknown-linux-gnu/lib/rustlib/x86_64-unknown-linux-gnu/lib/libcompiler_builtins-d6c7a399d95d173f.rlib" "-Wl,-Bdynamic" "-lgcc_s" "-lutil" "-lrt" "-lpthread" "-lm" "-ldl" "-lc" "-Wl,--eh-frame-hdr" "-Wl,-znoexecstack" "-L" "/opt/rustwide/rustup-home/toolchains/1.54.0-x86_64-unknown-linux-gnu/lib/rustlib/x86_64-unknown-linux-gnu/lib" "-o" "/tmp/rustdoctestGIPZMi/rust_out" "-Wl,--gc-sections" "-pie" "-Wl,-zrelro" "-Wl,-znow" "-nodefaultlibs"
[INFO] [stdout]   = note: collect2: fatal error: ld terminated with signal 9 [Killed]
[INFO] [stdout]           compilation terminated.
[INFO] [stdout]           
[INFO] [stdout] 
[INFO] [stdout] error: aborting due to previous error
[INFO] [stdout] 
[INFO] [stdout] Couldn't compile the test.
[INFO] [stdout] ---- src/types/document.rs - types::document::Document::add_heading (line 286) stdout ----
[INFO] [stdout] error: linking with `cc` failed: exit status: 1
[INFO] [stdout]   |
[INFO] [stdout]   = note: "cc" "-m64" "/tmp/rustdoctest7BWmOQ/rust_out.rust_out.7rcbfp3g-cgu.0.rcgu.o" "/tmp/rustdoctest7BWmOQ/rust_out.33dyzt1ekirinwy8.rcgu.o" "-Wl,--as-needed" "-L" "/opt/rustwide/target/debug/deps" "-L" "/opt/rustwide/target/debug/deps" "-L" "/opt/rustwide/target/debug/build/ring-09c8bf452d87a827/out" "-L" "/opt/rustwide/rustup-home/toolchains/1.54.0-x86_64-unknown-linux-gnu/lib/rustlib/x86_64-unknown-linux-gnu/lib" "-Wl,-Bstatic" "/opt/rustwide/target/debug/deps/libnorthstar-08a3373e03d810ac.rlib" "/opt/rustwide/target/debug/deps/libmime_guess-53ac31b7231bfa62.rlib" "/opt/rustwide/target/debug/deps/libunicase-4a08b382c01023e9.rlib" "/opt/rustwide/target/debug/deps/libpercent_encoding-549c334c22432c49.rlib" "/opt/rustwide/target/debug/deps/liburiparse-325bf9bc4f793fc3.rlib" "/opt/rustwide/target/debug/deps/libfnv-56e05e18a5751d51.rlib" "/opt/rustwide/target/debug/deps/libmime-12522ef5c2462da9.rlib" "/opt/rustwide/target/debug/deps/liblazy_static-5c53d641eb010a81.rlib" "/opt/rustwide/target/debug/deps/libanyhow-d66471d3edcfe5a8.rlib" "/opt/rustwide/target/debug/deps/libtokio_rustls-bfe558b53ac1a31a.rlib" "/opt/rustwide/target/debug/deps/librustls-96e78c1cbbdccae5.rlib" "/opt/rustwide/target/debug/deps/libbase64-e2a906ac29617111.rlib" "/opt/rustwide/target/debug/deps/libsct-b619dfd383db8e6f.rlib" "/opt/rustwide/target/debug/deps/libwebpki-830fd44c8832a946.rlib" "/opt/rustwide/target/debug/deps/libring-5ff892ee9888ef08.rlib" "/opt/rustwide/target/debug/deps/libspin-136df111413e15c8.rlib" "/opt/rustwide/target/debug/deps/libonce_cell-9a69dd56775c894a.rlib" "/opt/rustwide/target/debug/deps/libuntrusted-5c50346dcbd6ef19.rlib" "/opt/rustwide/target/debug/deps/libtokio-b511355894be2523.rlib" "/opt/rustwide/target/debug/deps/libnum_cpus-b0e37bd7bfd8f8d0.rlib" "/opt/rustwide/target/debug/deps/libmemchr-d7dcdb754b97af01.rlib" "/opt/rustwide/target/debug/deps/libslab-a95947d689540fa4.rlib" "/opt/rustwide/target/debug/deps/libbytes-dbd75d09e16d86d1.rlib" "/opt/rustwide/target/debug/deps/libpin_project_lite-a846630f4822496e.rlib" "/opt/rustwide/target/debug/deps/libmio-8a5076e5a9570cf6.rlib" "/opt/rustwide/target/debug/deps/liblibc-21f1f63d3b3c1b06.rlib" "/opt/rustwide/target/debug/deps/libfutures_core-bcc6796a0546b994.rlib" "/opt/rustwide/target/debug/deps/liblog-5cbe0f12134ea5ad.rlib" "/opt/rustwide/target/debug/deps/libcfg_if-e7a28af79b261e75.rlib" "-Wl,--start-group" "/opt/rustwide/rustup-home/toolchains/1.54.0-x86_64-unknown-linux-gnu/lib/rustlib/x86_64-unknown-linux-gnu/lib/libstd-2420485b9e5ef5e1.rlib" "/opt/rustwide/rustup-home/toolchains/1.54.0-x86_64-unknown-linux-gnu/lib/rustlib/x86_64-unknown-linux-gnu/lib/libpanic_unwind-785e3cb61c4b1960.rlib" "/opt/rustwide/rustup-home/toolchains/1.54.0-x86_64-unknown-linux-gnu/lib/rustlib/x86_64-unknown-linux-gnu/lib/libminiz_oxide-087191a88bdaa22d.rlib" "/opt/rustwide/rustup-home/toolchains/1.54.0-x86_64-unknown-linux-gnu/lib/rustlib/x86_64-unknown-linux-gnu/lib/libadler-9981842c02975178.rlib" "/opt/rustwide/rustup-home/toolchains/1.54.0-x86_64-unknown-linux-gnu/lib/rustlib/x86_64-unknown-linux-gnu/lib/libobject-6fb405869b015fde.rlib" "/opt/rustwide/rustup-home/toolchains/1.54.0-x86_64-unknown-linux-gnu/lib/rustlib/x86_64-unknown-linux-gnu/lib/libaddr2line-d05c5c3c56004b7b.rlib" "/opt/rustwide/rustup-home/toolchains/1.54.0-x86_64-unknown-linux-gnu/lib/rustlib/x86_64-unknown-linux-gnu/lib/libgimli-42d74d2097528b38.rlib" "/opt/rustwide/rustup-home/toolchains/1.54.0-x86_64-unknown-linux-gnu/lib/rustlib/x86_64-unknown-linux-gnu/lib/libstd_detect-fb36534c113d2209.rlib" "/opt/rustwide/rustup-home/toolchains/1.54.0-x86_64-unknown-linux-gnu/lib/rustlib/x86_64-unknown-linux-gnu/lib/librustc_demangle-b56b9042c12b6535.rlib" "/opt/rustwide/rustup-home/toolchains/1.54.0-x86_64-unknown-linux-gnu/lib/rustlib/x86_64-unknown-linux-gnu/lib/libhashbrown-491902d6cb3e76df.rlib" "/opt/rustwide/rustup-home/toolchains/1.54.0-x86_64-unknown-linux-gnu/lib/rustlib/x86_64-unknown-linux-gnu/lib/librustc_std_workspace_alloc-61834e0981b8c367.rlib" "/opt/rustwide/rustup-home/toolchains/1.54.0-x86_64-unknown-linux-gnu/lib/rustlib/x86_64-unknown-linux-gnu/lib/libunwind-f78aa99d613a55bc.rlib" "/opt/rustwide/rustup-home/toolchains/1.54.0-x86_64-unknown-linux-gnu/lib/rustlib/x86_64-unknown-linux-gnu/lib/libcfg_if-53ee54cd7fed2c57.rlib" "/opt/rustwide/rustup-home/toolchains/1.54.0-x86_64-unknown-linux-gnu/lib/rustlib/x86_64-unknown-linux-gnu/lib/liblibc-544ecdbd6cda3c58.rlib" "/opt/rustwide/rustup-home/toolchains/1.54.0-x86_64-unknown-linux-gnu/lib/rustlib/x86_64-unknown-linux-gnu/lib/liballoc-379cc252b6943a79.rlib" "/opt/rustwide/rustup-home/toolchains/1.54.0-x86_64-unknown-linux-gnu/lib/rustlib/x86_64-unknown-linux-gnu/lib/librustc_std_workspace_core-8063eea38dcc5e62.rlib" "/opt/rustwide/rustup-home/toolchains/1.54.0-x86_64-unknown-linux-gnu/lib/rustlib/x86_64-unknown-linux-gnu/lib/libcore-5b228734afae15ee.rlib" "-Wl,--end-group" "/opt/rustwide/rustup-home/toolchains/1.54.0-x86_64-unknown-linux-gnu/lib/rustlib/x86_64-unknown-linux-gnu/lib/libcompiler_builtins-d6c7a399d95d173f.rlib" "-Wl,-Bdynamic" "-lgcc_s" "-lutil" "-lrt" "-lpthread" "-lm" "-ldl" "-lc" "-Wl,--eh-frame-hdr" "-Wl,-znoexecstack" "-L" "/opt/rustwide/rustup-home/toolchains/1.54.0-x86_64-unknown-linux-gnu/lib/rustlib/x86_64-unknown-linux-gnu/lib" "-o" "/tmp/rustdoctest7BWmOQ/rust_out" "-Wl,--gc-sections" "-pie" "-Wl,-zrelro" "-Wl,-znow" "-nodefaultlibs"
[INFO] [stdout]   = note: collect2: fatal error: ld terminated with signal 9 [Killed]
[INFO] [stdout]           compilation terminated.
[INFO] [stdout]           
[INFO] [stdout] 
[INFO] [stdout] error: aborting due to previous error
[INFO] [stdout] 
[INFO] [stdout] Couldn't compile the test.
[INFO] [stdout] 
[INFO] [stdout] failures:
[INFO] [stdout]     src/routing.rs - routing::RoutingNode (line 27)
[INFO] [stdout]     src/types/document.rs - types::document::Document::add_heading (line 286)
[INFO] [stdout]     src/types/document.rs - types::document::Document::add_link_without_label (line 201)
[INFO] [stdout]     src/types/document.rs - types::document::Document::add_preformatted (line 233)
[INFO] [stdout] 
[INFO] [stdout] test result: FAILED. 11 passed; 4 failed; 0 ignored; 0 measured; 0 filtered out; finished in 2.42s
[INFO] [stdout] 
[INFO] [stderr] error: test failed, to rerun pass '--doc'
[INFO] running `Command { std: "docker" "inspect" "f1f336bf44aca23459fae6d04a8b14ba2edeabbc322e9604924d68aa2ccbf087", kill_on_drop: false }`
[INFO] running `Command { std: "docker" "rm" "-f" "f1f336bf44aca23459fae6d04a8b14ba2edeabbc322e9604924d68aa2ccbf087", kill_on_drop: false }`
[INFO] [stdout] f1f336bf44aca23459fae6d04a8b14ba2edeabbc322e9604924d68aa2ccbf087
