[INFO] fetching crate noodles-fasta 0.2.0...
[INFO] testing noodles-fasta-0.2.0 against 1.54.0 for beta-1.55-1
[INFO] extracting crate noodles-fasta 0.2.0 into /workspace/builds/worker-78/source
[INFO] validating manifest of crates.io crate noodles-fasta 0.2.0 on toolchain 1.54.0
[INFO] running `Command { std: "/workspace/cargo-home/bin/cargo" "+1.54.0" "metadata" "--manifest-path" "Cargo.toml" "--no-deps", kill_on_drop: false }`
[INFO] started tweaking crates.io crate noodles-fasta 0.2.0
[INFO] finished tweaking crates.io crate noodles-fasta 0.2.0
[INFO] tweaked toml for crates.io crate noodles-fasta 0.2.0 written to /workspace/builds/worker-78/source/Cargo.toml
[INFO] crate crates.io crate noodles-fasta 0.2.0 already has a lockfile, it will not be regenerated
[INFO] running `Command { std: "/workspace/cargo-home/bin/cargo" "+1.54.0" "fetch" "--manifest-path" "Cargo.toml", kill_on_drop: false }`
[INFO] [stderr]     Blocking waiting for file lock on package cache
[INFO] running `Command { std: "docker" "create" "-v" "/var/lib/crater-agent-workspace/builds/worker-78/target:/opt/rustwide/target:rw,Z" "-v" "/var/lib/crater-agent-workspace/builds/worker-78/source:/opt/rustwide/workdir:ro,Z" "-v" "/var/lib/crater-agent-workspace/cargo-home:/opt/rustwide/cargo-home:ro,Z" "-v" "/var/lib/crater-agent-workspace/rustup-home:/opt/rustwide/rustup-home:ro,Z" "-e" "SOURCE_DIR=/opt/rustwide/workdir" "-e" "CARGO_TARGET_DIR=/opt/rustwide/target" "-e" "CARGO_HOME=/opt/rustwide/cargo-home" "-e" "RUSTUP_HOME=/opt/rustwide/rustup-home" "-w" "/opt/rustwide/workdir" "-m" "1610612736" "--user" "0:0" "--network" "none" "ghcr.io/rust-lang/crates-build-env/linux@sha256:34b6a614d2c27851fe6cbf88fbd1137609cefab8b10d0615aaeb6fd47975d74e" "/opt/rustwide/cargo-home/bin/cargo" "+1.54.0" "metadata" "--no-deps" "--format-version=1", kill_on_drop: false }`
[INFO] [stdout] bb0b9596d802eab322dd430e044dccf4a15a662229b1abf01341d661f9452ed0
[INFO] running `Command { std: "docker" "start" "-a" "bb0b9596d802eab322dd430e044dccf4a15a662229b1abf01341d661f9452ed0", kill_on_drop: false }`
[INFO] running `Command { std: "docker" "inspect" "bb0b9596d802eab322dd430e044dccf4a15a662229b1abf01341d661f9452ed0", kill_on_drop: false }`
[INFO] running `Command { std: "docker" "rm" "-f" "bb0b9596d802eab322dd430e044dccf4a15a662229b1abf01341d661f9452ed0", kill_on_drop: false }`
[INFO] [stdout] bb0b9596d802eab322dd430e044dccf4a15a662229b1abf01341d661f9452ed0
[INFO] running `Command { std: "docker" "create" "-v" "/var/lib/crater-agent-workspace/builds/worker-78/target:/opt/rustwide/target:rw,Z" "-v" "/var/lib/crater-agent-workspace/builds/worker-78/source:/opt/rustwide/workdir:ro,Z" "-v" "/var/lib/crater-agent-workspace/cargo-home:/opt/rustwide/cargo-home:ro,Z" "-v" "/var/lib/crater-agent-workspace/rustup-home:/opt/rustwide/rustup-home:ro,Z" "-e" "SOURCE_DIR=/opt/rustwide/workdir" "-e" "CARGO_TARGET_DIR=/opt/rustwide/target" "-e" "CARGO_INCREMENTAL=0" "-e" "RUST_BACKTRACE=full" "-e" "RUSTFLAGS=--cap-lints=warn" "-e" "CARGO_HOME=/opt/rustwide/cargo-home" "-e" "RUSTUP_HOME=/opt/rustwide/rustup-home" "-w" "/opt/rustwide/workdir" "-m" "1610612736" "--user" "0:0" "--network" "none" "ghcr.io/rust-lang/crates-build-env/linux@sha256:34b6a614d2c27851fe6cbf88fbd1137609cefab8b10d0615aaeb6fd47975d74e" "/opt/rustwide/cargo-home/bin/cargo" "+1.54.0" "build" "--frozen" "--message-format=json", kill_on_drop: false }`
[INFO] [stdout] 339b5b87e07bdba0678c03e862e29cdbfd6453d088b2e578ab8cd2896f0b101f
[INFO] running `Command { std: "docker" "start" "-a" "339b5b87e07bdba0678c03e862e29cdbfd6453d088b2e578ab8cd2896f0b101f", kill_on_drop: false }`
[INFO] [stderr]     Blocking waiting for file lock on package cache
[INFO] [stderr]    Compiling libc v0.2.98
[INFO] [stderr]    Compiling crc32fast v1.2.1
[INFO] [stderr]    Compiling adler v1.0.2
[INFO] [stderr]    Compiling byteorder v1.4.3
[INFO] [stderr]    Compiling hashbrown v0.11.2
[INFO] [stderr]    Compiling memchr v2.4.0
[INFO] [stderr]    Compiling miniz_oxide v0.4.4
[INFO] [stderr]    Compiling indexmap v1.7.0
[INFO] [stderr]    Compiling flate2 v1.0.20
[INFO] [stderr]    Compiling noodles-bgzf v0.2.0
[INFO] [stderr]    Compiling noodles-sam v0.2.0
[INFO] [stderr]    Compiling noodles-core v0.1.2
[INFO] [stderr]    Compiling noodles-fasta v0.2.0 (/opt/rustwide/workdir)
[INFO] [stderr]     Finished dev [unoptimized + debuginfo] target(s) in 6.95s
[INFO] running `Command { std: "docker" "inspect" "339b5b87e07bdba0678c03e862e29cdbfd6453d088b2e578ab8cd2896f0b101f", kill_on_drop: false }`
[INFO] running `Command { std: "docker" "rm" "-f" "339b5b87e07bdba0678c03e862e29cdbfd6453d088b2e578ab8cd2896f0b101f", kill_on_drop: false }`
[INFO] [stdout] 339b5b87e07bdba0678c03e862e29cdbfd6453d088b2e578ab8cd2896f0b101f
[INFO] running `Command { std: "docker" "create" "-v" "/var/lib/crater-agent-workspace/builds/worker-78/target:/opt/rustwide/target:rw,Z" "-v" "/var/lib/crater-agent-workspace/builds/worker-78/source:/opt/rustwide/workdir:ro,Z" "-v" "/var/lib/crater-agent-workspace/cargo-home:/opt/rustwide/cargo-home:ro,Z" "-v" "/var/lib/crater-agent-workspace/rustup-home:/opt/rustwide/rustup-home:ro,Z" "-e" "SOURCE_DIR=/opt/rustwide/workdir" "-e" "CARGO_TARGET_DIR=/opt/rustwide/target" "-e" "CARGO_INCREMENTAL=0" "-e" "RUST_BACKTRACE=full" "-e" "RUSTFLAGS=--cap-lints=warn" "-e" "CARGO_HOME=/opt/rustwide/cargo-home" "-e" "RUSTUP_HOME=/opt/rustwide/rustup-home" "-w" "/opt/rustwide/workdir" "-m" "1610612736" "--user" "0:0" "--network" "none" "ghcr.io/rust-lang/crates-build-env/linux@sha256:34b6a614d2c27851fe6cbf88fbd1137609cefab8b10d0615aaeb6fd47975d74e" "/opt/rustwide/cargo-home/bin/cargo" "+1.54.0" "test" "--frozen" "--no-run" "--message-format=json", kill_on_drop: false }`
[INFO] [stdout] f096cc7e838c92cb46a37c9f1ed57bc666a82e241183ae9b11a4f669cbda1b1b
[INFO] running `Command { std: "docker" "start" "-a" "f096cc7e838c92cb46a37c9f1ed57bc666a82e241183ae9b11a4f669cbda1b1b", kill_on_drop: false }`
[INFO] [stderr]    Compiling noodles-fasta v0.2.0 (/opt/rustwide/workdir)
[INFO] [stderr]     Finished test [unoptimized + debuginfo] target(s) in 1.44s
[INFO] running `Command { std: "docker" "inspect" "f096cc7e838c92cb46a37c9f1ed57bc666a82e241183ae9b11a4f669cbda1b1b", kill_on_drop: false }`
[INFO] running `Command { std: "docker" "rm" "-f" "f096cc7e838c92cb46a37c9f1ed57bc666a82e241183ae9b11a4f669cbda1b1b", kill_on_drop: false }`
[INFO] [stdout] f096cc7e838c92cb46a37c9f1ed57bc666a82e241183ae9b11a4f669cbda1b1b
[INFO] running `Command { std: "docker" "create" "-v" "/var/lib/crater-agent-workspace/builds/worker-78/target:/opt/rustwide/target:rw,Z" "-v" "/var/lib/crater-agent-workspace/builds/worker-78/source:/opt/rustwide/workdir:ro,Z" "-v" "/var/lib/crater-agent-workspace/cargo-home:/opt/rustwide/cargo-home:ro,Z" "-v" "/var/lib/crater-agent-workspace/rustup-home:/opt/rustwide/rustup-home:ro,Z" "-e" "SOURCE_DIR=/opt/rustwide/workdir" "-e" "CARGO_TARGET_DIR=/opt/rustwide/target" "-e" "CARGO_INCREMENTAL=0" "-e" "RUST_BACKTRACE=full" "-e" "RUSTFLAGS=--cap-lints=warn" "-e" "CARGO_HOME=/opt/rustwide/cargo-home" "-e" "RUSTUP_HOME=/opt/rustwide/rustup-home" "-w" "/opt/rustwide/workdir" "-m" "1610612736" "--user" "0:0" "--network" "none" "ghcr.io/rust-lang/crates-build-env/linux@sha256:34b6a614d2c27851fe6cbf88fbd1137609cefab8b10d0615aaeb6fd47975d74e" "/opt/rustwide/cargo-home/bin/cargo" "+1.54.0" "test" "--frozen", kill_on_drop: false }`
[INFO] [stdout] d3ac23868a362c302f15b2744533e3610b4a56e44ffaf5605e0272bb728e9f68
[INFO] running `Command { std: "docker" "start" "-a" "d3ac23868a362c302f15b2744533e3610b4a56e44ffaf5605e0272bb728e9f68", kill_on_drop: false }`
[INFO] [stderr]     Finished test [unoptimized + debuginfo] target(s) in 0.12s
[INFO] [stderr]      Running unittests (/opt/rustwide/target/debug/deps/noodles_fasta-249e0bb3d2314165)
[INFO] [stdout] 
[INFO] [stdout] running 16 tests
[INFO] [stdout] test fai::record::tests::test_from_str ... ok
[INFO] [stdout] test indexer::tests::test_consume_sequence_line ... ok
[INFO] [stdout] test indexer::tests::test_index_record ... ok
[INFO] [stdout] test indexer::tests::test_index_record_with_invalid_line_bases ... ok
[INFO] [stdout] test indexer::tests::test_len_with_right_trim ... ok
[INFO] [stdout] test reader::tests::test_read_definition ... ok
[INFO] [stdout] test reader::tests::test_read_line ... ok
[INFO] [stdout] test reader::tests::test_read_sequence_with_crlf ... ok
[INFO] [stdout] test reader::tests::test_read_sequence_after_seek ... ok
[INFO] [stdout] test indexer::tests::test_index_record_with_invalid_line_width ... ok
[INFO] [stdout] test reader::tests::test_read_sequence ... ok
[INFO] [stdout] test reader::tests::test_interval_to_slice_range ... ok
[INFO] [stdout] test writer::tests::test_write_record_sequence ... ok
[INFO] [stdout] test record::definition::tests::test_from_str ... ok
[INFO] [stdout] test record::definition::tests::test_fmt ... ok
[INFO] [stdout] test indexer::tests::test_index_record_with_empty_seqeunce ... ok
[INFO] [stdout] 
[INFO] [stdout] test result: ok. 16 passed; 0 failed; 0 ignored; 0 measured; 0 filtered out; finished in 0.02s
[INFO] [stdout] 
[INFO] [stderr]    Doc-tests noodles-fasta
[INFO] [stdout] 
[INFO] [stdout] running 29 tests
[INFO] [stdout] test src/fai.rs - fai::read (line 25) - compile ... ok
[INFO] [stdout] test src/reader.rs - reader::Reader<bgzf::Reader<R>>::seek (line 265) - compile ... ok
[INFO] [stdout] test src/lib.rs - (line 35) - compile ... ok
[INFO] [stdout] test src/lib.rs - index (line 75) - compile ... ok
[INFO] [stdout] test src/fai/reader.rs - fai::reader::Reader<R>::new (line 18) ... ok
[INFO] [stdout] test src/reader.rs - reader::Reader<R>::new (line 38) ... ok
[INFO] [stdout] test src/fai/reader.rs - fai::reader::Reader<R>::read_index (line 33) ... FAILED
[INFO] [stdout] test src/reader.rs - reader::Reader<R>::read_sequence (line 90) ... FAILED
[INFO] [stdout] test src/writer.rs - writer::Writer<W>::write_record (line 50) ... FAILED
[INFO] [stdout] test src/reader.rs - reader::Reader<R>::read_definition (line 60) ... FAILED
[INFO] [stdout] test src/reader.rs - reader::Reader<R>::query (line 207) ... FAILED
[INFO] [stdout] test src/fai/writer.rs - fai::writer::Writer<W>::get_ref (line 30) ... ok
[INFO] [stdout] test src/record/definition.rs - record::definition::Definition::new (line 22) ... ok
[INFO] [stdout] test src/record.rs - record::Record::name (line 71) ... ok
[INFO] [stdout] test src/fai/writer.rs - fai::writer::Writer<W>::new (line 18) ... ok
[INFO] [stdout] test src/writer.rs - writer::Writer<W>::new (line 23) ... ok
[INFO] [stdout] test src/fai/writer.rs - fai::writer::Writer<W>::write_index (line 43) ... ok
[INFO] [stdout] test src/writer.rs - writer::Writer<W>::get_ref (line 35) ... ok
[INFO] [stdout] test src/reader.rs - reader::Reader<R>::seek (line 294) ... ok
[INFO] [stdout] test src/record/definition.rs - record::definition::Definition::name (line 48) ... ok
[INFO] [stdout] test src/record/definition.rs - record::definition::Definition::description (line 61) ... ok
[INFO] [stdout] test src/record/definition.rs - record::definition::Definition::reference_sequence_name (line 34) ... ok
[INFO] [stdout] test src/record.rs - record::Record::description (line 88) ... ok
[INFO] [stdout] test src/reader.rs - reader::Reader<bgzf::Reader<R>>::virtual_position (line 181) ... ok
[INFO] [stdout] test src/record.rs - record::Record::reference_sequence_name (line 53) ... ok
[INFO] [stdout] test src/record.rs - record::Record::definition (line 36) ... ok
[INFO] [stdout] test src/record.rs - record::Record::sequence (line 109) ... ok
[INFO] [stdout] test src/record.rs - record::Record::new (line 19) ... ok
[INFO] [stdout] test src/reader.rs - reader::Reader<R>::records (line 146) ... ok
[INFO] [stdout] 
[INFO] [stdout] failures:
[INFO] [stdout] 
[INFO] [stdout] ---- src/fai/reader.rs - fai::reader::Reader<R>::read_index (line 33) stdout ----
[INFO] [stdout] Couldn't compile the test.
[INFO] [stdout] ---- src/reader.rs - reader::Reader<R>::read_sequence (line 90) stdout ----
[INFO] [stdout] Couldn't compile the test.
[INFO] [stdout] ---- src/writer.rs - writer::Writer<W>::write_record (line 50) stdout ----
[INFO] [stdout] Couldn't compile the test.
[INFO] [stdout] ---- src/reader.rs - reader::Reader<R>::read_definition (line 60) stdout ----
[INFO] [stdout] Couldn't compile the test.
[INFO] [stdout] ---- src/reader.rs - reader::Reader<R>::query (line 207) stdout ----
[INFO] [stdout] Couldn't compile the test.
[INFO] [stdout] 
[INFO] [stdout] failures:
[INFO] [stdout]     src/fai/reader.rs - fai::reader::Reader<R>::read_index (line 33)
[INFO] [stdout]     src/reader.rs - reader::Reader<R>::query (line 207)
[INFO] [stdout]     src/reader.rs - reader::Reader<R>::read_definition (line 60)
[INFO] [stdout]     src/reader.rs - reader::Reader<R>::read_sequence (line 90)
[INFO] [stdout]     src/writer.rs - writer::Writer<W>::write_record (line 50)
[INFO] [stdout] 
[INFO] [stdout] test result: FAILED. 24 passed; 5 failed; 0 ignored; 0 measured; 0 filtered out; finished in 6.13s
[INFO] [stdout] 
[INFO] [stderr] error: test failed, to rerun pass '--doc'
[INFO] running `Command { std: "docker" "inspect" "d3ac23868a362c302f15b2744533e3610b4a56e44ffaf5605e0272bb728e9f68", kill_on_drop: false }`
[INFO] running `Command { std: "docker" "rm" "-f" "d3ac23868a362c302f15b2744533e3610b4a56e44ffaf5605e0272bb728e9f68", kill_on_drop: false }`
[INFO] [stdout] d3ac23868a362c302f15b2744533e3610b4a56e44ffaf5605e0272bb728e9f68
