[INFO] fetching crate nom-fields 0.1.1...
[INFO] testing nom-fields-0.1.1 against beta-2021-08-01 for beta-1.55-1
[INFO] extracting crate nom-fields 0.1.1 into /workspace/builds/worker-80/source
[INFO] validating manifest of crates.io crate nom-fields 0.1.1 on toolchain beta-2021-08-01
[INFO] running `Command { std: "/workspace/cargo-home/bin/cargo" "+beta-2021-08-01" "metadata" "--manifest-path" "Cargo.toml" "--no-deps", kill_on_drop: false }`
[INFO] started tweaking crates.io crate nom-fields 0.1.1
[INFO] finished tweaking crates.io crate nom-fields 0.1.1
[INFO] tweaked toml for crates.io crate nom-fields 0.1.1 written to /workspace/builds/worker-80/source/Cargo.toml
[INFO] running `Command { std: "/workspace/cargo-home/bin/cargo" "+beta-2021-08-01" "generate-lockfile" "--manifest-path" "Cargo.toml" "-Zno-index-update", kill_on_drop: false }`
[INFO] running `Command { std: "/workspace/cargo-home/bin/cargo" "+beta-2021-08-01" "fetch" "--manifest-path" "Cargo.toml", kill_on_drop: false }`
[INFO] [stderr]     Blocking waiting for file lock on package cache
[INFO] running `Command { std: "docker" "create" "-v" "/var/lib/crater-agent-workspace/builds/worker-80/target:/opt/rustwide/target:rw,Z" "-v" "/var/lib/crater-agent-workspace/builds/worker-80/source:/opt/rustwide/workdir:ro,Z" "-v" "/var/lib/crater-agent-workspace/cargo-home:/opt/rustwide/cargo-home:ro,Z" "-v" "/var/lib/crater-agent-workspace/rustup-home:/opt/rustwide/rustup-home:ro,Z" "-e" "SOURCE_DIR=/opt/rustwide/workdir" "-e" "CARGO_TARGET_DIR=/opt/rustwide/target" "-e" "CARGO_HOME=/opt/rustwide/cargo-home" "-e" "RUSTUP_HOME=/opt/rustwide/rustup-home" "-w" "/opt/rustwide/workdir" "-m" "1610612736" "--user" "0:0" "--network" "none" "ghcr.io/rust-lang/crates-build-env/linux@sha256:34b6a614d2c27851fe6cbf88fbd1137609cefab8b10d0615aaeb6fd47975d74e" "/opt/rustwide/cargo-home/bin/cargo" "+beta-2021-08-01" "metadata" "--no-deps" "--format-version=1", kill_on_drop: false }`
[INFO] [stdout] 69968ae334e2ea1de4e6e7eac39ae3590c22a935eb365bccb36f99e427842471
[INFO] running `Command { std: "docker" "start" "-a" "69968ae334e2ea1de4e6e7eac39ae3590c22a935eb365bccb36f99e427842471", kill_on_drop: false }`
[INFO] running `Command { std: "docker" "inspect" "69968ae334e2ea1de4e6e7eac39ae3590c22a935eb365bccb36f99e427842471", kill_on_drop: false }`
[INFO] running `Command { std: "docker" "rm" "-f" "69968ae334e2ea1de4e6e7eac39ae3590c22a935eb365bccb36f99e427842471", kill_on_drop: false }`
[INFO] [stdout] 69968ae334e2ea1de4e6e7eac39ae3590c22a935eb365bccb36f99e427842471
[INFO] running `Command { std: "docker" "create" "-v" "/var/lib/crater-agent-workspace/builds/worker-80/target:/opt/rustwide/target:rw,Z" "-v" "/var/lib/crater-agent-workspace/builds/worker-80/source:/opt/rustwide/workdir:ro,Z" "-v" "/var/lib/crater-agent-workspace/cargo-home:/opt/rustwide/cargo-home:ro,Z" "-v" "/var/lib/crater-agent-workspace/rustup-home:/opt/rustwide/rustup-home:ro,Z" "-e" "SOURCE_DIR=/opt/rustwide/workdir" "-e" "CARGO_TARGET_DIR=/opt/rustwide/target" "-e" "CARGO_INCREMENTAL=0" "-e" "RUST_BACKTRACE=full" "-e" "RUSTFLAGS=--cap-lints=warn" "-e" "CARGO_HOME=/opt/rustwide/cargo-home" "-e" "RUSTUP_HOME=/opt/rustwide/rustup-home" "-w" "/opt/rustwide/workdir" "-m" "1610612736" "--user" "0:0" "--network" "none" "ghcr.io/rust-lang/crates-build-env/linux@sha256:34b6a614d2c27851fe6cbf88fbd1137609cefab8b10d0615aaeb6fd47975d74e" "/opt/rustwide/cargo-home/bin/cargo" "+beta-2021-08-01" "build" "--frozen" "--message-format=json", kill_on_drop: false }`
[INFO] [stdout] 9671db39a4461384ae0bfa6f184ff55feb3c5343a7d5f7ea14a3b8b932647a31
[INFO] running `Command { std: "docker" "start" "-a" "9671db39a4461384ae0bfa6f184ff55feb3c5343a7d5f7ea14a3b8b932647a31", kill_on_drop: false }`
[INFO] [stderr]     Blocking waiting for file lock on package cache
[INFO] [stderr]    Compiling nom-fields v0.1.1 (/opt/rustwide/workdir)
[INFO] [stderr]     Finished dev [unoptimized + debuginfo] target(s) in 1.66s
[INFO] running `Command { std: "docker" "inspect" "9671db39a4461384ae0bfa6f184ff55feb3c5343a7d5f7ea14a3b8b932647a31", kill_on_drop: false }`
[INFO] running `Command { std: "docker" "rm" "-f" "9671db39a4461384ae0bfa6f184ff55feb3c5343a7d5f7ea14a3b8b932647a31", kill_on_drop: false }`
[INFO] [stdout] 9671db39a4461384ae0bfa6f184ff55feb3c5343a7d5f7ea14a3b8b932647a31
[INFO] running `Command { std: "docker" "create" "-v" "/var/lib/crater-agent-workspace/builds/worker-80/target:/opt/rustwide/target:rw,Z" "-v" "/var/lib/crater-agent-workspace/builds/worker-80/source:/opt/rustwide/workdir:ro,Z" "-v" "/var/lib/crater-agent-workspace/cargo-home:/opt/rustwide/cargo-home:ro,Z" "-v" "/var/lib/crater-agent-workspace/rustup-home:/opt/rustwide/rustup-home:ro,Z" "-e" "SOURCE_DIR=/opt/rustwide/workdir" "-e" "CARGO_TARGET_DIR=/opt/rustwide/target" "-e" "CARGO_INCREMENTAL=0" "-e" "RUST_BACKTRACE=full" "-e" "RUSTFLAGS=--cap-lints=warn" "-e" "CARGO_HOME=/opt/rustwide/cargo-home" "-e" "RUSTUP_HOME=/opt/rustwide/rustup-home" "-w" "/opt/rustwide/workdir" "-m" "1610612736" "--user" "0:0" "--network" "none" "ghcr.io/rust-lang/crates-build-env/linux@sha256:34b6a614d2c27851fe6cbf88fbd1137609cefab8b10d0615aaeb6fd47975d74e" "/opt/rustwide/cargo-home/bin/cargo" "+beta-2021-08-01" "test" "--frozen" "--no-run" "--message-format=json", kill_on_drop: false }`
[INFO] [stdout] 72a2d2c64555997c3d55da8a29235dbbe496705b27a16784d268294792078d64
[INFO] running `Command { std: "docker" "start" "-a" "72a2d2c64555997c3d55da8a29235dbbe496705b27a16784d268294792078d64", kill_on_drop: false }`
[INFO] [stderr]     Blocking waiting for file lock on package cache
[INFO] [stderr]    Compiling nom-fields v0.1.1 (/opt/rustwide/workdir)
[INFO] [stderr]     Finished test [unoptimized + debuginfo] target(s) in 2.63s
[INFO] running `Command { std: "docker" "inspect" "72a2d2c64555997c3d55da8a29235dbbe496705b27a16784d268294792078d64", kill_on_drop: false }`
[INFO] running `Command { std: "docker" "rm" "-f" "72a2d2c64555997c3d55da8a29235dbbe496705b27a16784d268294792078d64", kill_on_drop: false }`
[INFO] [stdout] 72a2d2c64555997c3d55da8a29235dbbe496705b27a16784d268294792078d64
[INFO] running `Command { std: "docker" "create" "-v" "/var/lib/crater-agent-workspace/builds/worker-80/target:/opt/rustwide/target:rw,Z" "-v" "/var/lib/crater-agent-workspace/builds/worker-80/source:/opt/rustwide/workdir:ro,Z" "-v" "/var/lib/crater-agent-workspace/cargo-home:/opt/rustwide/cargo-home:ro,Z" "-v" "/var/lib/crater-agent-workspace/rustup-home:/opt/rustwide/rustup-home:ro,Z" "-e" "SOURCE_DIR=/opt/rustwide/workdir" "-e" "CARGO_TARGET_DIR=/opt/rustwide/target" "-e" "CARGO_INCREMENTAL=0" "-e" "RUST_BACKTRACE=full" "-e" "RUSTFLAGS=--cap-lints=warn" "-e" "CARGO_HOME=/opt/rustwide/cargo-home" "-e" "RUSTUP_HOME=/opt/rustwide/rustup-home" "-w" "/opt/rustwide/workdir" "-m" "1610612736" "--user" "0:0" "--network" "none" "ghcr.io/rust-lang/crates-build-env/linux@sha256:34b6a614d2c27851fe6cbf88fbd1137609cefab8b10d0615aaeb6fd47975d74e" "/opt/rustwide/cargo-home/bin/cargo" "+beta-2021-08-01" "test" "--frozen", kill_on_drop: false }`
[INFO] [stdout] f9094f60a743ddcbd472dff0b1b2d3c906598c6ab084f57b64d9d7ca5c63394c
[INFO] running `Command { std: "docker" "start" "-a" "f9094f60a743ddcbd472dff0b1b2d3c906598c6ab084f57b64d9d7ca5c63394c", kill_on_drop: false }`
[INFO] [stderr]     Finished test [unoptimized + debuginfo] target(s) in 0.04s
[INFO] [stderr]      Running unittests (/opt/rustwide/target/debug/deps/nom_fields-9db20ce66a495962)
[INFO] [stdout] 
[INFO] [stderr]    Doc-tests nom-fields
[INFO] [stdout] running 0 tests
[INFO] [stdout] 
[INFO] [stdout] test result: ok. 0 passed; 0 failed; 0 ignored; 0 measured; 0 filtered out; finished in 0.00s
[INFO] [stdout] 
[INFO] [stdout] 
[INFO] [stdout] running 2 tests
[INFO] [stdout] test src/lib.rs - (line 6) ... FAILED
[INFO] [stdout] test src/lib.rs - (line 21) ... FAILED
[INFO] [stdout] 
[INFO] [stdout] failures:
[INFO] [stdout] 
[INFO] [stdout] ---- src/lib.rs - (line 6) stdout ----
[INFO] [stdout] error[E0433]: failed to resolve: use of undeclared crate or module `nom`
[INFO] [stdout]  --> src/lib.rs:7:1
[INFO] [stdout]   |
[INFO] [stdout] 3 | nom::combinator::map(
[INFO] [stdout]   | ^^^ use of undeclared crate or module `nom`
[INFO] [stdout] 
[INFO] [stdout] error[E0433]: failed to resolve: use of undeclared crate or module `nom`
[INFO] [stdout]  --> src/lib.rs:8:5
[INFO] [stdout]   |
[INFO] [stdout] 4 |     nom::sequence::tuple((
[INFO] [stdout]   |     ^^^ use of undeclared crate or module `nom`
[INFO] [stdout] 
[INFO] [stdout] error[E0425]: cannot find value `some_parser` in this scope
[INFO] [stdout]  --> src/lib.rs:9:9
[INFO] [stdout]   |
[INFO] [stdout] 5 |         some_parser,
[INFO] [stdout]   |         ^^^^^^^^^^^ not found in this scope
[INFO] [stdout] 
[INFO] [stdout] error[E0425]: cannot find value `some_other_parser` in this scope
[INFO] [stdout]  --> src/lib.rs:10:9
[INFO] [stdout]   |
[INFO] [stdout] 6 |         some_other_parser,
[INFO] [stdout]   |         ^^^^^^^^^^^^^^^^^ not found in this scope
[INFO] [stdout] 
[INFO] [stdout] error[E0425]: cannot find value `a_third_parser` in this scope
[INFO] [stdout]  --> src/lib.rs:11:9
[INFO] [stdout]   |
[INFO] [stdout] 7 |         a_third_parser
[INFO] [stdout]   |         ^^^^^^^^^^^^^^ not found in this scope
[INFO] [stdout] 
[INFO] [stdout] error[E0422]: cannot find struct, variant or union type `SomeStruct` in this scope
[INFO] [stdout]  --> src/lib.rs:13:53
[INFO] [stdout]   |
[INFO] [stdout] 9 |     |(some_field, some_other_field, a_third_field)| SomeStruct {
[INFO] [stdout]   |                                                     ^^^^^^^^^^ not found in this scope
[INFO] [stdout] 
[INFO] [stdout] error[E0425]: cannot find value `input` in this scope
[INFO] [stdout]   --> src/lib.rs:18:3
[INFO] [stdout]    |
[INFO] [stdout] 14 | )(input)
[INFO] [stdout]    |   ^^^^^ not found in this scope
[INFO] [stdout] 
[INFO] [stdout] error: aborting due to 7 previous errors
[INFO] [stdout] 
[INFO] [stdout] Some errors have detailed explanations: E0422, E0425, E0433.
[INFO] [stdout] For more information about an error, try `rustc --explain E0422`.
[INFO] [stdout] Couldn't compile the test.
[INFO] [stdout] ---- src/lib.rs - (line 21) stdout ----
[INFO] [stdout] error[E0433]: failed to resolve: use of undeclared crate or module `nom`
[INFO] [stdout]  --> src/lib.rs:22:1
[INFO] [stdout]   |
[INFO] [stdout] 4 | / nom_fields::fields!(SomeStruct:
[INFO] [stdout] 5 | |     some_field = some_parser,
[INFO] [stdout] 6 | |     some_other_field = some_other_parser,
[INFO] [stdout] 7 | |     a_third_field = a_third_parser
[INFO] [stdout] 8 | | )(input)
[INFO] [stdout]   | |_^ use of undeclared crate or module `nom`
[INFO] [stdout]   |
[INFO] [stdout]   = note: this error originates in the macro `nom_fields::fields` (in Nightly builds, run with -Z macro-backtrace for more info)
[INFO] [stdout] 
[INFO] [stdout] error[E0433]: failed to resolve: use of undeclared crate or module `nom`
[INFO] [stdout]  --> src/lib.rs:22:1
[INFO] [stdout]   |
[INFO] [stdout] 4 | / nom_fields::fields!(SomeStruct:
[INFO] [stdout] 5 | |     some_field = some_parser,
[INFO] [stdout] 6 | |     some_other_field = some_other_parser,
[INFO] [stdout] 7 | |     a_third_field = a_third_parser
[INFO] [stdout] 8 | | )(input)
[INFO] [stdout]   | |_^ use of undeclared crate or module `nom`
[INFO] [stdout]   |
[INFO] [stdout]   = note: this error originates in the macro `nom_fields::fields` (in Nightly builds, run with -Z macro-backtrace for more info)
[INFO] [stdout] 
[INFO] [stdout] error[E0425]: cannot find value `some_parser` in this scope
[INFO] [stdout]  --> src/lib.rs:23:18
[INFO] [stdout]   |
[INFO] [stdout] 5 |     some_field = some_parser,
[INFO] [stdout]   |                  ^^^^^^^^^^^ not found in this scope
[INFO] [stdout] 
[INFO] [stdout] error[E0425]: cannot find value `some_other_parser` in this scope
[INFO] [stdout]  --> src/lib.rs:24:24
[INFO] [stdout]   |
[INFO] [stdout] 6 |     some_other_field = some_other_parser,
[INFO] [stdout]   |                        ^^^^^^^^^^^^^^^^^ not found in this scope
[INFO] [stdout] 
[INFO] [stdout] error[E0425]: cannot find value `a_third_parser` in this scope
[INFO] [stdout]  --> src/lib.rs:25:21
[INFO] [stdout]   |
[INFO] [stdout] 7 |     a_third_field = a_third_parser
[INFO] [stdout]   |                     ^^^^^^^^^^^^^^ not found in this scope
[INFO] [stdout] 
[INFO] [stdout] error[E0422]: cannot find struct, variant or union type `SomeStruct` in this scope
[INFO] [stdout]  --> src/lib.rs:22:21
[INFO] [stdout]   |
[INFO] [stdout] 4 | nom_fields::fields!(SomeStruct:
[INFO] [stdout]   |                     ^^^^^^^^^^ not found in this scope
[INFO] [stdout] 
[INFO] [stdout] error[E0425]: cannot find value `input` in this scope
[INFO] [stdout]  --> src/lib.rs:26:3
[INFO] [stdout]   |
[INFO] [stdout] 8 | )(input)
[INFO] [stdout]   |   ^^^^^ not found in this scope
[INFO] [stdout] 
[INFO] [stdout] error: aborting due to 7 previous errors
[INFO] [stdout] 
[INFO] [stdout] Some errors have detailed explanations: E0422, E0425, E0433.
[INFO] [stdout] For more information about an error, try `rustc --explain E0422`.
[INFO] [stdout] Couldn't compile the test.
[INFO] [stdout] 
[INFO] [stdout] failures:
[INFO] [stdout]     src/lib.rs - (line 21)
[INFO] [stdout]     src/lib.rs - (line 6)
[INFO] [stdout] 
[INFO] [stdout] test result: FAILED. 0 passed; 2 failed; 0 ignored; 0 measured; 0 filtered out; finished in 0.07s
[INFO] [stdout] 
[INFO] [stderr] error: test failed, to rerun pass '--doc'
[INFO] running `Command { std: "docker" "inspect" "f9094f60a743ddcbd472dff0b1b2d3c906598c6ab084f57b64d9d7ca5c63394c", kill_on_drop: false }`
[INFO] running `Command { std: "docker" "rm" "-f" "f9094f60a743ddcbd472dff0b1b2d3c906598c6ab084f57b64d9d7ca5c63394c", kill_on_drop: false }`
[INFO] [stdout] f9094f60a743ddcbd472dff0b1b2d3c906598c6ab084f57b64d9d7ca5c63394c
