[INFO] fetching crate nobs-vk 0.2.0...
[INFO] testing nobs-vk-0.2.0 against 1.54.0 for beta-1.55-1
[INFO] extracting crate nobs-vk 0.2.0 into /workspace/builds/worker-64/source
[INFO] validating manifest of crates.io crate nobs-vk 0.2.0 on toolchain 1.54.0
[INFO] running `Command { std: "/workspace/cargo-home/bin/cargo" "+1.54.0" "metadata" "--manifest-path" "Cargo.toml" "--no-deps", kill_on_drop: false }`
[INFO] started tweaking crates.io crate nobs-vk 0.2.0
[INFO] removed 0 missing examples
[INFO] finished tweaking crates.io crate nobs-vk 0.2.0
[INFO] tweaked toml for crates.io crate nobs-vk 0.2.0 written to /workspace/builds/worker-64/source/Cargo.toml
[INFO] running `Command { std: "/workspace/cargo-home/bin/cargo" "+1.54.0" "generate-lockfile" "--manifest-path" "Cargo.toml" "-Zno-index-update", kill_on_drop: false }`
[INFO] [stderr]     Blocking waiting for file lock on package cache
[INFO] running `Command { std: "/workspace/cargo-home/bin/cargo" "+1.54.0" "fetch" "--manifest-path" "Cargo.toml", kill_on_drop: false }`
[INFO] [stderr]     Blocking waiting for file lock on package cache
[INFO] [stderr]     Blocking waiting for file lock on package cache
[INFO] running `Command { std: "docker" "create" "-v" "/var/lib/crater-agent-workspace/builds/worker-64/target:/opt/rustwide/target:rw,Z" "-v" "/var/lib/crater-agent-workspace/builds/worker-64/source:/opt/rustwide/workdir:ro,Z" "-v" "/var/lib/crater-agent-workspace/cargo-home:/opt/rustwide/cargo-home:ro,Z" "-v" "/var/lib/crater-agent-workspace/rustup-home:/opt/rustwide/rustup-home:ro,Z" "-e" "SOURCE_DIR=/opt/rustwide/workdir" "-e" "CARGO_TARGET_DIR=/opt/rustwide/target" "-e" "CARGO_HOME=/opt/rustwide/cargo-home" "-e" "RUSTUP_HOME=/opt/rustwide/rustup-home" "-w" "/opt/rustwide/workdir" "-m" "1610612736" "--user" "0:0" "--network" "none" "ghcr.io/rust-lang/crates-build-env/linux@sha256:34b6a614d2c27851fe6cbf88fbd1137609cefab8b10d0615aaeb6fd47975d74e" "/opt/rustwide/cargo-home/bin/cargo" "+1.54.0" "metadata" "--no-deps" "--format-version=1", kill_on_drop: false }`
[INFO] [stdout] c421a70dcfffc74e6ee4051e22012e1dbecec42ea7279bf50b2383714e18f2eb
[INFO] running `Command { std: "docker" "start" "-a" "c421a70dcfffc74e6ee4051e22012e1dbecec42ea7279bf50b2383714e18f2eb", kill_on_drop: false }`
[INFO] running `Command { std: "docker" "inspect" "c421a70dcfffc74e6ee4051e22012e1dbecec42ea7279bf50b2383714e18f2eb", kill_on_drop: false }`
[INFO] running `Command { std: "docker" "rm" "-f" "c421a70dcfffc74e6ee4051e22012e1dbecec42ea7279bf50b2383714e18f2eb", kill_on_drop: false }`
[INFO] [stdout] c421a70dcfffc74e6ee4051e22012e1dbecec42ea7279bf50b2383714e18f2eb
[INFO] running `Command { std: "docker" "create" "-v" "/var/lib/crater-agent-workspace/builds/worker-64/target:/opt/rustwide/target:rw,Z" "-v" "/var/lib/crater-agent-workspace/builds/worker-64/source:/opt/rustwide/workdir:ro,Z" "-v" "/var/lib/crater-agent-workspace/cargo-home:/opt/rustwide/cargo-home:ro,Z" "-v" "/var/lib/crater-agent-workspace/rustup-home:/opt/rustwide/rustup-home:ro,Z" "-e" "SOURCE_DIR=/opt/rustwide/workdir" "-e" "CARGO_TARGET_DIR=/opt/rustwide/target" "-e" "CARGO_INCREMENTAL=0" "-e" "RUST_BACKTRACE=full" "-e" "RUSTFLAGS=--cap-lints=warn" "-e" "CARGO_HOME=/opt/rustwide/cargo-home" "-e" "RUSTUP_HOME=/opt/rustwide/rustup-home" "-w" "/opt/rustwide/workdir" "-m" "1610612736" "--user" "0:0" "--network" "none" "ghcr.io/rust-lang/crates-build-env/linux@sha256:34b6a614d2c27851fe6cbf88fbd1137609cefab8b10d0615aaeb6fd47975d74e" "/opt/rustwide/cargo-home/bin/cargo" "+1.54.0" "build" "--frozen" "--message-format=json", kill_on_drop: false }`
[INFO] [stdout] d28068e79e381b48dad9c6a4eb911e9c974e5d7e766d482cabd37472d3e05443
[INFO] running `Command { std: "docker" "start" "-a" "d28068e79e381b48dad9c6a4eb911e9c974e5d7e766d482cabd37472d3e05443", kill_on_drop: false }`
[INFO] [stderr]    Compiling shared_library v0.1.9
[INFO] [stderr]    Compiling nobs-vk v0.2.0 (/opt/rustwide/workdir)
[INFO] [stdout] warning: use of deprecated function `std::mem::uninitialized`: use `mem::MaybeUninit` instead
[INFO] [stdout]   --> src/device/physical_device.rs:79:33
[INFO] [stdout]    |
[INFO] [stdout] 79 |     let mut features = unsafe { std::mem::uninitialized() };
[INFO] [stdout]    |                                 ^^^^^^^^^^^^^^^^^^^^^^^
[INFO] [stdout]    |
[INFO] [stdout]    = note: `#[warn(deprecated)]` on by default
[INFO] [stdout] 
[INFO] [stdout] 
[INFO] [stdout] warning: use of deprecated function `std::mem::uninitialized`: use `mem::MaybeUninit` instead
[INFO] [stdout]   --> src/device/physical_device.rs:82:35
[INFO] [stdout]    |
[INFO] [stdout] 82 |     let mut properties = unsafe { std::mem::uninitialized() };
[INFO] [stdout]    |                                   ^^^^^^^^^^^^^^^^^^^^^^^
[INFO] [stdout] 
[INFO] [stdout] 
[INFO] [stdout] warning: `extern` fn uses type `[f32; 4]`, which is not FFI-safe
[INFO] [stdout]     --> src/lib.rs:7371:95
[INFO] [stdout]      |
[INFO] [stdout] 7371 | extern "system" fn CmdSetBlendConstants_panic(_commandBuffer: CommandBuffer, _blendConstants: [f32; 4]){
[INFO] [stdout]      |                                                                                               ^^^^^^^^ not FFI-safe
[INFO] [stdout]      |
[INFO] [stdout]      = note: `#[warn(improper_ctypes_definitions)]` on by default
[INFO] [stdout]      = help: consider passing a pointer to the array
[INFO] [stdout]      = note: passing raw arrays by value is not FFI-safe
[INFO] [stdout] 
[INFO] [stdout] 
[INFO] [stdout] warning: 3 warnings emitted
[INFO] [stdout] 
[INFO] [stdout] 
[INFO] [stderr]     Finished dev [unoptimized + debuginfo] target(s) in 32.51s
[INFO] running `Command { std: "docker" "inspect" "d28068e79e381b48dad9c6a4eb911e9c974e5d7e766d482cabd37472d3e05443", kill_on_drop: false }`
[INFO] running `Command { std: "docker" "rm" "-f" "d28068e79e381b48dad9c6a4eb911e9c974e5d7e766d482cabd37472d3e05443", kill_on_drop: false }`
[INFO] [stdout] d28068e79e381b48dad9c6a4eb911e9c974e5d7e766d482cabd37472d3e05443
[INFO] running `Command { std: "docker" "create" "-v" "/var/lib/crater-agent-workspace/builds/worker-64/target:/opt/rustwide/target:rw,Z" "-v" "/var/lib/crater-agent-workspace/builds/worker-64/source:/opt/rustwide/workdir:ro,Z" "-v" "/var/lib/crater-agent-workspace/cargo-home:/opt/rustwide/cargo-home:ro,Z" "-v" "/var/lib/crater-agent-workspace/rustup-home:/opt/rustwide/rustup-home:ro,Z" "-e" "SOURCE_DIR=/opt/rustwide/workdir" "-e" "CARGO_TARGET_DIR=/opt/rustwide/target" "-e" "CARGO_INCREMENTAL=0" "-e" "RUST_BACKTRACE=full" "-e" "RUSTFLAGS=--cap-lints=warn" "-e" "CARGO_HOME=/opt/rustwide/cargo-home" "-e" "RUSTUP_HOME=/opt/rustwide/rustup-home" "-w" "/opt/rustwide/workdir" "-m" "1610612736" "--user" "0:0" "--network" "none" "ghcr.io/rust-lang/crates-build-env/linux@sha256:34b6a614d2c27851fe6cbf88fbd1137609cefab8b10d0615aaeb6fd47975d74e" "/opt/rustwide/cargo-home/bin/cargo" "+1.54.0" "test" "--frozen" "--no-run" "--message-format=json", kill_on_drop: false }`
[INFO] [stdout] 460f46660d545cba6df0833b10f237548d8c18d652f61a67b830002d00afd2ff
[INFO] running `Command { std: "docker" "start" "-a" "460f46660d545cba6df0833b10f237548d8c18d652f61a67b830002d00afd2ff", kill_on_drop: false }`
[INFO] [stderr]     Blocking waiting for file lock on package cache
[INFO] [stderr]    Compiling nobs-vk v0.2.0 (/opt/rustwide/workdir)
[INFO] [stdout] warning: use of deprecated function `std::mem::uninitialized`: use `mem::MaybeUninit` instead
[INFO] [stdout]   --> src/device/physical_device.rs:79:33
[INFO] [stdout]    |
[INFO] [stdout] 79 |     let mut features = unsafe { std::mem::uninitialized() };
[INFO] [stdout]    |                                 ^^^^^^^^^^^^^^^^^^^^^^^
[INFO] [stdout]    |
[INFO] [stdout]    = note: `#[warn(deprecated)]` on by default
[INFO] [stdout] 
[INFO] [stdout] 
[INFO] [stdout] warning: use of deprecated function `std::mem::uninitialized`: use `mem::MaybeUninit` instead
[INFO] [stdout]   --> src/device/physical_device.rs:82:35
[INFO] [stdout]    |
[INFO] [stdout] 82 |     let mut properties = unsafe { std::mem::uninitialized() };
[INFO] [stdout]    |                                   ^^^^^^^^^^^^^^^^^^^^^^^
[INFO] [stdout] 
[INFO] [stdout] 
[INFO] [stdout] warning: `extern` fn uses type `[f32; 4]`, which is not FFI-safe
[INFO] [stdout]     --> src/lib.rs:7371:95
[INFO] [stdout]      |
[INFO] [stdout] 7371 | extern "system" fn CmdSetBlendConstants_panic(_commandBuffer: CommandBuffer, _blendConstants: [f32; 4]){
[INFO] [stdout]      |                                                                                               ^^^^^^^^ not FFI-safe
[INFO] [stdout]      |
[INFO] [stdout]      = note: `#[warn(improper_ctypes_definitions)]` on by default
[INFO] [stdout]      = help: consider passing a pointer to the array
[INFO] [stdout]      = note: passing raw arrays by value is not FFI-safe
[INFO] [stdout] 
[INFO] [stdout] 
[INFO] [stdout] warning: 3 warnings emitted
[INFO] [stdout] 
[INFO] [stdout] 
[INFO] [stdout] warning: use of deprecated function `std::mem::uninitialized`: use `mem::MaybeUninit` instead
[INFO] [stdout]   --> examples/info.rs:53:58
[INFO] [stdout]    |
[INFO] [stdout] 53 |   let mut props: vk::PhysicalDeviceProperties = unsafe { mem::uninitialized() };
[INFO] [stdout]    |                                                          ^^^^^^^^^^^^^^^^^^
[INFO] [stdout]    |
[INFO] [stdout]    = note: `#[warn(deprecated)]` on by default
[INFO] [stdout] 
[INFO] [stdout] 
[INFO] [stdout] warning: use of deprecated function `std::mem::uninitialized`: use `mem::MaybeUninit` instead
[INFO] [stdout]   --> src/device/physical_device.rs:79:33
[INFO] [stdout]    |
[INFO] [stdout] 79 |     let mut features = unsafe { std::mem::uninitialized() };
[INFO] [stdout]    |                                 ^^^^^^^^^^^^^^^^^^^^^^^
[INFO] [stdout]    |
[INFO] [stdout]    = note: `#[warn(deprecated)]` on by default
[INFO] [stdout] 
[INFO] [stdout] 
[INFO] [stdout] warning: use of deprecated function `std::mem::uninitialized`: use `mem::MaybeUninit` instead
[INFO] [stdout]   --> src/device/physical_device.rs:82:35
[INFO] [stdout]    |
[INFO] [stdout] 82 |     let mut properties = unsafe { std::mem::uninitialized() };
[INFO] [stdout]    |                                   ^^^^^^^^^^^^^^^^^^^^^^^
[INFO] [stdout] 
[INFO] [stdout] 
[INFO] [stdout] warning: 1 warning emitted
[INFO] [stdout] 
[INFO] [stdout] 
[INFO] [stdout] warning: `extern` fn uses type `[f32; 4]`, which is not FFI-safe
[INFO] [stdout]     --> src/lib.rs:7371:95
[INFO] [stdout]      |
[INFO] [stdout] 7371 | extern "system" fn CmdSetBlendConstants_panic(_commandBuffer: CommandBuffer, _blendConstants: [f32; 4]){
[INFO] [stdout]      |                                                                                               ^^^^^^^^ not FFI-safe
[INFO] [stdout]      |
[INFO] [stdout]      = note: `#[warn(improper_ctypes_definitions)]` on by default
[INFO] [stdout]      = help: consider passing a pointer to the array
[INFO] [stdout]      = note: passing raw arrays by value is not FFI-safe
[INFO] [stdout] 
[INFO] [stdout] 
[INFO] [stdout] warning: 3 warnings emitted
[INFO] [stdout] 
[INFO] [stdout] 
[INFO] [stderr]     Finished test [unoptimized + debuginfo] target(s) in 4.35s
[INFO] running `Command { std: "docker" "inspect" "460f46660d545cba6df0833b10f237548d8c18d652f61a67b830002d00afd2ff", kill_on_drop: false }`
[INFO] running `Command { std: "docker" "rm" "-f" "460f46660d545cba6df0833b10f237548d8c18d652f61a67b830002d00afd2ff", kill_on_drop: false }`
[INFO] [stdout] 460f46660d545cba6df0833b10f237548d8c18d652f61a67b830002d00afd2ff
[INFO] running `Command { std: "docker" "create" "-v" "/var/lib/crater-agent-workspace/builds/worker-64/target:/opt/rustwide/target:rw,Z" "-v" "/var/lib/crater-agent-workspace/builds/worker-64/source:/opt/rustwide/workdir:ro,Z" "-v" "/var/lib/crater-agent-workspace/cargo-home:/opt/rustwide/cargo-home:ro,Z" "-v" "/var/lib/crater-agent-workspace/rustup-home:/opt/rustwide/rustup-home:ro,Z" "-e" "SOURCE_DIR=/opt/rustwide/workdir" "-e" "CARGO_TARGET_DIR=/opt/rustwide/target" "-e" "CARGO_INCREMENTAL=0" "-e" "RUST_BACKTRACE=full" "-e" "RUSTFLAGS=--cap-lints=warn" "-e" "CARGO_HOME=/opt/rustwide/cargo-home" "-e" "RUSTUP_HOME=/opt/rustwide/rustup-home" "-w" "/opt/rustwide/workdir" "-m" "1610612736" "--user" "0:0" "--network" "none" "ghcr.io/rust-lang/crates-build-env/linux@sha256:34b6a614d2c27851fe6cbf88fbd1137609cefab8b10d0615aaeb6fd47975d74e" "/opt/rustwide/cargo-home/bin/cargo" "+1.54.0" "test" "--frozen", kill_on_drop: false }`
[INFO] [stdout] 74c27c69372d546fa7fa41d504b803ba3fcee72492d62c054bd161f52d63abdd
[INFO] running `Command { std: "docker" "start" "-a" "74c27c69372d546fa7fa41d504b803ba3fcee72492d62c054bd161f52d63abdd", kill_on_drop: false }`
[INFO] [stderr]     Blocking waiting for file lock on package cache
[INFO] [stderr] warning: use of deprecated function `std::mem::uninitialized`: use `mem::MaybeUninit` instead
[INFO] [stderr]   --> src/device/physical_device.rs:79:33
[INFO] [stderr]    |
[INFO] [stderr] 79 |     let mut features = unsafe { std::mem::uninitialized() };
[INFO] [stderr]    |                                 ^^^^^^^^^^^^^^^^^^^^^^^
[INFO] [stderr]    |
[INFO] [stderr]    = note: `#[warn(deprecated)]` on by default
[INFO] [stderr] 
[INFO] [stderr] warning: use of deprecated function `std::mem::uninitialized`: use `mem::MaybeUninit` instead
[INFO] [stderr]   --> src/device/physical_device.rs:82:35
[INFO] [stderr]    |
[INFO] [stderr] 82 |     let mut properties = unsafe { std::mem::uninitialized() };
[INFO] [stderr]    |                                   ^^^^^^^^^^^^^^^^^^^^^^^
[INFO] [stderr] 
[INFO] [stderr] warning: `extern` fn uses type `[f32; 4]`, which is not FFI-safe
[INFO] [stderr]     --> src/lib.rs:7371:95
[INFO] [stderr]      |
[INFO] [stderr] 7371 | extern "system" fn CmdSetBlendConstants_panic(_commandBuffer: CommandBuffer, _blendConstants: [f32; 4]){
[INFO] [stderr]      |                                                                                               ^^^^^^^^ not FFI-safe
[INFO] [stderr]      |
[INFO] [stderr]      = note: `#[warn(improper_ctypes_definitions)]` on by default
[INFO] [stderr]      = help: consider passing a pointer to the array
[INFO] [stderr]      = note: passing raw arrays by value is not FFI-safe
[INFO] [stderr] 
[INFO] [stderr] warning: 3 warnings emitted
[INFO] [stderr] 
[INFO] [stderr] warning: use of deprecated function `std::mem::uninitialized`: use `mem::MaybeUninit` instead
[INFO] [stderr]   --> src/device/physical_device.rs:79:33
[INFO] [stderr]    |
[INFO] [stderr] 79 |     let mut features = unsafe { std::mem::uninitialized() };
[INFO] [stderr]    |                                 ^^^^^^^^^^^^^^^^^^^^^^^
[INFO] [stderr]    |
[INFO] [stderr]    = note: `#[warn(deprecated)]` on by default
[INFO] [stderr] 
[INFO] [stderr] warning: use of deprecated function `std::mem::uninitialized`: use `mem::MaybeUninit` instead
[INFO] [stderr]   --> src/device/physical_device.rs:82:35
[INFO] [stderr]    |
[INFO] [stderr] 82 |     let mut properties = unsafe { std::mem::uninitialized() };
[INFO] [stderr]    |                                   ^^^^^^^^^^^^^^^^^^^^^^^
[INFO] [stderr] 
[INFO] [stderr] warning: `extern` fn uses type `[f32; 4]`, which is not FFI-safe
[INFO] [stderr]     --> src/lib.rs:7371:95
[INFO] [stderr]      |
[INFO] [stderr] 7371 | extern "system" fn CmdSetBlendConstants_panic(_commandBuffer: CommandBuffer, _blendConstants: [f32; 4]){
[INFO] [stderr]      |                                                                                               ^^^^^^^^ not FFI-safe
[INFO] [stderr]      |
[INFO] [stderr]      = note: `#[warn(improper_ctypes_definitions)]` on by default
[INFO] [stderr]      = help: consider passing a pointer to the array
[INFO] [stderr]      = note: passing raw arrays by value is not FFI-safe
[INFO] [stderr] 
[INFO] [stderr] warning: 3 warnings emitted
[INFO] [stderr] 
[INFO] [stderr] warning: use of deprecated function `std::mem::uninitialized`: use `mem::MaybeUninit` instead
[INFO] [stderr]   --> examples/info.rs:53:58
[INFO] [stderr]    |
[INFO] [stderr] 53 |   let mut props: vk::PhysicalDeviceProperties = unsafe { mem::uninitialized() };
[INFO] [stderr]    |                                                          ^^^^^^^^^^^^^^^^^^
[INFO] [stderr]    |
[INFO] [stderr]    = note: `#[warn(deprecated)]` on by default
[INFO] [stderr] 
[INFO] [stderr] warning: 1 warning emitted
[INFO] [stderr] 
[INFO] [stderr]     Finished test [unoptimized + debuginfo] target(s) in 1.02s
[INFO] [stdout] 
[INFO] [stderr]      Running unittests (/opt/rustwide/target/debug/deps/nobs_vk-0d9cbfc504f1c20c)
[INFO] [stdout] running 0 tests
[INFO] [stdout] 
[INFO] [stdout] test result: ok. 0 passed; 0 failed; 0 ignored; 0 measured; 0 filtered out; finished in 0.00s
[INFO] [stdout] 
[INFO] [stderr]    Doc-tests nobs-vk
[INFO] [stdout] 
[INFO] [stdout] running 8 tests
[INFO] [stdout] test src/lib.rs - VkLib::new (line 8357) ... ok
[INFO] [stdout] test src/lib.rs - vk_check (line 13297) ... ok
[INFO] [stdout] test src/lib.rs - (line 28) ... FAILED
[INFO] [stdout] test src/device/physical_device.rs - device::physical_device::PhysicalDevice::enumerate_all (line 99) ... ok
[INFO] [stdout] test src/instance.rs - instance::Builder (line 71) ... ok
[INFO] [stdout] test src/lib.rs - VkLib::new (line 8353) ... ok
[INFO] [stdout] test src/device/device.rs - device::device::Builder (line 55) ... FAILED
[INFO] [stdout] test src/lib.rs - (line 53) ... FAILED
[INFO] [stdout] 
[INFO] [stdout] failures:
[INFO] [stdout] 
[INFO] [stdout] ---- src/lib.rs - (line 28) stdout ----
[INFO] [stdout] Test executable failed (exit code 101).
[INFO] [stdout] 
[INFO] [stdout] stderr:
[INFO] [stdout] thread 'main' panicked at 'assertion failed: `(left == right)`
[INFO] [stdout]   left: `1`,
[INFO] [stdout]  right: `2`', src/lib.rs:19:1
[INFO] [stdout] stack backtrace:
[INFO] [stdout]    0:     0x55afa313ef40 - std::backtrace_rs::backtrace::libunwind::trace::h34055254b57d8e79
[INFO] [stdout]                                at /rustc/a178d0322ce20e33eac124758e837cbd80a6f633/library/std/src/../../backtrace/src/backtrace/libunwind.rs:90:5
[INFO] [stdout]    1:     0x55afa313ef40 - std::backtrace_rs::backtrace::trace_unsynchronized::h8f1e3fbd9afff6ec
[INFO] [stdout]                                at /rustc/a178d0322ce20e33eac124758e837cbd80a6f633/library/std/src/../../backtrace/src/backtrace/mod.rs:66:5
[INFO] [stdout]    2:     0x55afa313ef40 - std::sys_common::backtrace::_print_fmt::h3a99a796b770c360
[INFO] [stdout]                                at /rustc/a178d0322ce20e33eac124758e837cbd80a6f633/library/std/src/sys_common/backtrace.rs:67:5
[INFO] [stdout]    3:     0x55afa313ef40 - <std::sys_common::backtrace::_print::DisplayBacktrace as core::fmt::Display>::fmt::h32d1f94a80615d18
[INFO] [stdout]                                at /rustc/a178d0322ce20e33eac124758e837cbd80a6f633/library/std/src/sys_common/backtrace.rs:46:22
[INFO] [stdout]    4:     0x55afa31588fc - core::fmt::write::h306731c068f7162c
[INFO] [stdout]                                at /rustc/a178d0322ce20e33eac124758e837cbd80a6f633/library/core/src/fmt/mod.rs:1110:17
[INFO] [stdout]    5:     0x55afa313d995 - std::io::Write::write_fmt::hd2fa90334eee2a21
[INFO] [stdout]                                at /rustc/a178d0322ce20e33eac124758e837cbd80a6f633/library/std/src/io/mod.rs:1588:15
[INFO] [stdout]    6:     0x55afa3140d9b - std::sys_common::backtrace::_print::h5abaa2601a852287
[INFO] [stdout]                                at /rustc/a178d0322ce20e33eac124758e837cbd80a6f633/library/std/src/sys_common/backtrace.rs:49:5
[INFO] [stdout]    7:     0x55afa3140d9b - std::sys_common::backtrace::print::h8d81445442bb638f
[INFO] [stdout]                                at /rustc/a178d0322ce20e33eac124758e837cbd80a6f633/library/std/src/sys_common/backtrace.rs:36:9
[INFO] [stdout]    8:     0x55afa3140d9b - std::panicking::default_hook::{{closure}}::hcfe804496a9fa747
[INFO] [stdout]                                at /rustc/a178d0322ce20e33eac124758e837cbd80a6f633/library/std/src/panicking.rs:208:50
[INFO] [stdout]    9:     0x55afa3140871 - std::panicking::default_hook::hbea8e3ccf2ba8901
[INFO] [stdout]                                at /rustc/a178d0322ce20e33eac124758e837cbd80a6f633/library/std/src/panicking.rs:225:9
[INFO] [stdout]   10:     0x55afa3141464 - std::panicking::rust_panic_with_hook::h7ee9e1a2d0f8975a
[INFO] [stdout]                                at /rustc/a178d0322ce20e33eac124758e837cbd80a6f633/library/std/src/panicking.rs:622:17
[INFO] [stdout]   11:     0x55afa3140f47 - std::panicking::begin_panic_handler::{{closure}}::h8ab3b4491718b2c7
[INFO] [stdout]                                at /rustc/a178d0322ce20e33eac124758e837cbd80a6f633/library/std/src/panicking.rs:519:13
[INFO] [stdout]   12:     0x55afa313f43c - std::sys_common::backtrace::__rust_end_short_backtrace::hd489062ffa586a9f
[INFO] [stdout]                                at /rustc/a178d0322ce20e33eac124758e837cbd80a6f633/library/std/src/sys_common/backtrace.rs:141:18
[INFO] [stdout]   13:     0x55afa3140ea9 - rust_begin_unwind
[INFO] [stdout]                                at /rustc/a178d0322ce20e33eac124758e837cbd80a6f633/library/std/src/panicking.rs:515:5
[INFO] [stdout]   14:     0x55afa3116e21 - core::panicking::panic_fmt::hca6330e3e14086b4
[INFO] [stdout]                                at /rustc/a178d0322ce20e33eac124758e837cbd80a6f633/library/core/src/panicking.rs:92:14
[INFO] [stdout]   15:     0x55afa3157bb8 - core::panicking::assert_failed_inner::h33b45280069a80ed
[INFO] [stdout]   16:     0x55afa31177d6 - core::panicking::assert_failed::h984df1ad09ea3f33
[INFO] [stdout]   17:     0x55afa3117a08 - rust_out::main::h2a38bb51b9580a7d
[INFO] [stdout]   18:     0x55afa3117753 - core::ops::function::FnOnce::call_once::hb73b95e6982fd3f0
[INFO] [stdout]   19:     0x55afa3117649 - std::sys_common::backtrace::__rust_begin_short_backtrace::h8371d112165838d3
[INFO] [stdout]   20:     0x55afa31176b9 - std::rt::lang_start::{{closure}}::h783adf50233ec5ec
[INFO] [stdout]   21:     0x55afa3141969 - core::ops::function::impls::<impl core::ops::function::FnOnce<A> for &F>::call_once::h2aabc384aab89b7b
[INFO] [stdout]                                at /rustc/a178d0322ce20e33eac124758e837cbd80a6f633/library/core/src/ops/function.rs:259:13
[INFO] [stdout]   22:     0x55afa3141969 - std::panicking::try::do_call::hc5fcacb7a85fc7b1
[INFO] [stdout]                                at /rustc/a178d0322ce20e33eac124758e837cbd80a6f633/library/std/src/panicking.rs:401:40
[INFO] [stdout]   23:     0x55afa3141969 - std::panicking::try::hb5d9603af3abbe3a
[INFO] [stdout]                                at /rustc/a178d0322ce20e33eac124758e837cbd80a6f633/library/std/src/panicking.rs:365:19
[INFO] [stdout]   24:     0x55afa3141969 - std::panic::catch_unwind::h98fe6ac3925e64b4
[INFO] [stdout]                                at /rustc/a178d0322ce20e33eac124758e837cbd80a6f633/library/std/src/panic.rs:434:14
[INFO] [stdout]   25:     0x55afa3141969 - std::rt::lang_start_internal::h22ac7383c516f93e
[INFO] [stdout]                                at /rustc/a178d0322ce20e33eac124758e837cbd80a6f633/library/std/src/rt.rs:34:21
[INFO] [stdout]   26:     0x55afa31176a1 - std::rt::lang_start::h11b9716471e37ff8
[INFO] [stdout]   27:     0x55afa3117a83 - main
[INFO] [stdout]   28:     0x7f8d4305c0b3 - __libc_start_main
[INFO] [stdout]   29:     0x55afa311757e - _start
[INFO] [stdout]   30:                0x0 - <unknown>
[INFO] [stdout] 
[INFO] [stdout] 
[INFO] [stdout] ---- src/device/device.rs - device::device::Builder (line 55) stdout ----
[INFO] [stdout] Test executable failed (exit code 101).
[INFO] [stdout] 
[INFO] [stdout] stdout:
[INFO] [stdout] validation layer: setupLoaderTermPhysDevs:  Failed to detect any valid GPUs in the current config
[INFO] [stdout] validation layer: setupLoaderTrampPhysDevs:  Failed during dispatch call of 'vkEnumeratePhysicalDevices' to lower layers or loader to get count.
[INFO] [stdout] vk::EnumeratePhysicalDevices(inst, &mut num_devices, ptr::null_mut()) failed with ERROR_INITIALIZATION_FAILED in "src/device/physical_device.rs" at line 121
[INFO] [stdout] 
[INFO] [stdout] stderr:
[INFO] [stdout] thread 'main' panicked at 'removal index (is 0) should be < len (is 0)', library/alloc/src/vec/mod.rs:1385:13
[INFO] [stdout] stack backtrace:
[INFO] [stdout]    0:     0x56409f017460 - std::backtrace_rs::backtrace::libunwind::trace::h34055254b57d8e79
[INFO] [stdout]                                at /rustc/a178d0322ce20e33eac124758e837cbd80a6f633/library/std/src/../../backtrace/src/backtrace/libunwind.rs:90:5
[INFO] [stdout]    1:     0x56409f017460 - std::backtrace_rs::backtrace::trace_unsynchronized::h8f1e3fbd9afff6ec
[INFO] [stdout]                                at /rustc/a178d0322ce20e33eac124758e837cbd80a6f633/library/std/src/../../backtrace/src/backtrace/mod.rs:66:5
[INFO] [stdout]    2:     0x56409f017460 - std::sys_common::backtrace::_print_fmt::h3a99a796b770c360
[INFO] [stdout]                                at /rustc/a178d0322ce20e33eac124758e837cbd80a6f633/library/std/src/sys_common/backtrace.rs:67:5
[INFO] [stdout]    3:     0x56409f017460 - <std::sys_common::backtrace::_print::DisplayBacktrace as core::fmt::Display>::fmt::h32d1f94a80615d18
[INFO] [stdout]                                at /rustc/a178d0322ce20e33eac124758e837cbd80a6f633/library/std/src/sys_common/backtrace.rs:46:22
[INFO] [stdout]    4:     0x56409f03105c - core::fmt::write::h306731c068f7162c
[INFO] [stdout]                                at /rustc/a178d0322ce20e33eac124758e837cbd80a6f633/library/core/src/fmt/mod.rs:1110:17
[INFO] [stdout]    5:     0x56409f015d35 - std::io::Write::write_fmt::hd2fa90334eee2a21
[INFO] [stdout]                                at /rustc/a178d0322ce20e33eac124758e837cbd80a6f633/library/std/src/io/mod.rs:1588:15
[INFO] [stdout]    6:     0x56409f0192bb - std::sys_common::backtrace::_print::h5abaa2601a852287
[INFO] [stdout]                                at /rustc/a178d0322ce20e33eac124758e837cbd80a6f633/library/std/src/sys_common/backtrace.rs:49:5
[INFO] [stdout]    7:     0x56409f0192bb - std::sys_common::backtrace::print::h8d81445442bb638f
[INFO] [stdout]                                at /rustc/a178d0322ce20e33eac124758e837cbd80a6f633/library/std/src/sys_common/backtrace.rs:36:9
[INFO] [stdout]    8:     0x56409f0192bb - std::panicking::default_hook::{{closure}}::hcfe804496a9fa747
[INFO] [stdout]                                at /rustc/a178d0322ce20e33eac124758e837cbd80a6f633/library/std/src/panicking.rs:208:50
[INFO] [stdout]    9:     0x56409f018d91 - std::panicking::default_hook::hbea8e3ccf2ba8901
[INFO] [stdout]                                at /rustc/a178d0322ce20e33eac124758e837cbd80a6f633/library/std/src/panicking.rs:225:9
[INFO] [stdout]   10:     0x56409f019984 - std::panicking::rust_panic_with_hook::h7ee9e1a2d0f8975a
[INFO] [stdout]                                at /rustc/a178d0322ce20e33eac124758e837cbd80a6f633/library/std/src/panicking.rs:622:17
[INFO] [stdout]   11:     0x56409f019467 - std::panicking::begin_panic_handler::{{closure}}::h8ab3b4491718b2c7
[INFO] [stdout]                                at /rustc/a178d0322ce20e33eac124758e837cbd80a6f633/library/std/src/panicking.rs:519:13
[INFO] [stdout]   12:     0x56409f01795c - std::sys_common::backtrace::__rust_end_short_backtrace::hd489062ffa586a9f
[INFO] [stdout]                                at /rustc/a178d0322ce20e33eac124758e837cbd80a6f633/library/std/src/sys_common/backtrace.rs:141:18
[INFO] [stdout]   13:     0x56409f0193c9 - rust_begin_unwind
[INFO] [stdout]                                at /rustc/a178d0322ce20e33eac124758e837cbd80a6f633/library/std/src/panicking.rs:515:5
[INFO] [stdout]   14:     0x56409efce071 - core::panicking::panic_fmt::hca6330e3e14086b4
[INFO] [stdout]                                at /rustc/a178d0322ce20e33eac124758e837cbd80a6f633/library/core/src/panicking.rs:92:14
[INFO] [stdout]   15:     0x56409efcdef6 - alloc::vec::Vec<T,A>::remove::assert_failed::hcd34f1bcb95f1d8a
[INFO] [stdout]                                at /rustc/a178d0322ce20e33eac124758e837cbd80a6f633/library/alloc/src/vec/mod.rs:1385:13
[INFO] [stdout]   16:     0x56409efceff0 - alloc::vec::Vec<T,A>::remove::he152c91925605420
[INFO] [stdout]   17:     0x56409efcf446 - rust_out::main::h2a38bb51b9580a7d
[INFO] [stdout]   18:     0x56409efce9f3 - core::ops::function::FnOnce::call_once::hb73b95e6982fd3f0
[INFO] [stdout]   19:     0x56409efce899 - std::sys_common::backtrace::__rust_begin_short_backtrace::h8371d112165838d3
[INFO] [stdout]   20:     0x56409efce909 - std::rt::lang_start::{{closure}}::h783adf50233ec5ec
[INFO] [stdout]   21:     0x56409f019e89 - core::ops::function::impls::<impl core::ops::function::FnOnce<A> for &F>::call_once::h2aabc384aab89b7b
[INFO] [stdout]                                at /rustc/a178d0322ce20e33eac124758e837cbd80a6f633/library/core/src/ops/function.rs:259:13
[INFO] [stdout]   22:     0x56409f019e89 - std::panicking::try::do_call::hc5fcacb7a85fc7b1
[INFO] [stdout]                                at /rustc/a178d0322ce20e33eac124758e837cbd80a6f633/library/std/src/panicking.rs:401:40
[INFO] [stdout]   23:     0x56409f019e89 - std::panicking::try::hb5d9603af3abbe3a
[INFO] [stdout]                                at /rustc/a178d0322ce20e33eac124758e837cbd80a6f633/library/std/src/panicking.rs:365:19
[INFO] [stdout]   24:     0x56409f019e89 - std::panic::catch_unwind::h98fe6ac3925e64b4
[INFO] [stdout]                                at /rustc/a178d0322ce20e33eac124758e837cbd80a6f633/library/std/src/panic.rs:434:14
[INFO] [stdout]   25:     0x56409f019e89 - std::rt::lang_start_internal::h22ac7383c516f93e
[INFO] [stdout]                                at /rustc/a178d0322ce20e33eac124758e837cbd80a6f633/library/std/src/rt.rs:34:21
[INFO] [stdout]   26:     0x56409efce8f1 - std::rt::lang_start::h11b9716471e37ff8
[INFO] [stdout]   27:     0x56409efcf683 - main
[INFO] [stdout]   28:     0x7ff8b47c00b3 - __libc_start_main
[INFO] [stdout]   29:     0x56409efce7ce - _start
[INFO] [stdout]   30:                0x0 - <unknown>
[INFO] [stdout] 
[INFO] [stdout] 
[INFO] [stdout] ---- src/lib.rs - (line 53) stdout ----
[INFO] [stdout] Test executable failed (exit code 101).
[INFO] [stdout] 
[INFO] [stdout] stdout:
[INFO] [stdout] validation layer: setupLoaderTermPhysDevs:  Failed to detect any valid GPUs in the current config
[INFO] [stdout] validation layer: setupLoaderTrampPhysDevs:  Failed during dispatch call of 'vkEnumeratePhysicalDevices' to lower layers or loader to get count.
[INFO] [stdout] vk::EnumeratePhysicalDevices(inst, &mut num_devices, ptr::null_mut()) failed with ERROR_INITIALIZATION_FAILED in "src/device/physical_device.rs" at line 121
[INFO] [stdout] validation layer: setupLoaderTermPhysDevs:  Failed to detect any valid GPUs in the current config
[INFO] [stdout] validation layer: setupLoaderTrampPhysDevs:  Failed during dispatch call of 'vkEnumeratePhysicalDevices' to lower layers or loader to get count.
[INFO] [stdout] vk::EnumeratePhysicalDevices(inst, &mut num_devices, ptr::null_mut()) failed with ERROR_INITIALIZATION_FAILED in "src/device/physical_device.rs" at line 121
[INFO] [stdout] 
[INFO] [stdout] stderr:
[INFO] [stdout] thread 'main' panicked at 'removal index (is 0) should be < len (is 0)', library/alloc/src/vec/mod.rs:1385:13
[INFO] [stdout] stack backtrace:
[INFO] [stdout]    0:     0x5579675b19b0 - std::backtrace_rs::backtrace::libunwind::trace::h34055254b57d8e79
[INFO] [stdout]                                at /rustc/a178d0322ce20e33eac124758e837cbd80a6f633/library/std/src/../../backtrace/src/backtrace/libunwind.rs:90:5
[INFO] [stdout]    1:     0x5579675b19b0 - std::backtrace_rs::backtrace::trace_unsynchronized::h8f1e3fbd9afff6ec
[INFO] [stdout]                                at /rustc/a178d0322ce20e33eac124758e837cbd80a6f633/library/std/src/../../backtrace/src/backtrace/mod.rs:66:5
[INFO] [stdout]    2:     0x5579675b19b0 - std::sys_common::backtrace::_print_fmt::h3a99a796b770c360
[INFO] [stdout]                                at /rustc/a178d0322ce20e33eac124758e837cbd80a6f633/library/std/src/sys_common/backtrace.rs:67:5
[INFO] [stdout]    3:     0x5579675b19b0 - <std::sys_common::backtrace::_print::DisplayBacktrace as core::fmt::Display>::fmt::h32d1f94a80615d18
[INFO] [stdout]                                at /rustc/a178d0322ce20e33eac124758e837cbd80a6f633/library/std/src/sys_common/backtrace.rs:46:22
[INFO] [stdout]    4:     0x5579675cb5ac - core::fmt::write::h306731c068f7162c
[INFO] [stdout]                                at /rustc/a178d0322ce20e33eac124758e837cbd80a6f633/library/core/src/fmt/mod.rs:1110:17
[INFO] [stdout]    5:     0x5579675b0285 - std::io::Write::write_fmt::hd2fa90334eee2a21
[INFO] [stdout]                                at /rustc/a178d0322ce20e33eac124758e837cbd80a6f633/library/std/src/io/mod.rs:1588:15
[INFO] [stdout]    6:     0x5579675b380b - std::sys_common::backtrace::_print::h5abaa2601a852287
[INFO] [stdout]                                at /rustc/a178d0322ce20e33eac124758e837cbd80a6f633/library/std/src/sys_common/backtrace.rs:49:5
[INFO] [stdout]    7:     0x5579675b380b - std::sys_common::backtrace::print::h8d81445442bb638f
[INFO] [stdout]                                at /rustc/a178d0322ce20e33eac124758e837cbd80a6f633/library/std/src/sys_common/backtrace.rs:36:9
[INFO] [stdout]    8:     0x5579675b380b - std::panicking::default_hook::{{closure}}::hcfe804496a9fa747
[INFO] [stdout]                                at /rustc/a178d0322ce20e33eac124758e837cbd80a6f633/library/std/src/panicking.rs:208:50
[INFO] [stdout]    9:     0x5579675b32e1 - std::panicking::default_hook::hbea8e3ccf2ba8901
[INFO] [stdout]                                at /rustc/a178d0322ce20e33eac124758e837cbd80a6f633/library/std/src/panicking.rs:225:9
[INFO] [stdout]   10:     0x5579675b3ed4 - std::panicking::rust_panic_with_hook::h7ee9e1a2d0f8975a
[INFO] [stdout]                                at /rustc/a178d0322ce20e33eac124758e837cbd80a6f633/library/std/src/panicking.rs:622:17
[INFO] [stdout]   11:     0x5579675b39b7 - std::panicking::begin_panic_handler::{{closure}}::h8ab3b4491718b2c7
[INFO] [stdout]                                at /rustc/a178d0322ce20e33eac124758e837cbd80a6f633/library/std/src/panicking.rs:519:13
[INFO] [stdout]   12:     0x5579675b1eac - std::sys_common::backtrace::__rust_end_short_backtrace::hd489062ffa586a9f
[INFO] [stdout]                                at /rustc/a178d0322ce20e33eac124758e837cbd80a6f633/library/std/src/sys_common/backtrace.rs:141:18
[INFO] [stdout]   13:     0x5579675b3919 - rust_begin_unwind
[INFO] [stdout]                                at /rustc/a178d0322ce20e33eac124758e837cbd80a6f633/library/std/src/panicking.rs:515:5
[INFO] [stdout]   14:     0x557967567071 - core::panicking::panic_fmt::hca6330e3e14086b4
[INFO] [stdout]                                at /rustc/a178d0322ce20e33eac124758e837cbd80a6f633/library/core/src/panicking.rs:92:14
[INFO] [stdout]   15:     0x557967566ef6 - alloc::vec::Vec<T,A>::remove::assert_failed::hcd34f1bcb95f1d8a
[INFO] [stdout]                                at /rustc/a178d0322ce20e33eac124758e837cbd80a6f633/library/alloc/src/vec/mod.rs:1385:13
[INFO] [stdout]   16:     0x557967568780 - alloc::vec::Vec<T,A>::remove::he152c91925605420
[INFO] [stdout]   17:     0x5579675698fd - rust_out::main::h2a38bb51b9580a7d
[INFO] [stdout]   18:     0x557967567f83 - core::ops::function::FnOnce::call_once::hb73b95e6982fd3f0
[INFO] [stdout]   19:     0x557967567b59 - std::sys_common::backtrace::__rust_begin_short_backtrace::h8371d112165838d3
[INFO] [stdout]   20:     0x557967567bc9 - std::rt::lang_start::{{closure}}::h783adf50233ec5ec
[INFO] [stdout]   21:     0x5579675b43d9 - core::ops::function::impls::<impl core::ops::function::FnOnce<A> for &F>::call_once::h2aabc384aab89b7b
[INFO] [stdout]                                at /rustc/a178d0322ce20e33eac124758e837cbd80a6f633/library/core/src/ops/function.rs:259:13
[INFO] [stdout]   22:     0x5579675b43d9 - std::panicking::try::do_call::hc5fcacb7a85fc7b1
[INFO] [stdout]                                at /rustc/a178d0322ce20e33eac124758e837cbd80a6f633/library/std/src/panicking.rs:401:40
[INFO] [stdout]   23:     0x5579675b43d9 - std::panicking::try::hb5d9603af3abbe3a
[INFO] [stdout]                                at /rustc/a178d0322ce20e33eac124758e837cbd80a6f633/library/std/src/panicking.rs:365:19
[INFO] [stdout]   24:     0x5579675b43d9 - std::panic::catch_unwind::h98fe6ac3925e64b4
[INFO] [stdout]                                at /rustc/a178d0322ce20e33eac124758e837cbd80a6f633/library/std/src/panic.rs:434:14
[INFO] [stdout]   25:     0x5579675b43d9 - std::rt::lang_start_internal::h22ac7383c516f93e
[INFO] [stdout]                                at /rustc/a178d0322ce20e33eac124758e837cbd80a6f633/library/std/src/rt.rs:34:21
[INFO] [stdout]   26:     0x557967567bb1 - std::rt::lang_start::h11b9716471e37ff8
[INFO] [stdout]   27:     0x557967569b33 - main
[INFO] [stdout]   28:     0x7fb74b2be0b3 - __libc_start_main
[INFO] [stdout]   29:     0x5579675677ce - _start
[INFO] [stdout]   30:                0x0 - <unknown>
[INFO] [stdout] 
[INFO] [stdout] 
[INFO] [stdout] 
[INFO] [stdout] failures:
[INFO] [stdout]     src/device/device.rs - device::device::Builder (line 55)
[INFO] [stdout]     src/lib.rs - (line 28)
[INFO] [stdout]     src/lib.rs - (line 53)
[INFO] [stdout] 
[INFO] [stdout] test result: FAILED. 5 passed; 3 failed; 0 ignored; 0 measured; 0 filtered out; finished in 1.73s
[INFO] [stdout] 
[INFO] [stderr] error: test failed, to rerun pass '--doc'
[INFO] running `Command { std: "docker" "inspect" "74c27c69372d546fa7fa41d504b803ba3fcee72492d62c054bd161f52d63abdd", kill_on_drop: false }`
[INFO] running `Command { std: "docker" "rm" "-f" "74c27c69372d546fa7fa41d504b803ba3fcee72492d62c054bd161f52d63abdd", kill_on_drop: false }`
[INFO] [stdout] 74c27c69372d546fa7fa41d504b803ba3fcee72492d62c054bd161f52d63abdd
