[INFO] fetching crate nixterm 0.1.2...
[INFO] testing nixterm-0.1.2 against beta-2021-08-01 for beta-1.55-1
[INFO] extracting crate nixterm 0.1.2 into /workspace/builds/worker-24/source
[INFO] validating manifest of crates.io crate nixterm 0.1.2 on toolchain beta-2021-08-01
[INFO] running `Command { std: "/workspace/cargo-home/bin/cargo" "+beta-2021-08-01" "metadata" "--manifest-path" "Cargo.toml" "--no-deps", kill_on_drop: false }`
[INFO] started tweaking crates.io crate nixterm 0.1.2
[INFO] removed 0 missing examples
[INFO] finished tweaking crates.io crate nixterm 0.1.2
[INFO] tweaked toml for crates.io crate nixterm 0.1.2 written to /workspace/builds/worker-24/source/Cargo.toml
[INFO] running `Command { std: "/workspace/cargo-home/bin/cargo" "+beta-2021-08-01" "generate-lockfile" "--manifest-path" "Cargo.toml" "-Zno-index-update", kill_on_drop: false }`
[INFO] [stderr]     Blocking waiting for file lock on package cache
[INFO] running `Command { std: "/workspace/cargo-home/bin/cargo" "+beta-2021-08-01" "fetch" "--manifest-path" "Cargo.toml", kill_on_drop: false }`
[INFO] [stderr]     Blocking waiting for file lock on package cache
[INFO] [stderr]     Blocking waiting for file lock on package cache
[INFO] running `Command { std: "docker" "create" "-v" "/var/lib/crater-agent-workspace/builds/worker-24/target:/opt/rustwide/target:rw,Z" "-v" "/var/lib/crater-agent-workspace/builds/worker-24/source:/opt/rustwide/workdir:ro,Z" "-v" "/var/lib/crater-agent-workspace/cargo-home:/opt/rustwide/cargo-home:ro,Z" "-v" "/var/lib/crater-agent-workspace/rustup-home:/opt/rustwide/rustup-home:ro,Z" "-e" "SOURCE_DIR=/opt/rustwide/workdir" "-e" "CARGO_TARGET_DIR=/opt/rustwide/target" "-e" "CARGO_HOME=/opt/rustwide/cargo-home" "-e" "RUSTUP_HOME=/opt/rustwide/rustup-home" "-w" "/opt/rustwide/workdir" "-m" "1610612736" "--user" "0:0" "--network" "none" "ghcr.io/rust-lang/crates-build-env/linux@sha256:34b6a614d2c27851fe6cbf88fbd1137609cefab8b10d0615aaeb6fd47975d74e" "/opt/rustwide/cargo-home/bin/cargo" "+beta-2021-08-01" "metadata" "--no-deps" "--format-version=1", kill_on_drop: false }`
[INFO] [stdout] d972afcd8ed25096b440928005775d529c298cd7b48db0b1110eee03dce7aaa2
[INFO] running `Command { std: "docker" "start" "-a" "d972afcd8ed25096b440928005775d529c298cd7b48db0b1110eee03dce7aaa2", kill_on_drop: false }`
[INFO] running `Command { std: "docker" "inspect" "d972afcd8ed25096b440928005775d529c298cd7b48db0b1110eee03dce7aaa2", kill_on_drop: false }`
[INFO] running `Command { std: "docker" "rm" "-f" "d972afcd8ed25096b440928005775d529c298cd7b48db0b1110eee03dce7aaa2", kill_on_drop: false }`
[INFO] [stdout] d972afcd8ed25096b440928005775d529c298cd7b48db0b1110eee03dce7aaa2
[INFO] running `Command { std: "docker" "create" "-v" "/var/lib/crater-agent-workspace/builds/worker-24/target:/opt/rustwide/target:rw,Z" "-v" "/var/lib/crater-agent-workspace/builds/worker-24/source:/opt/rustwide/workdir:ro,Z" "-v" "/var/lib/crater-agent-workspace/cargo-home:/opt/rustwide/cargo-home:ro,Z" "-v" "/var/lib/crater-agent-workspace/rustup-home:/opt/rustwide/rustup-home:ro,Z" "-e" "SOURCE_DIR=/opt/rustwide/workdir" "-e" "CARGO_TARGET_DIR=/opt/rustwide/target" "-e" "CARGO_INCREMENTAL=0" "-e" "RUST_BACKTRACE=full" "-e" "RUSTFLAGS=--cap-lints=warn" "-e" "CARGO_HOME=/opt/rustwide/cargo-home" "-e" "RUSTUP_HOME=/opt/rustwide/rustup-home" "-w" "/opt/rustwide/workdir" "-m" "1610612736" "--user" "0:0" "--network" "none" "ghcr.io/rust-lang/crates-build-env/linux@sha256:34b6a614d2c27851fe6cbf88fbd1137609cefab8b10d0615aaeb6fd47975d74e" "/opt/rustwide/cargo-home/bin/cargo" "+beta-2021-08-01" "build" "--frozen" "--message-format=json", kill_on_drop: false }`
[INFO] [stdout] 84b4138de1adec3b6771fe973b4dd2065d908a2bac80fe52df839530bbb2d358
[INFO] running `Command { std: "docker" "start" "-a" "84b4138de1adec3b6771fe973b4dd2065d908a2bac80fe52df839530bbb2d358", kill_on_drop: false }`
[INFO] [stderr]     Blocking waiting for file lock on package cache
[INFO] [stderr]    Compiling nix v0.11.1
[INFO] [stderr]    Compiling void v1.0.2
[INFO] [stderr]    Compiling object v0.26.0
[INFO] [stderr]    Compiling backtrace v0.3.61
[INFO] [stderr]    Compiling failure v0.1.8
[INFO] [stderr]    Compiling nixterm v0.1.2 (/opt/rustwide/workdir)
[INFO] [stdout] warning: unused doc comment
[INFO] [stdout]    --> src/term.rs:160:5
[INFO] [stdout]     |
[INFO] [stdout] 160 | /     /// Turn off canonical mode.
[INFO] [stdout] 161 | |     /// In non-canonical mode the terminal does perform line editing, the input buffer is 4096 characters long,
[INFO] [stdout] 162 | |     /// and timeouts may be set for input.
[INFO] [stdout]     | |_____-------------------------------------^
[INFO] [stdout]     |       |
[INFO] [stdout]     |       rustdoc does not generate documentation for macro invocations
[INFO] [stdout]     |
[INFO] [stdout]     = note: `#[warn(unused_doc_comments)]` on by default
[INFO] [stdout]     = help: to document an item produced by a macro, the macro must produce the documentation as part of its expansion
[INFO] [stdout] 
[INFO] [stdout] 
[INFO] [stdout] warning: unused doc comment
[INFO] [stdout]    --> src/term.rs:165:5
[INFO] [stdout]     |
[INFO] [stdout] 165 | /     /// Set the minimum number of characters for the `Term::read` function to return.
[INFO] [stdout] 166 | |     ///
[INFO] [stdout] 167 | |     /// __*non-canonical mode only__
[INFO] [stdout]     | |_____-------------------------------^
[INFO] [stdout]     |       |
[INFO] [stdout]     |       rustdoc does not generate documentation for macro invocations
[INFO] [stdout]     |
[INFO] [stdout]     = help: to document an item produced by a macro, the macro must produce the documentation as part of its expansion
[INFO] [stdout] 
[INFO] [stdout] 
[INFO] [stdout] warning: unused doc comment
[INFO] [stdout]    --> src/term.rs:170:5
[INFO] [stdout]     |
[INFO] [stdout] 170 | /     /// Set the maximum time the `Term::read` function will wait before returning (time in deciseconds)
[INFO] [stdout] 171 | |     ///
[INFO] [stdout] 172 | |     ///
[INFO] [stdout] 173 | |     /// __*non-canonical mode only__
[INFO] [stdout]     | |_____-------------------------------^
[INFO] [stdout]     |       |
[INFO] [stdout]     |       rustdoc does not generate documentation for macro invocations
[INFO] [stdout]     |
[INFO] [stdout]     = help: to document an item produced by a macro, the macro must produce the documentation as part of its expansion
[INFO] [stdout] 
[INFO] [stdout] 
[INFO] [stdout] warning: unused doc comment
[INFO] [stdout]    --> src/term.rs:176:5
[INFO] [stdout]     |
[INFO] [stdout] 176 |     /// Set the character that will signal the stdout buffer should be flushed.
[INFO] [stdout]     |     ^^^^^^^^^^^^^^^^^^^^^^^^^^^^^^^^^^^^^^^^^^^^^^^^^^^^^^^^^^^^^^^^^^^^^^^^^^^ rustdoc does not generate documentation for macro invocations
[INFO] [stdout]     |
[INFO] [stdout]     = help: to document an item produced by a macro, the macro must produce the documentation as part of its expansion
[INFO] [stdout] 
[INFO] [stdout] 
[INFO] [stdout] warning: unused doc comment
[INFO] [stdout]    --> src/term.rs:179:5
[INFO] [stdout]     |
[INFO] [stdout] 179 |     /// Set an extra end-of-line character
[INFO] [stdout]     |     ^^^^^^^^^^^^^^^^^^^^^^^^^^^^^^^^^^^^^^ rustdoc does not generate documentation for macro invocations
[INFO] [stdout]     |
[INFO] [stdout]     = help: to document an item produced by a macro, the macro must produce the documentation as part of its expansion
[INFO] [stdout] 
[INFO] [stdout] 
[INFO] [stdout] warning: unused doc comment
[INFO] [stdout]    --> src/term.rs:182:5
[INFO] [stdout]     |
[INFO] [stdout] 182 |     /// Set the erase char (typically it will be something like `DEL` by default)
[INFO] [stdout]     |     ^^^^^^^^^^^^^^^^^^^^^^^^^^^^^^^^^^^^^^^^^^^^^^^^^^^^^^^^^^^^^^^^^^^^^^^^^^^^^ rustdoc does not generate documentation for macro invocations
[INFO] [stdout]     |
[INFO] [stdout]     = help: to document an item produced by a macro, the macro must produce the documentation as part of its expansion
[INFO] [stdout] 
[INFO] [stdout] 
[INFO] [stdout] warning: unused doc comment
[INFO] [stdout]    --> src/term.rs:185:5
[INFO] [stdout]     |
[INFO] [stdout] 185 |     /// Set the interrupt char, when this character is read the running process will be sent `SIGINT`.
[INFO] [stdout]     |     ^^^^^^^^^^^^^^^^^^^^^^^^^^^^^^^^^^^^^^^^^^^^^^^^^^^^^^^^^^^^^^^^^^^^^^^^^^^^^^^^^^^^^^^^^^^^^^^^^^ rustdoc does not generate documentation for macro invocations
[INFO] [stdout]     |
[INFO] [stdout]     = help: to document an item produced by a macro, the macro must produce the documentation as part of its expansion
[INFO] [stdout] 
[INFO] [stdout] 
[INFO] [stdout] warning: unused doc comment
[INFO] [stdout]    --> src/term.rs:188:5
[INFO] [stdout]     |
[INFO] [stdout] 188 |     /// Set the suspend char, when this character is read the running process will be sent `SIGTSTP`.
[INFO] [stdout]     |     ^^^^^^^^^^^^^^^^^^^^^^^^^^^^^^^^^^^^^^^^^^^^^^^^^^^^^^^^^^^^^^^^^^^^^^^^^^^^^^^^^^^^^^^^^^^^^^^^^ rustdoc does not generate documentation for macro invocations
[INFO] [stdout]     |
[INFO] [stdout]     = help: to document an item produced by a macro, the macro must produce the documentation as part of its expansion
[INFO] [stdout] 
[INFO] [stdout] 
[INFO] [stdout] warning: unused doc comment
[INFO] [stdout]    --> src/term.rs:191:5
[INFO] [stdout]     |
[INFO] [stdout] 191 |     /// Set the kill char, when this character is read the running process will be sent `SIGKILL`.
[INFO] [stdout]     |     ^^^^^^^^^^^^^^^^^^^^^^^^^^^^^^^^^^^^^^^^^^^^^^^^^^^^^^^^^^^^^^^^^^^^^^^^^^^^^^^^^^^^^^^^^^^^^^ rustdoc does not generate documentation for macro invocations
[INFO] [stdout]     |
[INFO] [stdout]     = help: to document an item produced by a macro, the macro must produce the documentation as part of its expansion
[INFO] [stdout] 
[INFO] [stdout] 
[INFO] [stdout] warning: unused doc comment
[INFO] [stdout]    --> src/term.rs:194:5
[INFO] [stdout]     |
[INFO] [stdout] 194 |     /// Set the quit char, when this character is read the running process will be sent `SIGQUIT`.
[INFO] [stdout]     |     ^^^^^^^^^^^^^^^^^^^^^^^^^^^^^^^^^^^^^^^^^^^^^^^^^^^^^^^^^^^^^^^^^^^^^^^^^^^^^^^^^^^^^^^^^^^^^^ rustdoc does not generate documentation for macro invocations
[INFO] [stdout]     |
[INFO] [stdout]     = help: to document an item produced by a macro, the macro must produce the documentation as part of its expansion
[INFO] [stdout] 
[INFO] [stdout] 
[INFO] [stdout] warning: unused doc comment
[INFO] [stdout]    --> src/term.rs:197:5
[INFO] [stdout]     |
[INFO] [stdout] 197 |     /// stop showing output until the `start_output` char is reached.
[INFO] [stdout]     |     ^^^^^^^^^^^^^^^^^^^^^^^^^^^^^^^^^^^^^^^^^^^^^^^^^^^^^^^^^^^^^^^^^ rustdoc does not generate documentation for macro invocations
[INFO] [stdout]     |
[INFO] [stdout]     = help: to document an item produced by a macro, the macro must produce the documentation as part of its expansion
[INFO] [stdout] 
[INFO] [stdout] 
[INFO] [stdout] warning: unused doc comment
[INFO] [stdout]    --> src/term.rs:200:5
[INFO] [stdout]     |
[INFO] [stdout] 200 |     /// Set the character the will restart  output, ofter the `stop_output` char.
[INFO] [stdout]     |     ^^^^^^^^^^^^^^^^^^^^^^^^^^^^^^^^^^^^^^^^^^^^^^^^^^^^^^^^^^^^^^^^^^^^^^^^^^^^^ rustdoc does not generate documentation for macro invocations
[INFO] [stdout]     |
[INFO] [stdout]     = help: to document an item produced by a macro, the macro must produce the documentation as part of its expansion
[INFO] [stdout] 
[INFO] [stdout] 
[INFO] [stdout] warning: `...` range patterns are deprecated
[INFO] [stdout]    --> src/ansi.rs:133:24
[INFO] [stdout]     |
[INFO] [stdout] 133 |                     '0'...'9' => (),
[INFO] [stdout]     |                        ^^^ help: use `..=` for an inclusive range
[INFO] [stdout]     |
[INFO] [stdout]     = note: `#[warn(ellipsis_inclusive_range_patterns)]` on by default
[INFO] [stdout]     = warning: this is accepted in the current edition (Rust 2015) but is a hard error in Rust 2021!
[INFO] [stdout]     = note: for more information, see issue #80165 <https://github.com/rust-lang/rust/issues/80165>
[INFO] [stdout] 
[INFO] [stdout] 
[INFO] [stdout] warning: `...` range patterns are deprecated
[INFO] [stdout]    --> src/ansi.rs:184:16
[INFO] [stdout]     |
[INFO] [stdout] 184 |             '0'...'9' => Ok(Color::Index(
[INFO] [stdout]     |                ^^^ help: use `..=` for an inclusive range
[INFO] [stdout]     |
[INFO] [stdout]     = warning: this is accepted in the current edition (Rust 2015) but is a hard error in Rust 2021!
[INFO] [stdout]     = note: for more information, see issue #80165 <https://github.com/rust-lang/rust/issues/80165>
[INFO] [stdout] 
[INFO] [stdout] 
[INFO] [stdout] warning: `...` range patterns are deprecated
[INFO] [stdout]    --> src/ansi.rs:211:27
[INFO] [stdout]     |
[INFO] [stdout] 211 |         Color::Index(x @ 0...7) => write!(w, "\x1b[{}m", x + 30),
[INFO] [stdout]     |                           ^^^ help: use `..=` for an inclusive range
[INFO] [stdout]     |
[INFO] [stdout]     = warning: this is accepted in the current edition (Rust 2015) but is a hard error in Rust 2021!
[INFO] [stdout]     = note: for more information, see issue #80165 <https://github.com/rust-lang/rust/issues/80165>
[INFO] [stdout] 
[INFO] [stdout] 
[INFO] [stdout] warning: `...` range patterns are deprecated
[INFO] [stdout]    --> src/ansi.rs:212:27
[INFO] [stdout]     |
[INFO] [stdout] 212 |         Color::Index(x @ 8...15) => write!(w, "\x1b[{}m", x + 82),
[INFO] [stdout]     |                           ^^^ help: use `..=` for an inclusive range
[INFO] [stdout]     |
[INFO] [stdout]     = warning: this is accepted in the current edition (Rust 2015) but is a hard error in Rust 2021!
[INFO] [stdout]     = note: for more information, see issue #80165 <https://github.com/rust-lang/rust/issues/80165>
[INFO] [stdout] 
[INFO] [stdout] 
[INFO] [stdout] warning: `...` range patterns are deprecated
[INFO] [stdout]    --> src/ansi.rs:220:27
[INFO] [stdout]     |
[INFO] [stdout] 220 |         Color::Index(x @ 0...7) => write!(w, "\x1b[{}m", x + 40),
[INFO] [stdout]     |                           ^^^ help: use `..=` for an inclusive range
[INFO] [stdout]     |
[INFO] [stdout]     = warning: this is accepted in the current edition (Rust 2015) but is a hard error in Rust 2021!
[INFO] [stdout]     = note: for more information, see issue #80165 <https://github.com/rust-lang/rust/issues/80165>
[INFO] [stdout] 
[INFO] [stdout] 
[INFO] [stdout] warning: `...` range patterns are deprecated
[INFO] [stdout]    --> src/ansi.rs:221:27
[INFO] [stdout]     |
[INFO] [stdout] 221 |         Color::Index(x @ 8...15) => write!(w, "\x1b[{}m", x + 92),
[INFO] [stdout]     |                           ^^^ help: use `..=` for an inclusive range
[INFO] [stdout]     |
[INFO] [stdout]     = warning: this is accepted in the current edition (Rust 2015) but is a hard error in Rust 2021!
[INFO] [stdout]     = note: for more information, see issue #80165 <https://github.com/rust-lang/rust/issues/80165>
[INFO] [stdout] 
[INFO] [stdout] 
[INFO] [stdout] warning: trait objects without an explicit `dyn` are deprecated
[INFO] [stdout]   --> src/errors.rs:98:32
[INFO] [stdout]    |
[INFO] [stdout] 98 |     fn cause(&self) -> Option<&failure::Fail> {
[INFO] [stdout]    |                                ^^^^^^^^^^^^^ help: use `dyn`: `dyn failure::Fail`
[INFO] [stdout]    |
[INFO] [stdout]    = note: `#[warn(bare_trait_objects)]` on by default
[INFO] [stdout]    = warning: this is accepted in the current edition (Rust 2015) but is a hard error in Rust 2021!
[INFO] [stdout]    = note: for more information, see issue #80165 <https://github.com/rust-lang/rust/issues/80165>
[INFO] [stdout] 
[INFO] [stdout] 
[INFO] [stdout] warning: `...` range patterns are deprecated
[INFO] [stdout]    --> src/events.rs:246:14
[INFO] [stdout]     |
[INFO] [stdout] 246 |             0...8 | 10...12 | 14...26 | 28...31 => Key::Control((ch + 64) as char),
[INFO] [stdout]     |              ^^^ help: use `..=` for an inclusive range
[INFO] [stdout]     |
[INFO] [stdout]     = warning: this is accepted in the current edition (Rust 2015) but is a hard error in Rust 2021!
[INFO] [stdout]     = note: for more information, see issue #80165 <https://github.com/rust-lang/rust/issues/80165>
[INFO] [stdout] 
[INFO] [stdout] 
[INFO] [stdout] warning: `...` range patterns are deprecated
[INFO] [stdout]    --> src/events.rs:246:23
[INFO] [stdout]     |
[INFO] [stdout] 246 |             0...8 | 10...12 | 14...26 | 28...31 => Key::Control((ch + 64) as char),
[INFO] [stdout]     |                       ^^^ help: use `..=` for an inclusive range
[INFO] [stdout]     |
[INFO] [stdout]     = warning: this is accepted in the current edition (Rust 2015) but is a hard error in Rust 2021!
[INFO] [stdout]     = note: for more information, see issue #80165 <https://github.com/rust-lang/rust/issues/80165>
[INFO] [stdout] 
[INFO] [stdout] 
[INFO] [stdout] warning: `...` range patterns are deprecated
[INFO] [stdout]    --> src/events.rs:246:33
[INFO] [stdout]     |
[INFO] [stdout] 246 |             0...8 | 10...12 | 14...26 | 28...31 => Key::Control((ch + 64) as char),
[INFO] [stdout]     |                                 ^^^ help: use `..=` for an inclusive range
[INFO] [stdout]     |
[INFO] [stdout]     = warning: this is accepted in the current edition (Rust 2015) but is a hard error in Rust 2021!
[INFO] [stdout]     = note: for more information, see issue #80165 <https://github.com/rust-lang/rust/issues/80165>
[INFO] [stdout] 
[INFO] [stdout] 
[INFO] [stdout] warning: `...` range patterns are deprecated
[INFO] [stdout]    --> src/events.rs:246:43
[INFO] [stdout]     |
[INFO] [stdout] 246 |             0...8 | 10...12 | 14...26 | 28...31 => Key::Control((ch + 64) as char),
[INFO] [stdout]     |                                           ^^^ help: use `..=` for an inclusive range
[INFO] [stdout]     |
[INFO] [stdout]     = warning: this is accepted in the current edition (Rust 2015) but is a hard error in Rust 2021!
[INFO] [stdout]     = note: for more information, see issue #80165 <https://github.com/rust-lang/rust/issues/80165>
[INFO] [stdout] 
[INFO] [stdout] 
[INFO] [stdout] warning: `...` range patterns are deprecated
[INFO] [stdout]    --> src/events.rs:251:15
[INFO] [stdout]     |
[INFO] [stdout] 251 |             32...126 => Key::Char(ch as char),
[INFO] [stdout]     |               ^^^ help: use `..=` for an inclusive range
[INFO] [stdout]     |
[INFO] [stdout]     = warning: this is accepted in the current edition (Rust 2015) but is a hard error in Rust 2021!
[INFO] [stdout]     = note: for more information, see issue #80165 <https://github.com/rust-lang/rust/issues/80165>
[INFO] [stdout] 
[INFO] [stdout] 
[INFO] [stdout] warning: unnecessary parentheses around `if` condition
[INFO] [stdout]    --> src/term.rs:674:12
[INFO] [stdout]     |
[INFO] [stdout] 674 |         if (x > 0) {
[INFO] [stdout]     |            ^^^^^^^ help: remove these parentheses
[INFO] [stdout]     |
[INFO] [stdout]     = note: `#[warn(unused_parens)]` on by default
[INFO] [stdout] 
[INFO] [stdout] 
[INFO] [stdout] warning: unnecessary parentheses around `if` condition
[INFO] [stdout]    --> src/term.rs:678:19
[INFO] [stdout]     |
[INFO] [stdout] 678 |         } else if (x < 0) {
[INFO] [stdout]     |                   ^^^^^^^ help: remove these parentheses
[INFO] [stdout] 
[INFO] [stdout] 
[INFO] [stdout] warning: unnecessary parentheses around `if` condition
[INFO] [stdout]    --> src/term.rs:688:12
[INFO] [stdout]     |
[INFO] [stdout] 688 |         if (y > 0) {
[INFO] [stdout]     |            ^^^^^^^ help: remove these parentheses
[INFO] [stdout] 
[INFO] [stdout] 
[INFO] [stdout] warning: unnecessary parentheses around `if` condition
[INFO] [stdout]    --> src/term.rs:692:19
[INFO] [stdout]     |
[INFO] [stdout] 692 |         } else if (y < 0) {
[INFO] [stdout]     |                   ^^^^^^^ help: remove these parentheses
[INFO] [stdout] 
[INFO] [stdout] 
[INFO] [stdout] warning: trait objects without an explicit `dyn` are deprecated
[INFO] [stdout]    --> src/terminfo/errors.rs:100:32
[INFO] [stdout]     |
[INFO] [stdout] 100 |     fn cause(&self) -> Option<&failure::Fail> {
[INFO] [stdout]     |                                ^^^^^^^^^^^^^ help: use `dyn`: `dyn failure::Fail`
[INFO] [stdout]     |
[INFO] [stdout]     = warning: this is accepted in the current edition (Rust 2015) but is a hard error in Rust 2021!
[INFO] [stdout]     = note: for more information, see issue #80165 <https://github.com/rust-lang/rust/issues/80165>
[INFO] [stdout] 
[INFO] [stdout] 
[INFO] [stdout] warning: unused imports: `size_of`, `transmute`
[INFO] [stdout]  --> src/util.rs:6:16
[INFO] [stdout]   |
[INFO] [stdout] 6 | use std::mem::{size_of, transmute};
[INFO] [stdout]   |                ^^^^^^^  ^^^^^^^^^
[INFO] [stdout]   |
[INFO] [stdout]   = note: `#[warn(unused_imports)]` on by default
[INFO] [stdout] 
[INFO] [stdout] 
[INFO] [stdout] warning: unused import: `std::slice::from_raw_parts`
[INFO] [stdout]  --> src/util.rs:7:5
[INFO] [stdout]   |
[INFO] [stdout] 7 | use std::slice::from_raw_parts;
[INFO] [stdout]   |     ^^^^^^^^^^^^^^^^^^^^^^^^^^
[INFO] [stdout] 
[INFO] [stdout] 
[INFO] [stdout] warning: use of deprecated function `std::env::home_dir`: This function's behavior is unexpected and probably not what you want. Consider using a crate from crates.io instead.
[INFO] [stdout]   --> src/terminfo/mod.rs:31:30
[INFO] [stdout]    |
[INFO] [stdout] 31 |     if let Some(home) = env::home_dir() {
[INFO] [stdout]    |                              ^^^^^^^^
[INFO] [stdout]    |
[INFO] [stdout]    = note: `#[warn(deprecated)]` on by default
[INFO] [stdout] 
[INFO] [stdout] 
[INFO] [stdout] warning: unreachable pattern
[INFO] [stdout]    --> src/events.rs:248:13
[INFO] [stdout]     |
[INFO] [stdout] 248 |             10 | 13 => Key::Enter,
[INFO] [stdout]     |             ^^
[INFO] [stdout]     |
[INFO] [stdout]     = note: `#[warn(unreachable_patterns)]` on by default
[INFO] [stdout] 
[INFO] [stdout] 
[INFO] [stdout] warning: variable does not need to be mutable
[INFO] [stdout]    --> src/term.rs:701:31
[INFO] [stdout]     |
[INFO] [stdout] 701 |     pub fn default_background(mut self) -> Self {
[INFO] [stdout]     |                               ----^^^^
[INFO] [stdout]     |                               |
[INFO] [stdout]     |                               help: remove this `mut`
[INFO] [stdout]     |
[INFO] [stdout]     = note: `#[warn(unused_mut)]` on by default
[INFO] [stdout] 
[INFO] [stdout] 
[INFO] [stdout] warning: variable does not need to be mutable
[INFO] [stdout]    --> src/term.rs:705:31
[INFO] [stdout]     |
[INFO] [stdout] 705 |     pub fn default_foreground(mut self) -> Self {
[INFO] [stdout]     |                               ----^^^^
[INFO] [stdout]     |                               |
[INFO] [stdout]     |                               help: remove this `mut`
[INFO] [stdout] 
[INFO] [stdout] 
[INFO] [stdout] warning: associated function is never used: `write_u8`
[INFO] [stdout]    --> src/term.rs:419:8
[INFO] [stdout]     |
[INFO] [stdout] 419 |     fn write_u8(mut self, x: u8) -> Self {
[INFO] [stdout]     |        ^^^^^^^^
[INFO] [stdout]     |
[INFO] [stdout]     = note: `#[warn(dead_code)]` on by default
[INFO] [stdout] 
[INFO] [stdout] 
[INFO] [stdout] warning: unused `std::result::Result` that must be used
[INFO] [stdout]    --> src/term.rs:675:13
[INFO] [stdout]     |
[INFO] [stdout] 675 | /             self.exec(terminfo::ParmRightCursor)
[INFO] [stdout] 676 | |                 .map(|ctx| ctx.arg(x).write(&mut self))
[INFO] [stdout] 677 | |                 .map_err(|e| self.err = Some(e));
[INFO] [stdout]     | |_________________________________________________^
[INFO] [stdout]     |
[INFO] [stdout]     = note: `#[warn(unused_must_use)]` on by default
[INFO] [stdout]     = note: this `Result` may be an `Err` variant, which should be handled
[INFO] [stdout] 
[INFO] [stdout] 
[INFO] [stdout] warning: unused `std::result::Result` that must be used
[INFO] [stdout]    --> src/term.rs:679:13
[INFO] [stdout]     |
[INFO] [stdout] 679 | /             self.exec(terminfo::ParmLeftCursor)
[INFO] [stdout] 680 | |                 .map(|ctx| ctx.arg(-x).write(&mut self))
[INFO] [stdout] 681 | |                 .map_err(|e| self.err = Some(e));
[INFO] [stdout]     | |_________________________________________________^
[INFO] [stdout]     |
[INFO] [stdout]     = note: this `Result` may be an `Err` variant, which should be handled
[INFO] [stdout] 
[INFO] [stdout] 
[INFO] [stdout] warning: unused `std::result::Result` that must be used
[INFO] [stdout]    --> src/term.rs:689:13
[INFO] [stdout]     |
[INFO] [stdout] 689 | /             self.exec(terminfo::ParmUpCursor)
[INFO] [stdout] 690 | |                 .map(|ctx| ctx.arg(y).write(&mut self))
[INFO] [stdout] 691 | |                 .map_err(|e| self.err = Some(e));
[INFO] [stdout]     | |_________________________________________________^
[INFO] [stdout]     |
[INFO] [stdout]     = note: this `Result` may be an `Err` variant, which should be handled
[INFO] [stdout] 
[INFO] [stdout] 
[INFO] [stdout] warning: unused `std::result::Result` that must be used
[INFO] [stdout]    --> src/term.rs:693:13
[INFO] [stdout]     |
[INFO] [stdout] 693 | /             self.exec(terminfo::ParmDownCursor)
[INFO] [stdout] 694 | |                 .map(|ctx| ctx.arg(-y).write(&mut self))
[INFO] [stdout] 695 | |                 .map_err(|e| self.err = Some(e));
[INFO] [stdout]     | |_________________________________________________^
[INFO] [stdout]     |
[INFO] [stdout]     = note: this `Result` may be an `Err` variant, which should be handled
[INFO] [stdout] 
[INFO] [stdout] 
[INFO] [stdout] warning: unused `std::result::Result` that must be used
[INFO] [stdout]   --> src/terminfo/lang/executor.rs:52:9
[INFO] [stdout]    |
[INFO] [stdout] 52 |         self.env.write(&mut Parser::new(self.src), &mut w);
[INFO] [stdout]    |         ^^^^^^^^^^^^^^^^^^^^^^^^^^^^^^^^^^^^^^^^^^^^^^^^^^^
[INFO] [stdout]    |
[INFO] [stdout]    = note: this `Result` may be an `Err` variant, which should be handled
[INFO] [stdout] 
[INFO] [stdout] 
[INFO] [stdout] warning: 41 warnings emitted
[INFO] [stdout] 
[INFO] [stdout] 
[INFO] [stderr]     Finished dev [unoptimized + debuginfo] target(s) in 11.07s
[INFO] running `Command { std: "docker" "inspect" "84b4138de1adec3b6771fe973b4dd2065d908a2bac80fe52df839530bbb2d358", kill_on_drop: false }`
[INFO] running `Command { std: "docker" "rm" "-f" "84b4138de1adec3b6771fe973b4dd2065d908a2bac80fe52df839530bbb2d358", kill_on_drop: false }`
[INFO] [stdout] 84b4138de1adec3b6771fe973b4dd2065d908a2bac80fe52df839530bbb2d358
[INFO] running `Command { std: "docker" "create" "-v" "/var/lib/crater-agent-workspace/builds/worker-24/target:/opt/rustwide/target:rw,Z" "-v" "/var/lib/crater-agent-workspace/builds/worker-24/source:/opt/rustwide/workdir:ro,Z" "-v" "/var/lib/crater-agent-workspace/cargo-home:/opt/rustwide/cargo-home:ro,Z" "-v" "/var/lib/crater-agent-workspace/rustup-home:/opt/rustwide/rustup-home:ro,Z" "-e" "SOURCE_DIR=/opt/rustwide/workdir" "-e" "CARGO_TARGET_DIR=/opt/rustwide/target" "-e" "CARGO_INCREMENTAL=0" "-e" "RUST_BACKTRACE=full" "-e" "RUSTFLAGS=--cap-lints=warn" "-e" "CARGO_HOME=/opt/rustwide/cargo-home" "-e" "RUSTUP_HOME=/opt/rustwide/rustup-home" "-w" "/opt/rustwide/workdir" "-m" "1610612736" "--user" "0:0" "--network" "none" "ghcr.io/rust-lang/crates-build-env/linux@sha256:34b6a614d2c27851fe6cbf88fbd1137609cefab8b10d0615aaeb6fd47975d74e" "/opt/rustwide/cargo-home/bin/cargo" "+beta-2021-08-01" "test" "--frozen" "--no-run" "--message-format=json", kill_on_drop: false }`
[INFO] [stdout] 9fc30a90fa9fc50d2ac58879fe1ebddc5c4237069bf477c0c967650a5c8ed281
[INFO] running `Command { std: "docker" "start" "-a" "9fc30a90fa9fc50d2ac58879fe1ebddc5c4237069bf477c0c967650a5c8ed281", kill_on_drop: false }`
[INFO] [stdout] warning: unused doc comment
[INFO] [stdout]    --> src/term.rs:160:5
[INFO] [stdout]     |
[INFO] [stdout] 160 | /     /// Turn off canonical mode.
[INFO] [stdout] 161 | |     /// In non-canonical mode the terminal does perform line editing, the input buffer is 4096 characters long,
[INFO] [stdout] 162 | |     /// and timeouts may be set for input.
[INFO] [stdout]     | |_____-------------------------------------^
[INFO] [stdout]     |       |
[INFO] [stdout]     |       rustdoc does not generate documentation for macro invocations
[INFO] [stdout]     |
[INFO] [stdout]     = note: `#[warn(unused_doc_comments)]` on by default
[INFO] [stdout]     = help: to document an item produced by a macro, the macro must produce the documentation as part of its expansion
[INFO] [stdout] 
[INFO] [stdout] 
[INFO] [stdout] warning: unused doc comment
[INFO] [stdout]    --> src/term.rs:165:5
[INFO] [stdout]     |
[INFO] [stdout] 165 | /     /// Set the minimum number of characters for the `Term::read` function to return.
[INFO] [stdout] 166 | |     ///
[INFO] [stdout] 167 | |     /// __*non-canonical mode only__
[INFO] [stdout]     | |_____-------------------------------^
[INFO] [stdout]     |       |
[INFO] [stdout]     |       rustdoc does not generate documentation for macro invocations
[INFO] [stdout]     |
[INFO] [stdout]     = help: to document an item produced by a macro, the macro must produce the documentation as part of its expansion
[INFO] [stdout] 
[INFO] [stdout] 
[INFO] [stdout] warning: unused doc comment
[INFO] [stdout]    --> src/term.rs:170:5
[INFO] [stdout]     |
[INFO] [stdout] 170 | /     /// Set the maximum time the `Term::read` function will wait before returning (time in deciseconds)
[INFO] [stdout] 171 | |     ///
[INFO] [stdout] 172 | |     ///
[INFO] [stdout] 173 | |     /// __*non-canonical mode only__
[INFO] [stdout]     | |_____-------------------------------^
[INFO] [stdout]     |       |
[INFO] [stdout]     |       rustdoc does not generate documentation for macro invocations
[INFO] [stdout]     |
[INFO] [stdout]     = help: to document an item produced by a macro, the macro must produce the documentation as part of its expansion
[INFO] [stdout] 
[INFO] [stdout] 
[INFO] [stdout] warning: unused doc comment
[INFO] [stdout]    --> src/term.rs:176:5
[INFO] [stdout]     |
[INFO] [stdout] 176 |     /// Set the character that will signal the stdout buffer should be flushed.
[INFO] [stdout]     |     ^^^^^^^^^^^^^^^^^^^^^^^^^^^^^^^^^^^^^^^^^^^^^^^^^^^^^^^^^^^^^^^^^^^^^^^^^^^ rustdoc does not generate documentation for macro invocations
[INFO] [stdout]     |
[INFO] [stdout]     = help: to document an item produced by a macro, the macro must produce the documentation as part of its expansion
[INFO] [stdout] 
[INFO] [stdout] 
[INFO] [stdout] warning: unused doc comment
[INFO] [stdout]    --> src/term.rs:179:5
[INFO] [stdout]     |
[INFO] [stdout] 179 |     /// Set an extra end-of-line character
[INFO] [stdout]     |     ^^^^^^^^^^^^^^^^^^^^^^^^^^^^^^^^^^^^^^ rustdoc does not generate documentation for macro invocations
[INFO] [stdout]     |
[INFO] [stdout]     = help: to document an item produced by a macro, the macro must produce the documentation as part of its expansion
[INFO] [stdout] 
[INFO] [stdout] 
[INFO] [stdout] warning: unused doc comment
[INFO] [stdout]    --> src/term.rs:182:5
[INFO] [stdout]     |
[INFO] [stdout] 182 |     /// Set the erase char (typically it will be something like `DEL` by default)
[INFO] [stdout]     |     ^^^^^^^^^^^^^^^^^^^^^^^^^^^^^^^^^^^^^^^^^^^^^^^^^^^^^^^^^^^^^^^^^^^^^^^^^^^^^ rustdoc does not generate documentation for macro invocations
[INFO] [stdout]     |
[INFO] [stdout]     = help: to document an item produced by a macro, the macro must produce the documentation as part of its expansion
[INFO] [stdout] 
[INFO] [stdout] 
[INFO] [stdout] warning: unused doc comment
[INFO] [stdout]    --> src/term.rs:185:5
[INFO] [stdout]     |
[INFO] [stdout] 185 |     /// Set the interrupt char, when this character is read the running process will be sent `SIGINT`.
[INFO] [stdout]     |     ^^^^^^^^^^^^^^^^^^^^^^^^^^^^^^^^^^^^^^^^^^^^^^^^^^^^^^^^^^^^^^^^^^^^^^^^^^^^^^^^^^^^^^^^^^^^^^^^^^ rustdoc does not generate documentation for macro invocations
[INFO] [stdout]     |
[INFO] [stdout]     = help: to document an item produced by a macro, the macro must produce the documentation as part of its expansion
[INFO] [stdout] 
[INFO] [stdout] 
[INFO] [stdout] warning: unused doc comment
[INFO] [stdout]    --> src/term.rs:188:5
[INFO] [stdout]     |
[INFO] [stdout] 188 |     /// Set the suspend char, when this character is read the running process will be sent `SIGTSTP`.
[INFO] [stdout]     |     ^^^^^^^^^^^^^^^^^^^^^^^^^^^^^^^^^^^^^^^^^^^^^^^^^^^^^^^^^^^^^^^^^^^^^^^^^^^^^^^^^^^^^^^^^^^^^^^^^ rustdoc does not generate documentation for macro invocations
[INFO] [stdout]     |
[INFO] [stdout]     = help: to document an item produced by a macro, the macro must produce the documentation as part of its expansion
[INFO] [stdout] 
[INFO] [stdout] 
[INFO] [stdout] warning: unused doc comment
[INFO] [stdout]    --> src/term.rs:191:5
[INFO] [stdout]     |
[INFO] [stdout] 191 |     /// Set the kill char, when this character is read the running process will be sent `SIGKILL`.
[INFO] [stdout]     |     ^^^^^^^^^^^^^^^^^^^^^^^^^^^^^^^^^^^^^^^^^^^^^^^^^^^^^^^^^^^^^^^^^^^^^^^^^^^^^^^^^^^^^^^^^^^^^^ rustdoc does not generate documentation for macro invocations
[INFO] [stdout]     |
[INFO] [stdout]     = help: to document an item produced by a macro, the macro must produce the documentation as part of its expansion
[INFO] [stdout] 
[INFO] [stdout] 
[INFO] [stdout] warning: unused doc comment
[INFO] [stdout]    --> src/term.rs:194:5
[INFO] [stdout]     |
[INFO] [stdout] 194 |     /// Set the quit char, when this character is read the running process will be sent `SIGQUIT`.
[INFO] [stdout]     |     ^^^^^^^^^^^^^^^^^^^^^^^^^^^^^^^^^^^^^^^^^^^^^^^^^^^^^^^^^^^^^^^^^^^^^^^^^^^^^^^^^^^^^^^^^^^^^^ rustdoc does not generate documentation for macro invocations
[INFO] [stdout]     |
[INFO] [stdout]     = help: to document an item produced by a macro, the macro must produce the documentation as part of its expansion
[INFO] [stdout] 
[INFO] [stdout] 
[INFO] [stdout] warning: unused doc comment
[INFO] [stdout]    --> src/term.rs:197:5
[INFO] [stdout]     |
[INFO] [stdout] 197 |     /// stop showing output until the `start_output` char is reached.
[INFO] [stdout]     |     ^^^^^^^^^^^^^^^^^^^^^^^^^^^^^^^^^^^^^^^^^^^^^^^^^^^^^^^^^^^^^^^^^ rustdoc does not generate documentation for macro invocations
[INFO] [stdout]     |
[INFO] [stdout]     = help: to document an item produced by a macro, the macro must produce the documentation as part of its expansion
[INFO] [stdout] 
[INFO] [stdout] 
[INFO] [stdout] warning: unused doc comment
[INFO] [stdout]    --> src/term.rs:200:5
[INFO] [stdout]     |
[INFO] [stdout] 200 |     /// Set the character the will restart  output, ofter the `stop_output` char.
[INFO] [stdout]     |     ^^^^^^^^^^^^^^^^^^^^^^^^^^^^^^^^^^^^^^^^^^^^^^^^^^^^^^^^^^^^^^^^^^^^^^^^^^^^^ rustdoc does not generate documentation for macro invocations
[INFO] [stdout]     |
[INFO] [stdout]     = help: to document an item produced by a macro, the macro must produce the documentation as part of its expansion
[INFO] [stdout] 
[INFO] [stdout] 
[INFO] [stdout] warning: `...` range patterns are deprecated
[INFO] [stdout]    --> src/ansi.rs:133:24
[INFO] [stdout]     |
[INFO] [stdout] 133 |                     '0'...'9' => (),
[INFO] [stdout]     |                        ^^^ help: use `..=` for an inclusive range
[INFO] [stdout]     |
[INFO] [stdout]     = note: `#[warn(ellipsis_inclusive_range_patterns)]` on by default
[INFO] [stdout]     = warning: this is accepted in the current edition (Rust 2015) but is a hard error in Rust 2021!
[INFO] [stdout]     = note: for more information, see issue #80165 <https://github.com/rust-lang/rust/issues/80165>
[INFO] [stdout] 
[INFO] [stdout] 
[INFO] [stdout] warning: `...` range patterns are deprecated
[INFO] [stdout]    --> src/ansi.rs:184:16
[INFO] [stdout]     |
[INFO] [stdout] 184 |             '0'...'9' => Ok(Color::Index(
[INFO] [stdout]     |                ^^^ help: use `..=` for an inclusive range
[INFO] [stdout]     |
[INFO] [stdout]     = warning: this is accepted in the current edition (Rust 2015) but is a hard error in Rust 2021!
[INFO] [stdout]     = note: for more information, see issue #80165 <https://github.com/rust-lang/rust/issues/80165>
[INFO] [stdout] 
[INFO] [stdout] 
[INFO] [stdout] warning: `...` range patterns are deprecated
[INFO] [stdout]    --> src/ansi.rs:211:27
[INFO] [stdout]     |
[INFO] [stdout] 211 |         Color::Index(x @ 0...7) => write!(w, "\x1b[{}m", x + 30),
[INFO] [stdout]     |                           ^^^ help: use `..=` for an inclusive range
[INFO] [stdout]     |
[INFO] [stdout]     = warning: this is accepted in the current edition (Rust 2015) but is a hard error in Rust 2021!
[INFO] [stdout]     = note: for more information, see issue #80165 <https://github.com/rust-lang/rust/issues/80165>
[INFO] [stdout] 
[INFO] [stdout] 
[INFO] [stdout] warning: `...` range patterns are deprecated
[INFO] [stdout]    --> src/ansi.rs:212:27
[INFO] [stdout]     |
[INFO] [stdout] 212 |         Color::Index(x @ 8...15) => write!(w, "\x1b[{}m", x + 82),
[INFO] [stdout]     |                           ^^^ help: use `..=` for an inclusive range
[INFO] [stdout]     |
[INFO] [stdout]     = warning: this is accepted in the current edition (Rust 2015) but is a hard error in Rust 2021!
[INFO] [stdout]     = note: for more information, see issue #80165 <https://github.com/rust-lang/rust/issues/80165>
[INFO] [stdout] 
[INFO] [stdout] 
[INFO] [stdout] warning: `...` range patterns are deprecated
[INFO] [stdout]    --> src/ansi.rs:220:27
[INFO] [stdout]     |
[INFO] [stdout] 220 |         Color::Index(x @ 0...7) => write!(w, "\x1b[{}m", x + 40),
[INFO] [stdout]     |                           ^^^ help: use `..=` for an inclusive range
[INFO] [stdout]     |
[INFO] [stdout]     = warning: this is accepted in the current edition (Rust 2015) but is a hard error in Rust 2021!
[INFO] [stdout]     = note: for more information, see issue #80165 <https://github.com/rust-lang/rust/issues/80165>
[INFO] [stdout] 
[INFO] [stdout] 
[INFO] [stdout] warning: `...` range patterns are deprecated
[INFO] [stdout]    --> src/ansi.rs:221:27
[INFO] [stdout]     |
[INFO] [stdout] 221 |         Color::Index(x @ 8...15) => write!(w, "\x1b[{}m", x + 92),
[INFO] [stdout]     |                           ^^^ help: use `..=` for an inclusive range
[INFO] [stdout]     |
[INFO] [stdout]     = warning: this is accepted in the current edition (Rust 2015) but is a hard error in Rust 2021!
[INFO] [stdout]     = note: for more information, see issue #80165 <https://github.com/rust-lang/rust/issues/80165>
[INFO] [stdout] 
[INFO] [stdout] 
[INFO] [stdout] warning: trait objects without an explicit `dyn` are deprecated
[INFO] [stdout]   --> src/errors.rs:98:32
[INFO] [stdout]    |
[INFO] [stdout] 98 |     fn cause(&self) -> Option<&failure::Fail> {
[INFO] [stdout]    |                                ^^^^^^^^^^^^^ help: use `dyn`: `dyn failure::Fail`
[INFO] [stdout]    |
[INFO] [stdout]    = note: `#[warn(bare_trait_objects)]` on by default
[INFO] [stdout]    = warning: this is accepted in the current edition (Rust 2015) but is a hard error in Rust 2021!
[INFO] [stdout]    = note: for more information, see issue #80165 <https://github.com/rust-lang/rust/issues/80165>
[INFO] [stdout] 
[INFO] [stdout] 
[INFO] [stdout] warning: `...` range patterns are deprecated
[INFO] [stdout]    --> src/events.rs:246:14
[INFO] [stdout]     |
[INFO] [stdout] 246 |             0...8 | 10...12 | 14...26 | 28...31 => Key::Control((ch + 64) as char),
[INFO] [stdout]     |              ^^^ help: use `..=` for an inclusive range
[INFO] [stdout]     |
[INFO] [stdout]     = warning: this is accepted in the current edition (Rust 2015) but is a hard error in Rust 2021!
[INFO] [stdout]     = note: for more information, see issue #80165 <https://github.com/rust-lang/rust/issues/80165>
[INFO] [stdout] 
[INFO] [stdout] 
[INFO] [stdout] warning: `...` range patterns are deprecated
[INFO] [stdout]    --> src/events.rs:246:23
[INFO] [stdout]     |
[INFO] [stdout] 246 |             0...8 | 10...12 | 14...26 | 28...31 => Key::Control((ch + 64) as char),
[INFO] [stdout]     |                       ^^^ help: use `..=` for an inclusive range
[INFO] [stdout]     |
[INFO] [stdout]     = warning: this is accepted in the current edition (Rust 2015) but is a hard error in Rust 2021!
[INFO] [stdout]     = note: for more information, see issue #80165 <https://github.com/rust-lang/rust/issues/80165>
[INFO] [stdout] 
[INFO] [stdout] 
[INFO] [stdout] warning: `...` range patterns are deprecated
[INFO] [stdout]    --> src/events.rs:246:33
[INFO] [stdout]     |
[INFO] [stdout] 246 |             0...8 | 10...12 | 14...26 | 28...31 => Key::Control((ch + 64) as char),
[INFO] [stdout]     |                                 ^^^ help: use `..=` for an inclusive range
[INFO] [stdout]     |
[INFO] [stdout]     = warning: this is accepted in the current edition (Rust 2015) but is a hard error in Rust 2021!
[INFO] [stdout]     = note: for more information, see issue #80165 <https://github.com/rust-lang/rust/issues/80165>
[INFO] [stdout] 
[INFO] [stdout] 
[INFO] [stdout] warning: `...` range patterns are deprecated
[INFO] [stdout]    --> src/events.rs:246:43
[INFO] [stdout]     |
[INFO] [stdout] 246 |             0...8 | 10...12 | 14...26 | 28...31 => Key::Control((ch + 64) as char),
[INFO] [stdout]     |                                           ^^^ help: use `..=` for an inclusive range
[INFO] [stdout]     |
[INFO] [stdout]     = warning: this is accepted in the current edition (Rust 2015) but is a hard error in Rust 2021!
[INFO] [stdout]     = note: for more information, see issue #80165 <https://github.com/rust-lang/rust/issues/80165>
[INFO] [stdout] 
[INFO] [stdout] 
[INFO] [stdout] warning: `...` range patterns are deprecated
[INFO] [stdout]    --> src/events.rs:251:15
[INFO] [stdout]     |
[INFO] [stdout] 251 |             32...126 => Key::Char(ch as char),
[INFO] [stdout]     |               ^^^ help: use `..=` for an inclusive range
[INFO] [stdout]     |
[INFO] [stdout]     = warning: this is accepted in the current edition (Rust 2015) but is a hard error in Rust 2021!
[INFO] [stdout]     = note: for more information, see issue #80165 <https://github.com/rust-lang/rust/issues/80165>
[INFO] [stdout] 
[INFO] [stdout] 
[INFO] [stdout] warning: unnecessary parentheses around `if` condition
[INFO] [stdout]    --> src/term.rs:674:12
[INFO] [stdout]     |
[INFO] [stdout] 674 |         if (x > 0) {
[INFO] [stdout]     |            ^^^^^^^ help: remove these parentheses
[INFO] [stdout]     |
[INFO] [stdout]     = note: `#[warn(unused_parens)]` on by default
[INFO] [stdout] 
[INFO] [stdout] 
[INFO] [stdout] warning: unnecessary parentheses around `if` condition
[INFO] [stdout]    --> src/term.rs:678:19
[INFO] [stdout]     |
[INFO] [stdout] 678 |         } else if (x < 0) {
[INFO] [stdout]     |                   ^^^^^^^ help: remove these parentheses
[INFO] [stdout] 
[INFO] [stdout] 
[INFO] [stdout] warning: unnecessary parentheses around `if` condition
[INFO] [stdout]    --> src/term.rs:688:12
[INFO] [stdout]     |
[INFO] [stdout] 688 |         if (y > 0) {
[INFO] [stdout]     |            ^^^^^^^ help: remove these parentheses
[INFO] [stdout] 
[INFO] [stdout] 
[INFO] [stdout] warning: unnecessary parentheses around `if` condition
[INFO] [stdout]    --> src/term.rs:692:19
[INFO] [stdout]     |
[INFO] [stdout] 692 |         } else if (y < 0) {
[INFO] [stdout]     |                   ^^^^^^^ help: remove these parentheses
[INFO] [stdout] 
[INFO] [stdout] 
[INFO] [stdout] warning: trait objects without an explicit `dyn` are deprecated
[INFO] [stdout]    --> src/terminfo/errors.rs:100:32
[INFO] [stdout]     |
[INFO] [stdout] 100 |     fn cause(&self) -> Option<&failure::Fail> {
[INFO] [stdout]     |                                ^^^^^^^^^^^^^ help: use `dyn`: `dyn failure::Fail`
[INFO] [stdout]     |
[INFO] [stdout]     = warning: this is accepted in the current edition (Rust 2015) but is a hard error in Rust 2021!
[INFO] [stdout]     = note: for more information, see issue #80165 <https://github.com/rust-lang/rust/issues/80165>
[INFO] [stdout] 
[INFO] [stdout] 
[INFO] [stdout] warning: unused imports: `size_of`, `transmute`
[INFO] [stdout]  --> src/util.rs:6:16
[INFO] [stdout]   |
[INFO] [stdout] 6 | use std::mem::{size_of, transmute};
[INFO] [stdout]   |                ^^^^^^^  ^^^^^^^^^
[INFO] [stdout]   |
[INFO] [stdout]   = note: `#[warn(unused_imports)]` on by default
[INFO] [stdout] 
[INFO] [stdout] 
[INFO] [stdout] warning: unused import: `std::slice::from_raw_parts`
[INFO] [stdout]  --> src/util.rs:7:5
[INFO] [stdout]   |
[INFO] [stdout] 7 | use std::slice::from_raw_parts;
[INFO] [stdout]   |     ^^^^^^^^^^^^^^^^^^^^^^^^^^
[INFO] [stdout] 
[INFO] [stdout] 
[INFO] [stdout] warning: use of deprecated function `std::env::home_dir`: This function's behavior is unexpected and probably not what you want. Consider using a crate from crates.io instead.
[INFO] [stdout]   --> src/terminfo/mod.rs:31:30
[INFO] [stdout]    |
[INFO] [stdout] 31 |     if let Some(home) = env::home_dir() {
[INFO] [stdout]    |                              ^^^^^^^^
[INFO] [stdout]    |
[INFO] [stdout]    = note: `#[warn(deprecated)]` on by default
[INFO] [stdout] 
[INFO] [stdout] 
[INFO] [stdout] warning: unreachable pattern
[INFO] [stdout]    --> src/events.rs:248:13
[INFO] [stdout]     |
[INFO] [stdout] 248 |             10 | 13 => Key::Enter,
[INFO] [stdout]     |             ^^
[INFO] [stdout]     |
[INFO] [stdout]     = note: `#[warn(unreachable_patterns)]` on by default
[INFO] [stdout] 
[INFO] [stdout] 
[INFO] [stdout] warning: variable does not need to be mutable
[INFO] [stdout]    --> src/term.rs:701:31
[INFO] [stdout]     |
[INFO] [stdout] 701 |     pub fn default_background(mut self) -> Self {
[INFO] [stdout]     |                               ----^^^^
[INFO] [stdout]     |                               |
[INFO] [stdout]     |                               help: remove this `mut`
[INFO] [stdout]     |
[INFO] [stdout]     = note: `#[warn(unused_mut)]` on by default
[INFO] [stdout] 
[INFO] [stdout] 
[INFO] [stdout] warning: variable does not need to be mutable
[INFO] [stdout]    --> src/term.rs:705:31
[INFO] [stdout]     |
[INFO] [stdout] 705 |     pub fn default_foreground(mut self) -> Self {
[INFO] [stdout]     |                               ----^^^^
[INFO] [stdout]     |                               |
[INFO] [stdout]     |                               help: remove this `mut`
[INFO] [stdout] 
[INFO] [stdout] 
[INFO] [stdout] warning: associated function is never used: `write_u8`
[INFO] [stdout]    --> src/term.rs:419:8
[INFO] [stdout]     |
[INFO] [stdout] 419 |     fn write_u8(mut self, x: u8) -> Self {
[INFO] [stdout]     |        ^^^^^^^^
[INFO] [stdout]     |
[INFO] [stdout]     = note: `#[warn(dead_code)]` on by default
[INFO] [stdout] 
[INFO] [stdout] 
[INFO] [stdout] warning: unused `std::result::Result` that must be used
[INFO] [stdout]    --> src/term.rs:675:13
[INFO] [stdout]     |
[INFO] [stdout] 675 | /             self.exec(terminfo::ParmRightCursor)
[INFO] [stdout] 676 | |                 .map(|ctx| ctx.arg(x).write(&mut self))
[INFO] [stdout] 677 | |                 .map_err(|e| self.err = Some(e));
[INFO] [stdout]     | |_________________________________________________^
[INFO] [stdout]     |
[INFO] [stdout]     = note: `#[warn(unused_must_use)]` on by default
[INFO] [stdout]     = note: this `Result` may be an `Err` variant, which should be handled
[INFO] [stdout] 
[INFO] [stdout] 
[INFO] [stdout] warning: unused `std::result::Result` that must be used
[INFO] [stdout]    --> src/term.rs:679:13
[INFO] [stdout]     |
[INFO] [stdout] 679 | /             self.exec(terminfo::ParmLeftCursor)
[INFO] [stdout] 680 | |                 .map(|ctx| ctx.arg(-x).write(&mut self))
[INFO] [stdout] 681 | |                 .map_err(|e| self.err = Some(e));
[INFO] [stdout]     | |_________________________________________________^
[INFO] [stdout]     |
[INFO] [stdout]     = note: this `Result` may be an `Err` variant, which should be handled
[INFO] [stdout] 
[INFO] [stdout] 
[INFO] [stdout] warning: unused `std::result::Result` that must be used
[INFO] [stdout]    --> src/term.rs:689:13
[INFO] [stdout]     |
[INFO] [stdout] 689 | /             self.exec(terminfo::ParmUpCursor)
[INFO] [stdout] 690 | |                 .map(|ctx| ctx.arg(y).write(&mut self))
[INFO] [stdout] 691 | |                 .map_err(|e| self.err = Some(e));
[INFO] [stdout]     | |_________________________________________________^
[INFO] [stdout]     |
[INFO] [stdout]     = note: this `Result` may be an `Err` variant, which should be handled
[INFO] [stdout] 
[INFO] [stdout] 
[INFO] [stdout] warning: unused `std::result::Result` that must be used
[INFO] [stdout]    --> src/term.rs:693:13
[INFO] [stdout]     |
[INFO] [stdout] 693 | /             self.exec(terminfo::ParmDownCursor)
[INFO] [stdout] 694 | |                 .map(|ctx| ctx.arg(-y).write(&mut self))
[INFO] [stdout] 695 | |                 .map_err(|e| self.err = Some(e));
[INFO] [stdout]     | |_________________________________________________^
[INFO] [stdout]     |
[INFO] [stdout]     = note: this `Result` may be an `Err` variant, which should be handled
[INFO] [stdout] 
[INFO] [stdout] 
[INFO] [stdout] warning: unused `std::result::Result` that must be used
[INFO] [stdout]   --> src/terminfo/lang/executor.rs:52:9
[INFO] [stdout]    |
[INFO] [stdout] 52 |         self.env.write(&mut Parser::new(self.src), &mut w);
[INFO] [stdout]    |         ^^^^^^^^^^^^^^^^^^^^^^^^^^^^^^^^^^^^^^^^^^^^^^^^^^^
[INFO] [stdout]    |
[INFO] [stdout]    = note: this `Result` may be an `Err` variant, which should be handled
[INFO] [stdout] 
[INFO] [stdout] 
[INFO] [stderr]    Compiling nixterm v0.1.2 (/opt/rustwide/workdir)
[INFO] [stdout] warning: 41 warnings emitted
[INFO] [stdout] 
[INFO] [stdout] 
[INFO] [stdout] warning: unused `Result` that must be used
[INFO] [stdout]   --> examples/term.rs:38:5
[INFO] [stdout]    |
[INFO] [stdout] 38 |     term.println("");
[INFO] [stdout]    |     ^^^^^^^^^^^^^^^^^
[INFO] [stdout]    |
[INFO] [stdout]    = note: `#[warn(unused_must_use)]` on by default
[INFO] [stdout]    = note: this `Result` may be an `Err` variant, which should be handled
[INFO] [stdout] 
[INFO] [stdout] 
[INFO] [stdout] warning: unused `Result` that must be used
[INFO] [stdout]   --> examples/term.rs:51:5
[INFO] [stdout]    |
[INFO] [stdout] 51 |     term.println("");
[INFO] [stdout]    |     ^^^^^^^^^^^^^^^^^
[INFO] [stdout]    |
[INFO] [stdout]    = note: this `Result` may be an `Err` variant, which should be handled
[INFO] [stdout] 
[INFO] [stdout] 
[INFO] [stdout] warning: unused `Result` that must be used
[INFO] [stdout]   --> examples/term.rs:52:5
[INFO] [stdout]    |
[INFO] [stdout] 52 |     term.println("");
[INFO] [stdout]    |     ^^^^^^^^^^^^^^^^^
[INFO] [stdout]    |
[INFO] [stdout]    = note: this `Result` may be an `Err` variant, which should be handled
[INFO] [stdout] 
[INFO] [stdout] 
[INFO] [stdout] warning: unused doc comment
[INFO] [stdout]    --> src/term.rs:160:5
[INFO] [stdout]     |
[INFO] [stdout] 160 | /     /// Turn off canonical mode.
[INFO] [stdout] 161 | |     /// In non-canonical mode the terminal does perform line editing, the input buffer is 4096 characters long,
[INFO] [stdout] 162 | |     /// and timeouts may be set for input.
[INFO] [stdout]     | |_____-------------------------------------^
[INFO] [stdout]     |       |
[INFO] [stdout]     |       rustdoc does not generate documentation for macro invocations
[INFO] [stdout]     |
[INFO] [stdout]     = note: `#[warn(unused_doc_comments)]` on by default
[INFO] [stdout]     = help: to document an item produced by a macro, the macro must produce the documentation as part of its expansion
[INFO] [stdout] 
[INFO] [stdout] 
[INFO] [stdout] warning: unused doc comment
[INFO] [stdout]    --> src/term.rs:165:5
[INFO] [stdout]     |
[INFO] [stdout] 165 | /     /// Set the minimum number of characters for the `Term::read` function to return.
[INFO] [stdout] 166 | |     ///
[INFO] [stdout] 167 | |     /// __*non-canonical mode only__
[INFO] [stdout]     | |_____-------------------------------^
[INFO] [stdout]     |       |
[INFO] [stdout]     |       rustdoc does not generate documentation for macro invocations
[INFO] [stdout]     |
[INFO] [stdout]     = help: to document an item produced by a macro, the macro must produce the documentation as part of its expansion
[INFO] [stdout] 
[INFO] [stdout] 
[INFO] [stdout] warning: unused doc comment
[INFO] [stdout]    --> src/term.rs:170:5
[INFO] [stdout]     |
[INFO] [stdout] 170 | /     /// Set the maximum time the `Term::read` function will wait before returning (time in deciseconds)
[INFO] [stdout] 171 | |     ///
[INFO] [stdout] 172 | |     ///
[INFO] [stdout] 173 | |     /// __*non-canonical mode only__
[INFO] [stdout]     | |_____-------------------------------^
[INFO] [stdout]     |       |
[INFO] [stdout]     |       rustdoc does not generate documentation for macro invocations
[INFO] [stdout]     |
[INFO] [stdout]     = help: to document an item produced by a macro, the macro must produce the documentation as part of its expansion
[INFO] [stdout] 
[INFO] [stdout] 
[INFO] [stdout] warning: unused doc comment
[INFO] [stdout]    --> src/term.rs:176:5
[INFO] [stdout]     |
[INFO] [stdout] 176 |     /// Set the character that will signal the stdout buffer should be flushed.
[INFO] [stdout]     |     ^^^^^^^^^^^^^^^^^^^^^^^^^^^^^^^^^^^^^^^^^^^^^^^^^^^^^^^^^^^^^^^^^^^^^^^^^^^ rustdoc does not generate documentation for macro invocations
[INFO] [stdout]     |
[INFO] [stdout]     = help: to document an item produced by a macro, the macro must produce the documentation as part of its expansion
[INFO] [stdout] 
[INFO] [stdout] 
[INFO] [stdout] warning: unused doc comment
[INFO] [stdout]    --> src/term.rs:179:5
[INFO] [stdout]     |
[INFO] [stdout] 179 |     /// Set an extra end-of-line character
[INFO] [stdout]     |     ^^^^^^^^^^^^^^^^^^^^^^^^^^^^^^^^^^^^^^ rustdoc does not generate documentation for macro invocations
[INFO] [stdout]     |
[INFO] [stdout]     = help: to document an item produced by a macro, the macro must produce the documentation as part of its expansion
[INFO] [stdout] 
[INFO] [stdout] 
[INFO] [stdout] warning: unused doc comment
[INFO] [stdout]    --> src/term.rs:182:5
[INFO] [stdout]     |
[INFO] [stdout] 182 |     /// Set the erase char (typically it will be something like `DEL` by default)
[INFO] [stdout]     |     ^^^^^^^^^^^^^^^^^^^^^^^^^^^^^^^^^^^^^^^^^^^^^^^^^^^^^^^^^^^^^^^^^^^^^^^^^^^^^ rustdoc does not generate documentation for macro invocations
[INFO] [stdout]     |
[INFO] [stdout]     = help: to document an item produced by a macro, the macro must produce the documentation as part of its expansion
[INFO] [stdout] 
[INFO] [stdout] 
[INFO] [stdout] warning: unused doc comment
[INFO] [stdout]    --> src/term.rs:185:5
[INFO] [stdout]     |
[INFO] [stdout] 185 |     /// Set the interrupt char, when this character is read the running process will be sent `SIGINT`.
[INFO] [stdout]     |     ^^^^^^^^^^^^^^^^^^^^^^^^^^^^^^^^^^^^^^^^^^^^^^^^^^^^^^^^^^^^^^^^^^^^^^^^^^^^^^^^^^^^^^^^^^^^^^^^^^ rustdoc does not generate documentation for macro invocations
[INFO] [stdout]     |
[INFO] [stdout]     = help: to document an item produced by a macro, the macro must produce the documentation as part of its expansion
[INFO] [stdout] 
[INFO] [stdout] 
[INFO] [stdout] warning: unused doc comment
[INFO] [stdout]    --> src/term.rs:188:5
[INFO] [stdout]     |
[INFO] [stdout] 188 |     /// Set the suspend char, when this character is read the running process will be sent `SIGTSTP`.
[INFO] [stdout]     |     ^^^^^^^^^^^^^^^^^^^^^^^^^^^^^^^^^^^^^^^^^^^^^^^^^^^^^^^^^^^^^^^^^^^^^^^^^^^^^^^^^^^^^^^^^^^^^^^^^ rustdoc does not generate documentation for macro invocations
[INFO] [stdout]     |
[INFO] [stdout]     = help: to document an item produced by a macro, the macro must produce the documentation as part of its expansion
[INFO] [stdout] 
[INFO] [stdout] 
[INFO] [stdout] warning: unused doc comment
[INFO] [stdout]    --> src/term.rs:191:5
[INFO] [stdout]     |
[INFO] [stdout] 191 |     /// Set the kill char, when this character is read the running process will be sent `SIGKILL`.
[INFO] [stdout]     |     ^^^^^^^^^^^^^^^^^^^^^^^^^^^^^^^^^^^^^^^^^^^^^^^^^^^^^^^^^^^^^^^^^^^^^^^^^^^^^^^^^^^^^^^^^^^^^^ rustdoc does not generate documentation for macro invocations
[INFO] [stdout]     |
[INFO] [stdout]     = help: to document an item produced by a macro, the macro must produce the documentation as part of its expansion
[INFO] [stdout] 
[INFO] [stdout] 
[INFO] [stdout] warning: unused doc comment
[INFO] [stdout]    --> src/term.rs:194:5
[INFO] [stdout]     |
[INFO] [stdout] 194 |     /// Set the quit char, when this character is read the running process will be sent `SIGQUIT`.
[INFO] [stdout]     |     ^^^^^^^^^^^^^^^^^^^^^^^^^^^^^^^^^^^^^^^^^^^^^^^^^^^^^^^^^^^^^^^^^^^^^^^^^^^^^^^^^^^^^^^^^^^^^^ rustdoc does not generate documentation for macro invocations
[INFO] [stdout]     |
[INFO] [stdout]     = help: to document an item produced by a macro, the macro must produce the documentation as part of its expansion
[INFO] [stdout] 
[INFO] [stdout] 
[INFO] [stdout] warning: unused doc comment
[INFO] [stdout]    --> src/term.rs:197:5
[INFO] [stdout]     |
[INFO] [stdout] 197 |     /// stop showing output until the `start_output` char is reached.
[INFO] [stdout]     |     ^^^^^^^^^^^^^^^^^^^^^^^^^^^^^^^^^^^^^^^^^^^^^^^^^^^^^^^^^^^^^^^^^ rustdoc does not generate documentation for macro invocations
[INFO] [stdout]     |
[INFO] [stdout]     = help: to document an item produced by a macro, the macro must produce the documentation as part of its expansion
[INFO] [stdout] 
[INFO] [stdout] 
[INFO] [stdout] warning: unused doc comment
[INFO] [stdout]    --> src/term.rs:200:5
[INFO] [stdout]     |
[INFO] [stdout] 200 |     /// Set the character the will restart  output, ofter the `stop_output` char.
[INFO] [stdout]     |     ^^^^^^^^^^^^^^^^^^^^^^^^^^^^^^^^^^^^^^^^^^^^^^^^^^^^^^^^^^^^^^^^^^^^^^^^^^^^^ rustdoc does not generate documentation for macro invocations
[INFO] [stdout]     |
[INFO] [stdout]     = help: to document an item produced by a macro, the macro must produce the documentation as part of its expansion
[INFO] [stdout] 
[INFO] [stdout] 
[INFO] [stdout] warning: `...` range patterns are deprecated
[INFO] [stdout]    --> src/ansi.rs:133:24
[INFO] [stdout]     |
[INFO] [stdout] 133 |                     '0'...'9' => (),
[INFO] [stdout]     |                        ^^^ help: use `..=` for an inclusive range
[INFO] [stdout]     |
[INFO] [stdout]     = note: `#[warn(ellipsis_inclusive_range_patterns)]` on by default
[INFO] [stdout]     = warning: this is accepted in the current edition (Rust 2015) but is a hard error in Rust 2021!
[INFO] [stdout]     = note: for more information, see issue #80165 <https://github.com/rust-lang/rust/issues/80165>
[INFO] [stdout] 
[INFO] [stdout] 
[INFO] [stdout] warning: `...` range patterns are deprecated
[INFO] [stdout]    --> src/ansi.rs:184:16
[INFO] [stdout]     |
[INFO] [stdout] 184 |             '0'...'9' => Ok(Color::Index(
[INFO] [stdout]     |                ^^^ help: use `..=` for an inclusive range
[INFO] [stdout]     |
[INFO] [stdout]     = warning: this is accepted in the current edition (Rust 2015) but is a hard error in Rust 2021!
[INFO] [stdout]     = note: for more information, see issue #80165 <https://github.com/rust-lang/rust/issues/80165>
[INFO] [stdout] 
[INFO] [stdout] 
[INFO] [stdout] warning: `...` range patterns are deprecated
[INFO] [stdout]    --> src/ansi.rs:211:27
[INFO] [stdout]     |
[INFO] [stdout] 211 |         Color::Index(x @ 0...7) => write!(w, "\x1b[{}m", x + 30),
[INFO] [stdout]     |                           ^^^ help: use `..=` for an inclusive range
[INFO] [stdout]     |
[INFO] [stdout]     = warning: this is accepted in the current edition (Rust 2015) but is a hard error in Rust 2021!
[INFO] [stdout]     = note: for more information, see issue #80165 <https://github.com/rust-lang/rust/issues/80165>
[INFO] [stdout] 
[INFO] [stdout] 
[INFO] [stdout] warning: `...` range patterns are deprecated
[INFO] [stdout]    --> src/ansi.rs:212:27
[INFO] [stdout]     |
[INFO] [stdout] 212 |         Color::Index(x @ 8...15) => write!(w, "\x1b[{}m", x + 82),
[INFO] [stdout]     |                           ^^^ help: use `..=` for an inclusive range
[INFO] [stdout]     |
[INFO] [stdout]     = warning: this is accepted in the current edition (Rust 2015) but is a hard error in Rust 2021!
[INFO] [stdout]     = note: for more information, see issue #80165 <https://github.com/rust-lang/rust/issues/80165>
[INFO] [stdout] 
[INFO] [stdout] 
[INFO] [stdout] warning: `...` range patterns are deprecated
[INFO] [stdout]    --> src/ansi.rs:220:27
[INFO] [stdout]     |
[INFO] [stdout] 220 |         Color::Index(x @ 0...7) => write!(w, "\x1b[{}m", x + 40),
[INFO] [stdout]     |                           ^^^ help: use `..=` for an inclusive range
[INFO] [stdout]     |
[INFO] [stdout]     = warning: this is accepted in the current edition (Rust 2015) but is a hard error in Rust 2021!
[INFO] [stdout]     = note: for more information, see issue #80165 <https://github.com/rust-lang/rust/issues/80165>
[INFO] [stdout] 
[INFO] [stdout] 
[INFO] [stdout] warning: `...` range patterns are deprecated
[INFO] [stdout]    --> src/ansi.rs:221:27
[INFO] [stdout]     |
[INFO] [stdout] 221 |         Color::Index(x @ 8...15) => write!(w, "\x1b[{}m", x + 92),
[INFO] [stdout]     |                           ^^^ help: use `..=` for an inclusive range
[INFO] [stdout]     |
[INFO] [stdout]     = warning: this is accepted in the current edition (Rust 2015) but is a hard error in Rust 2021!
[INFO] [stdout]     = note: for more information, see issue #80165 <https://github.com/rust-lang/rust/issues/80165>
[INFO] [stdout] 
[INFO] [stdout] 
[INFO] [stdout] warning: trait objects without an explicit `dyn` are deprecated
[INFO] [stdout]   --> src/errors.rs:98:32
[INFO] [stdout]    |
[INFO] [stdout] 98 |     fn cause(&self) -> Option<&failure::Fail> {
[INFO] [stdout]    |                                ^^^^^^^^^^^^^ help: use `dyn`: `dyn failure::Fail`
[INFO] [stdout]    |
[INFO] [stdout]    = note: `#[warn(bare_trait_objects)]` on by default
[INFO] [stdout]    = warning: this is accepted in the current edition (Rust 2015) but is a hard error in Rust 2021!
[INFO] [stdout]    = note: for more information, see issue #80165 <https://github.com/rust-lang/rust/issues/80165>
[INFO] [stdout] 
[INFO] [stdout] 
[INFO] [stdout] warning: `...` range patterns are deprecated
[INFO] [stdout]    --> src/events.rs:246:14
[INFO] [stdout]     |
[INFO] [stdout] 246 |             0...8 | 10...12 | 14...26 | 28...31 => Key::Control((ch + 64) as char),
[INFO] [stdout]     |              ^^^ help: use `..=` for an inclusive range
[INFO] [stdout]     |
[INFO] [stdout]     = warning: this is accepted in the current edition (Rust 2015) but is a hard error in Rust 2021!
[INFO] [stdout]     = note: for more information, see issue #80165 <https://github.com/rust-lang/rust/issues/80165>
[INFO] [stdout] 
[INFO] [stdout] 
[INFO] [stdout] warning: `...` range patterns are deprecated
[INFO] [stdout]    --> src/events.rs:246:23
[INFO] [stdout]     |
[INFO] [stdout] 246 |             0...8 | 10...12 | 14...26 | 28...31 => Key::Control((ch + 64) as char),
[INFO] [stdout]     |                       ^^^ help: use `..=` for an inclusive range
[INFO] [stdout]     |
[INFO] [stdout]     = warning: this is accepted in the current edition (Rust 2015) but is a hard error in Rust 2021!
[INFO] [stdout]     = note: for more information, see issue #80165 <https://github.com/rust-lang/rust/issues/80165>
[INFO] [stdout] 
[INFO] [stdout] 
[INFO] [stdout] warning: `...` range patterns are deprecated
[INFO] [stdout]    --> src/events.rs:246:33
[INFO] [stdout]     |
[INFO] [stdout] 246 |             0...8 | 10...12 | 14...26 | 28...31 => Key::Control((ch + 64) as char),
[INFO] [stdout]     |                                 ^^^ help: use `..=` for an inclusive range
[INFO] [stdout]     |
[INFO] [stdout]     = warning: this is accepted in the current edition (Rust 2015) but is a hard error in Rust 2021!
[INFO] [stdout]     = note: for more information, see issue #80165 <https://github.com/rust-lang/rust/issues/80165>
[INFO] [stdout] 
[INFO] [stdout] 
[INFO] [stdout] warning: `...` range patterns are deprecated
[INFO] [stdout]    --> src/events.rs:246:43
[INFO] [stdout]     |
[INFO] [stdout] 246 |             0...8 | 10...12 | 14...26 | 28...31 => Key::Control((ch + 64) as char),
[INFO] [stdout]     |                                           ^^^ help: use `..=` for an inclusive range
[INFO] [stdout]     |
[INFO] [stdout]     = warning: this is accepted in the current edition (Rust 2015) but is a hard error in Rust 2021!
[INFO] [stdout]     = note: for more information, see issue #80165 <https://github.com/rust-lang/rust/issues/80165>
[INFO] [stdout] 
[INFO] [stdout] 
[INFO] [stdout] warning: `...` range patterns are deprecated
[INFO] [stdout]    --> src/events.rs:251:15
[INFO] [stdout]     |
[INFO] [stdout] 251 |             32...126 => Key::Char(ch as char),
[INFO] [stdout]     |               ^^^ help: use `..=` for an inclusive range
[INFO] [stdout]     |
[INFO] [stdout]     = warning: this is accepted in the current edition (Rust 2015) but is a hard error in Rust 2021!
[INFO] [stdout]     = note: for more information, see issue #80165 <https://github.com/rust-lang/rust/issues/80165>
[INFO] [stdout] 
[INFO] [stdout] 
[INFO] [stdout] warning: unnecessary parentheses around `if` condition
[INFO] [stdout]    --> src/term.rs:674:12
[INFO] [stdout]     |
[INFO] [stdout] 674 |         if (x > 0) {
[INFO] [stdout]     |            ^^^^^^^ help: remove these parentheses
[INFO] [stdout]     |
[INFO] [stdout]     = note: `#[warn(unused_parens)]` on by default
[INFO] [stdout] 
[INFO] [stdout] 
[INFO] [stdout] warning: unnecessary parentheses around `if` condition
[INFO] [stdout]    --> src/term.rs:678:19
[INFO] [stdout]     |
[INFO] [stdout] 678 |         } else if (x < 0) {
[INFO] [stdout]     |                   ^^^^^^^ help: remove these parentheses
[INFO] [stdout] 
[INFO] [stdout] 
[INFO] [stdout] warning: unnecessary parentheses around `if` condition
[INFO] [stdout]    --> src/term.rs:688:12
[INFO] [stdout]     |
[INFO] [stdout] 688 |         if (y > 0) {
[INFO] [stdout]     |            ^^^^^^^ help: remove these parentheses
[INFO] [stdout] 
[INFO] [stdout] 
[INFO] [stdout] warning: unnecessary parentheses around `if` condition
[INFO] [stdout]    --> src/term.rs:692:19
[INFO] [stdout]     |
[INFO] [stdout] 692 |         } else if (y < 0) {
[INFO] [stdout]     |                   ^^^^^^^ help: remove these parentheses
[INFO] [stdout] 
[INFO] [stdout] 
[INFO] [stdout] warning: trait objects without an explicit `dyn` are deprecated
[INFO] [stdout]    --> src/terminfo/errors.rs:100:32
[INFO] [stdout]     |
[INFO] [stdout] 100 |     fn cause(&self) -> Option<&failure::Fail> {
[INFO] [stdout]     |                                ^^^^^^^^^^^^^ help: use `dyn`: `dyn failure::Fail`
[INFO] [stdout]     |
[INFO] [stdout]     = warning: this is accepted in the current edition (Rust 2015) but is a hard error in Rust 2021!
[INFO] [stdout]     = note: for more information, see issue #80165 <https://github.com/rust-lang/rust/issues/80165>
[INFO] [stdout] 
[INFO] [stdout] 
[INFO] [stdout] warning: unused imports: `size_of`, `transmute`
[INFO] [stdout]  --> src/util.rs:6:16
[INFO] [stdout]   |
[INFO] [stdout] 6 | use std::mem::{size_of, transmute};
[INFO] [stdout]   |                ^^^^^^^  ^^^^^^^^^
[INFO] [stdout]   |
[INFO] [stdout]   = note: `#[warn(unused_imports)]` on by default
[INFO] [stdout] 
[INFO] [stdout] 
[INFO] [stdout] warning: unused import: `std::slice::from_raw_parts`
[INFO] [stdout]  --> src/util.rs:7:5
[INFO] [stdout]   |
[INFO] [stdout] 7 | use std::slice::from_raw_parts;
[INFO] [stdout]   |     ^^^^^^^^^^^^^^^^^^^^^^^^^^
[INFO] [stdout] 
[INFO] [stdout] 
[INFO] [stdout] warning: use of deprecated function `std::env::home_dir`: This function's behavior is unexpected and probably not what you want. Consider using a crate from crates.io instead.
[INFO] [stdout]   --> src/terminfo/mod.rs:31:30
[INFO] [stdout]    |
[INFO] [stdout] 31 |     if let Some(home) = env::home_dir() {
[INFO] [stdout]    |                              ^^^^^^^^
[INFO] [stdout]    |
[INFO] [stdout]    = note: `#[warn(deprecated)]` on by default
[INFO] [stdout] 
[INFO] [stdout] 
[INFO] [stdout] warning: unreachable pattern
[INFO] [stdout]    --> src/events.rs:248:13
[INFO] [stdout]     |
[INFO] [stdout] 248 |             10 | 13 => Key::Enter,
[INFO] [stdout]     |             ^^
[INFO] [stdout]     |
[INFO] [stdout]     = note: `#[warn(unreachable_patterns)]` on by default
[INFO] [stdout] 
[INFO] [stdout] 
[INFO] [stdout] warning: variable does not need to be mutable
[INFO] [stdout]    --> src/term.rs:701:31
[INFO] [stdout]     |
[INFO] [stdout] 701 |     pub fn default_background(mut self) -> Self {
[INFO] [stdout]     |                               ----^^^^
[INFO] [stdout]     |                               |
[INFO] [stdout]     |                               help: remove this `mut`
[INFO] [stdout]     |
[INFO] [stdout]     = note: `#[warn(unused_mut)]` on by default
[INFO] [stdout] 
[INFO] [stdout] 
[INFO] [stdout] warning: variable does not need to be mutable
[INFO] [stdout]    --> src/term.rs:705:31
[INFO] [stdout]     |
[INFO] [stdout] 705 |     pub fn default_foreground(mut self) -> Self {
[INFO] [stdout]     |                               ----^^^^
[INFO] [stdout]     |                               |
[INFO] [stdout]     |                               help: remove this `mut`
[INFO] [stdout] 
[INFO] [stdout] 
[INFO] [stdout] warning: 3 warnings emitted
[INFO] [stdout] 
[INFO] [stdout] 
[INFO] [stdout] warning: associated function is never used: `write_u8`
[INFO] [stdout]    --> src/term.rs:419:8
[INFO] [stdout]     |
[INFO] [stdout] 419 |     fn write_u8(mut self, x: u8) -> Self {
[INFO] [stdout]     |        ^^^^^^^^
[INFO] [stdout]     |
[INFO] [stdout]     = note: `#[warn(dead_code)]` on by default
[INFO] [stdout] 
[INFO] [stdout] 
[INFO] [stdout] warning: unused `std::result::Result` that must be used
[INFO] [stdout]    --> src/term.rs:675:13
[INFO] [stdout]     |
[INFO] [stdout] 675 | /             self.exec(terminfo::ParmRightCursor)
[INFO] [stdout] 676 | |                 .map(|ctx| ctx.arg(x).write(&mut self))
[INFO] [stdout] 677 | |                 .map_err(|e| self.err = Some(e));
[INFO] [stdout]     | |_________________________________________________^
[INFO] [stdout]     |
[INFO] [stdout]     = note: `#[warn(unused_must_use)]` on by default
[INFO] [stdout]     = note: this `Result` may be an `Err` variant, which should be handled
[INFO] [stdout] 
[INFO] [stdout] 
[INFO] [stdout] warning: unused `std::result::Result` that must be used
[INFO] [stdout]    --> src/term.rs:679:13
[INFO] [stdout]     |
[INFO] [stdout] 679 | /             self.exec(terminfo::ParmLeftCursor)
[INFO] [stdout] 680 | |                 .map(|ctx| ctx.arg(-x).write(&mut self))
[INFO] [stdout] 681 | |                 .map_err(|e| self.err = Some(e));
[INFO] [stdout]     | |_________________________________________________^
[INFO] [stdout]     |
[INFO] [stdout]     = note: this `Result` may be an `Err` variant, which should be handled
[INFO] [stdout] 
[INFO] [stdout] 
[INFO] [stdout] warning: unused `std::result::Result` that must be used
[INFO] [stdout]    --> src/term.rs:689:13
[INFO] [stdout]     |
[INFO] [stdout] 689 | /             self.exec(terminfo::ParmUpCursor)
[INFO] [stdout] 690 | |                 .map(|ctx| ctx.arg(y).write(&mut self))
[INFO] [stdout] 691 | |                 .map_err(|e| self.err = Some(e));
[INFO] [stdout]     | |_________________________________________________^
[INFO] [stdout]     |
[INFO] [stdout]     = note: this `Result` may be an `Err` variant, which should be handled
[INFO] [stdout] 
[INFO] [stdout] 
[INFO] [stdout] warning: unused `std::result::Result` that must be used
[INFO] [stdout]    --> src/term.rs:693:13
[INFO] [stdout]     |
[INFO] [stdout] 693 | /             self.exec(terminfo::ParmDownCursor)
[INFO] [stdout] 694 | |                 .map(|ctx| ctx.arg(-y).write(&mut self))
[INFO] [stdout] 695 | |                 .map_err(|e| self.err = Some(e));
[INFO] [stdout]     | |_________________________________________________^
[INFO] [stdout]     |
[INFO] [stdout]     = note: this `Result` may be an `Err` variant, which should be handled
[INFO] [stdout] 
[INFO] [stdout] 
[INFO] [stdout] warning: unused `std::result::Result` that must be used
[INFO] [stdout]   --> src/terminfo/lang/executor.rs:52:9
[INFO] [stdout]    |
[INFO] [stdout] 52 |         self.env.write(&mut Parser::new(self.src), &mut w);
[INFO] [stdout]    |         ^^^^^^^^^^^^^^^^^^^^^^^^^^^^^^^^^^^^^^^^^^^^^^^^^^^
[INFO] [stdout]    |
[INFO] [stdout]    = note: this `Result` may be an `Err` variant, which should be handled
[INFO] [stdout] 
[INFO] [stdout] 
[INFO] [stdout] warning: 41 warnings emitted
[INFO] [stdout] 
[INFO] [stdout] 
[INFO] [stderr]     Finished test [unoptimized + debuginfo] target(s) in 4.03s
[INFO] running `Command { std: "docker" "inspect" "9fc30a90fa9fc50d2ac58879fe1ebddc5c4237069bf477c0c967650a5c8ed281", kill_on_drop: false }`
[INFO] running `Command { std: "docker" "rm" "-f" "9fc30a90fa9fc50d2ac58879fe1ebddc5c4237069bf477c0c967650a5c8ed281", kill_on_drop: false }`
[INFO] [stdout] 9fc30a90fa9fc50d2ac58879fe1ebddc5c4237069bf477c0c967650a5c8ed281
[INFO] running `Command { std: "docker" "create" "-v" "/var/lib/crater-agent-workspace/builds/worker-24/target:/opt/rustwide/target:rw,Z" "-v" "/var/lib/crater-agent-workspace/builds/worker-24/source:/opt/rustwide/workdir:ro,Z" "-v" "/var/lib/crater-agent-workspace/cargo-home:/opt/rustwide/cargo-home:ro,Z" "-v" "/var/lib/crater-agent-workspace/rustup-home:/opt/rustwide/rustup-home:ro,Z" "-e" "SOURCE_DIR=/opt/rustwide/workdir" "-e" "CARGO_TARGET_DIR=/opt/rustwide/target" "-e" "CARGO_INCREMENTAL=0" "-e" "RUST_BACKTRACE=full" "-e" "RUSTFLAGS=--cap-lints=warn" "-e" "CARGO_HOME=/opt/rustwide/cargo-home" "-e" "RUSTUP_HOME=/opt/rustwide/rustup-home" "-w" "/opt/rustwide/workdir" "-m" "1610612736" "--user" "0:0" "--network" "none" "ghcr.io/rust-lang/crates-build-env/linux@sha256:34b6a614d2c27851fe6cbf88fbd1137609cefab8b10d0615aaeb6fd47975d74e" "/opt/rustwide/cargo-home/bin/cargo" "+beta-2021-08-01" "test" "--frozen", kill_on_drop: false }`
[INFO] [stdout] 54380db59af44c9250eae8643b653118ab1ef9efe401f2630b02d25f70af809d
[INFO] running `Command { std: "docker" "start" "-a" "54380db59af44c9250eae8643b653118ab1ef9efe401f2630b02d25f70af809d", kill_on_drop: false }`
[INFO] [stderr] warning: unused doc comment
[INFO] [stderr]    --> src/term.rs:160:5
[INFO] [stderr]     |
[INFO] [stderr] 160 | /     /// Turn off canonical mode.
[INFO] [stderr] 161 | |     /// In non-canonical mode the terminal does perform line editing, the input buffer is 4096 characters long,
[INFO] [stderr] 162 | |     /// and timeouts may be set for input.
[INFO] [stderr]     | |_____-------------------------------------^
[INFO] [stderr]     |       |
[INFO] [stderr]     |       rustdoc does not generate documentation for macro invocations
[INFO] [stderr]     |
[INFO] [stderr]     = note: `#[warn(unused_doc_comments)]` on by default
[INFO] [stderr]     = help: to document an item produced by a macro, the macro must produce the documentation as part of its expansion
[INFO] [stderr] 
[INFO] [stderr] warning: unused doc comment
[INFO] [stderr]    --> src/term.rs:165:5
[INFO] [stderr]     |
[INFO] [stderr] 165 | /     /// Set the minimum number of characters for the `Term::read` function to return.
[INFO] [stderr] 166 | |     ///
[INFO] [stderr] 167 | |     /// __*non-canonical mode only__
[INFO] [stderr]     | |_____-------------------------------^
[INFO] [stderr]     |       |
[INFO] [stderr]     |       rustdoc does not generate documentation for macro invocations
[INFO] [stderr]     |
[INFO] [stderr]     = help: to document an item produced by a macro, the macro must produce the documentation as part of its expansion
[INFO] [stderr] 
[INFO] [stderr] warning: unused doc comment
[INFO] [stderr]    --> src/term.rs:170:5
[INFO] [stderr]     |
[INFO] [stderr] 170 | /     /// Set the maximum time the `Term::read` function will wait before returning (time in deciseconds)
[INFO] [stderr] 171 | |     ///
[INFO] [stderr] 172 | |     ///
[INFO] [stderr] 173 | |     /// __*non-canonical mode only__
[INFO] [stderr]     | |_____-------------------------------^
[INFO] [stderr]     |       |
[INFO] [stderr]     |       rustdoc does not generate documentation for macro invocations
[INFO] [stderr]     |
[INFO] [stderr]     = help: to document an item produced by a macro, the macro must produce the documentation as part of its expansion
[INFO] [stderr] 
[INFO] [stderr] warning: unused doc comment
[INFO] [stderr]    --> src/term.rs:176:5
[INFO] [stderr]     |
[INFO] [stderr] 176 |     /// Set the character that will signal the stdout buffer should be flushed.
[INFO] [stderr]     |     ^^^^^^^^^^^^^^^^^^^^^^^^^^^^^^^^^^^^^^^^^^^^^^^^^^^^^^^^^^^^^^^^^^^^^^^^^^^ rustdoc does not generate documentation for macro invocations
[INFO] [stderr]     |
[INFO] [stderr]     = help: to document an item produced by a macro, the macro must produce the documentation as part of its expansion
[INFO] [stderr] 
[INFO] [stderr] warning: unused doc comment
[INFO] [stderr]    --> src/term.rs:179:5
[INFO] [stderr]     |
[INFO] [stderr] 179 |     /// Set an extra end-of-line character
[INFO] [stderr]     |     ^^^^^^^^^^^^^^^^^^^^^^^^^^^^^^^^^^^^^^ rustdoc does not generate documentation for macro invocations
[INFO] [stderr]     |
[INFO] [stderr]     = help: to document an item produced by a macro, the macro must produce the documentation as part of its expansion
[INFO] [stderr] 
[INFO] [stderr] warning: unused doc comment
[INFO] [stderr]    --> src/term.rs:182:5
[INFO] [stderr]     |
[INFO] [stderr] 182 |     /// Set the erase char (typically it will be something like `DEL` by default)
[INFO] [stderr]     |     ^^^^^^^^^^^^^^^^^^^^^^^^^^^^^^^^^^^^^^^^^^^^^^^^^^^^^^^^^^^^^^^^^^^^^^^^^^^^^ rustdoc does not generate documentation for macro invocations
[INFO] [stderr]     |
[INFO] [stderr]     = help: to document an item produced by a macro, the macro must produce the documentation as part of its expansion
[INFO] [stderr] 
[INFO] [stderr] warning: unused doc comment
[INFO] [stderr]    --> src/term.rs:185:5
[INFO] [stderr]     |
[INFO] [stderr] 185 |     /// Set the interrupt char, when this character is read the running process will be sent `SIGINT`.
[INFO] [stderr]     |     ^^^^^^^^^^^^^^^^^^^^^^^^^^^^^^^^^^^^^^^^^^^^^^^^^^^^^^^^^^^^^^^^^^^^^^^^^^^^^^^^^^^^^^^^^^^^^^^^^^ rustdoc does not generate documentation for macro invocations
[INFO] [stderr]     |
[INFO] [stderr]     = help: to document an item produced by a macro, the macro must produce the documentation as part of its expansion
[INFO] [stderr] 
[INFO] [stderr] warning: unused doc comment
[INFO] [stderr]    --> src/term.rs:188:5
[INFO] [stderr]     |
[INFO] [stderr] 188 |     /// Set the suspend char, when this character is read the running process will be sent `SIGTSTP`.
[INFO] [stderr]     |     ^^^^^^^^^^^^^^^^^^^^^^^^^^^^^^^^^^^^^^^^^^^^^^^^^^^^^^^^^^^^^^^^^^^^^^^^^^^^^^^^^^^^^^^^^^^^^^^^^ rustdoc does not generate documentation for macro invocations
[INFO] [stderr]     |
[INFO] [stderr]     = help: to document an item produced by a macro, the macro must produce the documentation as part of its expansion
[INFO] [stderr] 
[INFO] [stderr] warning: unused doc comment
[INFO] [stderr]    --> src/term.rs:191:5
[INFO] [stderr]     |
[INFO] [stderr] 191 |     /// Set the kill char, when this character is read the running process will be sent `SIGKILL`.
[INFO] [stderr]     |     ^^^^^^^^^^^^^^^^^^^^^^^^^^^^^^^^^^^^^^^^^^^^^^^^^^^^^^^^^^^^^^^^^^^^^^^^^^^^^^^^^^^^^^^^^^^^^^ rustdoc does not generate documentation for macro invocations
[INFO] [stderr]     |
[INFO] [stderr]     = help: to document an item produced by a macro, the macro must produce the documentation as part of its expansion
[INFO] [stderr] 
[INFO] [stderr] warning: unused doc comment
[INFO] [stderr]    --> src/term.rs:194:5
[INFO] [stderr]     |
[INFO] [stderr] 194 |     /// Set the quit char, when this character is read the running process will be sent `SIGQUIT`.
[INFO] [stderr]     |     ^^^^^^^^^^^^^^^^^^^^^^^^^^^^^^^^^^^^^^^^^^^^^^^^^^^^^^^^^^^^^^^^^^^^^^^^^^^^^^^^^^^^^^^^^^^^^^ rustdoc does not generate documentation for macro invocations
[INFO] [stderr]     |
[INFO] [stderr]     = help: to document an item produced by a macro, the macro must produce the documentation as part of its expansion
[INFO] [stderr] 
[INFO] [stderr] warning: unused doc comment
[INFO] [stderr]    --> src/term.rs:197:5
[INFO] [stderr]     |
[INFO] [stderr] 197 |     /// stop showing output until the `start_output` char is reached.
[INFO] [stderr]     |     ^^^^^^^^^^^^^^^^^^^^^^^^^^^^^^^^^^^^^^^^^^^^^^^^^^^^^^^^^^^^^^^^^ rustdoc does not generate documentation for macro invocations
[INFO] [stderr]     |
[INFO] [stderr]     = help: to document an item produced by a macro, the macro must produce the documentation as part of its expansion
[INFO] [stderr] 
[INFO] [stderr] warning: unused doc comment
[INFO] [stderr]    --> src/term.rs:200:5
[INFO] [stderr]     |
[INFO] [stderr] 200 |     /// Set the character the will restart  output, ofter the `stop_output` char.
[INFO] [stderr]     |     ^^^^^^^^^^^^^^^^^^^^^^^^^^^^^^^^^^^^^^^^^^^^^^^^^^^^^^^^^^^^^^^^^^^^^^^^^^^^^ rustdoc does not generate documentation for macro invocations
[INFO] [stderr]     |
[INFO] [stderr]     = help: to document an item produced by a macro, the macro must produce the documentation as part of its expansion
[INFO] [stderr] 
[INFO] [stderr] warning: `...` range patterns are deprecated
[INFO] [stderr]    --> src/ansi.rs:133:24
[INFO] [stderr]     |
[INFO] [stderr] 133 |                     '0'...'9' => (),
[INFO] [stderr]     |                        ^^^ help: use `..=` for an inclusive range
[INFO] [stderr]     |
[INFO] [stderr]     = note: `#[warn(ellipsis_inclusive_range_patterns)]` on by default
[INFO] [stderr]     = warning: this is accepted in the current edition (Rust 2015) but is a hard error in Rust 2021!
[INFO] [stderr]     = note: for more information, see issue #80165 <https://github.com/rust-lang/rust/issues/80165>
[INFO] [stderr] 
[INFO] [stderr] warning: `...` range patterns are deprecated
[INFO] [stderr]    --> src/ansi.rs:184:16
[INFO] [stderr]     |
[INFO] [stderr] 184 |             '0'...'9' => Ok(Color::Index(
[INFO] [stderr]     |                ^^^ help: use `..=` for an inclusive range
[INFO] [stderr]     |
[INFO] [stderr]     = warning: this is accepted in the current edition (Rust 2015) but is a hard error in Rust 2021!
[INFO] [stderr]     = note: for more information, see issue #80165 <https://github.com/rust-lang/rust/issues/80165>
[INFO] [stderr] 
[INFO] [stderr] warning: `...` range patterns are deprecated
[INFO] [stderr]    --> src/ansi.rs:211:27
[INFO] [stderr]     |
[INFO] [stderr] 211 |         Color::Index(x @ 0...7) => write!(w, "\x1b[{}m", x + 30),
[INFO] [stderr]     |                           ^^^ help: use `..=` for an inclusive range
[INFO] [stderr]     |
[INFO] [stderr]     = warning: this is accepted in the current edition (Rust 2015) but is a hard error in Rust 2021!
[INFO] [stderr]     = note: for more information, see issue #80165 <https://github.com/rust-lang/rust/issues/80165>
[INFO] [stderr] 
[INFO] [stderr] warning: `...` range patterns are deprecated
[INFO] [stderr]    --> src/ansi.rs:212:27
[INFO] [stderr]     |
[INFO] [stderr] 212 |         Color::Index(x @ 8...15) => write!(w, "\x1b[{}m", x + 82),
[INFO] [stderr]     |                           ^^^ help: use `..=` for an inclusive range
[INFO] [stderr]     |
[INFO] [stderr]     = warning: this is accepted in the current edition (Rust 2015) but is a hard error in Rust 2021!
[INFO] [stderr]     = note: for more information, see issue #80165 <https://github.com/rust-lang/rust/issues/80165>
[INFO] [stderr] 
[INFO] [stderr] warning: `...` range patterns are deprecated
[INFO] [stderr]    --> src/ansi.rs:220:27
[INFO] [stderr]     |
[INFO] [stderr] 220 |         Color::Index(x @ 0...7) => write!(w, "\x1b[{}m", x + 40),
[INFO] [stderr]     |                           ^^^ help: use `..=` for an inclusive range
[INFO] [stderr]     |
[INFO] [stderr]     = warning: this is accepted in the current edition (Rust 2015) but is a hard error in Rust 2021!
[INFO] [stderr]     = note: for more information, see issue #80165 <https://github.com/rust-lang/rust/issues/80165>
[INFO] [stderr] 
[INFO] [stderr] warning: `...` range patterns are deprecated
[INFO] [stderr]    --> src/ansi.rs:221:27
[INFO] [stderr]     |
[INFO] [stderr] 221 |         Color::Index(x @ 8...15) => write!(w, "\x1b[{}m", x + 92),
[INFO] [stderr]     |                           ^^^ help: use `..=` for an inclusive range
[INFO] [stderr]     |
[INFO] [stderr]     = warning: this is accepted in the current edition (Rust 2015) but is a hard error in Rust 2021!
[INFO] [stderr]     = note: for more information, see issue #80165 <https://github.com/rust-lang/rust/issues/80165>
[INFO] [stderr] 
[INFO] [stderr] warning: trait objects without an explicit `dyn` are deprecated
[INFO] [stderr]   --> src/errors.rs:98:32
[INFO] [stderr]    |
[INFO] [stderr] 98 |     fn cause(&self) -> Option<&failure::Fail> {
[INFO] [stderr]    |                                ^^^^^^^^^^^^^ help: use `dyn`: `dyn failure::Fail`
[INFO] [stderr]    |
[INFO] [stderr]    = note: `#[warn(bare_trait_objects)]` on by default
[INFO] [stderr]    = warning: this is accepted in the current edition (Rust 2015) but is a hard error in Rust 2021!
[INFO] [stderr]    = note: for more information, see issue #80165 <https://github.com/rust-lang/rust/issues/80165>
[INFO] [stderr] 
[INFO] [stderr] warning: `...` range patterns are deprecated
[INFO] [stderr]    --> src/events.rs:246:14
[INFO] [stderr]     |
[INFO] [stderr] 246 |             0...8 | 10...12 | 14...26 | 28...31 => Key::Control((ch + 64) as char),
[INFO] [stderr]     |              ^^^ help: use `..=` for an inclusive range
[INFO] [stderr]     |
[INFO] [stderr]     = warning: this is accepted in the current edition (Rust 2015) but is a hard error in Rust 2021!
[INFO] [stderr]     = note: for more information, see issue #80165 <https://github.com/rust-lang/rust/issues/80165>
[INFO] [stderr] 
[INFO] [stderr] warning: `...` range patterns are deprecated
[INFO] [stderr]    --> src/events.rs:246:23
[INFO] [stderr]     |
[INFO] [stderr] 246 |             0...8 | 10...12 | 14...26 | 28...31 => Key::Control((ch + 64) as char),
[INFO] [stderr]     |                       ^^^ help: use `..=` for an inclusive range
[INFO] [stderr]     |
[INFO] [stderr]     = warning: this is accepted in the current edition (Rust 2015) but is a hard error in Rust 2021!
[INFO] [stderr]     = note: for more information, see issue #80165 <https://github.com/rust-lang/rust/issues/80165>
[INFO] [stderr] 
[INFO] [stderr] warning: `...` range patterns are deprecated
[INFO] [stderr]    --> src/events.rs:246:33
[INFO] [stderr]     |
[INFO] [stderr] 246 |             0...8 | 10...12 | 14...26 | 28...31 => Key::Control((ch + 64) as char),
[INFO] [stderr]     |                                 ^^^ help: use `..=` for an inclusive range
[INFO] [stderr]     |
[INFO] [stderr]     = warning: this is accepted in the current edition (Rust 2015) but is a hard error in Rust 2021!
[INFO] [stderr]     = note: for more information, see issue #80165 <https://github.com/rust-lang/rust/issues/80165>
[INFO] [stderr] 
[INFO] [stderr] warning: `...` range patterns are deprecated
[INFO] [stderr]    --> src/events.rs:246:43
[INFO] [stderr]     |
[INFO] [stderr] 246 |             0...8 | 10...12 | 14...26 | 28...31 => Key::Control((ch + 64) as char),
[INFO] [stderr]     |                                           ^^^ help: use `..=` for an inclusive range
[INFO] [stderr]     |
[INFO] [stderr]     = warning: this is accepted in the current edition (Rust 2015) but is a hard error in Rust 2021!
[INFO] [stderr]     = note: for more information, see issue #80165 <https://github.com/rust-lang/rust/issues/80165>
[INFO] [stderr] 
[INFO] [stderr] warning: `...` range patterns are deprecated
[INFO] [stderr]    --> src/events.rs:251:15
[INFO] [stderr]     |
[INFO] [stderr] 251 |             32...126 => Key::Char(ch as char),
[INFO] [stderr]     |               ^^^ help: use `..=` for an inclusive range
[INFO] [stderr]     |
[INFO] [stderr]     = warning: this is accepted in the current edition (Rust 2015) but is a hard error in Rust 2021!
[INFO] [stderr]     = note: for more information, see issue #80165 <https://github.com/rust-lang/rust/issues/80165>
[INFO] [stderr] 
[INFO] [stderr] warning: unnecessary parentheses around `if` condition
[INFO] [stderr]    --> src/term.rs:674:12
[INFO] [stderr]     |
[INFO] [stderr] 674 |         if (x > 0) {
[INFO] [stderr]     |            ^^^^^^^ help: remove these parentheses
[INFO] [stderr]     |
[INFO] [stderr]     = note: `#[warn(unused_parens)]` on by default
[INFO] [stderr] 
[INFO] [stderr] warning: unnecessary parentheses around `if` condition
[INFO] [stderr]    --> src/term.rs:678:19
[INFO] [stderr]     |
[INFO] [stderr] 678 |         } else if (x < 0) {
[INFO] [stderr]     |                   ^^^^^^^ help: remove these parentheses
[INFO] [stderr] 
[INFO] [stderr] warning: unnecessary parentheses around `if` condition
[INFO] [stderr]    --> src/term.rs:688:12
[INFO] [stderr]     |
[INFO] [stderr] 688 |         if (y > 0) {
[INFO] [stderr]     |            ^^^^^^^ help: remove these parentheses
[INFO] [stderr] 
[INFO] [stderr] warning: unnecessary parentheses around `if` condition
[INFO] [stderr]    --> src/term.rs:692:19
[INFO] [stderr]     |
[INFO] [stderr] 692 |         } else if (y < 0) {
[INFO] [stderr]     |                   ^^^^^^^ help: remove these parentheses
[INFO] [stderr] 
[INFO] [stderr] warning: trait objects without an explicit `dyn` are deprecated
[INFO] [stderr]    --> src/terminfo/errors.rs:100:32
[INFO] [stderr]     |
[INFO] [stderr] 100 |     fn cause(&self) -> Option<&failure::Fail> {
[INFO] [stderr]     |                                ^^^^^^^^^^^^^ help: use `dyn`: `dyn failure::Fail`
[INFO] [stderr]     |
[INFO] [stderr]     = warning: this is accepted in the current edition (Rust 2015) but is a hard error in Rust 2021!
[INFO] [stderr]     = note: for more information, see issue #80165 <https://github.com/rust-lang/rust/issues/80165>
[INFO] [stderr] 
[INFO] [stderr] warning: unused imports: `size_of`, `transmute`
[INFO] [stderr]  --> src/util.rs:6:16
[INFO] [stderr]   |
[INFO] [stderr] 6 | use std::mem::{size_of, transmute};
[INFO] [stderr]   |                ^^^^^^^  ^^^^^^^^^
[INFO] [stderr]   |
[INFO] [stderr]   = note: `#[warn(unused_imports)]` on by default
[INFO] [stderr] 
[INFO] [stderr] warning: unused import: `std::slice::from_raw_parts`
[INFO] [stderr]  --> src/util.rs:7:5
[INFO] [stderr]   |
[INFO] [stderr] 7 | use std::slice::from_raw_parts;
[INFO] [stderr]   |     ^^^^^^^^^^^^^^^^^^^^^^^^^^
[INFO] [stderr] 
[INFO] [stderr] warning: use of deprecated function `std::env::home_dir`: This function's behavior is unexpected and probably not what you want. Consider using a crate from crates.io instead.
[INFO] [stderr]   --> src/terminfo/mod.rs:31:30
[INFO] [stderr]    |
[INFO] [stderr] 31 |     if let Some(home) = env::home_dir() {
[INFO] [stderr]    |                              ^^^^^^^^
[INFO] [stderr]    |
[INFO] [stderr]    = note: `#[warn(deprecated)]` on by default
[INFO] [stderr] 
[INFO] [stderr] warning: unreachable pattern
[INFO] [stderr]    --> src/events.rs:248:13
[INFO] [stderr]     |
[INFO] [stderr] 248 |             10 | 13 => Key::Enter,
[INFO] [stderr]     |             ^^
[INFO] [stderr]     |
[INFO] [stderr]     = note: `#[warn(unreachable_patterns)]` on by default
[INFO] [stderr] 
[INFO] [stderr] warning: variable does not need to be mutable
[INFO] [stderr]    --> src/term.rs:701:31
[INFO] [stderr]     |
[INFO] [stderr] 701 |     pub fn default_background(mut self) -> Self {
[INFO] [stderr]     |                               ----^^^^
[INFO] [stderr]     |                               |
[INFO] [stderr]     |                               help: remove this `mut`
[INFO] [stderr]     |
[INFO] [stderr]     = note: `#[warn(unused_mut)]` on by default
[INFO] [stderr] 
[INFO] [stderr] warning: variable does not need to be mutable
[INFO] [stderr]    --> src/term.rs:705:31
[INFO] [stderr]     |
[INFO] [stderr] 705 |     pub fn default_foreground(mut self) -> Self {
[INFO] [stderr]     |                               ----^^^^
[INFO] [stderr]     |                               |
[INFO] [stderr]     |                               help: remove this `mut`
[INFO] [stderr] 
[INFO] [stderr] warning: associated function is never used: `write_u8`
[INFO] [stderr]    --> src/term.rs:419:8
[INFO] [stderr]     |
[INFO] [stderr] 419 |     fn write_u8(mut self, x: u8) -> Self {
[INFO] [stderr]     |        ^^^^^^^^
[INFO] [stderr]     |
[INFO] [stderr]     = note: `#[warn(dead_code)]` on by default
[INFO] [stderr] 
[INFO] [stderr] warning: unused `std::result::Result` that must be used
[INFO] [stderr]    --> src/term.rs:675:13
[INFO] [stderr]     |
[INFO] [stderr] 675 | /             self.exec(terminfo::ParmRightCursor)
[INFO] [stderr] 676 | |                 .map(|ctx| ctx.arg(x).write(&mut self))
[INFO] [stderr] 677 | |                 .map_err(|e| self.err = Some(e));
[INFO] [stderr]     | |_________________________________________________^
[INFO] [stderr]     |
[INFO] [stderr]     = note: `#[warn(unused_must_use)]` on by default
[INFO] [stderr]     = note: this `Result` may be an `Err` variant, which should be handled
[INFO] [stderr] 
[INFO] [stderr] warning: unused `std::result::Result` that must be used
[INFO] [stderr]    --> src/term.rs:679:13
[INFO] [stderr]     |
[INFO] [stderr] 679 | /             self.exec(terminfo::ParmLeftCursor)
[INFO] [stderr] 680 | |                 .map(|ctx| ctx.arg(-x).write(&mut self))
[INFO] [stderr] 681 | |                 .map_err(|e| self.err = Some(e));
[INFO] [stderr]     | |_________________________________________________^
[INFO] [stderr]     |
[INFO] [stderr]     = note: this `Result` may be an `Err` variant, which should be handled
[INFO] [stderr] 
[INFO] [stderr] warning: unused `std::result::Result` that must be used
[INFO] [stderr]    --> src/term.rs:689:13
[INFO] [stderr]     |
[INFO] [stderr] 689 | /             self.exec(terminfo::ParmUpCursor)
[INFO] [stderr] 690 | |                 .map(|ctx| ctx.arg(y).write(&mut self))
[INFO] [stderr] 691 | |                 .map_err(|e| self.err = Some(e));
[INFO] [stderr]     | |_________________________________________________^
[INFO] [stderr]     |
[INFO] [stderr]     = note: this `Result` may be an `Err` variant, which should be handled
[INFO] [stderr] 
[INFO] [stderr] warning: unused `std::result::Result` that must be used
[INFO] [stderr]    --> src/term.rs:693:13
[INFO] [stderr]     |
[INFO] [stderr] 693 | /             self.exec(terminfo::ParmDownCursor)
[INFO] [stderr] 694 | |                 .map(|ctx| ctx.arg(-y).write(&mut self))
[INFO] [stderr] 695 | |                 .map_err(|e| self.err = Some(e));
[INFO] [stderr]     | |_________________________________________________^
[INFO] [stderr]     |
[INFO] [stderr]     = note: this `Result` may be an `Err` variant, which should be handled
[INFO] [stderr] 
[INFO] [stderr] warning: unused `std::result::Result` that must be used
[INFO] [stderr]   --> src/terminfo/lang/executor.rs:52:9
[INFO] [stderr]    |
[INFO] [stderr] 52 |         self.env.write(&mut Parser::new(self.src), &mut w);
[INFO] [stderr]    |         ^^^^^^^^^^^^^^^^^^^^^^^^^^^^^^^^^^^^^^^^^^^^^^^^^^^
[INFO] [stderr]    |
[INFO] [stderr]    = note: this `Result` may be an `Err` variant, which should be handled
[INFO] [stderr] 
[INFO] [stderr] warning: `nixterm` (lib) generated 41 warnings
[INFO] [stderr] warning: `nixterm` (lib test) generated 41 warnings (41 duplicates)
[INFO] [stderr] warning: unused `Result` that must be used
[INFO] [stderr]   --> examples/term.rs:38:5
[INFO] [stderr]    |
[INFO] [stderr] 38 |     term.println("");
[INFO] [stderr]    |     ^^^^^^^^^^^^^^^^^
[INFO] [stderr]    |
[INFO] [stderr]    = note: `#[warn(unused_must_use)]` on by default
[INFO] [stderr]    = note: this `Result` may be an `Err` variant, which should be handled
[INFO] [stderr] 
[INFO] [stderr] warning: unused `Result` that must be used
[INFO] [stderr]   --> examples/term.rs:51:5
[INFO] [stderr]    |
[INFO] [stderr] 51 |     term.println("");
[INFO] [stderr]    |     ^^^^^^^^^^^^^^^^^
[INFO] [stderr]    |
[INFO] [stderr]    = note: this `Result` may be an `Err` variant, which should be handled
[INFO] [stderr] 
[INFO] [stderr] warning: unused `Result` that must be used
[INFO] [stderr]   --> examples/term.rs:52:5
[INFO] [stderr]    |
[INFO] [stderr] 52 |     term.println("");
[INFO] [stderr]    |     ^^^^^^^^^^^^^^^^^
[INFO] [stderr]    |
[INFO] [stderr]    = note: this `Result` may be an `Err` variant, which should be handled
[INFO] [stderr] 
[INFO] [stderr] warning: `nixterm` (example "term") generated 3 warnings
[INFO] [stderr]     Finished test [unoptimized + debuginfo] target(s) in 0.06s
[INFO] [stderr]      Running unittests (/opt/rustwide/target/debug/deps/nixterm-01e848442ddd4cc1)
[INFO] [stdout] 
[INFO] [stdout] running 21 tests
[INFO] [stdout] test terminfo::lang::tests::printf ... ok
[INFO] [stdout] test terminfo::terminfo::test::lookup_ext_bool ... ok
[INFO] [stdout] test terminfo::lang::tests::simple ... ok
[INFO] [stdout] test terminfo::terminfo::test::lookup_bool ... ok
[INFO] [stdout] test terminfo::terminfo::test::lookup_ext_number ... ok
[INFO] [stdout] test terminfo::terminfo::test::lookup_ext_string ... ok
[INFO] [stdout] test terminfo::terminfo::test::names ... ok
[INFO] [stdout] test terminfo::terminfo::test::lookup_number ... ok
[INFO] [stdout] test terminfo::terminfobuf::test::lookup_ext_bool ... ok
[INFO] [stdout] test terminfo::terminfo::test::lookup_string ... ok
[INFO] [stdout] test terminfo::terminfobuf::test::lookup_bool ... ok
[INFO] [stdout] test terminfo::terminfobuf::test::lookup_ext_number ... ok
[INFO] [stdout] test terminfo::terminfobuf::test::set_bool ... ok
[INFO] [stdout] test terminfo::terminfobuf::test::lookup_ext_string ... ok
[INFO] [stdout] test terminfo::terminfobuf::test::lookup_number ... ok
[INFO] [stdout] test terminfo::terminfobuf::test::set_string ... ok
[INFO] [stdout] test terminfo::terminfobuf::test::set_number ... ok
[INFO] [stdout] test terminfo::terminfobuf::test::lookup_string ... ok
[INFO] [stdout] test term::test::print ... FAILED
[INFO] [stdout] test term::test::term ... FAILED
[INFO] [stdout] test terminfo::terminfobuf::test::from_terminfo ... ok
[INFO] [stdout] 
[INFO] [stdout] failures:
[INFO] [stdout] 
[INFO] [stdout] ---- term::test::print stdout ----
[INFO] [stdout] thread 'term::test::print' panicked at 'assertion failed: `(left == right)`
[INFO] [stdout]   left: `"\u{1b}[0;1m\u{f}Hello\u{1b}[0m\u{f}\u{1b}[31mWorld\u{1b}[0m\u{f}?"`,
[INFO] [stdout]  right: `"\u{1b}[0;1mHello\u{1b}[0m \u{1b}[31mWorld\u{1b}[0m?"`', src/term.rs:1055:9
[INFO] [stdout] stack backtrace:
[INFO] [stdout]    0:     0x55e8b98c29c0 - std::backtrace_rs::backtrace::libunwind::trace::hff4d1766e93f64f1
[INFO] [stdout]                                at /rustc/53fd98ca776cb875bc9e5514f56b52eb74f9e7a9/library/std/src/../../backtrace/src/backtrace/libunwind.rs:90:5
[INFO] [stdout]    1:     0x55e8b98c29c0 - std::backtrace_rs::backtrace::trace_unsynchronized::h56bbc8eb78770bcb
[INFO] [stdout]                                at /rustc/53fd98ca776cb875bc9e5514f56b52eb74f9e7a9/library/std/src/../../backtrace/src/backtrace/mod.rs:66:5
[INFO] [stdout]    2:     0x55e8b98c29c0 - std::sys_common::backtrace::_print_fmt::h5c8e75464faca780
[INFO] [stdout]                                at /rustc/53fd98ca776cb875bc9e5514f56b52eb74f9e7a9/library/std/src/sys_common/backtrace.rs:67:5
[INFO] [stdout]    3:     0x55e8b98c29c0 - <std::sys_common::backtrace::_print::DisplayBacktrace as core::fmt::Display>::fmt::h48b88277def8b362
[INFO] [stdout]                                at /rustc/53fd98ca776cb875bc9e5514f56b52eb74f9e7a9/library/std/src/sys_common/backtrace.rs:46:22
[INFO] [stdout]    4:     0x55e8b98e6b8c - core::fmt::write::h3381b3176fe2b3d3
[INFO] [stdout]                                at /rustc/53fd98ca776cb875bc9e5514f56b52eb74f9e7a9/library/core/src/fmt/mod.rs:1115:17
[INFO] [stdout]    5:     0x55e8b98bf615 - std::io::Write::write_fmt::h5f34a676f60246b5
[INFO] [stdout]                                at /rustc/53fd98ca776cb875bc9e5514f56b52eb74f9e7a9/library/std/src/io/mod.rs:1665:15
[INFO] [stdout]    6:     0x55e8b98c4b5b - std::sys_common::backtrace::_print::ha537687d6c17dd0d
[INFO] [stdout]                                at /rustc/53fd98ca776cb875bc9e5514f56b52eb74f9e7a9/library/std/src/sys_common/backtrace.rs:49:5
[INFO] [stdout]    7:     0x55e8b98c4b5b - std::sys_common::backtrace::print::h61376ae57d131d72
[INFO] [stdout]                                at /rustc/53fd98ca776cb875bc9e5514f56b52eb74f9e7a9/library/std/src/sys_common/backtrace.rs:36:9
[INFO] [stdout]    8:     0x55e8b98c4b5b - std::panicking::default_hook::{{closure}}::h0f7208c0b9644a54
[INFO] [stdout]                                at /rustc/53fd98ca776cb875bc9e5514f56b52eb74f9e7a9/library/std/src/panicking.rs:208:50
[INFO] [stdout]    9:     0x55e8b98c466c - std::panicking::default_hook::hdac7fc06578c14ce
[INFO] [stdout]                                at /rustc/53fd98ca776cb875bc9e5514f56b52eb74f9e7a9/library/std/src/panicking.rs:222:9
[INFO] [stdout]   10:     0x55e8b98c5224 - std::panicking::rust_panic_with_hook::h72b21c283da3d1ef
[INFO] [stdout]                                at /rustc/53fd98ca776cb875bc9e5514f56b52eb74f9e7a9/library/std/src/panicking.rs:622:17
[INFO] [stdout]   11:     0x55e8b98c4d07 - std::panicking::begin_panic_handler::{{closure}}::he5778f1729cff84a
[INFO] [stdout]                                at /rustc/53fd98ca776cb875bc9e5514f56b52eb74f9e7a9/library/std/src/panicking.rs:519:13
[INFO] [stdout]   12:     0x55e8b98c2e9c - std::sys_common::backtrace::__rust_end_short_backtrace::h2d11ca8b453b4b1d
[INFO] [stdout]                                at /rustc/53fd98ca776cb875bc9e5514f56b52eb74f9e7a9/library/std/src/sys_common/backtrace.rs:141:18
[INFO] [stdout]   13:     0x55e8b98c4c69 - rust_begin_unwind
[INFO] [stdout]                                at /rustc/53fd98ca776cb875bc9e5514f56b52eb74f9e7a9/library/std/src/panicking.rs:515:5
[INFO] [stdout]   14:     0x55e8b973c8c1 - core::panicking::panic_fmt::hf9de31d4acbce4db
[INFO] [stdout]                                at /rustc/53fd98ca776cb875bc9e5514f56b52eb74f9e7a9/library/core/src/panicking.rs:92:14
[INFO] [stdout]   15:     0x55e8b98e54a8 - core::panicking::assert_failed_inner::h62e8cb2847a6e7ec
[INFO] [stdout]   16:     0x55e8b976205e - core::panicking::assert_failed::hb6abc10b70157d16
[INFO] [stdout]                                at /rustc/53fd98ca776cb875bc9e5514f56b52eb74f9e7a9/library/core/src/panicking.rs:117:5
[INFO] [stdout]   17:     0x55e8b9757c4a - nixterm::term::test::print::hf11cbaab33b0a5c0
[INFO] [stdout]                                at /opt/rustwide/workdir/src/term.rs:1055:9
[INFO] [stdout]   18:     0x55e8b975786a - nixterm::term::test::print::{{closure}}::h81256c55cd7f55cd
[INFO] [stdout]                                at /opt/rustwide/workdir/src/term.rs:1035:5
[INFO] [stdout]   19:     0x55e8b975497e - core::ops::function::FnOnce::call_once::h8f8d7ecd901a6989
[INFO] [stdout]                                at /rustc/53fd98ca776cb875bc9e5514f56b52eb74f9e7a9/library/core/src/ops/function.rs:227:5
[INFO] [stdout]   20:     0x55e8b97bf373 - core::ops::function::FnOnce::call_once::hbb52c4519d3137b0
[INFO] [stdout]                                at /rustc/53fd98ca776cb875bc9e5514f56b52eb74f9e7a9/library/core/src/ops/function.rs:227:5
[INFO] [stdout]   21:     0x55e8b97bf373 - test::__rust_begin_short_backtrace::h86fe3a2a5a5121af
[INFO] [stdout]                                at /rustc/53fd98ca776cb875bc9e5514f56b52eb74f9e7a9/library/test/src/lib.rs:578:5
[INFO] [stdout]   22:     0x55e8b97bde28 - <alloc::boxed::Box<F,A> as core::ops::function::FnOnce<Args>>::call_once::hfd956bc3d57399be
[INFO] [stdout]                                at /rustc/53fd98ca776cb875bc9e5514f56b52eb74f9e7a9/library/alloc/src/boxed.rs:1572:9
[INFO] [stdout]   23:     0x55e8b97bde28 - <std::panic::AssertUnwindSafe<F> as core::ops::function::FnOnce<()>>::call_once::h40dc93e0ddb5938a
[INFO] [stdout]                                at /rustc/53fd98ca776cb875bc9e5514f56b52eb74f9e7a9/library/std/src/panic.rs:347:9
[INFO] [stdout]   24:     0x55e8b97bde28 - std::panicking::try::do_call::h90d07750cb47c562
[INFO] [stdout]                                at /rustc/53fd98ca776cb875bc9e5514f56b52eb74f9e7a9/library/std/src/panicking.rs:401:40
[INFO] [stdout]   25:     0x55e8b97bde28 - std::panicking::try::h063c84733ad2a629
[INFO] [stdout]                                at /rustc/53fd98ca776cb875bc9e5514f56b52eb74f9e7a9/library/std/src/panicking.rs:365:19
[INFO] [stdout]   26:     0x55e8b97bde28 - std::panic::catch_unwind::h0c464836a84e7c08
[INFO] [stdout]                                at /rustc/53fd98ca776cb875bc9e5514f56b52eb74f9e7a9/library/std/src/panic.rs:434:14
[INFO] [stdout]   27:     0x55e8b97bde28 - test::run_test_in_process::h5cb06ef620b157fc
[INFO] [stdout]                                at /rustc/53fd98ca776cb875bc9e5514f56b52eb74f9e7a9/library/test/src/lib.rs:601:18
[INFO] [stdout]   28:     0x55e8b97bde28 - test::run_test::run_test_inner::{{closure}}::h76f677f4b93f9828
[INFO] [stdout]                                at /rustc/53fd98ca776cb875bc9e5514f56b52eb74f9e7a9/library/test/src/lib.rs:493:39
[INFO] [stdout]   29:     0x55e8b978c5bd - test::run_test::run_test_inner::{{closure}}::h366d01fe04f4d67a
[INFO] [stdout]                                at /rustc/53fd98ca776cb875bc9e5514f56b52eb74f9e7a9/library/test/src/lib.rs:520:37
[INFO] [stdout]   30:     0x55e8b978c5bd - std::sys_common::backtrace::__rust_begin_short_backtrace::h7dfa0de4eb395af2
[INFO] [stdout]                                at /rustc/53fd98ca776cb875bc9e5514f56b52eb74f9e7a9/library/std/src/sys_common/backtrace.rs:125:18
[INFO] [stdout]   31:     0x55e8b9790d88 - std::thread::Builder::spawn_unchecked::{{closure}}::{{closure}}::hf0a74bb58798037f
[INFO] [stdout]                                at /rustc/53fd98ca776cb875bc9e5514f56b52eb74f9e7a9/library/std/src/thread/mod.rs:476:17
[INFO] [stdout]   32:     0x55e8b9790d88 - <std::panic::AssertUnwindSafe<F> as core::ops::function::FnOnce<()>>::call_once::hb024e854818586ac
[INFO] [stdout]                                at /rustc/53fd98ca776cb875bc9e5514f56b52eb74f9e7a9/library/std/src/panic.rs:347:9
[INFO] [stdout]   33:     0x55e8b9790d88 - std::panicking::try::do_call::hb2dd9f1d0d48e41d
[INFO] [stdout]                                at /rustc/53fd98ca776cb875bc9e5514f56b52eb74f9e7a9/library/std/src/panicking.rs:401:40
[INFO] [stdout]   34:     0x55e8b9790d88 - std::panicking::try::h4717ae7bac8b2bf3
[INFO] [stdout]                                at /rustc/53fd98ca776cb875bc9e5514f56b52eb74f9e7a9/library/std/src/panicking.rs:365:19
[INFO] [stdout]   35:     0x55e8b9790d88 - std::panic::catch_unwind::h0dc8a061326ce8d8
[INFO] [stdout]                                at /rustc/53fd98ca776cb875bc9e5514f56b52eb74f9e7a9/library/std/src/panic.rs:434:14
[INFO] [stdout]   36:     0x55e8b9790d88 - std::thread::Builder::spawn_unchecked::{{closure}}::haa369e2d6fd00aa1
[INFO] [stdout]                                at /rustc/53fd98ca776cb875bc9e5514f56b52eb74f9e7a9/library/std/src/thread/mod.rs:475:30
[INFO] [stdout]   37:     0x55e8b9790d88 - core::ops::function::FnOnce::call_once{{vtable.shim}}::h36dcf3de8b056f17
[INFO] [stdout]                                at /rustc/53fd98ca776cb875bc9e5514f56b52eb74f9e7a9/library/core/src/ops/function.rs:227:5
[INFO] [stdout]   38:     0x55e8b98ca007 - <alloc::boxed::Box<F,A> as core::ops::function::FnOnce<Args>>::call_once::h65c29e4642be2358
[INFO] [stdout]                                at /rustc/53fd98ca776cb875bc9e5514f56b52eb74f9e7a9/library/alloc/src/boxed.rs:1572:9
[INFO] [stdout]   39:     0x55e8b98ca007 - <alloc::boxed::Box<F,A> as core::ops::function::FnOnce<Args>>::call_once::hd0f8f7fbbd9fffbf
[INFO] [stdout]                                at /rustc/53fd98ca776cb875bc9e5514f56b52eb74f9e7a9/library/alloc/src/boxed.rs:1572:9
[INFO] [stdout]   40:     0x55e8b98ca007 - std::sys::unix::thread::Thread::new::thread_start::h2fd22fee3ca77b65
[INFO] [stdout]                                at /rustc/53fd98ca776cb875bc9e5514f56b52eb74f9e7a9/library/std/src/sys/unix/thread.rs:74:17
[INFO] [stdout]   41:     0x7f2116333609 - start_thread
[INFO] [stdout]   42:     0x7f2116105293 - clone
[INFO] [stdout]   43:                0x0 - <unknown>
[INFO] [stdout] 
[INFO] [stdout] ---- term::test::term stdout ----
[INFO] [stdout] thread 'term::test::term' panicked at 'assertion failed: `(left == right)`
[INFO] [stdout]   left: `[27, 91, 48, 59, 49, 109, 15, 72, 101, 108, 108, 111, 32, 87, 111, 114, 108, 100, 63]`,
[INFO] [stdout]  right: `[27, 91, 48, 59, 49, 109, 72, 101, 108, 108, 111, 32, 87, 111, 114, 108, 100, 63, 27, 91, 109, 15]`', src/term.rs:1031:9
[INFO] [stdout] stack backtrace:
[INFO] [stdout]    0:     0x55e8b98c29c0 - std::backtrace_rs::backtrace::libunwind::trace::hff4d1766e93f64f1
[INFO] [stdout]                                at /rustc/53fd98ca776cb875bc9e5514f56b52eb74f9e7a9/library/std/src/../../backtrace/src/backtrace/libunwind.rs:90:5
[INFO] [stdout]    1:     0x55e8b98c29c0 - std::backtrace_rs::backtrace::trace_unsynchronized::h56bbc8eb78770bcb
[INFO] [stdout]                                at /rustc/53fd98ca776cb875bc9e5514f56b52eb74f9e7a9/library/std/src/../../backtrace/src/backtrace/mod.rs:66:5
[INFO] [stdout]    2:     0x55e8b98c29c0 - std::sys_common::backtrace::_print_fmt::h5c8e75464faca780
[INFO] [stdout]                                at /rustc/53fd98ca776cb875bc9e5514f56b52eb74f9e7a9/library/std/src/sys_common/backtrace.rs:67:5
[INFO] [stdout]    3:     0x55e8b98c29c0 - <std::sys_common::backtrace::_print::DisplayBacktrace as core::fmt::Display>::fmt::h48b88277def8b362
[INFO] [stdout]                                at /rustc/53fd98ca776cb875bc9e5514f56b52eb74f9e7a9/library/std/src/sys_common/backtrace.rs:46:22
[INFO] [stdout]    4:     0x55e8b98e6b8c - core::fmt::write::h3381b3176fe2b3d3
[INFO] [stdout]                                at /rustc/53fd98ca776cb875bc9e5514f56b52eb74f9e7a9/library/core/src/fmt/mod.rs:1115:17
[INFO] [stdout]    5:     0x55e8b98bf615 - std::io::Write::write_fmt::h5f34a676f60246b5
[INFO] [stdout]                                at /rustc/53fd98ca776cb875bc9e5514f56b52eb74f9e7a9/library/std/src/io/mod.rs:1665:15
[INFO] [stdout]    6:     0x55e8b98c4b5b - std::sys_common::backtrace::_print::ha537687d6c17dd0d
[INFO] [stdout]                                at /rustc/53fd98ca776cb875bc9e5514f56b52eb74f9e7a9/library/std/src/sys_common/backtrace.rs:49:5
[INFO] [stdout]    7:     0x55e8b98c4b5b - std::sys_common::backtrace::print::h61376ae57d131d72
[INFO] [stdout]                                at /rustc/53fd98ca776cb875bc9e5514f56b52eb74f9e7a9/library/std/src/sys_common/backtrace.rs:36:9
[INFO] [stdout]    8:     0x55e8b98c4b5b - std::panicking::default_hook::{{closure}}::h0f7208c0b9644a54
[INFO] [stdout]                                at /rustc/53fd98ca776cb875bc9e5514f56b52eb74f9e7a9/library/std/src/panicking.rs:208:50
[INFO] [stdout]    9:     0x55e8b98c466c - std::panicking::default_hook::hdac7fc06578c14ce
[INFO] [stdout]                                at /rustc/53fd98ca776cb875bc9e5514f56b52eb74f9e7a9/library/std/src/panicking.rs:222:9
[INFO] [stdout]   10:     0x55e8b98c5224 - std::panicking::rust_panic_with_hook::h72b21c283da3d1ef
[INFO] [stdout]                                at /rustc/53fd98ca776cb875bc9e5514f56b52eb74f9e7a9/library/std/src/panicking.rs:622:17
[INFO] [stdout]   11:     0x55e8b98c4d07 - std::panicking::begin_panic_handler::{{closure}}::he5778f1729cff84a
[INFO] [stdout]                                at /rustc/53fd98ca776cb875bc9e5514f56b52eb74f9e7a9/library/std/src/panicking.rs:519:13
[INFO] [stdout]   12:     0x55e8b98c2e9c - std::sys_common::backtrace::__rust_end_short_backtrace::h2d11ca8b453b4b1d
[INFO] [stdout]                                at /rustc/53fd98ca776cb875bc9e5514f56b52eb74f9e7a9/library/std/src/sys_common/backtrace.rs:141:18
[INFO] [stdout]   13:     0x55e8b98c4c69 - rust_begin_unwind
[INFO] [stdout]                                at /rustc/53fd98ca776cb875bc9e5514f56b52eb74f9e7a9/library/std/src/panicking.rs:515:5
[INFO] [stdout]   14:     0x55e8b973c8c1 - core::panicking::panic_fmt::hf9de31d4acbce4db
[INFO] [stdout]                                at /rustc/53fd98ca776cb875bc9e5514f56b52eb74f9e7a9/library/core/src/panicking.rs:92:14
[INFO] [stdout]   15:     0x55e8b98e54a8 - core::panicking::assert_failed_inner::h62e8cb2847a6e7ec
[INFO] [stdout]   16:     0x55e8b9761f3e - core::panicking::assert_failed::h637c6418cbf4d106
[INFO] [stdout]                                at /rustc/53fd98ca776cb875bc9e5514f56b52eb74f9e7a9/library/core/src/panicking.rs:117:5
[INFO] [stdout]   17:     0x55e8b975782b - nixterm::term::test::term::h7be07686815ed3f9
[INFO] [stdout]                                at /opt/rustwide/workdir/src/term.rs:1031:9
[INFO] [stdout]   18:     0x55e8b97575ea - nixterm::term::test::term::{{closure}}::h5fef052dd04c9a10
[INFO] [stdout]                                at /opt/rustwide/workdir/src/term.rs:1020:5
[INFO] [stdout]   19:     0x55e8b9754a0e - core::ops::function::FnOnce::call_once::h966d40a0b69bf367
[INFO] [stdout]                                at /rustc/53fd98ca776cb875bc9e5514f56b52eb74f9e7a9/library/core/src/ops/function.rs:227:5
[INFO] [stdout]   20:     0x55e8b97bf373 - core::ops::function::FnOnce::call_once::hbb52c4519d3137b0
[INFO] [stdout]                                at /rustc/53fd98ca776cb875bc9e5514f56b52eb74f9e7a9/library/core/src/ops/function.rs:227:5
[INFO] [stdout]   21:     0x55e8b97bf373 - test::__rust_begin_short_backtrace::h86fe3a2a5a5121af
[INFO] [stdout]                                at /rustc/53fd98ca776cb875bc9e5514f56b52eb74f9e7a9/library/test/src/lib.rs:578:5
[INFO] [stdout]   22:     0x55e8b97bde28 - <alloc::boxed::Box<F,A> as core::ops::function::FnOnce<Args>>::call_once::hfd956bc3d57399be
[INFO] [stdout]                                at /rustc/53fd98ca776cb875bc9e5514f56b52eb74f9e7a9/library/alloc/src/boxed.rs:1572:9
[INFO] [stdout]   23:     0x55e8b97bde28 - <std::panic::AssertUnwindSafe<F> as core::ops::function::FnOnce<()>>::call_once::h40dc93e0ddb5938a
[INFO] [stdout]                                at /rustc/53fd98ca776cb875bc9e5514f56b52eb74f9e7a9/library/std/src/panic.rs:347:9
[INFO] [stdout]   24:     0x55e8b97bde28 - std::panicking::try::do_call::h90d07750cb47c562
[INFO] [stdout]                                at /rustc/53fd98ca776cb875bc9e5514f56b52eb74f9e7a9/library/std/src/panicking.rs:401:40
[INFO] [stdout]   25:     0x55e8b97bde28 - std::panicking::try::h063c84733ad2a629
[INFO] [stdout]                                at /rustc/53fd98ca776cb875bc9e5514f56b52eb74f9e7a9/library/std/src/panicking.rs:365:19
[INFO] [stdout]   26:     0x55e8b97bde28 - std::panic::catch_unwind::h0c464836a84e7c08
[INFO] [stdout]                                at /rustc/53fd98ca776cb875bc9e5514f56b52eb74f9e7a9/library/std/src/panic.rs:434:14
[INFO] [stdout]   27:     0x55e8b97bde28 - test::run_test_in_process::h5cb06ef620b157fc
[INFO] [stdout]                                at /rustc/53fd98ca776cb875bc9e5514f56b52eb74f9e7a9/library/test/src/lib.rs:601:18
[INFO] [stdout]   28:     0x55e8b97bde28 - test::run_test::run_test_inner::{{closure}}::h76f677f4b93f9828
[INFO] [stdout]                                at /rustc/53fd98ca776cb875bc9e5514f56b52eb74f9e7a9/library/test/src/lib.rs:493:39
[INFO] [stdout]   29:     0x55e8b978c5bd - test::run_test::run_test_inner::{{closure}}::h366d01fe04f4d67a
[INFO] [stdout]                                at /rustc/53fd98ca776cb875bc9e5514f56b52eb74f9e7a9/library/test/src/lib.rs:520:37
[INFO] [stdout]   30:     0x55e8b978c5bd - std::sys_common::backtrace::__rust_begin_short_backtrace::h7dfa0de4eb395af2
[INFO] [stdout]                                at /rustc/53fd98ca776cb875bc9e5514f56b52eb74f9e7a9/library/std/src/sys_common/backtrace.rs:125:18
[INFO] [stdout]   31:     0x55e8b9790d88 - std::thread::Builder::spawn_unchecked::{{closure}}::{{closure}}::hf0a74bb58798037f
[INFO] [stdout]                                at /rustc/53fd98ca776cb875bc9e5514f56b52eb74f9e7a9/library/std/src/thread/mod.rs:476:17
[INFO] [stdout]   32:     0x55e8b9790d88 - <std::panic::AssertUnwindSafe<F> as core::ops::function::FnOnce<()>>::call_once::hb024e854818586ac
[INFO] [stdout]                                at /rustc/53fd98ca776cb875bc9e5514f56b52eb74f9e7a9/library/std/src/panic.rs:347:9
[INFO] [stdout]   33:     0x55e8b9790d88 - std::panicking::try::do_call::hb2dd9f1d0d48e41d
[INFO] [stdout]                                at /rustc/53fd98ca776cb875bc9e5514f56b52eb74f9e7a9/library/std/src/panicking.rs:401:40
[INFO] [stdout]   34:     0x55e8b9790d88 - std::panicking::try::h4717ae7bac8b2bf3
[INFO] [stdout]                                at /rustc/53fd98ca776cb875bc9e5514f56b52eb74f9e7a9/library/std/src/panicking.rs:365:19
[INFO] [stdout]   35:     0x55e8b9790d88 - std::panic::catch_unwind::h0dc8a061326ce8d8
[INFO] [stdout]                                at /rustc/53fd98ca776cb875bc9e5514f56b52eb74f9e7a9/library/std/src/panic.rs:434:14
[INFO] [stdout]   36:     0x55e8b9790d88 - std::thread::Builder::spawn_unchecked::{{closure}}::haa369e2d6fd00aa1
[INFO] [stdout]                                at /rustc/53fd98ca776cb875bc9e5514f56b52eb74f9e7a9/library/std/src/thread/mod.rs:475:30
[INFO] [stdout]   37:     0x55e8b9790d88 - core::ops::function::FnOnce::call_once{{vtable.shim}}::h36dcf3de8b056f17
[INFO] [stdout]                                at /rustc/53fd98ca776cb875bc9e5514f56b52eb74f9e7a9/library/core/src/ops/function.rs:227:5
[INFO] [stdout]   38:     0x55e8b98ca007 - <alloc::boxed::Box<F,A> as core::ops::function::FnOnce<Args>>::call_once::h65c29e4642be2358
[INFO] [stdout]                                at /rustc/53fd98ca776cb875bc9e5514f56b52eb74f9e7a9/library/alloc/src/boxed.rs:1572:9
[INFO] [stdout]   39:     0x55e8b98ca007 - <alloc::boxed::Box<F,A> as core::ops::function::FnOnce<Args>>::call_once::hd0f8f7fbbd9fffbf
[INFO] [stdout]                                at /rustc/53fd98ca776cb875bc9e5514f56b52eb74f9e7a9/library/alloc/src/boxed.rs:1572:9
[INFO] [stdout]   40:     0x55e8b98ca007 - std::sys::unix::thread::Thread::new::thread_start::h2fd22fee3ca77b65
[INFO] [stdout]                                at /rustc/53fd98ca776cb875bc9e5514f56b52eb74f9e7a9/library/std/src/sys/unix/thread.rs:74:17
[INFO] [stdout]   41:     0x7f2116333609 - start_thread
[INFO] [stdout]   42:     0x7f2116105293 - clone
[INFO] [stdout]   43:                0x0 - <unknown>
[INFO] [stdout] 
[INFO] [stdout] 
[INFO] [stdout] failures:
[INFO] [stdout]     term::test::print
[INFO] [stdout]     term::test::term
[INFO] [stdout] 
[INFO] [stdout] test result: FAILED. 19 passed; 2 failed; 0 ignored; 0 measured; 0 filtered out; finished in 0.03s
[INFO] [stdout] 
[INFO] [stderr] error: test failed, to rerun pass '--lib'
[INFO] running `Command { std: "docker" "inspect" "54380db59af44c9250eae8643b653118ab1ef9efe401f2630b02d25f70af809d", kill_on_drop: false }`
[INFO] running `Command { std: "docker" "rm" "-f" "54380db59af44c9250eae8643b653118ab1ef9efe401f2630b02d25f70af809d", kill_on_drop: false }`
[INFO] [stdout] 54380db59af44c9250eae8643b653118ab1ef9efe401f2630b02d25f70af809d
