[INFO] fetching crate nixpkgs-fmt 1.2.0...
[INFO] testing nixpkgs-fmt-1.2.0 against beta-2021-08-01 for beta-1.55-1
[INFO] extracting crate nixpkgs-fmt 1.2.0 into /workspace/builds/worker-57/source
[INFO] validating manifest of crates.io crate nixpkgs-fmt 1.2.0 on toolchain beta-2021-08-01
[INFO] running `Command { std: "/workspace/cargo-home/bin/cargo" "+beta-2021-08-01" "metadata" "--manifest-path" "Cargo.toml" "--no-deps", kill_on_drop: false }`
[INFO] started tweaking crates.io crate nixpkgs-fmt 1.2.0
[INFO] finished tweaking crates.io crate nixpkgs-fmt 1.2.0
[INFO] tweaked toml for crates.io crate nixpkgs-fmt 1.2.0 written to /workspace/builds/worker-57/source/Cargo.toml
[INFO] crate crates.io crate nixpkgs-fmt 1.2.0 already has a lockfile, it will not be regenerated
[INFO] running `Command { std: "/workspace/cargo-home/bin/cargo" "+beta-2021-08-01" "fetch" "--manifest-path" "Cargo.toml", kill_on_drop: false }`
[INFO] [stderr]     Blocking waiting for file lock on package cache
[INFO] [stderr]     Blocking waiting for file lock on package cache
[INFO] running `Command { std: "docker" "create" "-v" "/var/lib/crater-agent-workspace/builds/worker-57/target:/opt/rustwide/target:rw,Z" "-v" "/var/lib/crater-agent-workspace/builds/worker-57/source:/opt/rustwide/workdir:ro,Z" "-v" "/var/lib/crater-agent-workspace/cargo-home:/opt/rustwide/cargo-home:ro,Z" "-v" "/var/lib/crater-agent-workspace/rustup-home:/opt/rustwide/rustup-home:ro,Z" "-e" "SOURCE_DIR=/opt/rustwide/workdir" "-e" "CARGO_TARGET_DIR=/opt/rustwide/target" "-e" "CARGO_HOME=/opt/rustwide/cargo-home" "-e" "RUSTUP_HOME=/opt/rustwide/rustup-home" "-w" "/opt/rustwide/workdir" "-m" "1610612736" "--user" "0:0" "--network" "none" "ghcr.io/rust-lang/crates-build-env/linux@sha256:34b6a614d2c27851fe6cbf88fbd1137609cefab8b10d0615aaeb6fd47975d74e" "/opt/rustwide/cargo-home/bin/cargo" "+beta-2021-08-01" "metadata" "--no-deps" "--format-version=1", kill_on_drop: false }`
[INFO] [stdout] 6c7e7469ffb6ca2236b7ece3f0b5f57f4aeb83ffeb9ff6019bae63ef650d9f73
[INFO] running `Command { std: "docker" "start" "-a" "6c7e7469ffb6ca2236b7ece3f0b5f57f4aeb83ffeb9ff6019bae63ef650d9f73", kill_on_drop: false }`
[INFO] running `Command { std: "docker" "inspect" "6c7e7469ffb6ca2236b7ece3f0b5f57f4aeb83ffeb9ff6019bae63ef650d9f73", kill_on_drop: false }`
[INFO] running `Command { std: "docker" "rm" "-f" "6c7e7469ffb6ca2236b7ece3f0b5f57f4aeb83ffeb9ff6019bae63ef650d9f73", kill_on_drop: false }`
[INFO] [stdout] 6c7e7469ffb6ca2236b7ece3f0b5f57f4aeb83ffeb9ff6019bae63ef650d9f73
[INFO] running `Command { std: "docker" "create" "-v" "/var/lib/crater-agent-workspace/builds/worker-57/target:/opt/rustwide/target:rw,Z" "-v" "/var/lib/crater-agent-workspace/builds/worker-57/source:/opt/rustwide/workdir:ro,Z" "-v" "/var/lib/crater-agent-workspace/cargo-home:/opt/rustwide/cargo-home:ro,Z" "-v" "/var/lib/crater-agent-workspace/rustup-home:/opt/rustwide/rustup-home:ro,Z" "-e" "SOURCE_DIR=/opt/rustwide/workdir" "-e" "CARGO_TARGET_DIR=/opt/rustwide/target" "-e" "CARGO_INCREMENTAL=0" "-e" "RUST_BACKTRACE=full" "-e" "RUSTFLAGS=--cap-lints=warn" "-e" "CARGO_HOME=/opt/rustwide/cargo-home" "-e" "RUSTUP_HOME=/opt/rustwide/rustup-home" "-w" "/opt/rustwide/workdir" "-m" "1610612736" "--user" "0:0" "--network" "none" "ghcr.io/rust-lang/crates-build-env/linux@sha256:34b6a614d2c27851fe6cbf88fbd1137609cefab8b10d0615aaeb6fd47975d74e" "/opt/rustwide/cargo-home/bin/cargo" "+beta-2021-08-01" "build" "--frozen" "--message-format=json", kill_on_drop: false }`
[INFO] [stdout] bad142182643b84e9de716dc28faaec0c054c239f6cd6d6c7a81f7835c076bd2
[INFO] running `Command { std: "docker" "start" "-a" "bad142182643b84e9de716dc28faaec0c054c239f6cd6d6c7a81f7835c076bd2", kill_on_drop: false }`
[INFO] [stderr]     Blocking waiting for file lock on package cache
[INFO] [stderr]     Blocking waiting for file lock on package cache
[INFO] [stderr]    Compiling autocfg v1.0.0
[INFO] [stderr]    Compiling memchr v2.3.3
[INFO] [stderr]    Compiling serde v1.0.105
[INFO] [stderr]    Compiling log v0.4.8
[INFO] [stderr]    Compiling libc v0.2.68
[INFO] [stderr]    Compiling maybe-uninit v2.0.0
[INFO] [stderr]    Compiling ryu v1.0.3
[INFO] [stderr]    Compiling regex-syntax v0.6.17
[INFO] [stderr]    Compiling fnv v1.0.6
[INFO] [stderr]    Compiling hashbrown v0.9.1
[INFO] [stderr]    Compiling countme v2.0.4
[INFO] [stderr]    Compiling unicode-width v0.1.7
[INFO] [stderr]    Compiling rustc-hash v1.1.0
[INFO] [stderr]    Compiling itoa v0.4.5
[INFO] [stderr]    Compiling smol_str v0.1.17
[INFO] [stderr]    Compiling vec_map v0.8.1
[INFO] [stderr]    Compiling walkdir v2.3.1
[INFO] [stderr]    Compiling crossbeam-utils v0.6.6
[INFO] [stderr]    Compiling textwrap v0.11.0
[INFO] [stderr]    Compiling crossbeam-channel v0.3.9
[INFO] [stderr]    Compiling crossbeam-utils v0.7.2
[INFO] [stderr]    Compiling num-traits v0.2.11
[INFO] [stderr]    Compiling memoffset v0.6.1
[INFO] [stderr]    Compiling aho-corasick v0.7.10
[INFO] [stderr]    Compiling bstr v0.2.12
[INFO] [stderr]    Compiling atty v0.2.14
[INFO] [stderr]    Compiling clap v2.33.0
[INFO] [stderr]    Compiling cbitset v0.2.0
[INFO] [stderr]    Compiling crossbeam-channel v0.4.2
[INFO] [stderr]    Compiling regex v1.3.5
[INFO] [stderr]    Compiling globset v0.4.5
[INFO] [stderr]    Compiling ignore v0.4.13
[INFO] [stderr]    Compiling text-size v1.1.0
[INFO] [stderr]    Compiling serde_json v1.0.48
[INFO] [stderr]    Compiling rowan v0.12.6
[INFO] [stderr]    Compiling rnix v0.9.0
[INFO] [stderr]    Compiling nixpkgs-fmt v1.2.0 (/opt/rustwide/workdir)
[INFO] [stderr]     Finished dev [unoptimized + debuginfo] target(s) in 15.43s
[INFO] running `Command { std: "docker" "inspect" "bad142182643b84e9de716dc28faaec0c054c239f6cd6d6c7a81f7835c076bd2", kill_on_drop: false }`
[INFO] running `Command { std: "docker" "rm" "-f" "bad142182643b84e9de716dc28faaec0c054c239f6cd6d6c7a81f7835c076bd2", kill_on_drop: false }`
[INFO] [stdout] bad142182643b84e9de716dc28faaec0c054c239f6cd6d6c7a81f7835c076bd2
[INFO] running `Command { std: "docker" "create" "-v" "/var/lib/crater-agent-workspace/builds/worker-57/target:/opt/rustwide/target:rw,Z" "-v" "/var/lib/crater-agent-workspace/builds/worker-57/source:/opt/rustwide/workdir:ro,Z" "-v" "/var/lib/crater-agent-workspace/cargo-home:/opt/rustwide/cargo-home:ro,Z" "-v" "/var/lib/crater-agent-workspace/rustup-home:/opt/rustwide/rustup-home:ro,Z" "-e" "SOURCE_DIR=/opt/rustwide/workdir" "-e" "CARGO_TARGET_DIR=/opt/rustwide/target" "-e" "CARGO_INCREMENTAL=0" "-e" "RUST_BACKTRACE=full" "-e" "RUSTFLAGS=--cap-lints=warn" "-e" "CARGO_HOME=/opt/rustwide/cargo-home" "-e" "RUSTUP_HOME=/opt/rustwide/rustup-home" "-w" "/opt/rustwide/workdir" "-m" "1610612736" "--user" "0:0" "--network" "none" "ghcr.io/rust-lang/crates-build-env/linux@sha256:34b6a614d2c27851fe6cbf88fbd1137609cefab8b10d0615aaeb6fd47975d74e" "/opt/rustwide/cargo-home/bin/cargo" "+beta-2021-08-01" "test" "--frozen" "--no-run" "--message-format=json", kill_on_drop: false }`
[INFO] [stdout] 53d1f85a5fda7c291c27a635983c58068bc4148ec542c3332767233c6aa2ea60
[INFO] running `Command { std: "docker" "start" "-a" "53d1f85a5fda7c291c27a635983c58068bc4148ec542c3332767233c6aa2ea60", kill_on_drop: false }`
[INFO] [stderr]     Blocking waiting for file lock on package cache
[INFO] [stderr]    Compiling unindent v0.1.5
[INFO] [stderr]    Compiling nixpkgs-fmt v1.2.0 (/opt/rustwide/workdir)
[INFO] [stdout] warning: panic message is not a string literal
[INFO] [stdout]    --> src/rules.rs:813:29
[INFO] [stdout]     |
[INFO] [stdout] 813 |         .map_err(|e| panic!(e))
[INFO] [stdout]     |                             ^
[INFO] [stdout]     |
[INFO] [stdout]     = note: `#[warn(non_fmt_panics)]` on by default
[INFO] [stdout]     = note: this usage of panic!() is deprecated; it will be a hard error in Rust 2021
[INFO] [stdout]     = note: for more information, see <https://doc.rust-lang.org/nightly/edition-guide/rust-2021/panic-macro-consistency.html>
[INFO] [stdout] help: add a "{}" format string to Display the message
[INFO] [stdout]     |
[INFO] [stdout] 813 |         .map_err(|e| panic!("{}", e))
[INFO] [stdout]     |                             ^^^^^
[INFO] [stdout] help: or use std::panic::panic_any instead
[INFO] [stdout]     |
[INFO] [stdout] 813 |         .map_err(|e| std::panic::panic_any(e))
[INFO] [stdout]     |                      ^^^^^^^^^^^^^^^^^^^^^
[INFO] [stdout] 
[INFO] [stdout] 
[INFO] [stdout] warning: 1 warning emitted
[INFO] [stdout] 
[INFO] [stdout] 
[INFO] [stderr]     Finished test [unoptimized + debuginfo] target(s) in 2.51s
[INFO] running `Command { std: "docker" "inspect" "53d1f85a5fda7c291c27a635983c58068bc4148ec542c3332767233c6aa2ea60", kill_on_drop: false }`
[INFO] running `Command { std: "docker" "rm" "-f" "53d1f85a5fda7c291c27a635983c58068bc4148ec542c3332767233c6aa2ea60", kill_on_drop: false }`
[INFO] [stdout] 53d1f85a5fda7c291c27a635983c58068bc4148ec542c3332767233c6aa2ea60
[INFO] running `Command { std: "docker" "create" "-v" "/var/lib/crater-agent-workspace/builds/worker-57/target:/opt/rustwide/target:rw,Z" "-v" "/var/lib/crater-agent-workspace/builds/worker-57/source:/opt/rustwide/workdir:ro,Z" "-v" "/var/lib/crater-agent-workspace/cargo-home:/opt/rustwide/cargo-home:ro,Z" "-v" "/var/lib/crater-agent-workspace/rustup-home:/opt/rustwide/rustup-home:ro,Z" "-e" "SOURCE_DIR=/opt/rustwide/workdir" "-e" "CARGO_TARGET_DIR=/opt/rustwide/target" "-e" "CARGO_INCREMENTAL=0" "-e" "RUST_BACKTRACE=full" "-e" "RUSTFLAGS=--cap-lints=warn" "-e" "CARGO_HOME=/opt/rustwide/cargo-home" "-e" "RUSTUP_HOME=/opt/rustwide/rustup-home" "-w" "/opt/rustwide/workdir" "-m" "1610612736" "--user" "0:0" "--network" "none" "ghcr.io/rust-lang/crates-build-env/linux@sha256:34b6a614d2c27851fe6cbf88fbd1137609cefab8b10d0615aaeb6fd47975d74e" "/opt/rustwide/cargo-home/bin/cargo" "+beta-2021-08-01" "test" "--frozen", kill_on_drop: false }`
[INFO] [stdout] 6bba1be50cde9cd0cd2cf536169e5aaa6754b22a70eb702ff1956408961d7cf1
[INFO] running `Command { std: "docker" "start" "-a" "6bba1be50cde9cd0cd2cf536169e5aaa6754b22a70eb702ff1956408961d7cf1", kill_on_drop: false }`
[INFO] [stderr] warning: panic message is not a string literal
[INFO] [stderr]    --> src/rules.rs:813:29
[INFO] [stderr]     |
[INFO] [stderr] 813 |         .map_err(|e| panic!(e))
[INFO] [stderr]     |                             ^
[INFO] [stderr]     |
[INFO] [stderr]     = note: `#[warn(non_fmt_panics)]` on by default
[INFO] [stderr]     = note: this usage of panic!() is deprecated; it will be a hard error in Rust 2021
[INFO] [stderr]     = note: for more information, see <https://doc.rust-lang.org/nightly/edition-guide/rust-2021/panic-macro-consistency.html>
[INFO] [stderr] help: add a "{}" format string to Display the message
[INFO] [stderr]     |
[INFO] [stderr] 813 |         .map_err(|e| panic!("{}", e))
[INFO] [stderr]     |                             ^^^^^
[INFO] [stderr] help: or use std::panic::panic_any instead
[INFO] [stderr]     |
[INFO] [stderr] 813 |         .map_err(|e| std::panic::panic_any(e))
[INFO] [stderr]     |                      ^^^^^^^^^^^^^^^^^^^^^
[INFO] [stderr] 
[INFO] [stderr] warning: `nixpkgs-fmt` (lib test) generated 1 warning
[INFO] [stderr]     Finished test [unoptimized + debuginfo] target(s) in 0.09s
[INFO] [stderr]      Running unittests (/opt/rustwide/target/debug/deps/nixpkgs_fmt-93d45ba8f7fe10eb)
[INFO] [stdout] 
[INFO] [stdout] running 11 tests
[INFO] [stdout] test engine::fixes::tests::test_node_indent_ranges ... ok
[INFO] [stdout] test rules::tests::smoke ... ok
[INFO] [stdout] test tests::converts_tabs_to_spaces ... ok
[INFO] [stdout] test tests::explain_smoke_test ... ok
[INFO] [stdout] test tests::preserves_dos_line_endings ... ok
[INFO] [stdout] test rules::tests::test_syntax_errors_tests ... ok
[INFO] [stdout] test rules::tests::test_fuzz_failures ... FAILED
[INFO] [stdout] test rules::tests::test_inline_indentation_tests ... ok
[INFO] [stdout] test rules::tests::test_inline_spacing_tests ... ok
[INFO] [stdout] test rules::tests::test_nixpkgs_repository_bad_good_tests ... ok
[INFO] [stdout] test rules::tests::test_bad_good_tests ... ok
[INFO] [stdout] 
[INFO] [stdout] failures:
[INFO] [stdout] 
[INFO] [stdout] ---- rules::tests::test_fuzz_failures stdout ----
[INFO] [stdout] thread 'rules::tests::test_fuzz_failures' panicked at 'called `Result::unwrap()` on an `Err` value: Os { code: 2, kind: NotFound, message: "No such file or directory" }', src/rules.rs:886:49
[INFO] [stdout] stack backtrace:
[INFO] [stdout]    0:     0x5629c0bedde0 - std::backtrace_rs::backtrace::libunwind::trace::hff4d1766e93f64f1
[INFO] [stdout]                                at /rustc/53fd98ca776cb875bc9e5514f56b52eb74f9e7a9/library/std/src/../../backtrace/src/backtrace/libunwind.rs:90:5
[INFO] [stdout]    1:     0x5629c0bedde0 - std::backtrace_rs::backtrace::trace_unsynchronized::h56bbc8eb78770bcb
[INFO] [stdout]                                at /rustc/53fd98ca776cb875bc9e5514f56b52eb74f9e7a9/library/std/src/../../backtrace/src/backtrace/mod.rs:66:5
[INFO] [stdout]    2:     0x5629c0bedde0 - std::sys_common::backtrace::_print_fmt::h5c8e75464faca780
[INFO] [stdout]                                at /rustc/53fd98ca776cb875bc9e5514f56b52eb74f9e7a9/library/std/src/sys_common/backtrace.rs:67:5
[INFO] [stdout]    3:     0x5629c0bedde0 - <std::sys_common::backtrace::_print::DisplayBacktrace as core::fmt::Display>::fmt::h48b88277def8b362
[INFO] [stdout]                                at /rustc/53fd98ca776cb875bc9e5514f56b52eb74f9e7a9/library/std/src/sys_common/backtrace.rs:46:22
[INFO] [stdout]    4:     0x5629c0c10dcc - core::fmt::write::h3381b3176fe2b3d3
[INFO] [stdout]                                at /rustc/53fd98ca776cb875bc9e5514f56b52eb74f9e7a9/library/core/src/fmt/mod.rs:1115:17
[INFO] [stdout]    5:     0x5629c0beabf5 - std::io::Write::write_fmt::h5f34a676f60246b5
[INFO] [stdout]                                at /rustc/53fd98ca776cb875bc9e5514f56b52eb74f9e7a9/library/std/src/io/mod.rs:1665:15
[INFO] [stdout]    6:     0x5629c0beff5b - std::sys_common::backtrace::_print::ha537687d6c17dd0d
[INFO] [stdout]                                at /rustc/53fd98ca776cb875bc9e5514f56b52eb74f9e7a9/library/std/src/sys_common/backtrace.rs:49:5
[INFO] [stdout]    7:     0x5629c0beff5b - std::sys_common::backtrace::print::h61376ae57d131d72
[INFO] [stdout]                                at /rustc/53fd98ca776cb875bc9e5514f56b52eb74f9e7a9/library/std/src/sys_common/backtrace.rs:36:9
[INFO] [stdout]    8:     0x5629c0beff5b - std::panicking::default_hook::{{closure}}::h0f7208c0b9644a54
[INFO] [stdout]                                at /rustc/53fd98ca776cb875bc9e5514f56b52eb74f9e7a9/library/std/src/panicking.rs:208:50
[INFO] [stdout]    9:     0x5629c0befa6c - std::panicking::default_hook::hdac7fc06578c14ce
[INFO] [stdout]                                at /rustc/53fd98ca776cb875bc9e5514f56b52eb74f9e7a9/library/std/src/panicking.rs:222:9
[INFO] [stdout]   10:     0x5629c0bf0624 - std::panicking::rust_panic_with_hook::h72b21c283da3d1ef
[INFO] [stdout]                                at /rustc/53fd98ca776cb875bc9e5514f56b52eb74f9e7a9/library/std/src/panicking.rs:622:17
[INFO] [stdout]   11:     0x5629c0bf0107 - std::panicking::begin_panic_handler::{{closure}}::he5778f1729cff84a
[INFO] [stdout]                                at /rustc/53fd98ca776cb875bc9e5514f56b52eb74f9e7a9/library/std/src/panicking.rs:519:13
[INFO] [stdout]   12:     0x5629c0bee2bc - std::sys_common::backtrace::__rust_end_short_backtrace::h2d11ca8b453b4b1d
[INFO] [stdout]                                at /rustc/53fd98ca776cb875bc9e5514f56b52eb74f9e7a9/library/std/src/sys_common/backtrace.rs:141:18
[INFO] [stdout]   13:     0x5629c0bf0069 - rust_begin_unwind
[INFO] [stdout]                                at /rustc/53fd98ca776cb875bc9e5514f56b52eb74f9e7a9/library/std/src/panicking.rs:515:5
[INFO] [stdout]   14:     0x5629c0ada441 - core::panicking::panic_fmt::hf9de31d4acbce4db
[INFO] [stdout]                                at /rustc/53fd98ca776cb875bc9e5514f56b52eb74f9e7a9/library/core/src/panicking.rs:92:14
[INFO] [stdout]   15:     0x5629c0ada533 - core::result::unwrap_failed::ha0c84e81219e5878
[INFO] [stdout]                                at /rustc/53fd98ca776cb875bc9e5514f56b52eb74f9e7a9/library/core/src/result.rs:1599:5
[INFO] [stdout]   16:     0x5629c0b2f7c8 - core::result::Result<T,E>::unwrap::hd8c5fe00bb6ac6b8
[INFO] [stdout]                                at /rustc/53fd98ca776cb875bc9e5514f56b52eb74f9e7a9/library/core/src/result.rs:1281:23
[INFO] [stdout]   17:     0x5629c0b0b8aa - nixpkgs_fmt::rules::tests::test_fuzz_failures::h0e7aec268cebfad3
[INFO] [stdout]                                at /opt/rustwide/workdir/src/rules.rs:886:22
[INFO] [stdout]   18:     0x5629c0b0b73a - nixpkgs_fmt::rules::tests::test_fuzz_failures::{{closure}}::h46d2f98ccede5bda
[INFO] [stdout]                                at /opt/rustwide/workdir/src/rules.rs:881:5
[INFO] [stdout]   19:     0x5629c0b38fce - core::ops::function::FnOnce::call_once::h56a0864f47984d78
[INFO] [stdout]                                at /rustc/53fd98ca776cb875bc9e5514f56b52eb74f9e7a9/library/core/src/ops/function.rs:227:5
[INFO] [stdout]   20:     0x5629c0b7fdd3 - core::ops::function::FnOnce::call_once::hbb52c4519d3137b0
[INFO] [stdout]                                at /rustc/53fd98ca776cb875bc9e5514f56b52eb74f9e7a9/library/core/src/ops/function.rs:227:5
[INFO] [stdout]   21:     0x5629c0b7fdd3 - test::__rust_begin_short_backtrace::h86fe3a2a5a5121af
[INFO] [stdout]                                at /rustc/53fd98ca776cb875bc9e5514f56b52eb74f9e7a9/library/test/src/lib.rs:578:5
[INFO] [stdout]   22:     0x5629c0b7e888 - <alloc::boxed::Box<F,A> as core::ops::function::FnOnce<Args>>::call_once::hfd956bc3d57399be
[INFO] [stdout]                                at /rustc/53fd98ca776cb875bc9e5514f56b52eb74f9e7a9/library/alloc/src/boxed.rs:1572:9
[INFO] [stdout]   23:     0x5629c0b7e888 - <std::panic::AssertUnwindSafe<F> as core::ops::function::FnOnce<()>>::call_once::h40dc93e0ddb5938a
[INFO] [stdout]                                at /rustc/53fd98ca776cb875bc9e5514f56b52eb74f9e7a9/library/std/src/panic.rs:347:9
[INFO] [stdout]   24:     0x5629c0b7e888 - std::panicking::try::do_call::h90d07750cb47c562
[INFO] [stdout]                                at /rustc/53fd98ca776cb875bc9e5514f56b52eb74f9e7a9/library/std/src/panicking.rs:401:40
[INFO] [stdout]   25:     0x5629c0b7e888 - std::panicking::try::h063c84733ad2a629
[INFO] [stdout]                                at /rustc/53fd98ca776cb875bc9e5514f56b52eb74f9e7a9/library/std/src/panicking.rs:365:19
[INFO] [stdout]   26:     0x5629c0b7e888 - std::panic::catch_unwind::h0c464836a84e7c08
[INFO] [stdout]                                at /rustc/53fd98ca776cb875bc9e5514f56b52eb74f9e7a9/library/std/src/panic.rs:434:14
[INFO] [stdout]   27:     0x5629c0b7e888 - test::run_test_in_process::h5cb06ef620b157fc
[INFO] [stdout]                                at /rustc/53fd98ca776cb875bc9e5514f56b52eb74f9e7a9/library/test/src/lib.rs:601:18
[INFO] [stdout]   28:     0x5629c0b7e888 - test::run_test::run_test_inner::{{closure}}::h76f677f4b93f9828
[INFO] [stdout]                                at /rustc/53fd98ca776cb875bc9e5514f56b52eb74f9e7a9/library/test/src/lib.rs:493:39
[INFO] [stdout]   29:     0x5629c0b4d01d - test::run_test::run_test_inner::{{closure}}::h366d01fe04f4d67a
[INFO] [stdout]                                at /rustc/53fd98ca776cb875bc9e5514f56b52eb74f9e7a9/library/test/src/lib.rs:520:37
[INFO] [stdout]   30:     0x5629c0b4d01d - std::sys_common::backtrace::__rust_begin_short_backtrace::h7dfa0de4eb395af2
[INFO] [stdout]                                at /rustc/53fd98ca776cb875bc9e5514f56b52eb74f9e7a9/library/std/src/sys_common/backtrace.rs:125:18
[INFO] [stdout]   31:     0x5629c0b517e8 - std::thread::Builder::spawn_unchecked::{{closure}}::{{closure}}::hf0a74bb58798037f
[INFO] [stdout]                                at /rustc/53fd98ca776cb875bc9e5514f56b52eb74f9e7a9/library/std/src/thread/mod.rs:476:17
[INFO] [stdout]   32:     0x5629c0b517e8 - <std::panic::AssertUnwindSafe<F> as core::ops::function::FnOnce<()>>::call_once::hb024e854818586ac
[INFO] [stdout]                                at /rustc/53fd98ca776cb875bc9e5514f56b52eb74f9e7a9/library/std/src/panic.rs:347:9
[INFO] [stdout]   33:     0x5629c0b517e8 - std::panicking::try::do_call::hb2dd9f1d0d48e41d
[INFO] [stdout]                                at /rustc/53fd98ca776cb875bc9e5514f56b52eb74f9e7a9/library/std/src/panicking.rs:401:40
[INFO] [stdout]   34:     0x5629c0b517e8 - std::panicking::try::h4717ae7bac8b2bf3
[INFO] [stdout]                                at /rustc/53fd98ca776cb875bc9e5514f56b52eb74f9e7a9/library/std/src/panicking.rs:365:19
[INFO] [stdout]   35:     0x5629c0b517e8 - std::panic::catch_unwind::h0dc8a061326ce8d8
[INFO] [stdout]                                at /rustc/53fd98ca776cb875bc9e5514f56b52eb74f9e7a9/library/std/src/panic.rs:434:14
[INFO] [stdout]   36:     0x5629c0b517e8 - std::thread::Builder::spawn_unchecked::{{closure}}::haa369e2d6fd00aa1
[INFO] [stdout]                                at /rustc/53fd98ca776cb875bc9e5514f56b52eb74f9e7a9/library/std/src/thread/mod.rs:475:30
[INFO] [stdout]   37:     0x5629c0b517e8 - core::ops::function::FnOnce::call_once{{vtable.shim}}::h36dcf3de8b056f17
[INFO] [stdout]                                at /rustc/53fd98ca776cb875bc9e5514f56b52eb74f9e7a9/library/core/src/ops/function.rs:227:5
[INFO] [stdout]   38:     0x5629c0bf5817 - <alloc::boxed::Box<F,A> as core::ops::function::FnOnce<Args>>::call_once::h65c29e4642be2358
[INFO] [stdout]                                at /rustc/53fd98ca776cb875bc9e5514f56b52eb74f9e7a9/library/alloc/src/boxed.rs:1572:9
[INFO] [stdout]   39:     0x5629c0bf5817 - <alloc::boxed::Box<F,A> as core::ops::function::FnOnce<Args>>::call_once::hd0f8f7fbbd9fffbf
[INFO] [stdout]                                at /rustc/53fd98ca776cb875bc9e5514f56b52eb74f9e7a9/library/alloc/src/boxed.rs:1572:9
[INFO] [stdout]   40:     0x5629c0bf5817 - std::sys::unix::thread::Thread::new::thread_start::h2fd22fee3ca77b65
[INFO] [stdout]                                at /rustc/53fd98ca776cb875bc9e5514f56b52eb74f9e7a9/library/std/src/sys/unix/thread.rs:74:17
[INFO] [stdout]   41:     0x7fd6b514f609 - start_thread
[INFO] [stdout]   42:     0x7fd6b4f21293 - clone
[INFO] [stdout]   43:                0x0 - <unknown>
[INFO] [stdout] 
[INFO] [stdout] 
[INFO] [stdout] failures:
[INFO] [stdout]     rules::tests::test_fuzz_failures
[INFO] [stdout] 
[INFO] [stdout] test result: FAILED. 10 passed; 1 failed; 0 ignored; 0 measured; 0 filtered out; finished in 1.03s
[INFO] [stdout] 
[INFO] [stderr] error: test failed, to rerun pass '--lib'
[INFO] running `Command { std: "docker" "inspect" "6bba1be50cde9cd0cd2cf536169e5aaa6754b22a70eb702ff1956408961d7cf1", kill_on_drop: false }`
[INFO] running `Command { std: "docker" "rm" "-f" "6bba1be50cde9cd0cd2cf536169e5aaa6754b22a70eb702ff1956408961d7cf1", kill_on_drop: false }`
[INFO] [stdout] 6bba1be50cde9cd0cd2cf536169e5aaa6754b22a70eb702ff1956408961d7cf1
