[INFO] fetching crate newrelic_plugin 0.1.0...
[INFO] testing newrelic_plugin-0.1.0 against 1.54.0 for beta-1.55-1
[INFO] extracting crate newrelic_plugin 0.1.0 into /workspace/builds/worker-40/source
[INFO] validating manifest of crates.io crate newrelic_plugin 0.1.0 on toolchain 1.54.0
[INFO] running `Command { std: "/workspace/cargo-home/bin/cargo" "+1.54.0" "metadata" "--manifest-path" "Cargo.toml" "--no-deps", kill_on_drop: false }`
[INFO] started tweaking crates.io crate newrelic_plugin 0.1.0
[INFO] finished tweaking crates.io crate newrelic_plugin 0.1.0
[INFO] tweaked toml for crates.io crate newrelic_plugin 0.1.0 written to /workspace/builds/worker-40/source/Cargo.toml
[INFO] running `Command { std: "/workspace/cargo-home/bin/cargo" "+1.54.0" "generate-lockfile" "--manifest-path" "Cargo.toml" "-Zno-index-update", kill_on_drop: false }`
[INFO] [stderr]     Blocking waiting for file lock on package cache
[INFO] running `Command { std: "/workspace/cargo-home/bin/cargo" "+1.54.0" "fetch" "--manifest-path" "Cargo.toml", kill_on_drop: false }`
[INFO] [stderr]     Blocking waiting for file lock on package cache
[INFO] [stderr]     Blocking waiting for file lock on package cache
[INFO] running `Command { std: "docker" "create" "-v" "/var/lib/crater-agent-workspace/builds/worker-40/target:/opt/rustwide/target:rw,Z" "-v" "/var/lib/crater-agent-workspace/builds/worker-40/source:/opt/rustwide/workdir:ro,Z" "-v" "/var/lib/crater-agent-workspace/cargo-home:/opt/rustwide/cargo-home:ro,Z" "-v" "/var/lib/crater-agent-workspace/rustup-home:/opt/rustwide/rustup-home:ro,Z" "-e" "SOURCE_DIR=/opt/rustwide/workdir" "-e" "CARGO_TARGET_DIR=/opt/rustwide/target" "-e" "CARGO_HOME=/opt/rustwide/cargo-home" "-e" "RUSTUP_HOME=/opt/rustwide/rustup-home" "-w" "/opt/rustwide/workdir" "-m" "1610612736" "--user" "0:0" "--network" "none" "ghcr.io/rust-lang/crates-build-env/linux@sha256:34b6a614d2c27851fe6cbf88fbd1137609cefab8b10d0615aaeb6fd47975d74e" "/opt/rustwide/cargo-home/bin/cargo" "+1.54.0" "metadata" "--no-deps" "--format-version=1", kill_on_drop: false }`
[INFO] [stdout] dd8745c465493a0d309b7e3d4ffbc4df5a5cc6a81da76e612679b165aa929513
[INFO] running `Command { std: "docker" "start" "-a" "dd8745c465493a0d309b7e3d4ffbc4df5a5cc6a81da76e612679b165aa929513", kill_on_drop: false }`
[INFO] running `Command { std: "docker" "inspect" "dd8745c465493a0d309b7e3d4ffbc4df5a5cc6a81da76e612679b165aa929513", kill_on_drop: false }`
[INFO] running `Command { std: "docker" "rm" "-f" "dd8745c465493a0d309b7e3d4ffbc4df5a5cc6a81da76e612679b165aa929513", kill_on_drop: false }`
[INFO] [stdout] dd8745c465493a0d309b7e3d4ffbc4df5a5cc6a81da76e612679b165aa929513
[INFO] running `Command { std: "docker" "create" "-v" "/var/lib/crater-agent-workspace/builds/worker-40/target:/opt/rustwide/target:rw,Z" "-v" "/var/lib/crater-agent-workspace/builds/worker-40/source:/opt/rustwide/workdir:ro,Z" "-v" "/var/lib/crater-agent-workspace/cargo-home:/opt/rustwide/cargo-home:ro,Z" "-v" "/var/lib/crater-agent-workspace/rustup-home:/opt/rustwide/rustup-home:ro,Z" "-e" "SOURCE_DIR=/opt/rustwide/workdir" "-e" "CARGO_TARGET_DIR=/opt/rustwide/target" "-e" "CARGO_INCREMENTAL=0" "-e" "RUST_BACKTRACE=full" "-e" "RUSTFLAGS=--cap-lints=warn" "-e" "CARGO_HOME=/opt/rustwide/cargo-home" "-e" "RUSTUP_HOME=/opt/rustwide/rustup-home" "-w" "/opt/rustwide/workdir" "-m" "1610612736" "--user" "0:0" "--network" "none" "ghcr.io/rust-lang/crates-build-env/linux@sha256:34b6a614d2c27851fe6cbf88fbd1137609cefab8b10d0615aaeb6fd47975d74e" "/opt/rustwide/cargo-home/bin/cargo" "+1.54.0" "build" "--frozen" "--message-format=json", kill_on_drop: false }`
[INFO] [stdout] dcea84309258271e194299dd85477af676dc89c40090f9535c61045de784b126
[INFO] running `Command { std: "docker" "start" "-a" "dcea84309258271e194299dd85477af676dc89c40090f9535c61045de784b126", kill_on_drop: false }`
[INFO] [stderr]    Compiling linked-hash-map v0.5.4
[INFO] [stderr]    Compiling log v0.4.14
[INFO] [stderr]    Compiling serde_json v1.0.66
[INFO] [stderr]    Compiling dtoa v0.4.8
[INFO] [stderr]    Compiling curl v0.4.38
[INFO] [stderr]    Compiling itoa v0.4.7
[INFO] [stderr]    Compiling quick-error v1.2.3
[INFO] [stderr]    Compiling log-mdc v0.1.0
[INFO] [stderr]    Compiling antidote v1.0.0
[INFO] [stderr]    Compiling openssl-probe v0.1.4
[INFO] [stderr]    Compiling arc-swap v0.3.11
[INFO] [stderr]    Compiling num-integer v0.1.44
[INFO] [stderr]    Compiling num-rational v0.2.4
[INFO] [stderr]    Compiling num-complex v0.2.4
[INFO] [stderr]    Compiling num-iter v0.1.42
[INFO] [stderr]    Compiling openssl-sys v0.9.65
[INFO] [stderr]    Compiling libz-sys v1.1.3
[INFO] [stderr]    Compiling curl-sys v0.4.45+curl-7.78.0
[INFO] [stderr]    Compiling num-bigint v0.2.6
[INFO] [stderr]    Compiling unsafe-any v0.4.2
[INFO] [stderr]    Compiling socket2 v0.4.1
[INFO] [stderr]    Compiling thread-id v3.3.0
[INFO] [stderr]    Compiling ordered-float v1.1.1
[INFO] [stderr]    Compiling flate2 v1.0.20
[INFO] [stderr]    Compiling typemap v0.3.3
[INFO] [stderr]    Compiling humantime v1.3.0
[INFO] [stderr]    Compiling yaml-rust v0.4.5
[INFO] [stderr]    Compiling serde-value v0.5.3
[INFO] [stderr]    Compiling serde_yaml v0.8.17
[INFO] [stderr]    Compiling chrono v0.4.19
[INFO] [stderr]    Compiling log4rs v0.8.3
[INFO] [stderr]    Compiling num v0.2.1
[INFO] [stderr]    Compiling newrelic_plugin v0.1.0 (/opt/rustwide/workdir)
[INFO] [stderr]     Finished dev [unoptimized + debuginfo] target(s) in 24.62s
[INFO] running `Command { std: "docker" "inspect" "dcea84309258271e194299dd85477af676dc89c40090f9535c61045de784b126", kill_on_drop: false }`
[INFO] running `Command { std: "docker" "rm" "-f" "dcea84309258271e194299dd85477af676dc89c40090f9535c61045de784b126", kill_on_drop: false }`
[INFO] [stdout] dcea84309258271e194299dd85477af676dc89c40090f9535c61045de784b126
[INFO] running `Command { std: "docker" "create" "-v" "/var/lib/crater-agent-workspace/builds/worker-40/target:/opt/rustwide/target:rw,Z" "-v" "/var/lib/crater-agent-workspace/builds/worker-40/source:/opt/rustwide/workdir:ro,Z" "-v" "/var/lib/crater-agent-workspace/cargo-home:/opt/rustwide/cargo-home:ro,Z" "-v" "/var/lib/crater-agent-workspace/rustup-home:/opt/rustwide/rustup-home:ro,Z" "-e" "SOURCE_DIR=/opt/rustwide/workdir" "-e" "CARGO_TARGET_DIR=/opt/rustwide/target" "-e" "CARGO_INCREMENTAL=0" "-e" "RUST_BACKTRACE=full" "-e" "RUSTFLAGS=--cap-lints=warn" "-e" "CARGO_HOME=/opt/rustwide/cargo-home" "-e" "RUSTUP_HOME=/opt/rustwide/rustup-home" "-w" "/opt/rustwide/workdir" "-m" "1610612736" "--user" "0:0" "--network" "none" "ghcr.io/rust-lang/crates-build-env/linux@sha256:34b6a614d2c27851fe6cbf88fbd1137609cefab8b10d0615aaeb6fd47975d74e" "/opt/rustwide/cargo-home/bin/cargo" "+1.54.0" "test" "--frozen" "--no-run" "--message-format=json", kill_on_drop: false }`
[INFO] [stdout] 2ce9858f16a988e915d3ac98c8d2d0d82fce3ed7c9d9d91f89344eeddab789fb
[INFO] running `Command { std: "docker" "start" "-a" "2ce9858f16a988e915d3ac98c8d2d0d82fce3ed7c9d9d91f89344eeddab789fb", kill_on_drop: false }`
[INFO] [stderr]     Blocking waiting for file lock on package cache
[INFO] [stderr]    Compiling newrelic_plugin v0.1.0 (/opt/rustwide/workdir)
[INFO] [stderr]     Finished test [unoptimized + debuginfo] target(s) in 1.05s
[INFO] running `Command { std: "docker" "inspect" "2ce9858f16a988e915d3ac98c8d2d0d82fce3ed7c9d9d91f89344eeddab789fb", kill_on_drop: false }`
[INFO] running `Command { std: "docker" "rm" "-f" "2ce9858f16a988e915d3ac98c8d2d0d82fce3ed7c9d9d91f89344eeddab789fb", kill_on_drop: false }`
[INFO] [stdout] 2ce9858f16a988e915d3ac98c8d2d0d82fce3ed7c9d9d91f89344eeddab789fb
[INFO] running `Command { std: "docker" "create" "-v" "/var/lib/crater-agent-workspace/builds/worker-40/target:/opt/rustwide/target:rw,Z" "-v" "/var/lib/crater-agent-workspace/builds/worker-40/source:/opt/rustwide/workdir:ro,Z" "-v" "/var/lib/crater-agent-workspace/cargo-home:/opt/rustwide/cargo-home:ro,Z" "-v" "/var/lib/crater-agent-workspace/rustup-home:/opt/rustwide/rustup-home:ro,Z" "-e" "SOURCE_DIR=/opt/rustwide/workdir" "-e" "CARGO_TARGET_DIR=/opt/rustwide/target" "-e" "CARGO_INCREMENTAL=0" "-e" "RUST_BACKTRACE=full" "-e" "RUSTFLAGS=--cap-lints=warn" "-e" "CARGO_HOME=/opt/rustwide/cargo-home" "-e" "RUSTUP_HOME=/opt/rustwide/rustup-home" "-w" "/opt/rustwide/workdir" "-m" "1610612736" "--user" "0:0" "--network" "none" "ghcr.io/rust-lang/crates-build-env/linux@sha256:34b6a614d2c27851fe6cbf88fbd1137609cefab8b10d0615aaeb6fd47975d74e" "/opt/rustwide/cargo-home/bin/cargo" "+1.54.0" "test" "--frozen", kill_on_drop: false }`
[INFO] [stdout] 80c3aad7e83a37002b0ce9876e5ffc4f35c934801f8ae07e41b66b70837134b0
[INFO] running `Command { std: "docker" "start" "-a" "80c3aad7e83a37002b0ce9876e5ffc4f35c934801f8ae07e41b66b70837134b0", kill_on_drop: false }`
[INFO] [stderr]     Blocking waiting for file lock on package cache
[INFO] [stderr]     Finished test [unoptimized + debuginfo] target(s) in 0.61s
[INFO] [stderr]      Running unittests (/opt/rustwide/target/debug/deps/newrelic_plugin-5b1848b26e204453)
[INFO] [stdout] 
[INFO] [stderr]    Doc-tests newrelic_plugin
[INFO] [stdout] running 0 tests
[INFO] [stdout] 
[INFO] [stdout] test result: ok. 0 passed; 0 failed; 0 ignored; 0 measured; 0 filtered out; finished in 0.00s
[INFO] [stdout] 
[INFO] [stdout] 
[INFO] [stdout] running 2 tests
[INFO] [stdout] test src/plugin/agent.rs - plugin::agent::Agent (line 18) ... FAILED
[INFO] [stdout] test src/plugin/agent.rs - plugin::agent::Agent (line 46) ... FAILED
[INFO] [stdout] 
[INFO] [stdout] failures:
[INFO] [stdout] 
[INFO] [stdout] ---- src/plugin/agent.rs - plugin::agent::Agent (line 18) stdout ----
[INFO] [stdout] error[E0433]: failed to resolve: use of undeclared type `Agent`
[INFO] [stdout]  --> src/plugin/agent.rs:20:17
[INFO] [stdout]   |
[INFO] [stdout] 4 | let mut agent = Agent::new("<license_key>".into(), "1.0.0".into(), "host".into(), 1234);
[INFO] [stdout]   |                 ^^^^^ use of undeclared type `Agent`
[INFO] [stdout] 
[INFO] [stdout] error[E0412]: cannot find type `Agent` in this scope
[INFO] [stdout]   --> src/plugin/agent.rs:27:22
[INFO] [stdout]    |
[INFO] [stdout] 11 | fn cycle(agent: &mut Agent){
[INFO] [stdout]    |                      ^^^^^ not found in this scope
[INFO] [stdout] 
[INFO] [stdout] error: aborting due to 2 previous errors
[INFO] [stdout] 
[INFO] [stdout] Some errors have detailed explanations: E0412, E0433.
[INFO] [stdout] For more information about an error, try `rustc --explain E0412`.
[INFO] [stdout] Couldn't compile the test.
[INFO] [stdout] ---- src/plugin/agent.rs - plugin::agent::Agent (line 46) stdout ----
[INFO] [stdout] error[E0433]: failed to resolve: use of undeclared type `Agent`
[INFO] [stdout]  --> src/plugin/agent.rs:52:17
[INFO] [stdout]   |
[INFO] [stdout] 8 | let mut agent = Agent::new("<license_key>".into(), "1.0.0".into(), "host".into(), 1234);
[INFO] [stdout]   |                 ^^^^^ use of undeclared type `Agent`
[INFO] [stdout] 
[INFO] [stdout] error[E0412]: cannot find type `Agent` in this scope
[INFO] [stdout]   --> src/plugin/agent.rs:58:22
[INFO] [stdout]    |
[INFO] [stdout] 14 | fn cycle(agent: &mut Agent){
[INFO] [stdout]    |                      ^^^^^ not found in this scope
[INFO] [stdout] 
[INFO] [stdout] error[E0277]: cannot subtract `f64` from `{integer}`
[INFO] [stdout]   --> src/plugin/agent.rs:65:22
[INFO] [stdout]    |
[INFO] [stdout] 21 |             new_size - prev_size as f64, None
[INFO] [stdout]    |                      ^ no implementation for `{integer} - f64`
[INFO] [stdout]    |
[INFO] [stdout]    = help: the trait `Sub<f64>` is not implemented for `{integer}`
[INFO] [stdout] 
[INFO] [stdout] error: aborting due to 3 previous errors
[INFO] [stdout] 
[INFO] [stdout] Some errors have detailed explanations: E0277, E0412, E0433.
[INFO] [stdout] For more information about an error, try `rustc --explain E0277`.
[INFO] [stdout] Couldn't compile the test.
[INFO] [stdout] 
[INFO] [stdout] failures:
[INFO] [stdout]     src/plugin/agent.rs - plugin::agent::Agent (line 18)
[INFO] [stdout]     src/plugin/agent.rs - plugin::agent::Agent (line 46)
[INFO] [stdout] 
[INFO] [stdout] test result: FAILED. 0 passed; 2 failed; 0 ignored; 0 measured; 0 filtered out; finished in 0.34s
[INFO] [stdout] 
[INFO] [stderr] error: test failed, to rerun pass '--doc'
[INFO] running `Command { std: "docker" "inspect" "80c3aad7e83a37002b0ce9876e5ffc4f35c934801f8ae07e41b66b70837134b0", kill_on_drop: false }`
[INFO] running `Command { std: "docker" "rm" "-f" "80c3aad7e83a37002b0ce9876e5ffc4f35c934801f8ae07e41b66b70837134b0", kill_on_drop: false }`
[INFO] [stdout] 80c3aad7e83a37002b0ce9876e5ffc4f35c934801f8ae07e41b66b70837134b0
